000
CDUS45 KBOI 260931
CLIONO


CLIMATE REPORT
NATIONAL WEATHER SERVICE BOISE ID
331 AM MDT SAT JUL 26 2014


...................................

...THE ONTARIO OR CLIMATE SUMMARY FOR JULY 25 2014...

CLIMATE NORMAL PERIOD 1981 TO 2010
CLIMATE RECORD PERIOD 1948 TO 2014


WEATHER ITEM   OBSERVED TIME   RECORD YEAR NORMAL DEPARTURE LAST
                VALUE   (LST)  VALUE       VALUE  FROM      YEAR
                                                  NORMAL
..................................................................
TEMPERATURE (F)
 YESTERDAY
  MAXIMUM         87    430 PM 106    1978  96     -9      101
  MINIMUM         56    557 AM  49    1957  59     -3       64
  AVERAGE         72                        78     -6       83

PRECIPITATION (IN)
  YESTERDAY        0.00          0.01 2003   0.01  -0.01     0.00
  MONTH TO DATE    0.01                      0.27  -0.26     0.00
  SINCE OCT 1      6.52                      9.44  -2.92     5.55
  SINCE JAN 1      5.01                      6.03  -1.02     2.61

DEGREE DAYS
 HEATING
  YESTERDAY        0                         0      0        0
  MONTH TO DATE    0                         0      0        0
  SINCE JUN 1     28                        52    -24       39
  SINCE JUL 1      0                         0      0        0

 COOLING
  YESTERDAY        7                        13     -6       18
  MONTH TO DATE  406                       273    133      415
  SINCE JUN 1    563                       412    151      619
  SINCE JAN 1    611                       448    163      666
..................................................................


WIND (MPH)
  HIGHEST WIND SPEED    16   HIGHEST WIND DIRECTION    NW (320)
  HIGHEST GUST SPEED    21   HIGHEST GUST DIRECTION    NW (320)
  AVERAGE WIND SPEED     4.9


SKY COVER
  AVERAGE SKY COVER 0.0


WEATHER CONDITIONS
 THE FOLLOWING WEATHER WAS RECORDED YESTERDAY.
  NO SIGNIFICANT WEATHER WAS OBSERVED.


RELATIVE HUMIDITY (PERCENT)
 HIGHEST    61           600 AM
 LOWEST     15           400 PM
 AVERAGE    38

..........................................................


THE ONTARIO OR CLIMATE NORMALS FOR TODAY
                         NORMAL    RECORD    YEAR
 MAXIMUM TEMPERATURE (F)   96       107      2006
 MINIMUM TEMPERATURE (F)   59        46      1993


SUNRISE AND SUNSET
JULY 26 2014..........SUNRISE   630 AM MDT   SUNSET   919 PM MDT
JULY 27 2014..........SUNRISE   631 AM MDT   SUNSET   918 PM MDT


-  INDICATES NEGATIVE NUMBERS.
R  INDICATES RECORD WAS SET OR TIED.
MM INDICATES DATA IS MISSING.
T  INDICATES TRACE AMOUNT.




$$
