000
CDUS45 KBOI 030931
CLIONO


CLIMATE REPORT
NATIONAL WEATHER SERVICE BOISE ID
331 AM MDT FRI JUL 3 2015


...................................

...THE ONTARIO OR CLIMATE SUMMARY FOR JULY 2 2015...

CLIMATE NORMAL PERIOD 1981 TO 2010
CLIMATE RECORD PERIOD 1948 TO 2015


WEATHER ITEM   OBSERVED TIME   RECORD YEAR NORMAL DEPARTURE LAST
                VALUE   (LST)  VALUE       VALUE  FROM      YEAR
                                                  NORMAL
..................................................................
TEMPERATURE (F)
 YESTERDAY
  MAXIMUM        107R   355 PM 107    2013  90     17      100
  MINIMUM         68    556 AM  42    1976  56     12       55
  AVERAGE         88                        73     15       78

PRECIPITATION (IN)
  YESTERDAY        0.00          0.32 1983   0.01  -0.01      T
  MONTH TO DATE    0.00                      0.03  -0.03      T
  SINCE OCT 1      8.74                      9.20  -0.46     6.51
  SINCE JAN 1      4.28                      5.79  -1.51     5.00

DEGREE DAYS
 HEATING
  YESTERDAY        0                         0      0        0
  MONTH TO DATE    0                         0      0        0
  SINCE JUN 1      1                        52    -51       28
  SINCE JUL 1      0                         0      0        0

 COOLING
  YESTERDAY       23                         8     15       13
  MONTH TO DATE   48                        16     32       21
  SINCE JUN 1    413                       155    258      178
  SINCE JAN 1    446                       191    255      226
..................................................................


WIND (MPH)
  HIGHEST WIND SPEED    17   HIGHEST WIND DIRECTION    NW (320)
  HIGHEST GUST SPEED    21   HIGHEST GUST DIRECTION    NW (320)
  AVERAGE WIND SPEED     5.2


SKY COVER
  AVERAGE SKY COVER 0.0


WEATHER CONDITIONS
 THE FOLLOWING WEATHER WAS RECORDED YESTERDAY.
  NO SIGNIFICANT WEATHER WAS OBSERVED.


RELATIVE HUMIDITY (PERCENT)
 HIGHEST    51           600 AM
 LOWEST     11           400 PM
 AVERAGE    31

..........................................................


THE ONTARIO OR CLIMATE NORMALS FOR TODAY
                         NORMAL    RECORD    YEAR
 MAXIMUM TEMPERATURE (F)   90       106      1967
 MINIMUM TEMPERATURE (F)   57        39      1956


SUNRISE AND SUNSET
JULY  3 2015..........SUNRISE   610 AM MDT   SUNSET   934 PM MDT
JULY  4 2015..........SUNRISE   611 AM MDT   SUNSET   934 PM MDT


-  INDICATES NEGATIVE NUMBERS.
R  INDICATES RECORD WAS SET OR TIED.
MM INDICATES DATA IS MISSING.
T  INDICATES TRACE AMOUNT.




$$
