000
CDUS45 KBOI 240933
CLIONO


CLIMATE REPORT
NATIONAL WEATHER SERVICE BOISE ID
232 AM MST FRI FEB 24 2017


...................................

...THE ONTARIO OR CLIMATE SUMMARY FOR FEBRUARY 23 2017...

CLIMATE NORMAL PERIOD 1981 TO 2010
CLIMATE RECORD PERIOD 1948 TO 2017


WEATHER ITEM   OBSERVED TIME   RECORD YEAR NORMAL DEPARTURE LAST
                VALUE   (LST)  VALUE       VALUE  FROM      YEAR
                                                  NORMAL
..................................................................
TEMPERATURE (F)
 YESTERDAY
  MAXIMUM         36    524 PM  66    1995  47    -11       53
  MINIMUM         31   1159 PM  17    2015  25      6       23
                                      2004
  AVERAGE         34                        36     -2       38

PRECIPITATION (IN)
  YESTERDAY        0.00          0.41 2000   0.03  -0.03     0.00
  MONTH TO DATE    1.48                      0.64   0.84     0.27
  SINCE OCT 1      8.11                      5.23   2.88     5.77
  SINCE JAN 1      4.79                      1.82   2.97     1.02

DEGREE DAYS
 HEATING
  YESTERDAY       31                        29      2       27
  MONTH TO DATE  741                       747     -6      603
  SINCE DEC 1   3605                      3062    543     2728
  SINCE JUL 1   4696                      4490    206     3853

 COOLING
  YESTERDAY        0                         0      0        0
  MONTH TO DATE    0                         0      0        0
  SINCE DEC 1      0                         0      0        0
  SINCE JAN 1      0                         0      0        0
..................................................................


WIND (MPH)
  HIGHEST WIND SPEED    30   HIGHEST WIND DIRECTION    NW (310)
  HIGHEST GUST SPEED    37   HIGHEST GUST DIRECTION    NW (310)
  AVERAGE WIND SPEED    21.6


SKY COVER
  AVERAGE SKY COVER 0.9


WEATHER CONDITIONS
 THE FOLLOWING WEATHER WAS RECORDED YESTERDAY.
  NO SIGNIFICANT WEATHER WAS OBSERVED.


RELATIVE HUMIDITY (PERCENT)
 HIGHEST    75           100 AM
 LOWEST     61           700 PM
 AVERAGE    68

..........................................................


THE ONTARIO OR CLIMATE NORMALS FOR TODAY
                         NORMAL    RECORD    YEAR
 MAXIMUM TEMPERATURE (F)   48        66      1963
 MINIMUM TEMPERATURE (F)   25         8      1952


SUNRISE AND SUNSET
FEBRUARY 24 2017......SUNRISE   733 AM MST   SUNSET   630 PM MST
FEBRUARY 25 2017......SUNRISE   731 AM MST   SUNSET   632 PM MST


-  INDICATES NEGATIVE NUMBERS.
R  INDICATES RECORD WAS SET OR TIED.
MM INDICATES DATA IS MISSING.
T  INDICATES TRACE AMOUNT.




$$
