000
CDUS45 KBOI 290932
CLIONO


CLIMATE REPORT
NATIONAL WEATHER SERVICE BOISE ID
332 AM MDT FRI AUG 29 2014


...................................

...THE ONTARIO OR CLIMATE SUMMARY FOR AUGUST 28 2014...

CLIMATE NORMAL PERIOD 1981 TO 2010
CLIMATE RECORD PERIOD 1948 TO 2014


WEATHER ITEM   OBSERVED TIME   RECORD YEAR NORMAL DEPARTURE LAST
                VALUE   (LST)  VALUE       VALUE  FROM      YEAR
                                                  NORMAL
..................................................................
TEMPERATURE (F)
 YESTERDAY
  MAXIMUM         91    414 PM 102    1972  88      3       94
  MINIMUM         53    652 AM  33    1960  51      2       63
  AVERAGE         72                        70      2       79

PRECIPITATION (IN)
  YESTERDAY        0.00          0.06 1951   0.01  -0.01     0.00
  MONTH TO DATE    0.46                      0.16   0.30      T
  SINCE OCT 1      6.98                      9.63  -2.65     5.55
  SINCE JAN 1      5.47                      6.22  -0.75     2.61

DEGREE DAYS
 HEATING
  YESTERDAY        0                         1     -1        0
  MONTH TO DATE    0                         4     -4        0
  SINCE JUN 1     28                        61    -33       39
  SINCE JUL 1      0                         9     -9        0

 COOLING
  YESTERDAY        7                         5      2       14
  MONTH TO DATE  280                       254     26      378
  SINCE JUN 1    933                       741    192     1087
  SINCE JAN 1    981                       777    204     1134
..................................................................


WIND (MPH)
  HIGHEST WIND SPEED    20   HIGHEST WIND DIRECTION    NW (320)
  HIGHEST GUST SPEED    26   HIGHEST GUST DIRECTION    NW (320)
  AVERAGE WIND SPEED     3.3


SKY COVER
  AVERAGE SKY COVER 0.0


WEATHER CONDITIONS
 THE FOLLOWING WEATHER WAS RECORDED YESTERDAY.
  NO SIGNIFICANT WEATHER WAS OBSERVED.


RELATIVE HUMIDITY (PERCENT)
 HIGHEST    77           700 AM
 LOWEST     24           100 PM
 AVERAGE    51

..........................................................


THE ONTARIO OR CLIMATE NORMALS FOR TODAY
                         NORMAL    RECORD    YEAR
 MAXIMUM TEMPERATURE (F)   88       105      1967
 MINIMUM TEMPERATURE (F)   51        35      1960


SUNRISE AND SUNSET
AUGUST 29 2014........SUNRISE   708 AM MDT   SUNSET   829 PM MDT
AUGUST 30 2014........SUNRISE   709 AM MDT   SUNSET   827 PM MDT


-  INDICATES NEGATIVE NUMBERS.
R  INDICATES RECORD WAS SET OR TIED.
MM INDICATES DATA IS MISSING.
T  INDICATES TRACE AMOUNT.




$$
