000
CDUS45 KBOI 050934
CLIONO


CLIMATE REPORT
NATIONAL WEATHER SERVICE BOISE ID
334 AM MDT THU MAY 5 2016


...................................

...THE ONTARIO OR CLIMATE SUMMARY FOR MAY 4 2016...

CLIMATE NORMAL PERIOD 1981 TO 2010
CLIMATE RECORD PERIOD 1948 TO 2016


WEATHER ITEM   OBSERVED TIME   RECORD YEAR NORMAL DEPARTURE LAST
                VALUE   (LST)  VALUE       VALUE  FROM      YEAR
                                                  NORMAL
..................................................................
TEMPERATURE (F)
 YESTERDAY
  MAXIMUM         82    423 PM  98    1966  71     11       84
  MINIMUM         49    522 AM  28    1999  41      8       42
  AVERAGE         66                        56     10       63

PRECIPITATION (IN)
  YESTERDAY        T             0.69 2012   0.04  -0.04     0.00
  MONTH TO DATE    T                         0.15  -0.15     0.00
  SINCE OCT 1      6.68                      7.35  -0.67     6.86
  SINCE JAN 1      1.93                      3.94  -2.01     2.40

DEGREE DAYS
 HEATING
  YESTERDAY        0                        10    -10        2
  MONTH TO DATE   15                        41    -26       15
  SINCE MAR 1    821                      1152   -331      925
  SINCE JUL 1   4811                      5782   -971     4719

 COOLING
  YESTERDAY        1                         0      1        0
  MONTH TO DATE    1                         0      1        0
  SINCE MAR 1      1                         1      0        0
  SINCE JAN 1      1                         1      0        0
..................................................................


WIND (MPH)
  HIGHEST WIND SPEED    23   HIGHEST WIND DIRECTION     S (200)
  HIGHEST GUST SPEED    31   HIGHEST GUST DIRECTION     S (200)
  AVERAGE WIND SPEED     4.0


SKY COVER
  AVERAGE SKY COVER 0.1


WEATHER CONDITIONS
 THE FOLLOWING WEATHER WAS RECORDED YESTERDAY.
  NO SIGNIFICANT WEATHER WAS OBSERVED.


RELATIVE HUMIDITY (PERCENT)
 HIGHEST    71           500 AM
 LOWEST     25           100 PM
 AVERAGE    48

..........................................................


THE ONTARIO OR CLIMATE NORMALS FOR TODAY
                         NORMAL    RECORD    YEAR
 MAXIMUM TEMPERATURE (F)   71        95      1966
 MINIMUM TEMPERATURE (F)   41        29      1986


SUNRISE AND SUNSET
MAY  5 2016...........SUNRISE   633 AM MDT   SUNSET   857 PM MDT
MAY  6 2016...........SUNRISE   632 AM MDT   SUNSET   858 PM MDT


-  INDICATES NEGATIVE NUMBERS.
R  INDICATES RECORD WAS SET OR TIED.
MM INDICATES DATA IS MISSING.
T  INDICATES TRACE AMOUNT.




$$
