946
CDUS45 KBOI 300931
CLIONO


CLIMATE REPORT
NATIONAL WEATHER SERVICE BOISE ID
331 AM MDT THU MAR 30 2017


...................................

...THE ONTARIO OR CLIMATE SUMMARY FOR MARCH 29 2017...

CLIMATE NORMAL PERIOD 1981 TO 2010
CLIMATE RECORD PERIOD 1948 TO 2017


WEATHER ITEM   OBSERVED TIME   RECORD YEAR NORMAL DEPARTURE LAST
                VALUE   (LST)  VALUE       VALUE  FROM      YEAR
                                                  NORMAL
..................................................................
TEMPERATURE (F)
 YESTERDAY
  MAXIMUM         57    119 PM  82    1966  61     -4       61
  MINIMUM         38    338 AM  18    1987  33      5       40
  AVERAGE         48                        47      1       51

PRECIPITATION (IN)
  YESTERDAY        0.20          0.50 2006   0.03   0.17     0.00
  MONTH TO DATE    1.27                      0.95   0.32     0.43
  SINCE OCT 1      9.41                      6.34   3.07     6.22
  SINCE JAN 1      6.09                      2.93   3.16     1.47

DEGREE DAYS
 HEATING
  YESTERDAY       17                        18     -1       14
  MONTH TO DATE  520                       634   -114      524
  SINCE MAR 1    520                       634   -114      524
  SINCE JUL 1   5394                      5264    130     4514

 COOLING
  YESTERDAY        0                         0      0        0
  MONTH TO DATE    0                         0      0        0
  SINCE MAR 1      0                         0      0        0
  SINCE JAN 1      0                         0      0        0
..................................................................


WIND (MPH)
  HIGHEST WIND SPEED    13   HIGHEST WIND DIRECTION     N (340)
  HIGHEST GUST SPEED    16   HIGHEST GUST DIRECTION     N (340)
  AVERAGE WIND SPEED     3.3


SKY COVER
  AVERAGE SKY COVER 0.9


WEATHER CONDITIONS
 THE FOLLOWING WEATHER WAS RECORDED YESTERDAY.
  LIGHT RAIN
  FOG


RELATIVE HUMIDITY (PERCENT)
 HIGHEST    93           900 PM
 LOWEST     55           100 PM
 AVERAGE    74

..........................................................


THE ONTARIO OR CLIMATE NORMALS FOR TODAY
                         NORMAL    RECORD    YEAR
 MAXIMUM TEMPERATURE (F)   61        85      1966
 MINIMUM TEMPERATURE (F)   33        20      2008


SUNRISE AND SUNSET
MARCH 30 2017.........SUNRISE   732 AM MDT   SUNSET   813 PM MDT
MARCH 31 2017.........SUNRISE   731 AM MDT   SUNSET   814 PM MDT


-  INDICATES NEGATIVE NUMBERS.
R  INDICATES RECORD WAS SET OR TIED.
MM INDICATES DATA IS MISSING.
T  INDICATES TRACE AMOUNT.




$$
