000
CDUS46 KSGX 291429
CLIONT


CLIMATE REPORT
NATIONAL WEATHER SERVICE SAN DIEGO, CA
629 AM PST THU JAN 29 2015


...................................

...THE ONTARIO INTL AIRPORT CA CLIMATE SUMMARY FOR JANUARY 28 2015...

CLIMATE NORMAL PERIOD 1981 TO 2010
CLIMATE RECORD PERIOD 1998 TO 2015


WEATHER ITEM   OBSERVED TIME   RECORD YEAR NORMAL DEPARTURE LAST
                VALUE   (LST)  VALUE       VALUE  FROM      YEAR
                                                  NORMAL
..................................................................
TEMPERATURE (F)
 YESTERDAY
  MAXIMUM         75    227 PM  78    2012  65     10       75
  MINIMUM         51    657 AM  36    1999  44      7       46
  AVERAGE         63                        54      9       61

PRECIPITATION (IN)
  YESTERDAY        0.00          0.42 2008   0.06  -0.06     0.00
  MONTH TO DATE    0.93                      3.05  -2.12     0.00
  SINCE OCT 1      6.57                      7.22  -0.65     0.88
  SINCE JAN 1      0.93                      3.05  -2.12     0.00

SNOWFALL (IN)
  YESTERDAY        0.0
  MONTH TO DATE    0.0
  SINCE JAN 1      0.0
  SINCE JUL 1      0.0
  SNOW DEPTH       0

DEGREE DAYS
 HEATING
  YESTERDAY        2                        11     -9        4
  MONTH TO DATE  182                       308   -126      103
  SINCE DEC 1    433                       646   -213      367
  SINCE JUL 1    503                       868   -365      525

 COOLING
  YESTERDAY        0                         0      0        0
  MONTH TO DATE   13                         0     13       19
  SINCE DEC 1     15                         2     13       23
  SINCE JAN 1     13                         0     13       19
..................................................................


WIND (MPH)
  RESULTANT WIND SPEED   1   RESULTANT WIND DIRECTION   N (340)
  HIGHEST WIND SPEED    10   HIGHEST WIND DIRECTION    NW (330)
  HIGHEST GUST SPEED    15   HIGHEST GUST DIRECTION    NW (330)
  AVERAGE WIND SPEED     2.9


SKY COVER
  POSSIBLE SUNSHINE  MM
  AVERAGE SKY COVER 0.8


WEATHER CONDITIONS
 THE FOLLOWING WEATHER WAS RECORDED YESTERDAY.
  HAZE


RELATIVE HUMIDITY (PERCENT)
 HIGHEST    83           500 AM
 LOWEST     29           200 PM
 AVERAGE    56

..........................................................


THE ONTARIO INTL AIRPORT CA CLIMATE NORMALS FOR TODAY
                         NORMAL    RECORD    YEAR
 MAXIMUM TEMPERATURE (F)   65        80      2014
 MINIMUM TEMPERATURE (F)   44        34      2002


SUNRISE AND SUNSET
JANUARY 29 2015.......SUNRISE   650 AM PST   SUNSET   518 PM PST
JANUARY 30 2015.......SUNRISE   649 AM PST   SUNSET   519 PM PST


-  INDICATES NEGATIVE NUMBERS.
R  INDICATES RECORD WAS SET OR TIED.
MM INDICATES DATA IS MISSING.
T  INDICATES TRACE AMOUNT.




$$
