000
CDUS46 KSGX 081523
CLIONT


CLIMATE REPORT
NATIONAL WEATHER SERVICE SAN DIEGO, CA
723 AM PST THU DEC 8 2016


...................................

...THE ONTARIO INTL AIRPORT CA CLIMATE SUMMARY FOR DECEMBER 7 2016...

CLIMATE NORMAL PERIOD 1981 TO 2010
CLIMATE RECORD PERIOD 1998 TO 2016


WEATHER ITEM   OBSERVED TIME   RECORD YEAR NORMAL DEPARTURE LAST
                VALUE   (LST)  VALUE       VALUE  FROM      YEAR
                                                  NORMAL
..................................................................
TEMPERATURE (F)
 YESTERDAY
  MAXIMUM         62    301 PM  82    2006  66     -4       80
  MINIMUM         49   1159 PM  32    2011  43      6       46
  AVERAGE         56                        54      2       63

PRECIPITATION (IN)
  YESTERDAY        0.00          1.07 2009   0.04  -0.04     0.00
  MONTH TO DATE    0.00                      0.28  -0.28     0.00
  SINCE OCT 1      1.45                      2.13  -0.68     1.12
  SINCE JAN 1      7.04                     13.00  -5.96     7.68

DEGREE DAYS
 HEATING
  YESTERDAY        9                        11     -2        2
  MONTH TO DATE   70                        71     -1       44
  SINCE DEC 1     70                        71     -1       44
  SINCE JUL 1    200                       293    -93      241

 COOLING
  YESTERDAY        0                         0      0        0
  MONTH TO DATE    0                         0      0        0
  SINCE DEC 1      0                         0      0        0
  SINCE JAN 1   2102                      1705    397     2351
..................................................................


WIND (MPH)
  RESULTANT WIND SPEED   3   RESULTANT WIND DIRECTION  SW (230)
  HIGHEST WIND SPEED     9   HIGHEST WIND DIRECTION     W (280)
  HIGHEST GUST SPEED    14   HIGHEST GUST DIRECTION     W (250)
  AVERAGE WIND SPEED     2.7


SKY COVER
  POSSIBLE SUNSHINE  MM
  AVERAGE SKY COVER 0.7


WEATHER CONDITIONS
 THE FOLLOWING WEATHER WAS RECORDED YESTERDAY.
  FOG
  HAZE


RELATIVE HUMIDITY (PERCENT)
 HIGHEST    93          1100 PM
 LOWEST     51           100 PM
 AVERAGE    72

..........................................................


THE ONTARIO INTL AIRPORT CA CLIMATE NORMALS FOR TODAY
                         NORMAL    RECORD    YEAR
 MAXIMUM TEMPERATURE (F)   66        83      2015
 MINIMUM TEMPERATURE (F)   43        33      1998


SUNRISE AND SUNSET
DECEMBER  8 2016......SUNRISE   644 AM PST   SUNSET   441 PM PST
DECEMBER  9 2016......SUNRISE   645 AM PST   SUNSET   441 PM PST


-  INDICATES NEGATIVE NUMBERS.
R  INDICATES RECORD WAS SET OR TIED.
MM INDICATES DATA IS MISSING.
T  INDICATES TRACE AMOUNT.




$$
