786
CDUS46 KSGX 221239
CLIONT


CLIMATE REPORT
NATIONAL WEATHER SERVICE SAN DIEGO, CA
438 AM PST THU FEB 22 2018


...................................

...THE ONTARIO INTL AIRPORT CA CLIMATE SUMMARY FOR FEBRUARY 21 2018...

CLIMATE NORMAL PERIOD 1981 TO 2010
CLIMATE RECORD PERIOD 1998 TO 2018


WEATHER ITEM   OBSERVED TIME   RECORD YEAR NORMAL DEPARTURE LAST
                VALUE   (LST)  VALUE       VALUE  FROM      YEAR
                                                  NORMAL
..................................................................
TEMPERATURE (F)
 YESTERDAY
  MAXIMUM         57    235 PM  87    2002  66     -9       67
  MINIMUM         38R   204 AM  38    2011  46     -8       54
  AVERAGE         48                        56     -8       61

PRECIPITATION (IN)
  YESTERDAY        0.00          1.78 2005   0.14  -0.14      T
  MONTH TO DATE    0.01                      2.54  -2.53     2.20
  SINCE OCT 1      2.02                     10.02  -8.00    14.46
  SINCE JAN 1      2.02                      5.85  -3.83     9.58

DEGREE DAYS
 HEATING
  YESTERDAY       17                         9      8        4
  MONTH TO DATE  113                       206    -93      155
  SINCE DEC 1    414                       873   -459      865
  SINCE JUL 1    458                      1095   -637      995

 COOLING
  YESTERDAY        0                         0      0        0
  MONTH TO DATE   12                         0     12        1
  SINCE DEC 1     41                         5     36        1
  SINCE JAN 1     30                         3     27        1
..................................................................


WIND (MPH)
  RESULTANT WIND SPEED   2   RESULTANT WIND DIRECTION  SW (220)
  HIGHEST WIND SPEED    16   HIGHEST WIND DIRECTION    SW (210)
  HIGHEST GUST SPEED    19   HIGHEST GUST DIRECTION    SW (210)
  AVERAGE WIND SPEED     4.3


SKY COVER
  POSSIBLE SUNSHINE  MM
  AVERAGE SKY COVER 0.5


WEATHER CONDITIONS
 THE FOLLOWING WEATHER WAS RECORDED YESTERDAY.
  NO SIGNIFICANT WEATHER WAS OBSERVED.


RELATIVE HUMIDITY (PERCENT)
 HIGHEST    53          1100 PM
 LOWEST     24           100 PM
 AVERAGE    39

..........................................................


THE ONTARIO INTL AIRPORT CA CLIMATE NORMALS FOR TODAY
                         NORMAL    RECORD    YEAR
 MAXIMUM TEMPERATURE (F)   67        89      2002
 MINIMUM TEMPERATURE (F)   46        37      2006


SUNRISE AND SUNSET
FEBRUARY 22 2018......SUNRISE   627 AM PST   SUNSET   541 PM PST
FEBRUARY 23 2018......SUNRISE   626 AM PST   SUNSET   542 PM PST


-  INDICATES NEGATIVE NUMBERS.
R  INDICATES RECORD WAS SET OR TIED.
MM INDICATES DATA IS MISSING.
T  INDICATES TRACE AMOUNT.




$$
