000
CDUS46 KSGX 291418
CLIONT


CLIMATE REPORT
NATIONAL WEATHER SERVICE SAN DIEGO, CA
718 AM PDT SAT AUG 29 2015


...................................

...THE ONTARIO INTL AIRPORT CA CLIMATE SUMMARY FOR AUGUST 28 2015...

CLIMATE NORMAL PERIOD 1981 TO 2010
CLIMATE RECORD PERIOD 1998 TO 2015


WEATHER ITEM   OBSERVED TIME   RECORD YEAR NORMAL DEPARTURE LAST
                VALUE   (LST)  VALUE       VALUE  FROM      YEAR
                                                  NORMAL
..................................................................
TEMPERATURE (F)
 YESTERDAY
  MAXIMUM        106R   212 PM 106    2009  93     13      100
  MINIMUM         74    530 AM  59    2010  65      9       69
  AVERAGE         90                        79     11       85

PRECIPITATION (IN)
  YESTERDAY        0.00          T    2012   0.01  -0.01     0.00
  MONTH TO DATE    T                         0.13  -0.13     0.13
  SINCE OCT 1     10.48                     14.77  -4.29     4.50
  SINCE JAN 1      4.84                     10.60  -5.76     3.62

DEGREE DAYS
 HEATING
  YESTERDAY        0                         0      0        0
  MONTH TO DATE    0                         0      0        0
  SINCE JUN 1      0                         5     -5        0
  SINCE JUL 1      0                         0      0        0

 COOLING
  YESTERDAY       25                        14     11       20
  MONTH TO DATE  462                       392     70      410
  SINCE JUN 1   1207                      1010    197     1171
  SINCE JAN 1   1502                      1176    326     1565
..................................................................


WIND (MPH)
  RESULTANT WIND SPEED   5   RESULTANT WIND DIRECTION   W (250)
  HIGHEST WIND SPEED    18   HIGHEST WIND DIRECTION     W (250)
  HIGHEST GUST SPEED    25   HIGHEST GUST DIRECTION    SW (240)
  AVERAGE WIND SPEED     5.5


SKY COVER
  POSSIBLE SUNSHINE  MM
  AVERAGE SKY COVER 0.1


WEATHER CONDITIONS
 THE FOLLOWING WEATHER WAS RECORDED YESTERDAY.
  NO SIGNIFICANT WEATHER WAS OBSERVED.


RELATIVE HUMIDITY (PERCENT)
 HIGHEST    54           300 AM
 LOWEST     14           200 PM
 AVERAGE    34

..........................................................


THE ONTARIO INTL AIRPORT CA CLIMATE NORMALS FOR TODAY
                         NORMAL    RECORD    YEAR
 MAXIMUM TEMPERATURE (F)   93       108      2009
 MINIMUM TEMPERATURE (F)   65        59      2010


SUNRISE AND SUNSET
AUGUST 29 2015........SUNRISE   622 AM PDT   SUNSET   720 PM PDT
AUGUST 30 2015........SUNRISE   622 AM PDT   SUNSET   719 PM PDT


-  INDICATES NEGATIVE NUMBERS.
R  INDICATES RECORD WAS SET OR TIED.
MM INDICATES DATA IS MISSING.
T  INDICATES TRACE AMOUNT.




$$
