000
CDUS41 KAKQ 260845
CLIORF


CLIMATE REPORT
NATIONAL WEATHER SERVICE WAKEFIELD, VA
445 AM EDT THU MAR 26 2015


...................................

...THE NORFOLK VA CLIMATE SUMMARY FOR MARCH 25 2015...

CLIMATE NORMAL PERIOD 1981 TO 2010
CLIMATE RECORD PERIOD 1871 TO 2015


WEATHER ITEM   OBSERVED TIME   RECORD YEAR NORMAL DEPARTURE LAST
                VALUE   (LST)  VALUE       VALUE  FROM      YEAR
                                                  NORMAL
..................................................................
TEMPERATURE (F)
 YESTERDAY
  MAXIMUM         65    422 PM  84    1954  61      4       47
                                      1939
  MINIMUM         40   1211 AM  27    1940  43     -3       30
                                      1880
  AVERAGE         53                        52      1       39

PRECIPITATION (IN)
  YESTERDAY        0.00          1.03 1994   0.12  -0.12     0.55
  MONTH TO DATE    2.32                      2.96  -0.64     3.22
  SINCE MAR 1      2.32                      2.96  -0.64     3.22
  SINCE JAN 1      8.50                      9.48  -0.98     9.51

SNOWFALL (IN)
  YESTERDAY        0.0           7.5  1974   0.0    0.0
  MONTH TO DATE    0.2                       0.2    0.0
  SINCE NOV 1     12.7                       5.8    6.9
  SINCE JUL 1     12.7                       5.8    6.9
  SNOW DEPTH       0

DEGREE DAYS
 HEATING
  YESTERDAY       12                        13     -1       26
  MONTH TO DATE  444                       419     25      494
  SINCE MAR 1    444                       419     25      494
  SINCE JUL 1   3280                      2988    292     3105

 COOLING
  YESTERDAY        0                         0      0        0
  MONTH TO DATE    0                         0      0        0
  SINCE MAR 1      0                         0      0        0
  SINCE JAN 1      0                         1     -1        0
..................................................................


WIND (MPH)
  HIGHEST WIND SPEED    17   HIGHEST WIND DIRECTION     S (190)
  HIGHEST GUST SPEED    23   HIGHEST GUST DIRECTION     S (200)
  AVERAGE WIND SPEED     9.4


SKY COVER
  POSSIBLE SUNSHINE  MM
  AVERAGE SKY COVER 0.6


WEATHER CONDITIONS
 THE FOLLOWING WEATHER WAS RECORDED YESTERDAY.
  NO SIGNIFICANT WEATHER WAS OBSERVED.


RELATIVE HUMIDITY (PERCENT)
 HIGHEST    78          1000 PM
 LOWEST     51           200 PM
 AVERAGE    65

..........................................................


THE NORFOLK VA CLIMATE NORMALS FOR TODAY
                         NORMAL    RECORD    YEAR
 MAXIMUM TEMPERATURE (F)   61        84      1939
                                             1921
 MINIMUM TEMPERATURE (F)   43        27      1940


SUNRISE AND SUNSET
MARCH 26 2015.........SUNRISE   700 AM EDT   SUNSET   722 PM EDT
MARCH 27 2015.........SUNRISE   658 AM EDT   SUNSET   723 PM EDT


-  INDICATES NEGATIVE NUMBERS.
R  INDICATES RECORD WAS SET OR TIED.
MM INDICATES DATA IS MISSING.
T  INDICATES TRACE AMOUNT.




$$
