000
CDUS41 KAKQ 242146
CLIORF


CLIMATE REPORT
NATIONAL WEATHER SERVICE WAKEFIELD, VA
546 PM EDT THU APR 24 2014


...................................

...THE NORFOLK VA CLIMATE SUMMARY FOR APRIL 24 2014...
VALID TODAY AS OF 0500 PM LOCAL TIME.

CLIMATE NORMAL PERIOD 1981 TO 2010
CLIMATE RECORD PERIOD 1871 TO 2014


WEATHER ITEM   OBSERVED TIME   RECORD YEAR NORMAL DEPARTURE LAST
                VALUE   (LST)  VALUE       VALUE  FROM      YEAR
                                                  NORMAL
..................................................................
TEMPERATURE (F)
 TODAY
  MAXIMUM         63    359 PM  95    1960  70     -7       76
  MINIMUM         49    601 AM  40    1951  51     -2       44
                                      1931
                                      1930
  AVERAGE         56

PRECIPITATION (IN)
  TODAY            0.00          1.62 1983   0.11  -0.11     0.00
  MONTH TO DATE    3.34                      2.74   0.60     1.86
  SINCE MAR 1      7.16                      6.42   0.74     4.36
  SINCE JAN 1     13.45                     12.94   0.51    11.92

SNOWFALL (IN)
  TODAY            0.0
  MONTH TO DATE    0.0
  SINCE NOV 1     15.5
  SINCE JUL 1     15.5
  SNOW DEPTH       0

DEGREE DAYS
 HEATING
  TODAY            9                         6      3        5
  MONTH TO DATE  198                       207     -9      167
  SINCE MAR 1    772                       699     73      779
  SINCE JUL 1   3383                      3268    115     3154

 COOLING
  TODAY            0                         2     -2        0
  MONTH TO DATE   18                        28    -10       66
  SINCE MAR 1     19                        34    -15       66
  SINCE JAN 1     19                        35    -16       66
..................................................................


WIND (MPH)
  RESULTANT WIND SPEED   9   RESULTANT WIND DIRECTION   N (0)
  HIGHEST WIND SPEED    23   HIGHEST WIND DIRECTION     N (360)
  HIGHEST GUST SPEED    33   HIGHEST GUST DIRECTION     N (360)


SKY COVER
  POSSIBLE SUNSHINE  MM
  AVERAGE SKY COVER 0.0


WEATHER CONDITIONS
 THE FOLLOWING WEATHER WAS RECORDED TODAY.
  NO SIGNIFICANT WEATHER WAS OBSERVED.


RELATIVE HUMIDITY (PERCENT)
 HIGHEST    54
 LOWEST     30
 AVERAGE    42

..........................................................


THE NORFOLK VA CLIMATE NORMALS FOR TOMORROW
                         NORMAL    RECORD    YEAR
 MAXIMUM TEMPERATURE (F)   70        96      1960
 MINIMUM TEMPERATURE (F)   52        38      1919


SUNRISE AND SUNSET
APRIL 24 2014.........SUNRISE   619 AM EDT   SUNSET   747 PM EDT
APRIL 25 2014.........SUNRISE   618 AM EDT   SUNSET   748 PM EDT


-  INDICATES NEGATIVE NUMBERS.
R  INDICATES RECORD WAS SET OR TIED.
MM INDICATES DATA IS MISSING.
T  INDICATES TRACE AMOUNT.




$$
