000
CDUS41 KAKQ 292127
CLIORF


CLIMATE REPORT
NATIONAL WEATHER SERVICE WAKEFIELD, VA
527 PM EDT SUN MAY 29 2016


...................................

...THE NORFOLK VA CLIMATE SUMMARY FOR MAY 29 2016...
VALID TODAY AS OF 0500 PM LOCAL TIME.

CLIMATE NORMAL PERIOD 1981 TO 2010
CLIMATE RECORD PERIOD 1871 TO 2016


WEATHER ITEM   OBSERVED TIME   RECORD YEAR NORMAL DEPARTURE LAST
                VALUE   (LST)  VALUE       VALUE  FROM      YEAR
                                                  NORMAL
..................................................................
TEMPERATURE (F)
 TODAY
  MAXIMUM         81    949 AM  97    1941  79      2       85
  MINIMUM         70    542 AM  46    2008  62      8       70
  AVERAGE         76

PRECIPITATION (IN)
  TODAY            0.05          2.65 1929   0.12  -0.07     0.00
  MONTH TO DATE    4.37                      3.16   1.21     1.51
  SINCE MAR 1     10.61                     10.25   0.36     8.82
  SINCE JAN 1     21.48                     16.77   4.71    15.00

SNOWFALL (IN)
  TODAY            0.0
  MONTH TO DATE    0.0
  SINCE NOV 1      5.0
  SINCE JUL 1      5.0
  SNOW DEPTH       0

DEGREE DAYS
 HEATING
  TODAY            0                         1     -1        0
  MONTH TO DATE   70                        69      1       30
  SINCE MAR 1    606                       800   -194      763
  SINCE JUL 1   2522                      3369   -847     3599

 COOLING
  TODAY           11                         6      5       13
  MONTH TO DATE   92                       109    -17      186
  SINCE MAR 1    140                       152    -12      211
  SINCE JAN 1    140                       153    -13      211
..................................................................


WIND (MPH)
  RESULTANT WIND SPEED   5   RESULTANT WIND DIRECTION  SE (130)
  HIGHEST WIND SPEED    15   HIGHEST WIND DIRECTION    SE (150)
  HIGHEST GUST SPEED    19   HIGHEST GUST DIRECTION     S (160)


SKY COVER
  POSSIBLE SUNSHINE  MM
  AVERAGE SKY COVER 0.5


WEATHER CONDITIONS
 THE FOLLOWING WEATHER WAS RECORDED TODAY.
  LIGHT RAIN
  FOG
  FOG W/VISIBILITY <= 1/4 MILE


RELATIVE HUMIDITY (PERCENT)
 HIGHEST    97
 LOWEST     74
 AVERAGE    86

..........................................................


THE NORFOLK VA CLIMATE NORMALS FOR TOMORROW
                         NORMAL    RECORD    YEAR
 MAXIMUM TEMPERATURE (F)   79        99      1991
 MINIMUM TEMPERATURE (F)   62        48      1961
                                             1884


SUNRISE AND SUNSET
MAY 29 2016...........SUNRISE   548 AM EDT   SUNSET   817 PM EDT
MAY 30 2016...........SUNRISE   548 AM EDT   SUNSET   818 PM EDT


-  INDICATES NEGATIVE NUMBERS.
R  INDICATES RECORD WAS SET OR TIED.
MM INDICATES DATA IS MISSING.
T  INDICATES TRACE AMOUNT.




$$
