000
CDUS41 KAKQ 280953
CLIORF


CLIMATE REPORT
NATIONAL WEATHER SERVICE WAKEFIELD, VA
453 AM EST WED JAN 28 2015


...................................

...THE NORFOLK VA CLIMATE SUMMARY FOR JANUARY 27 2015...

CLIMATE NORMAL PERIOD 1981 TO 2010
CLIMATE RECORD PERIOD 1871 TO 2015


WEATHER ITEM   OBSERVED TIME   RECORD YEAR NORMAL DEPARTURE LAST
                VALUE   (LST)  VALUE       VALUE  FROM      YEAR
                                                  NORMAL
..................................................................
TEMPERATURE (F)
 YESTERDAY
  MAXIMUM         38    405 PM  75    1974  48    -10       63
                                      1952
  MINIMUM         31    838 AM  11    1940  33     -2       32
  AVERAGE         35                        40     -5       48

PRECIPITATION (IN)
  YESTERDAY        0.06          1.70 1889   0.11  -0.05     0.00
  MONTH TO DATE    3.58                      2.96   0.62     2.46
  SINCE DEC 1      7.28                      6.22   1.06     7.21
  SINCE JAN 1      3.58                      2.96   0.62     2.46

SNOWFALL (IN)
  YESTERDAY        1.0           5.1  1936   0.1    0.9
  MONTH TO DATE    1.0                       2.2   -1.2
  SINCE NOV 1      1.0                       3.4   -2.4
  SINCE JUL 1      1.0                       3.4   -2.4
  SNOW DEPTH       0

DEGREE DAYS
 HEATING
  YESTERDAY       30                        25      5       17
  MONTH TO DATE  658                       670    -12      695
  SINCE DEC 1   1251                      1319    -68     1266
  SINCE JUL 1   1814                      1849    -35     1797

 COOLING
  YESTERDAY        0                         0      0        0
  MONTH TO DATE    0                         0      0        0
  SINCE DEC 1      0                         1     -1        5
  SINCE JAN 1      0                         0      0        0
..................................................................


WIND (MPH)
  HIGHEST WIND SPEED    20   HIGHEST WIND DIRECTION     N (350)
  HIGHEST GUST SPEED    28   HIGHEST GUST DIRECTION     N (350)
  AVERAGE WIND SPEED    10.4


SKY COVER
  POSSIBLE SUNSHINE  MM
  AVERAGE SKY COVER 0.7


WEATHER CONDITIONS
 THE FOLLOWING WEATHER WAS RECORDED YESTERDAY.
  LIGHT SNOW


RELATIVE HUMIDITY (PERCENT)
 HIGHEST    92           400 AM
 LOWEST     59           400 PM
 AVERAGE    76

..........................................................


THE NORFOLK VA CLIMATE NORMALS FOR TODAY
                         NORMAL    RECORD    YEAR
 MAXIMUM TEMPERATURE (F)   48        76      1944
 MINIMUM TEMPERATURE (F)   33        13      1961
                                             1940
                                             1936


SUNRISE AND SUNSET
JANUARY 28 2015.......SUNRISE   710 AM EST   SUNSET   525 PM EST
JANUARY 29 2015.......SUNRISE   710 AM EST   SUNSET   527 PM EST


-  INDICATES NEGATIVE NUMBERS.
R  INDICATES RECORD WAS SET OR TIED.
MM INDICATES DATA IS MISSING.
T  INDICATES TRACE AMOUNT.




$$
