000
CDUS41 KAKQ 280832
CLIORF


CLIMATE REPORT
NATIONAL WEATHER SERVICE WAKEFIELD, VA
330 AM EST FRI NOV 28 2014


...................................

...THE NORFOLK VA CLIMATE SUMMARY FOR NOVEMBER 27 2014...

CLIMATE NORMAL PERIOD 1981 TO 2010
CLIMATE RECORD PERIOD 1871 TO 2014


WEATHER ITEM   OBSERVED TIME   RECORD YEAR NORMAL DEPARTURE LAST
                VALUE   (LST)  VALUE       VALUE  FROM      YEAR
                                                  NORMAL
..................................................................
TEMPERATURE (F)
 YESTERDAY
  MAXIMUM         44    502 PM  82    1973  58    -14       69
  MINIMUM         34    327 AM  24    1903  41     -7       39
  AVERAGE         39                        49    -10       54

PRECIPITATION (IN)
  YESTERDAY        0.15          1.55 1878   0.10   0.05     1.01
  MONTH TO DATE    3.44                      2.83   0.61     2.57
  SINCE SEP 1     14.18                     11.01   3.17     7.63
  SINCE JAN 1     46.59                     42.95   3.64    40.90

SNOWFALL (IN)
  YESTERDAY        0.0           0.0  2002   0.0    0.0
  MONTH TO DATE    0.0                       0.0    0.0
  SINCE NOV 1      0.0                       0.0    0.0
  SINCE JUL 1      0.0                       0.0    0.0
  SNOW DEPTH       0

DEGREE DAYS
 HEATING
  YESTERDAY       26                        16     10       11
  MONTH TO DATE  408                       322     86      333
  SINCE SEP 1    495                       479     16      453
  SINCE JUL 1    495                       479     16      453

 COOLING
  YESTERDAY        0                         0      0        0
  MONTH TO DATE    5                         1      4        9
  SINCE SEP 1    351                       286     65      305
  SINCE JAN 1   1724                      1621    103     1754
..................................................................


WIND (MPH)
  HIGHEST WIND SPEED    20   HIGHEST WIND DIRECTION     N (350)
  HIGHEST GUST SPEED    24   HIGHEST GUST DIRECTION     N (350)
  AVERAGE WIND SPEED     5.6


SKY COVER
  POSSIBLE SUNSHINE  MM
  AVERAGE SKY COVER 0.8


WEATHER CONDITIONS
 THE FOLLOWING WEATHER WAS RECORDED YESTERDAY.
  RAIN
  LIGHT RAIN
  FOG


RELATIVE HUMIDITY (PERCENT)
 HIGHEST    92           200 AM
 LOWEST     65          1100 PM
 AVERAGE    79

..........................................................


THE NORFOLK VA CLIMATE NORMALS FOR TODAY
                         NORMAL    RECORD    YEAR
 MAXIMUM TEMPERATURE (F)   57        83      1973
 MINIMUM TEMPERATURE (F)   41        22      1930


SUNRISE AND SUNSET
NOVEMBER 28 2014......SUNRISE   656 AM EST   SUNSET   449 PM EST
NOVEMBER 29 2014......SUNRISE   657 AM EST   SUNSET   449 PM EST


-  INDICATES NEGATIVE NUMBERS.
R  INDICATES RECORD WAS SET OR TIED.
MM INDICATES DATA IS MISSING.
T  INDICATES TRACE AMOUNT.




$$
