000
CDUS41 KAKQ 242227
CLIORF


CLIMATE REPORT
NATIONAL WEATHER SERVICE WAKEFIELD, VA
527 PM EST TUE JAN 24 2017


...................................

...THE NORFOLK VA CLIMATE SUMMARY FOR JANUARY 24 2017...
VALID TODAY AS OF 0500 PM LOCAL TIME.

CLIMATE NORMAL PERIOD 1981 TO 2010
CLIMATE RECORD PERIOD 1871 TO 2017


WEATHER ITEM   OBSERVED TIME   RECORD YEAR NORMAL DEPARTURE LAST
                VALUE   (LST)  VALUE       VALUE  FROM      YEAR
                                                  NORMAL
..................................................................
TEMPERATURE (F)
 TODAY
  MAXIMUM         53    359 PM  77    1967  48      5       41
  MINIMUM         40    806 AM  14    1936  33      7       24
  AVERAGE         47

PRECIPITATION (IN)
  TODAY            T             1.72 1915   0.11  -0.11      T
  MONTH TO DATE    4.36                      2.64   1.72     4.59
  SINCE DEC 1      6.90                      5.90   1.00     7.96
  SINCE JAN 1      4.36                      2.64   1.72     4.59

SNOWFALL (IN)
  TODAY           MM
  MONTH TO DATE    5.3
  SINCE NOV 1      5.3
  SINCE JUL 1      5.3
  SNOW DEPTH       0

DEGREE DAYS
 HEATING
  TODAY           18                        25     -7       32
  MONTH TO DATE  474                       595   -121      589
  SINCE DEC 1   1081                      1244   -163      844
  SINCE JUL 1   1544                      1774   -230     1183

 COOLING
  TODAY            0                         0      0        0
  MONTH TO DATE    0                         0      0        0
  SINCE DEC 1      0                         1     -1       29
  SINCE JAN 1      0                         0      0        0
..................................................................


WIND (MPH)
  RESULTANT WIND SPEED   9   RESULTANT WIND DIRECTION  NW (320)
  HIGHEST WIND SPEED    16   HIGHEST WIND DIRECTION    NW (330)
  HIGHEST GUST SPEED    28   HIGHEST GUST DIRECTION    NW (320)


SKY COVER
  POSSIBLE SUNSHINE  MM
  AVERAGE SKY COVER 0.9


WEATHER CONDITIONS
 THE FOLLOWING WEATHER WAS RECORDED TODAY.
  FOG


RELATIVE HUMIDITY (PERCENT)
 HIGHEST    92
 LOWEST     54
 AVERAGE    73

..........................................................


THE NORFOLK VA CLIMATE NORMALS FOR TOMORROW
                         NORMAL    RECORD    YEAR
 MAXIMUM TEMPERATURE (F)   48        77      1950
 MINIMUM TEMPERATURE (F)   33        14      1935


SUNRISE AND SUNSET
JANUARY 24 2017.......SUNRISE   713 AM EST   SUNSET   522 PM EST
JANUARY 25 2017.......SUNRISE   712 AM EST   SUNSET   523 PM EST


-  INDICATES NEGATIVE NUMBERS.
R  INDICATES RECORD WAS SET OR TIED.
MM INDICATES DATA IS MISSING.
T  INDICATES TRACE AMOUNT.




$$
