000
CDUS41 KAKQ 302126
CLIORF


CLIMATE REPORT
NATIONAL WEATHER SERVICE WAKEFIELD, VA
526 PM EDT SAT MAY 30 2015


...................................

...THE NORFOLK VA CLIMATE SUMMARY FOR MAY 30 2015...
VALID TODAY AS OF 0500 PM LOCAL TIME.

CLIMATE NORMAL PERIOD 1981 TO 2010
CLIMATE RECORD PERIOD 1871 TO 2015


WEATHER ITEM   OBSERVED TIME   RECORD YEAR NORMAL DEPARTURE LAST
                VALUE   (LST)  VALUE       VALUE  FROM      YEAR
                                                  NORMAL
..................................................................
TEMPERATURE (F)
 TODAY
  MAXIMUM         85    227 PM  99    1991  79      6       68
  MINIMUM         68    432 AM  48    1961  62      6       59
                                      1884
  AVERAGE         77

PRECIPITATION (IN)
  TODAY            0.00          2.96 1984   0.12  -0.12     0.00
  MONTH TO DATE    1.51                      3.28  -1.77     4.64
  SINCE MAR 1      8.82                     10.37  -1.55    13.33
  SINCE JAN 1     15.00                     16.89  -1.89    19.62

SNOWFALL (IN)
  TODAY            0.0
  MONTH TO DATE    0.0
  SINCE NOV 1     12.7
  SINCE JUL 1     12.7
  SNOW DEPTH       0

DEGREE DAYS
 HEATING
  TODAY            0                         1     -1        1
  MONTH TO DATE   30                        70    -40       27
  SINCE MAR 1    763                       801    -38      832
  SINCE JUL 1   3599                      3370    229     3443

 COOLING
  TODAY           12                         6      6        0
  MONTH TO DATE  198                       115     83      174
  SINCE MAR 1    223                       158     65      201
  SINCE JAN 1    223                       159     64      201
..................................................................


WIND (MPH)
  RESULTANT WIND SPEED   4   RESULTANT WIND DIRECTION  SE (140)
  HIGHEST WIND SPEED    17   HIGHEST WIND DIRECTION    SE (130)
  HIGHEST GUST SPEED    23   HIGHEST GUST DIRECTION    SE (130)


SKY COVER
  POSSIBLE SUNSHINE  MM
  AVERAGE SKY COVER 0.2


WEATHER CONDITIONS
 THE FOLLOWING WEATHER WAS RECORDED TODAY.
  NO SIGNIFICANT WEATHER WAS OBSERVED.


RELATIVE HUMIDITY (PERCENT)
 HIGHEST    93
 LOWEST     51
 AVERAGE    72

..........................................................


THE NORFOLK VA CLIMATE NORMALS FOR TOMORROW
                         NORMAL    RECORD    YEAR
 MAXIMUM TEMPERATURE (F)   79       100      1991
 MINIMUM TEMPERATURE (F)   63        47      1961


SUNRISE AND SUNSET
MAY 30 2015...........SUNRISE   548 AM EDT   SUNSET   817 PM EDT
MAY 31 2015...........SUNRISE   547 AM EDT   SUNSET   818 PM EDT


-  INDICATES NEGATIVE NUMBERS.
R  INDICATES RECORD WAS SET OR TIED.
MM INDICATES DATA IS MISSING.
T  INDICATES TRACE AMOUNT.




$$
