000
CDUS41 KAKQ 230529
CLIORF


CLIMATE REPORT
NATIONAL WEATHER SERVICE WAKEFIELD, VA
126 AM EDT SAT JUL 23 2016


...................................

...THE NORFOLK VA CLIMATE SUMMARY FOR JULY 22 2016...

CLIMATE NORMAL PERIOD 1981 TO 2010
CLIMATE RECORD PERIOD 1871 TO 2016


WEATHER ITEM   OBSERVED TIME   RECORD YEAR NORMAL DEPARTURE LAST
                VALUE   (LST)  VALUE       VALUE  FROM      YEAR
                                                  NORMAL
..................................................................
TEMPERATURE (F)
 YESTERDAY
  MAXIMUM         95    111 PM 102    2011  88      7       84
  MINIMUM         74    245 AM  58    1966  72      2       71
  AVERAGE         85                        80      5       78

PRECIPITATION (IN)
  YESTERDAY        0.00          3.27 2013   0.17  -0.17     0.00
  MONTH TO DATE    2.78                      3.44  -0.66     6.63
  SINCE JUN 1      7.84                      7.70   0.14    14.97
  SINCE JAN 1     30.07                     24.72   5.35    29.97

SNOWFALL (IN)
  YESTERDAY        0.0           0.0  2002   0.0    0.0
                                      2001
  MONTH TO DATE    0.0                       0.0    0.0
  SINCE NOV 1      5.0                       5.8   -0.8
  SINCE JUL 1      0.0                       0.0    0.0
  SNOW DEPTH       0

DEGREE DAYS
 HEATING
  YESTERDAY        0                         0      0        0
  MONTH TO DATE    0                         0      0        0
  SINCE JUN 1      0                         6     -6        0
  SINCE JUL 1      0                         0      0        0

 COOLING
  YESTERDAY       20                        15      5       13
  MONTH TO DATE  366                       324     42      347
  SINCE JUN 1    690                       639     51      765
  SINCE JAN 1    847                       805     42     1001
..................................................................


WIND (MPH)
  HIGHEST WIND SPEED    18   HIGHEST WIND DIRECTION    SW (220)
  HIGHEST GUST SPEED    25   HIGHEST GUST DIRECTION     S (200)
  AVERAGE WIND SPEED    11.5


SKY COVER
  POSSIBLE SUNSHINE  MM
  AVERAGE SKY COVER 0.3


WEATHER CONDITIONS
 THE FOLLOWING WEATHER WAS RECORDED YESTERDAY.
  NO SIGNIFICANT WEATHER WAS OBSERVED.


RELATIVE HUMIDITY (PERCENT)
 HIGHEST    87           500 AM
 LOWEST     49          1100 AM
 AVERAGE    68

..........................................................


THE NORFOLK VA CLIMATE NORMALS FOR TODAY
                         NORMAL    RECORD    YEAR
 MAXIMUM TEMPERATURE (F)   88       103      2011
                                             1952
 MINIMUM TEMPERATURE (F)   72        60      1974
                                             1971
                                             1966


SUNRISE AND SUNSET
JULY 23 2016..........SUNRISE   603 AM EDT   SUNSET   819 PM EDT
JULY 24 2016..........SUNRISE   604 AM EDT   SUNSET   818 PM EDT


-  INDICATES NEGATIVE NUMBERS.
R  INDICATES RECORD WAS SET OR TIED.
MM INDICATES DATA IS MISSING.
T  INDICATES TRACE AMOUNT.




$$
