000
CDUS41 KAKQ 272226
CLIORF


CLIMATE REPORT
NATIONAL WEATHER SERVICE WAKEFIELD, VA
526 PM EST SAT DEC 27 2014


...................................

...THE NORFOLK VA CLIMATE SUMMARY FOR DECEMBER 27 2014...
VALID TODAY AS OF 0500 PM LOCAL TIME.

CLIMATE NORMAL PERIOD 1981 TO 2010
CLIMATE RECORD PERIOD 1871 TO 2014


WEATHER ITEM   OBSERVED TIME   RECORD YEAR NORMAL DEPARTURE LAST
                VALUE   (LST)  VALUE       VALUE  FROM      YEAR
                                                  NORMAL
..................................................................
TEMPERATURE (F)
 TODAY
  MAXIMUM         62    324 PM  72    1971  49     13       49
  MINIMUM         33    353 AM  14    1925  34     -1       28
  AVERAGE         48

PRECIPITATION (IN)
  TODAY            0.00          1.75 1892   0.10  -0.10     0.00
  MONTH TO DATE    3.21                      2.88   0.33     3.95
  SINCE DEC 1      3.21                      2.88   0.33     3.95
  SINCE JAN 1     49.80                     46.15   3.65    44.85

SNOWFALL (IN)
  TODAY            0.0
  MONTH TO DATE    0.0
  SINCE NOV 1      0.0
  SINCE JUL 1      0.0
  SNOW DEPTH       0

DEGREE DAYS
 HEATING
  TODAY           17                        23     -6       26
  MONTH TO DATE  513                       554    -41      499
  SINCE DEC 1    513                       554    -41      499
  SINCE JUL 1   1076                      1084     -8     1030

 COOLING
  TODAY            0                         0      0        0
  MONTH TO DATE    0                         0      0        5
  SINCE DEC 1      0                         0      0        5
  SINCE JAN 1   1724                      1628     96     1759
..................................................................


WIND (MPH)
  RESULTANT WIND SPEED   6   RESULTANT WIND DIRECTION  SW (210)
  HIGHEST WIND SPEED    13   HIGHEST WIND DIRECTION    SW (210)
  HIGHEST GUST SPEED    15   HIGHEST GUST DIRECTION     S (190)


SKY COVER
  POSSIBLE SUNSHINE  MM
  AVERAGE SKY COVER 0.0


WEATHER CONDITIONS
 THE FOLLOWING WEATHER WAS RECORDED TODAY.
  NO SIGNIFICANT WEATHER WAS OBSERVED.


RELATIVE HUMIDITY (PERCENT)
 HIGHEST    92
 LOWEST     36
 AVERAGE    64

..........................................................


THE NORFOLK VA CLIMATE NORMALS FOR TOMORROW
                         NORMAL    RECORD    YEAR
 MAXIMUM TEMPERATURE (F)   49        76      2008
                                             1984
 MINIMUM TEMPERATURE (F)   34        11      1925


SUNRISE AND SUNSET
DECEMBER 27 2014......SUNRISE   717 AM EST   SUNSET   455 PM EST
DECEMBER 28 2014......SUNRISE   717 AM EST   SUNSET   456 PM EST


-  INDICATES NEGATIVE NUMBERS.
R  INDICATES RECORD WAS SET OR TIED.
MM INDICATES DATA IS MISSING.
T  INDICATES TRACE AMOUNT.




$$
