849
CDUS41 KAKQ 230634
CLIORF


CLIMATE REPORT
NATIONAL WEATHER SERVICE WAKEFIELD, VA
134 AM EST FRI FEB 23 2018


...................................

...THE NORFOLK VA CLIMATE SUMMARY FOR FEBRUARY 22 2018...

CLIMATE NORMAL PERIOD 1981 TO 2010
CLIMATE RECORD PERIOD 1871 TO 2018


WEATHER ITEM   OBSERVED TIME   RECORD YEAR NORMAL DEPARTURE LAST
                VALUE   (LST)  VALUE       VALUE  FROM      YEAR
                                                  NORMAL
..................................................................
TEMPERATURE (F)
 YESTERDAY
  MAXIMUM         79R   352 PM  77    2003  52     27       70
  MINIMUM         45   1159 PM  16    1963  35     10       47
  AVERAGE         62                        44     18       59

PRECIPITATION (IN)
  YESTERDAY        0.00          1.12 1892   0.11  -0.11     0.00
  MONTH TO DATE    1.71                      2.43  -0.72     0.65
  SINCE DEC 1      7.62                      9.09  -1.47     7.60
  SINCE JAN 1      5.22                      5.83  -0.61     5.06

SNOWFALL (IN)
  YESTERDAY        0.0           0.9  1978   0.1   -0.1
  MONTH TO DATE    T                         1.7   -1.7
  SINCE NOV 1     13.1                       5.3    7.8
  SINCE JUL 1     13.1                       5.3    7.8
  SNOW DEPTH       0

DEGREE DAYS
 HEATING
  YESTERDAY        3                        21    -18        6
  MONTH TO DATE  336                       503   -167      343
  SINCE DEC 1   1869                      1915    -46     1558
  SINCE JUL 1   2295                      2445   -150     2021

 COOLING
  YESTERDAY        0                         0      0        0
  MONTH TO DATE   14                         0     14        0
  SINCE DEC 1     15                         1     14        0
  SINCE JAN 1     15                         0     15        0
..................................................................


WIND (MPH)
  HIGHEST WIND SPEED    24   HIGHEST WIND DIRECTION    NE (30)
  HIGHEST GUST SPEED    29   HIGHEST GUST DIRECTION    SW (220)
  AVERAGE WIND SPEED    13.3


SKY COVER
  POSSIBLE SUNSHINE  MM
  AVERAGE SKY COVER 0.6


WEATHER CONDITIONS
 THE FOLLOWING WEATHER WAS RECORDED YESTERDAY.
  FOG


RELATIVE HUMIDITY (PERCENT)
 HIGHEST   100           500 AM
 LOWEST     54           400 PM
 AVERAGE    77

..........................................................


THE NORFOLK VA CLIMATE NORMALS FOR TODAY
                         NORMAL    RECORD    YEAR
 MAXIMUM TEMPERATURE (F)   52        79      1975
 MINIMUM TEMPERATURE (F)   36        15      1963


SUNRISE AND SUNSET
FEBRUARY 23 2018......SUNRISE   643 AM EST   SUNSET   553 PM EST
FEBRUARY 24 2018......SUNRISE   642 AM EST   SUNSET   554 PM EST


-  INDICATES NEGATIVE NUMBERS.
R  INDICATES RECORD WAS SET OR TIED.
MM INDICATES DATA IS MISSING.
T  INDICATES TRACE AMOUNT.




$$
