000
CDUS41 KAKQ 200645
CLIORF


CLIMATE REPORT
NATIONAL WEATHER SERVICE WAKEFIELD, VA
145 AM EST MON FEB 20 2017


...................................

...THE NORFOLK VA CLIMATE SUMMARY FOR FEBRUARY 19 2017...

CLIMATE NORMAL PERIOD 1981 TO 2010
CLIMATE RECORD PERIOD 1871 TO 2017


WEATHER ITEM   OBSERVED TIME   RECORD YEAR NORMAL DEPARTURE LAST
                VALUE   (LST)  VALUE       VALUE  FROM      YEAR
                                                  NORMAL
..................................................................
TEMPERATURE (F)
 YESTERDAY
  MAXIMUM         67    220 PM  78    1961  52     15       48
  MINIMUM         49   1159 PM  13    2015  35     14       31
  AVERAGE         58                        43     15       40

PRECIPITATION (IN)
  YESTERDAY        T             1.11 1904   0.11  -0.11     0.00
  MONTH TO DATE    0.65                      2.09  -1.44     5.30
  SINCE DEC 1      7.60                      8.75  -1.15    13.29
  SINCE JAN 1      5.06                      5.49  -0.43     9.92

SNOWFALL (IN)
  YESTERDAY       MM             0.6  1989   0.1   MM
  MONTH TO DATE    0.0                       1.5   -1.5
  SINCE NOV 1      5.3                       5.1    0.2
  SINCE JUL 1      5.3                       5.1    0.2
  SNOW DEPTH       0

DEGREE DAYS
 HEATING
  YESTERDAY        7                        22    -15       25
  MONTH TO DATE  310                       439   -129      458
  SINCE DEC 1   1525                      1851   -326     1446
  SINCE JUL 1   1988                      2381   -393     1785

 COOLING
  YESTERDAY        0                         0      0        0
  MONTH TO DATE    0                         0      0        0
  SINCE DEC 1      0                         1     -1       29
  SINCE JAN 1      0                         0      0        0
..................................................................


WIND (MPH)
  HIGHEST WIND SPEED    20   HIGHEST WIND DIRECTION    SW (220)
  HIGHEST GUST SPEED    25   HIGHEST GUST DIRECTION    SW (220)
  AVERAGE WIND SPEED     5.3


SKY COVER
  POSSIBLE SUNSHINE  MM
  AVERAGE SKY COVER 0.1


WEATHER CONDITIONS
 THE FOLLOWING WEATHER WAS RECORDED YESTERDAY.
  NO SIGNIFICANT WEATHER WAS OBSERVED.


RELATIVE HUMIDITY (PERCENT)
 HIGHEST    77          1000 PM
 LOWEST     34           100 AM
 AVERAGE    56

..........................................................


THE NORFOLK VA CLIMATE NORMALS FOR TODAY
                         NORMAL    RECORD    YEAR
 MAXIMUM TEMPERATURE (F)   52        77      1991
 MINIMUM TEMPERATURE (F)   35         9      2015


SUNRISE AND SUNSET
FEBRUARY 20 2017......SUNRISE   647 AM EST   SUNSET   550 PM EST
FEBRUARY 21 2017......SUNRISE   646 AM EST   SUNSET   551 PM EST


-  INDICATES NEGATIVE NUMBERS.
R  INDICATES RECORD WAS SET OR TIED.
MM INDICATES DATA IS MISSING.
T  INDICATES TRACE AMOUNT.




$$
