000
CDUS41 KBOX 272235
CLIORH


CLIMATE REPORT
NATIONAL WEATHER SERVICE TAUNTON MA
635 PM EDT TUE SEP 27 2016


...................................

...THE WORCESTER MA CLIMATE SUMMARY FOR SEPTEMBER 27 2016...
VALID TODAY AS OF 0600 PM LOCAL TIME.

CLIMATE NORMAL PERIOD 1981 TO 2010
CLIMATE RECORD PERIOD 1892 TO 2016


WEATHER ITEM   OBSERVED TIME   RECORD YEAR NORMAL DEPARTURE LAST
                VALUE   (LST)  VALUE       VALUE  FROM      YEAR
                                                  NORMAL
..................................................................
TEMPERATURE (F)
 TODAY
  MAXIMUM         MM        MM  85    1933  65     MM       68
  MINIMUM         MM        MM  30    1957  49     MM       42
  AVERAGE         MM                        57     MM       55

PRECIPITATION (IN)
  TODAY            0.35          3.16 1993   0.15   0.20     0.00
  MONTH TO DATE    2.97                      3.46  -0.49     1.63
  SINCE SEP 1      2.97                      3.46  -0.49     1.63
  SINCE JAN 1     26.37                     34.82  -8.45    28.35

SNOWFALL (IN)
  TODAY           MM             0.0  2002   0.0   MM        0.0
                                      2001
                                      2000
  MONTH TO DATE    0.0                       0.0    0.0      0.0
  SINCE SEP 1      0.0                       0.0    0.0      0.0
  SINCE JUL 1      0.0                       0.0    0.0      0.0
  SNOW DEPTH       0

DEGREE DAYS
 HEATING
  TODAY           MM                         9     MM       10
  MONTH TO DATE   56                       125    -69       61
  SINCE SEP 1     56                       125    -69       61
  SINCE JUL 1     65                       164    -99       62

 COOLING
  TODAY           MM                         0     MM        0
  MONTH TO DATE   75                        41     34       97
  SINCE SEP 1     75                        41     34       97
  SINCE JAN 1    663                       467    196      654
..................................................................


WIND (MPH)
  HIGHEST WIND SPEED    12   HIGHEST WIND DIRECTION    SW (210)
  HIGHEST GUST SPEED    MM   HIGHEST GUST DIRECTION    MM
  AVERAGE WIND SPEED     5.1


SKY COVER
  POSSIBLE SUNSHINE  MM
  AVERAGE SKY COVER 0.7


WEATHER CONDITIONS
 THE FOLLOWING WEATHER WAS RECORDED TODAY.
  HEAVY RAIN
  RAIN
  LIGHT RAIN
  FOG


RELATIVE HUMIDITY (PERCENT)
 HIGHEST    93           500 AM
 LOWEST     55           100 PM
 AVERAGE    74

..........................................................


THE WORCESTER MA CLIMATE NORMALS FOR TOMORROW
                         NORMAL    RECORD    YEAR
 MAXIMUM TEMPERATURE (F)   65        84      1916
 MINIMUM TEMPERATURE (F)   48        27      1947


SUNRISE AND SUNSET
SEPTEMBER 27 2016.....SUNRISE   641 AM EDT   SUNSET   635 PM EDT
SEPTEMBER 28 2016.....SUNRISE   642 AM EDT   SUNSET   633 PM EDT


-  INDICATES NEGATIVE NUMBERS.
R  INDICATES RECORD WAS SET OR TIED.
MM INDICATES DATA IS MISSING.
T  INDICATES TRACE AMOUNT.




$$
