000
CDUS41 KBOX 240545
CLIORH


CLIMATE REPORT
NATIONAL WEATHER SERVICE TAUNTON MA
135 AM EDT WED AUG 24 2016


...................................

...THE WORCESTER MA CLIMATE SUMMARY FOR AUGUST 23 2016...

CLIMATE NORMAL PERIOD 1981 TO 2010
CLIMATE RECORD PERIOD 1892 TO 2016


WEATHER ITEM   OBSERVED TIME   RECORD YEAR NORMAL DEPARTURE LAST
                VALUE   (LST)  VALUE       VALUE  FROM      YEAR
                                                  NORMAL
..................................................................
TEMPERATURE (F)
 YESTERDAY
  MAXIMUM         75    428 PM  94    1916  77     -2       69
  MINIMUM         54    545 AM  44    1925  60     -6       63
  AVERAGE         65                        68     -3       66

PRECIPITATION (IN)
  YESTERDAY        0.00          1.33 1970   0.12  -0.12     0.04
  MONTH TO DATE    3.96                      2.85   1.11     3.21
  SINCE JUN 1      7.68                     11.27  -3.59    12.42
  SINCE JAN 1     23.40                     30.50  -7.10    26.72

SNOWFALL (IN)
  YESTERDAY        0.0           T    1940   0.0    0.0      0.0
  MONTH TO DATE    0.0                       0.0    0.0      0.0
  SINCE JUN 1      0.0                       0.0    0.0      0.0
  SINCE JUL 1      0.0                       0.0    0.0      0.0
  SNOW DEPTH       0

DEGREE DAYS
 HEATING
  YESTERDAY        0                         1     -1        0
  MONTH TO DATE    0                        14    -14        0
  SINCE JUN 1     60                       111    -51       95
  SINCE JUL 1      9                        28    -19        1

 COOLING
  YESTERDAY        0                         4     -4        1
  MONTH TO DATE  174                       116     58      146
  SINCE JUN 1    490                       375    115      453
  SINCE JAN 1    532                       397    135      519
..................................................................


WIND (MPH)
  RESULTANT WIND SPEED   7   RESULTANT WIND DIRECTION   W (270)
  HIGHEST WIND SPEED    15   HIGHEST WIND DIRECTION     W (280)
  HIGHEST GUST SPEED    19   HIGHEST GUST DIRECTION    SW (230)
  AVERAGE WIND SPEED     8.6


SKY COVER
  POSSIBLE SUNSHINE  MM
  AVERAGE SKY COVER 0.0


WEATHER CONDITIONS
 THE FOLLOWING WEATHER WAS RECORDED YESTERDAY.
  NO SIGNIFICANT WEATHER WAS OBSERVED.


RELATIVE HUMIDITY (PERCENT)
 HIGHEST    77           500 AM
 LOWEST     38          1200 PM
 AVERAGE    58

..........................................................


THE WORCESTER MA CLIMATE NORMALS FOR TODAY
                         NORMAL    RECORD    YEAR
 MAXIMUM TEMPERATURE (F)   76        92      1947
 MINIMUM TEMPERATURE (F)   60        44      1971
                                             1941


SUNRISE AND SUNSET
AUGUST 24 2016........SUNRISE   605 AM EDT   SUNSET   734 PM EDT
AUGUST 25 2016........SUNRISE   606 AM EDT   SUNSET   732 PM EDT


-  INDICATES NEGATIVE NUMBERS.
R  INDICATES RECORD WAS SET OR TIED.
MM INDICATES DATA IS MISSING.
T  INDICATES TRACE AMOUNT.




$$
