000
CDUS41 KBOX 062120
CLIORH


CLIMATE REPORT
NATIONAL WEATHER SERVICE TAUNTON MA
418 PM EST TUE DEC 6 2016


...................................

...THE WORCESTER MA CLIMATE SUMMARY FOR DECEMBER 6 2016...
VALID AS OF 0400 PM LOCAL TIME.

CLIMATE NORMAL PERIOD 1981 TO 2010
CLIMATE RECORD PERIOD 1892 TO 2016


WEATHER ITEM   OBSERVED TIME   RECORD YEAR NORMAL DEPARTURE LAST
                VALUE   (LST)  VALUE       VALUE  FROM      YEAR
                                                  NORMAL
..................................................................
TEMPERATURE (F)
 TODAY
  MAXIMUM         40    135 PM  67    2001  40      0       54
                                      1982
                                      1912
  MINIMUM         27    707 AM   5    1935  26      1       33
                                      1901
  AVERAGE         34                        33      1       44

PRECIPITATION (IN)
  TODAY            0.00          1.39 1972   0.14  -0.14     0.00
  MONTH TO DATE    0.58                      0.81  -0.23     0.51
  SINCE DEC 1      0.58                      0.81  -0.23     0.51
  SINCE JAN 1     37.71                     45.06  -7.35    36.20

SNOWFALL (IN)
  TODAY            0.0          10.0  1996   0.4   -0.4      0.0
  MONTH TO DATE    1.5                       2.0   -0.5      0.0
  SINCE DEC 1      1.5                       2.0   -0.5      0.0
  SINCE JUL 1      1.5                       4.8   -3.3       T
  SNOW DEPTH      MM

DEGREE DAYS
 HEATING
  TODAY           31                        32     -1       21
  MONTH TO DATE  177                       187    -10      152
  SINCE DEC 1    177                       187    -10      152
  SINCE JUL 1   1364                      1589   -225     1301

 COOLING
  TODAY            0                         0      0        0
  MONTH TO DATE    0                         0      0        0
  SINCE DEC 1      0                         0      0        0
  SINCE JAN 1    663                       471    192      659
..................................................................


WIND (MPH)
  HIGHEST WIND SPEED    14   HIGHEST WIND DIRECTION     W (270)
  HIGHEST GUST SPEED    18   HIGHEST GUST DIRECTION     W (270)
  AVERAGE WIND SPEED     7.4


SKY COVER
  POSSIBLE SUNSHINE  MM
  AVERAGE SKY COVER 0.0


WEATHER CONDITIONS
 THE FOLLOWING WEATHER WAS RECORDED TODAY.
  NO SIGNIFICANT WEATHER WAS OBSERVED.


RELATIVE HUMIDITY (PERCENT)
 HIGHEST    85          1200 AM
 LOWEST     54          1100 AM
 AVERAGE    70

..........................................................


THE WORCESTER MA CLIMATE NORMALS FOR TOMORROW
                         NORMAL    RECORD    YEAR
 MAXIMUM TEMPERATURE (F)   39        72      1998
 MINIMUM TEMPERATURE (F)   26         5      1906


SUNRISE AND SUNSET
DECEMBER  6 2016......SUNRISE   702 AM EST   SUNSET   415 PM EST
DECEMBER  7 2016......SUNRISE   703 AM EST   SUNSET   415 PM EST


-  INDICATES NEGATIVE NUMBERS.
R  INDICATES RECORD WAS SET OR TIED.
MM INDICATES DATA IS MISSING.
T  INDICATES TRACE AMOUNT.




$$
