513
CDUS41 KBOX 220541
CLIORH


CLIMATE REPORT
NATIONAL WEATHER SERVICE TAUNTON MA
131 AM EDT SUN OCT 22 2017


...................................

...THE WORCESTER MA CLIMATE SUMMARY FOR OCTOBER 21 2017...

CLIMATE NORMAL PERIOD 1981 TO 2010
CLIMATE RECORD PERIOD 1892 TO 2017


WEATHER ITEM   OBSERVED TIME   RECORD YEAR NORMAL DEPARTURE LAST
                VALUE   (LST)  VALUE       VALUE  FROM      YEAR
                                                  NORMAL
..................................................................
TEMPERATURE (F)
 YESTERDAY
  MAXIMUM         72    227 PM  80    1920  57     15       70
  MINIMUM         53    637 AM  22    1952  40     13       53
  AVERAGE         63                        48     15       62

PRECIPITATION (IN)
  YESTERDAY        0.00          4.10 2016   0.15  -0.15     4.10
  MONTH TO DATE    0.72                      3.25  -2.53     5.27
  SINCE SEP 1      3.23                      7.18  -3.95     8.54
  SINCE JAN 1     32.52                     38.54  -6.02    31.94

SNOWFALL (IN)
  YESTERDAY        0.0           2.1  1964   0.0    0.0      0.0
  MONTH TO DATE    0.0                       0.1   -0.1      0.0
  SINCE SEP 1      0.0                       0.1   -0.1      0.0
  SINCE JUL 1      0.0                       0.1   -0.1      0.0
  SNOW DEPTH      MM

DEGREE DAYS
 HEATING
  YESTERDAY        2                        17    -15        3
  MONTH TO DATE  135                       284   -149      194
  SINCE SEP 1    231                       438   -207      287
  SINCE JUL 1    279                       477   -198      296

 COOLING
  YESTERDAY        0                         0      0        0
  MONTH TO DATE   16                         0     16        0
  SINCE SEP 1    100                        42     58       75
  SINCE JAN 1    531                       468     63      663
..................................................................


WIND (MPH)
  RESULTANT WIND SPEED  10   RESULTANT WIND DIRECTION   W (270)
  HIGHEST WIND SPEED    17   HIGHEST WIND DIRECTION     W (290)
  HIGHEST GUST SPEED    21   HIGHEST GUST DIRECTION     W (280)
  AVERAGE WIND SPEED    10.2


SKY COVER
  POSSIBLE SUNSHINE  MM
  AVERAGE SKY COVER 0.0


WEATHER CONDITIONS
 THE FOLLOWING WEATHER WAS RECORDED YESTERDAY.
  NO SIGNIFICANT WEATHER WAS OBSERVED.


RELATIVE HUMIDITY (PERCENT)
 HIGHEST    51          1000 PM
 LOWEST     25           200 PM
 AVERAGE    38

..........................................................


THE WORCESTER MA CLIMATE NORMALS FOR TODAY
                         NORMAL    RECORD    YEAR
 MAXIMUM TEMPERATURE (F)   56        82      1979
 MINIMUM TEMPERATURE (F)   40        19      1940


SUNRISE AND SUNSET
OCTOBER 22 2017.......SUNRISE   709 AM EDT   SUNSET   554 PM EDT
OCTOBER 23 2017.......SUNRISE   710 AM EDT   SUNSET   553 PM EDT


-  INDICATES NEGATIVE NUMBERS.
R  INDICATES RECORD WAS SET OR TIED.
MM INDICATES DATA IS MISSING.
T  INDICATES TRACE AMOUNT.




$$
