000
CDUS41 KBOX 270544
CLIORH


CLIMATE REPORT
NATIONAL WEATHER SERVICE TAUNTON MA
1236 AM EST THU NOV 27 2014


...................................

...THE WORCESTER MA CLIMATE SUMMARY FOR NOVEMBER 26 2014...

CLIMATE NORMAL PERIOD 1981 TO 2010
CLIMATE RECORD PERIOD 1892 TO 2014


WEATHER ITEM   OBSERVED TIME   RECORD YEAR NORMAL DEPARTURE LAST
                VALUE   (LST)  VALUE       VALUE  FROM      YEAR
                                                  NORMAL
..................................................................
TEMPERATURE (F)
 YESTERDAY
  MAXIMUM         41    217 AM  64    1895  44     -3       36
  MINIMUM         30   1159 PM   3    1938  30      0       25
  AVERAGE         36                        37     -1       31

PRECIPITATION (IN)
  YESTERDAY        1.38          2.19 1972   0.13   1.25     0.17
  MONTH TO DATE    4.39                      3.71   0.68     1.05
  SINCE SEP 1     13.48                     12.32   1.16     5.71
  SINCE JAN 1     48.51                     43.68   4.83    38.73

SNOWFALL (IN)
  YESTERDAY        5.3 R         2.9  1921   0.2    5.1       T
  MONTH TO DATE    6.1                       1.9    4.2      0.5
  SINCE SEP 1      6.1                       2.1    4.0      0.5
  SINCE JUL 1      6.1                       2.1    4.0      0.5
  SNOW DEPTH      MM

DEGREE DAYS
 HEATING
  YESTERDAY       29                        28      1       34
  MONTH TO DATE  665                       623     42      672
  SINCE SEP 1   1211                      1245    -34     1251
  SINCE JUL 1   1231                      1284    -53     1270

 COOLING
  YESTERDAY        0                         0      0        0
  MONTH TO DATE    0                         0      0        0
  SINCE SEP 1     64                        45     19       41
  SINCE JAN 1    426                       471    -45      572
..................................................................


WIND (MPH)
  RESULTANT WIND SPEED   9   RESULTANT WIND DIRECTION   N (10)
  HIGHEST WIND SPEED    25   HIGHEST WIND DIRECTION     N (20)
  HIGHEST GUST SPEED    35   HIGHEST GUST DIRECTION     N (20)
  AVERAGE WIND SPEED    11.9


SKY COVER
  POSSIBLE SUNSHINE  MM
  AVERAGE SKY COVER 0.8


WEATHER CONDITIONS
 THE FOLLOWING WEATHER WAS RECORDED YESTERDAY.
  FREEZING RAIN
  HEAVY SNOW
  SNOW
  LIGHT SNOW
  FOG
  FOG W/VISIBILITY <= 1/4 MILE


RELATIVE HUMIDITY (PERCENT)
 HIGHEST   100          1100 AM
 LOWEST     59          1200 AM
 AVERAGE    80

..........................................................


THE WORCESTER MA CLIMATE NORMALS FOR TODAY
                         NORMAL    RECORD    YEAR
 MAXIMUM TEMPERATURE (F)   43        66      1896
 MINIMUM TEMPERATURE (F)   29         5      1932


SUNRISE AND SUNSET
NOVEMBER 27 2014......SUNRISE   652 AM EST   SUNSET   418 PM EST
NOVEMBER 28 2014......SUNRISE   653 AM EST   SUNSET   417 PM EST


-  INDICATES NEGATIVE NUMBERS.
R  INDICATES RECORD WAS SET OR TIED.
MM INDICATES DATA IS MISSING.
T  INDICATES TRACE AMOUNT.




$$
