000
CDUS46 KMFR 270837
CLIOTH


CLIMATE REPORT
NATIONAL WEATHER SERVICE MEDFORD, OR
137 AM PDT FRI MAR 27 2015


...................................

...THE NORTH BEND OR CLIMATE SUMMARY FOR MARCH 26 2015...

CLIMATE NORMAL PERIOD 1981 TO 2010
CLIMATE RECORD PERIOD 1902 TO 2015


WEATHER ITEM   OBSERVED TIME   RECORD YEAR NORMAL DEPARTURE LAST
                VALUE   (LST)  VALUE       VALUE  FROM      YEAR
                                                  NORMAL
..................................................................
TEMPERATURE (F)
 YESTERDAY
  MAXIMUM         61        MM  83    1923  54      7       55
  MINIMUM         48        MM  29    1922  42      6       46
  AVERAGE         55                        48      7       51

PRECIPITATION (IN)
  YESTERDAY        0.00          1.52 1962   0.23  -0.23     0.68
  MONTH TO DATE    4.72                      6.68  -1.96     3.43
  SINCE OCT 1     38.23                     50.55 -12.32    19.77
  SINCE JAN 1     14.93                     24.46  -9.53    14.15

SNOWFALL (IN)
  YESTERDAY       MM
  SNOW DEPTH      MM

DEGREE DAYS
 HEATING
  YESTERDAY       10                        17     -7       14
  MONTH TO DATE  344                       451   -107      365
  SINCE MAR 1    344                       451   -107      365
  SINCE JUL 1   2448                      3625  -1177     3162

 COOLING
  YESTERDAY        0                         0      0        0
  MONTH TO DATE    0                         0      0        0
  SINCE MAR 1      0                         0      0        0
  SINCE JAN 1      0                         0      0        0
..................................................................


WIND (MPH)
  HIGHEST WIND SPEED    10   HIGHEST WIND DIRECTION    NW (320)
  HIGHEST GUST SPEED    MM   HIGHEST GUST DIRECTION    MM
  AVERAGE WIND SPEED     3.6


SKY COVER
  POSSIBLE SUNSHINE  MM
  AVERAGE SKY COVER  MM


WEATHER CONDITIONS
 THE FOLLOWING WEATHER WAS RECORDED YESTERDAY.
  NO SIGNIFICANT WEATHER WAS OBSERVED.


RELATIVE HUMIDITY (PERCENT)
 HIGHEST    MM
 LOWEST     MM

..........................................................


THE NORTH BEND OR CLIMATE NORMALS FOR TODAY
                         NORMAL    RECORD    YEAR
 MAXIMUM TEMPERATURE (F)   54        82      1923
 MINIMUM TEMPERATURE (F)   42        18      1908


SUNRISE AND SUNSET
MARCH 27 2015.........SUNRISE   708 AM PDT   SUNSET   738 PM PDT
MARCH 28 2015.........SUNRISE   706 AM PDT   SUNSET   739 PM PDT


-  INDICATES NEGATIVE NUMBERS.
R  INDICATES RECORD WAS SET OR TIED.
MM INDICATES DATA IS MISSING.
T  INDICATES TRACE AMOUNT.




$$
