852
CDUS46 KMFR 290854
CLIOTH


CLIMATE REPORT
NATIONAL WEATHER SERVICE MEDFORD, OR
154 AM PDT SAT APR 29 2017


...................................

...THE NORTH BEND OR CLIMATE SUMMARY FOR APRIL 28 2017...

CLIMATE NORMAL PERIOD 1981 TO 2010
CLIMATE RECORD PERIOD 1902 TO 2017


WEATHER ITEM   OBSERVED TIME   RECORD YEAR NORMAL DEPARTURE LAST
                VALUE   (LST)  VALUE       VALUE  FROM      YEAR
                                                  NORMAL
..................................................................
TEMPERATURE (F)
 YESTERDAY
  MAXIMUM         55        MM  76    1992  57     -2       57
  MINIMUM         39        MM  29    1913  44     -5       52
  AVERAGE         47                        51     -4       55

PRECIPITATION (IN)
  YESTERDAY        0.00          0.92 1995   0.13  -0.13     0.00
  MONTH TO DATE    6.30                      4.92   1.38     3.37
  SINCE OCT 1     74.24                     56.62  17.62    55.52
  SINCE JAN 1     40.09                     30.53   9.56    29.89

SNOWFALL (IN)
  YESTERDAY       MM
  SNOW DEPTH      MM

DEGREE DAYS
 HEATING
  YESTERDAY       18                        14      4       10
  MONTH TO DATE  379                       447    -68      289
  SINCE MAR 1    810                       985   -175      712
  SINCE JUL 1   3586                      4159   -573     3037

 COOLING
  YESTERDAY        0                         0      0        0
  MONTH TO DATE    0                         0      0        6
  SINCE MAR 1      0                         0      0        6
  SINCE JAN 1      0                         0      0        8
..................................................................


WIND (MPH)
  HIGHEST WIND SPEED    23   HIGHEST WIND DIRECTION     N (350)
  HIGHEST GUST SPEED    30   HIGHEST GUST DIRECTION     N (360)
  AVERAGE WIND SPEED     9.9


SKY COVER
  POSSIBLE SUNSHINE  MM
  AVERAGE SKY COVER 0.3


WEATHER CONDITIONS
 THE FOLLOWING WEATHER WAS RECORDED YESTERDAY.
  NO SIGNIFICANT WEATHER WAS OBSERVED.


RELATIVE HUMIDITY (PERCENT)
 HIGHEST   100          1200 AM
 LOWEST     59          1000 AM

..........................................................


THE NORTH BEND OR CLIMATE NORMALS FOR TODAY
                         NORMAL    RECORD    YEAR
 MAXIMUM TEMPERATURE (F)   57        77      2014
 MINIMUM TEMPERATURE (F)   45        28      1922


SUNRISE AND SUNSET
APRIL 29 2017.........SUNRISE   612 AM PDT   SUNSET   817 PM PDT
APRIL 30 2017.........SUNRISE   611 AM PDT   SUNSET   818 PM PDT


-  INDICATES NEGATIVE NUMBERS.
R  INDICATES RECORD WAS SET OR TIED.
MM INDICATES DATA IS MISSING.
T  INDICATES TRACE AMOUNT.




$$
