000
CDUS46 KMFR 030845
CLIOTH


CLIMATE REPORT
NATIONAL WEATHER SERVICE MEDFORD, OR
1245 AM PST TUE MAR 3 2015


...................................

...THE NORTH BEND OR CLIMATE SUMMARY FOR MARCH 2 2015...

CLIMATE NORMAL PERIOD 1981 TO 2010
CLIMATE RECORD PERIOD 1902 TO 2015


WEATHER ITEM   OBSERVED TIME   RECORD YEAR NORMAL DEPARTURE LAST
                VALUE   (LST)  VALUE       VALUE  FROM      YEAR
                                                  NORMAL
..................................................................
TEMPERATURE (F)
 YESTERDAY
  MAXIMUM         54        MM  80    1931  54      0       55
  MINIMUM         43   1100 PM  27    1917  41      2       52
  AVERAGE         49                        47      2       54

PRECIPITATION (IN)
  YESTERDAY        0.16          1.77 1972   0.28  -0.12     0.10
  MONTH TO DATE    0.24                      0.57  -0.33     0.15
  SINCE OCT 1     33.75                     44.44 -10.69    16.49
  SINCE JAN 1     10.45                     18.35  -7.90    10.87

SNOWFALL (IN)
  YESTERDAY       MM
  SNOW DEPTH      MM

DEGREE DAYS
 HEATING
  YESTERDAY       16                        18     -2       11
  MONTH TO DATE   37                        36      1       22
  SINCE MAR 1     37                        36      1       22
  SINCE JUL 1   2141                      3210  -1069     2819

 COOLING
  YESTERDAY        0                         0      0        0
  MONTH TO DATE    0                         0      0        0
  SINCE MAR 1      0                         0      0        0
  SINCE JAN 1      0                         0      0        0
..................................................................


WIND (MPH)
  HIGHEST WIND SPEED    16   HIGHEST WIND DIRECTION     N (10)
  HIGHEST GUST SPEED    21   HIGHEST GUST DIRECTION     N (10)
  AVERAGE WIND SPEED     5.8


SKY COVER
  POSSIBLE SUNSHINE  MM
  AVERAGE SKY COVER 0.8


WEATHER CONDITIONS
 THE FOLLOWING WEATHER WAS RECORDED YESTERDAY.
  NO SIGNIFICANT WEATHER WAS OBSERVED.


RELATIVE HUMIDITY (PERCENT)
 HIGHEST   100          1200 AM
 LOWEST     66           200 PM

..........................................................


THE NORTH BEND OR CLIMATE NORMALS FOR TODAY
                         NORMAL    RECORD    YEAR
 MAXIMUM TEMPERATURE (F)   54        72      1937
 MINIMUM TEMPERATURE (F)   41        23      1923


SUNRISE AND SUNSET
MARCH  3 2015.........SUNRISE   650 AM PST   SUNSET   608 PM PST
MARCH  4 2015.........SUNRISE   648 AM PST   SUNSET   610 PM PST


-  INDICATES NEGATIVE NUMBERS.
R  INDICATES RECORD WAS SET OR TIED.
MM INDICATES DATA IS MISSING.
T  INDICATES TRACE AMOUNT.




$$
