000
CDUS46 KMFR 240836
CLIOTH


CLIMATE REPORT
NATIONAL WEATHER SERVICE MEDFORD, OR
1236 AM PST MON NOV 24 2014


...................................

...THE NORTH BEND OR CLIMATE SUMMARY FOR NOVEMBER 23 2014...

CLIMATE NORMAL PERIOD 1981 TO 2010
CLIMATE RECORD PERIOD 1902 TO 2014


WEATHER ITEM   OBSERVED TIME   RECORD YEAR NORMAL DEPARTURE LAST
                VALUE   (LST)  VALUE       VALUE  FROM      YEAR
                                                  NORMAL
..................................................................
TEMPERATURE (F)
 YESTERDAY
  MAXIMUM         61        MM  76    1933  53      8       70
  MINIMUM         46        MM  26    1929  42      4       39
  AVERAGE         54                        47      7       55

PRECIPITATION (IN)
  YESTERDAY        0.01          2.86 1961   0.38  -0.37     0.00
  MONTH TO DATE    2.82                      7.54  -4.72     2.69
  SINCE SEP 1     10.61                     13.85  -3.24     9.40
  SINCE JAN 1     33.06                     51.09 -18.03    27.33

SNOWFALL (IN)
  YESTERDAY       MM
  SNOW DEPTH      MM

DEGREE DAYS
 HEATING
  YESTERDAY       11                        18     -7       10
  MONTH TO DATE  257                       359   -102      332
  SINCE SEP 1    523                       946   -423      826
  SINCE JUL 1    788                      1325   -537      993

 COOLING
  YESTERDAY        0                         0      0        0
  MONTH TO DATE    0                         0      0        0
  SINCE SEP 1     16                         1     15        1
  SINCE JAN 1     28                         2     26       13
..................................................................


WIND (MPH)
  HIGHEST WIND SPEED     9   HIGHEST WIND DIRECTION    SE (140)
  HIGHEST GUST SPEED    17   HIGHEST GUST DIRECTION    SW (230)
  AVERAGE WIND SPEED     6.6


SKY COVER
  POSSIBLE SUNSHINE  MM
  AVERAGE SKY COVER 0.4


WEATHER CONDITIONS
 THE FOLLOWING WEATHER WAS RECORDED YESTERDAY.
  NO SIGNIFICANT WEATHER WAS OBSERVED.


RELATIVE HUMIDITY (PERCENT)
 HIGHEST   100          1200 AM
 LOWEST     75           200 PM

..........................................................


THE NORTH BEND OR CLIMATE NORMALS FOR TODAY
                         NORMAL    RECORD    YEAR
 MAXIMUM TEMPERATURE (F)   53        69      1930
 MINIMUM TEMPERATURE (F)   42        27      1985


SUNRISE AND SUNSET
NOVEMBER 24 2014......SUNRISE   722 AM PST   SUNSET   445 PM PST
NOVEMBER 25 2014......SUNRISE   723 AM PST   SUNSET   445 PM PST


-  INDICATES NEGATIVE NUMBERS.
R  INDICATES RECORD WAS SET OR TIED.
MM INDICATES DATA IS MISSING.
T  INDICATES TRACE AMOUNT.




$$
