000
CDUS43 KDMX 220629 RRC
CLIOTM

CLIMATE REPORT
NATIONAL WEATHER SERVICE DES MOINES IA
128 AM CDT MON SEP 22 2014


...................................

...THE OTTUMWA IA CLIMATE SUMMARY FOR SEPTEMBER 21 2014...

CLIMATE NORMAL PERIOD 1981 TO 2010
CLIMATE RECORD PERIOD 1920 TO 2014


WEATHER ITEM   OBSERVED TIME   RECORD YEAR NORMAL DEPARTURE LAST
                VALUE   (LST)  VALUE       VALUE  FROM      YEAR
                                                  NORMAL
..................................................................
TEMPERATURE (F)
 YESTERDAY
  MAXIMUM         70    218 PM  95    1940  74     -4       71
  MINIMUM         49   1159 PM  36    1999  50     -1       45
  AVERAGE         60                        62     -2       58

PRECIPITATION (IN)
  YESTERDAY        0.00          2.47 2009   0.12  -0.12     0.00
  MONTH TO DATE    4.16                      2.76   1.40     0.68
  SINCE SEP 1      4.16                      2.76   1.40     0.68
  SINCE JAN 1     35.13                     29.46   5.67    29.79

DEGREE DAYS
 HEATING
  YESTERDAY        5                         5      0        7
  MONTH TO DATE  106                        52     54       39
  SINCE SEP 1    106                        52     54       39
  SINCE JUL 1    119                        63     56       55

 COOLING
  YESTERDAY        0                         2     -2        0
  MONTH TO DATE   48                        80    -32      151
  SINCE SEP 1     48                        80    -32      151
  SINCE JAN 1    780                       914   -134      966
..................................................................


WIND (MPH)
  HIGHEST WIND SPEED    28   HIGHEST WIND DIRECTION    NW (330)
  HIGHEST GUST SPEED    34   HIGHEST GUST DIRECTION    NW (310)
  AVERAGE WIND SPEED    12.7


SKY COVER
  POSSIBLE SUNSHINE  MM
  AVERAGE SKY COVER 0.1


WEATHER CONDITIONS
 THE FOLLOWING WEATHER WAS RECORDED YESTERDAY.
  NO SIGNIFICANT WEATHER WAS OBSERVED.


RELATIVE HUMIDITY (PERCENT)
 HIGHEST    93           200 AM
 LOWEST     47           100 PM
 AVERAGE    70

..........................................................


THE OTTUMWA IA CLIMATE NORMALS FOR TODAY
                         NORMAL    RECORD    YEAR
 MAXIMUM TEMPERATURE (F)   74        99      1937
 MINIMUM TEMPERATURE (F)   50        33      1995


SUNRISE AND SUNSET
SEPTEMBER 22 2014.....SUNRISE   657 AM CDT   SUNSET   707 PM CDT
SEPTEMBER 23 2014.....SUNRISE   658 AM CDT   SUNSET   705 PM CDT


-  INDICATES NEGATIVE NUMBERS.
R  INDICATES RECORD WAS SET OR TIED.
MM INDICATES DATA IS MISSING.
T  INDICATES TRACE AMOUNT.




$$
