000
CDUS43 KDMX 280630 RRA
CLIOTM

CLIMATE REPORT
NATIONAL WEATHER SERVICE DES MOINES IA
127 AM CDT WED JUN 28 2017


...................................

...THE OTTUMWA IA CLIMATE SUMMARY FOR JUNE 27 2017...

CLIMATE NORMAL PERIOD 1981 TO 2010
CLIMATE RECORD PERIOD 1920 TO 2017


WEATHER ITEM   OBSERVED TIME   RECORD YEAR NORMAL DEPARTURE LAST
                VALUE   (LST)  VALUE       VALUE  FROM      YEAR
                                                  NORMAL
..................................................................
TEMPERATURE (F)
 YESTERDAY
  MAXIMUM         79    416 PM 101    1934  85     -6       89
  MINIMUM         44R   349 AM  48    1938  64    -20       61
  AVERAGE         62                        74    -12       75

PRECIPITATION (IN)
  YESTERDAY        0.00          1.39 1984   0.16  -0.16     0.00
  MONTH TO DATE    0.94                      4.60  -3.66     1.61
  SINCE JUN 1      0.94                      4.60  -3.66     1.61
  SINCE JAN 1     13.40                     17.13  -3.73    10.52

DEGREE DAYS
 HEATING
  YESTERDAY        3                         0      3        0
  MONTH TO DATE   10                        19     -9        1
  SINCE JUN 1     10                        19     -9        1
  SINCE JUL 1   5018                      6315  -1297     5265

 COOLING
  YESTERDAY        0                         9     -9       10
  MONTH TO DATE  237                       172     65      259
  SINCE JUN 1    237                       172     65      259
  SINCE JAN 1    298                       236     62      330
..................................................................


WIND (MPH)
  HIGHEST WIND SPEED    15   HIGHEST WIND DIRECTION     S (160)
  HIGHEST GUST SPEED    23   HIGHEST GUST DIRECTION     S (190)
  AVERAGE WIND SPEED     7.2


SKY COVER
  POSSIBLE SUNSHINE  MM
  AVERAGE SKY COVER 0.1


WEATHER CONDITIONS
 THE FOLLOWING WEATHER WAS RECORDED YESTERDAY.
  NO SIGNIFICANT WEATHER WAS OBSERVED.


RELATIVE HUMIDITY (PERCENT)
 HIGHEST   100           400 AM
 LOWEST     33           100 PM
 AVERAGE    67

..........................................................


THE OTTUMWA IA CLIMATE NORMALS FOR TODAY
                         NORMAL    RECORD    YEAR
 MAXIMUM TEMPERATURE (F)   85       103      1934
 MINIMUM TEMPERATURE (F)   64        45      1911


SUNRISE AND SUNSET
JUNE 28 2017..........SUNRISE   540 AM CDT   SUNSET   846 PM CDT
JUNE 29 2017..........SUNRISE   540 AM CDT   SUNSET   846 PM CDT


-  INDICATES NEGATIVE NUMBERS.
R  INDICATES RECORD WAS SET OR TIED.
MM INDICATES DATA IS MISSING.
T  INDICATES TRACE AMOUNT.




$$
