000
CDUS43 KDMX 060855
CLIOTM

CLIMATE REPORT
NATIONAL WEATHER SERVICE DES MOINES IA
1257 AM CST FRI MAR 6 2015

...................................

...THE OTTUMWA IA CLIMATE SUMMARY FOR MARCH 5 2015...

CLIMATE NORMAL PERIOD 1981 TO 2010
CLIMATE RECORD PERIOD 1920 TO 2015

WEATHER ITEM   OBSERVED TIME   RECORD YEAR NORMAL DEPARTURE LAST
                VALUE   (LST)  VALUE       VALUE  FROM      YEAR
                                                  NORMAL
..................................................................
TEMPERATURE (F)
 YESTERDAY
  MAXIMUM         20    415 PM  75    1921  44    -24       25
  MINIMUM          0    705 AM -15    1960  24    -24       20
  AVERAGE         10                        34    -24       23

PRECIPITATION (IN)
  YESTERDAY        0.00          1.30 2006   0.07  -0.07     0.09
  MONTH TO DATE    0.08                      0.34  -0.26     0.43
  SINCE MAR 1      0.08                      0.34  -0.26     0.43
  SINCE JAN 1      1.24                      2.52  -1.28     3.24

DEGREE DAYS
 HEATING
  YESTERDAY       55                        31     24       42
  MONTH TO DATE  228                       159     69      268
  SINCE MAR 1    228                       159     69      268
  SINCE JUL 1   5359                      5044    315     5781

 COOLING
  YESTERDAY        0                         0      0        0
  MONTH TO DATE    0                         0      0        0
  SINCE MAR 1      0                         0      0        0
  SINCE JAN 1      0                         0      0        0
..................................................................

WIND (MPH)
  HIGHEST WIND SPEED    16   HIGHEST WIND DIRECTION    NW (330)
  HIGHEST GUST SPEED    20   HIGHEST GUST DIRECTION    NW (330)
  AVERAGE WIND SPEED     7.7

SKY COVER
  POSSIBLE SUNSHINE  MM
  AVERAGE SKY COVER 0.1

WEATHER CONDITIONS
 THE FOLLOWING WEATHER WAS RECORDED YESTERDAY.
  NO SIGNIFICANT WEATHER WAS OBSERVED.

RELATIVE HUMIDITY (PERCENT)
 HIGHEST    79           700 AM
 LOWEST     43           500 PM
 AVERAGE    61
..........................................................

THE OTTUMWA IA CLIMATE NORMALS FOR TODAY
                         NORMAL    RECORD    YEAR
 MAXIMUM TEMPERATURE (F)   44        73      2000
 MINIMUM TEMPERATURE (F)   25       -11      1960

SUNRISE AND SUNSET
MARCH  6 2015.........SUNRISE   636 AM CST   SUNSET   606 PM CST
MARCH  7 2015.........SUNRISE   635 AM CST   SUNSET   607 PM CST

-  INDICATES NEGATIVE NUMBERS.
R  INDICATES RECORD WAS SET OR TIED.
MM INDICATES DATA IS MISSING.
T  INDICATES TRACE AMOUNT.

$$

FAB
