000
CDUS43 KDMX 300640
CLIOTM

CLIMATE REPORT
NATIONAL WEATHER SERVICE DES MOINES IA
138 AM CDT SUN APR 30 2017


...................................

...THE OTTUMWA IA CLIMATE SUMMARY FOR APRIL 29 2017...

CLIMATE NORMAL PERIOD 1981 TO 2010
CLIMATE RECORD PERIOD 1920 TO 2017


WEATHER ITEM   OBSERVED TIME   RECORD YEAR NORMAL DEPARTURE LAST
                VALUE   (LST)  VALUE       VALUE  FROM      YEAR
                                                  NORMAL
..................................................................
TEMPERATURE (F)
 YESTERDAY
  MAXIMUM         47    813 AM  92    1910  67    -20       51
  MINIMUM         41   1159 PM  28    2008  45     -4       46
                                      1958
  AVERAGE         44                        56    -12       49

PRECIPITATION (IN)
  YESTERDAY        0.77          1.09 2006   0.13   0.64     0.02
  MONTH TO DATE    4.60                      3.26   1.34     2.15
  SINCE MAR 1      7.80                      5.50   2.30     3.37
  SINCE JAN 1      9.39                      7.68   1.71     4.67

DEGREE DAYS
 HEATING
  YESTERDAY       21                        10     11       16
  MONTH TO DATE  291                       426   -135      391
  SINCE MAR 1   1018                      1237   -219     1006
  SINCE JUL 1   4825                      6122  -1297     5060

 COOLING
  YESTERDAY        0                         1     -1        0
  MONTH TO DATE   15                         9      6        9
  SINCE MAR 1     15                        10      5        9
  SINCE JAN 1     15                        10      5        9
..................................................................


WIND (MPH)
  HIGHEST WIND SPEED    32   HIGHEST WIND DIRECTION    NE (60)
  HIGHEST GUST SPEED    42   HIGHEST GUST DIRECTION    NE (60)
  AVERAGE WIND SPEED    18.4


SKY COVER
  POSSIBLE SUNSHINE  MM
  AVERAGE SKY COVER 1.0


WEATHER CONDITIONS
 THE FOLLOWING WEATHER WAS RECORDED YESTERDAY.
  HEAVY RAIN
  RAIN
  LIGHT RAIN
  FOG


RELATIVE HUMIDITY (PERCENT)
 HIGHEST   100          1200 PM
 LOWEST     86           700 AM
 AVERAGE    93

..........................................................


THE OTTUMWA IA CLIMATE NORMALS FOR TODAY
                         NORMAL    RECORD    YEAR
 MAXIMUM TEMPERATURE (F)   67        95      1926
 MINIMUM TEMPERATURE (F)   45        27      1908


SUNRISE AND SUNSET
APRIL 30 2017.........SUNRISE   609 AM CDT   SUNSET   806 PM CDT
MAY  1 2017...........SUNRISE   607 AM CDT   SUNSET   807 PM CDT


-  INDICATES NEGATIVE NUMBERS.
R  INDICATES RECORD WAS SET OR TIED.
MM INDICATES DATA IS MISSING.
T  INDICATES TRACE AMOUNT.




$$
