000
CDUS43 KDMX 230635 RRB
CLIOTM

CLIMATE REPORT
NATIONAL WEATHER SERVICE DES MOINES IA
1233 AM CST THU NOV 23 2017


...................................

...THE OTTUMWA IA CLIMATE SUMMARY FOR NOVEMBER 22 2017...

CLIMATE NORMAL PERIOD 1981 TO 2010
CLIMATE RECORD PERIOD 1920 TO 2017


WEATHER ITEM   OBSERVED TIME   RECORD YEAR NORMAL DEPARTURE LAST
                VALUE   (LST)  VALUE       VALUE  FROM      YEAR
                                                  NORMAL
..................................................................
TEMPERATURE (F)
 YESTERDAY
  MAXIMUM         39    403 PM  67    1966  45     -6       44
  MINIMUM         14    616 AM  -8    1937  26    -12       37
  AVERAGE         27                        36     -9       41

PRECIPITATION (IN)
  YESTERDAY        0.00          1.64 1963   0.07  -0.07     0.08
  MONTH TO DATE    0.67                      1.81  -1.14     0.17
  SINCE SEP 1      7.20                      8.43  -1.23     2.19
  SINCE JAN 1     23.04                     35.13 -12.09    23.38

DEGREE DAYS
 HEATING
  YESTERDAY       38                        29      9       24
  MONTH TO DATE  606                       520     86      339
  SINCE SEP 1    956                      1033    -77      598
  SINCE JUL 1    956                      1044    -88      605

 COOLING
  YESTERDAY        0                         0      0        0
  MONTH TO DATE    0                         0      0        5
  SINCE SEP 1    195                       104     91      223
  SINCE JAN 1   1120                       938    182     1122
..................................................................


WIND (MPH)
  HIGHEST WIND SPEED    14   HIGHEST WIND DIRECTION     S (180)
  HIGHEST GUST SPEED    16   HIGHEST GUST DIRECTION     S (190)
  AVERAGE WIND SPEED     7.4


SKY COVER
  POSSIBLE SUNSHINE  MM
  AVERAGE SKY COVER 0.1


WEATHER CONDITIONS
 THE FOLLOWING WEATHER WAS RECORDED YESTERDAY.
  NO SIGNIFICANT WEATHER WAS OBSERVED.


RELATIVE HUMIDITY (PERCENT)
 HIGHEST    80           700 AM
 LOWEST     33           400 PM
 AVERAGE    57

..........................................................


THE OTTUMWA IA CLIMATE NORMALS FOR TODAY
                         NORMAL    RECORD    YEAR
 MAXIMUM TEMPERATURE (F)   45        68      1966
 MINIMUM TEMPERATURE (F)   26         1      1937


SUNRISE AND SUNSET
NOVEMBER 23 2017......SUNRISE   707 AM CST   SUNSET   445 PM CST
NOVEMBER 24 2017......SUNRISE   708 AM CST   SUNSET   445 PM CST


-  INDICATES NEGATIVE NUMBERS.
R  INDICATES RECORD WAS SET OR TIED.
MM INDICATES DATA IS MISSING.
T  INDICATES TRACE AMOUNT.




$$
