000
CDUS43 KDMX 280844 RRA
CLIOTM

CLIMATE REPORT
NATIONAL WEATHER SERVICE DES MOINES IA
1236 AM CST SUN DEC 28 2014

...................................

...THE OTTUMWA IA CLIMATE SUMMARY FOR DECEMBER 27 2014...

CLIMATE NORMAL PERIOD 1981 TO 2010
CLIMATE RECORD PERIOD 1920 TO 2014

WEATHER ITEM   OBSERVED TIME   RECORD YEAR NORMAL DEPARTURE LAST
                VALUE   (LST)  VALUE       VALUE  FROM      YEAR
                                                  NORMAL
..................................................................
TEMPERATURE (F)
 YESTERDAY
  MAXIMUM         37    224 AM  68    1946  32      5       46
  MINIMUM         24   1159 PM -10    1935  15      9       16
  AVERAGE         31                        23      8       31

PRECIPITATION (IN)
  YESTERDAY        0.02          1.00 2003   0.03  -0.01     0.00
  MONTH TO DATE    0.98                      1.24  -0.26     0.64
  SINCE DEC 1      0.98                      1.24  -0.26     0.64
  SINCE JAN 1     42.76                     36.94   5.82    36.96

DEGREE DAYS
 HEATING
  YESTERDAY       34                        42     -8       34
  MONTH TO DATE  851                      1040   -189     1168
  SINCE DEC 1    851                      1040   -189     1168
  SINCE JUL 1   2359                      2338     21     2498

 COOLING
  YESTERDAY        0                         0      0        0
  MONTH TO DATE    0                         0      0        0
  SINCE DEC 1      0                         0      0        0
  SINCE JAN 1    801                       938   -137     1014
..................................................................

WIND (MPH)
  HIGHEST WIND SPEED    22   HIGHEST WIND DIRECTION     W (270)
  HIGHEST GUST SPEED    27   HIGHEST GUST DIRECTION     W (280)
  AVERAGE WIND SPEED    11.8

SKY COVER
  POSSIBLE SUNSHINE  MM
  AVERAGE SKY COVER 1.0

WEATHER CONDITIONS
 THE FOLLOWING WEATHER WAS RECORDED YESTERDAY.
  LIGHT RAIN
  FOG

RELATIVE HUMIDITY (PERCENT)
 HIGHEST   100           300 AM
 LOWEST     72           200 PM
 AVERAGE    86
..........................................................

THE OTTUMWA IA CLIMATE NORMALS FOR TODAY
                         NORMAL    RECORD    YEAR
 MAXIMUM TEMPERATURE (F)   32        69      1984
 MINIMUM TEMPERATURE (F)   15       -32      1924

SUNRISE AND SUNSET
DECEMBER 28 2014......SUNRISE   734 AM CST   SUNSET   449 PM CST
DECEMBER 29 2014......SUNRISE   734 AM CST   SUNSET   449 PM CST

-  INDICATES NEGATIVE NUMBERS.
R  INDICATES RECORD WAS SET OR TIED.
MM INDICATES DATA IS MISSING.
T  INDICATES TRACE AMOUNT.

$$

FAB
