247
CDUS46 KOTX 180833
CLIOTX


CLIMATE REPORT
NATIONAL WEATHER SERVICE SPOKANE, WA
1232 AM PST SUN FEB 18 2018


...................................

...THE SPOKANE  WA WFO CLIMATE SUMMARY FOR FEBRUARY 17 2018...

CLIMATE NORMAL PERIOD 1981 TO 2010
CLIMATE RECORD PERIOD 1881 TO 2018


WEATHER ITEM   OBSERVED TIME   RECORD YEAR NORMAL DEPARTURE LAST
                VALUE   (LST)  VALUE       VALUE  FROM      YEAR
                                                  NORMAL
..................................................................
TEMPERATURE (F)
 YESTERDAY
  MAXIMUM         41        MM  MM      MM  40      1       40
  MINIMUM         28        MM  MM      MM  24      4       33
  AVERAGE         35                        32      3       37

PRECIPITATION (IN)
  YESTERDAY        0.28         MM      MM   0.05   0.23      T
  MONTH TO DATE    1.52                      0.90   0.62     2.74
  SINCE OCT 1     11.30                      8.80   2.50    14.76
  SINCE JAN 1      4.02                      2.77   1.25     4.39

SNOWFALL (IN)
  YESTERDAY        2.2          MM      MM   0.2    2.0      0.0
  MONTH TO DATE   12.6                       4.2    8.4     10.4
  SINCE DEC 1     37.8                      36.7    1.1     42.5
  SINCE JUL 1     43.5                      44.6   -1.1     44.7
  SNOW DEPTH       4

DEGREE DAYS
 HEATING
  YESTERDAY       30                        33     -3       28
  MONTH TO DATE  511                       587    -76      634
  SINCE DEC 1   2742                      2962   -220     3398
  SINCE JUL 1   4506                      4844   -338     4954

 COOLING
  YESTERDAY        0                         0      0        0
  MONTH TO DATE    0                         0      0        0
  SINCE DEC 1      0                         0      0        0
  SINCE JAN 1      0                         0      0        0
..................................................................


WIND (MPH)
  HIGHEST WIND SPEED    MM   HIGHEST WIND DIRECTION    MM
  HIGHEST GUST SPEED    MM   HIGHEST GUST DIRECTION    MM
  AVERAGE WIND SPEED    MM


SKY COVER
  POSSIBLE SUNSHINE  MM
  AVERAGE SKY COVER  MM


WEATHER CONDITIONS
 THE FOLLOWING WEATHER WAS RECORDED YESTERDAY.
  LIGHT RAIN
  LIGHT SNOW


RELATIVE HUMIDITY (PERCENT)
 HIGHEST    MM
 LOWEST     MM
 AVERAGE    MM

..........................................................


THE SPOKANE  WA WFO CLIMATE NORMALS FOR TODAY
                         NORMAL    RECORD    YEAR
 MAXIMUM TEMPERATURE (F)   40        MM        MM
 MINIMUM TEMPERATURE (F)   24        MM        MM


SUNRISE AND SUNSET
FEBRUARY 18 2018......SUNRISE   651 AM PST   SUNSET   519 PM PST
FEBRUARY 19 2018......SUNRISE   649 AM PST   SUNSET   520 PM PST


-  INDICATES NEGATIVE NUMBERS.
R  INDICATES RECORD WAS SET OR TIED.
MM INDICATES DATA IS MISSING.
T  INDICATES TRACE AMOUNT.




$$
