000
CDAK49 PAOT 221205
CLIOTZ

CLIMATE REPORT
NATIONAL WEATHER SERVICE KOTZEBUE, AK
405 AM AKDT WED OCT 22 2014

...................................
...THE KOTZEBUE WSO AP CLIMATE SUMMARY FOR OCTOBER 21 2014...

CLIMATE NORMAL PERIOD  1981 TO  2010
CLIMATE RECORD PERIOD  1897 TO  2014

WEATHER ITEM   OBSERVED TIME    RECORD YEAR NORMAL DEPARTURE LAST
               VALUE    (LST)   VALUE       VALUE  FROM      YEAR
                                                   NORMAL
...................................................................
TEMPERATURE
YESTERDAY
 MAXIMUM            31  0442 PM    43  1938     25       6     39
 MINIMUM            21  1159 PM   -10  1970     17       4     34
 AVERAGE            26                          21       5     37

PRECIPITATION
(INCHES)
 YESTERDAY        0.00           0.37  1991   0.02   -0.02   0.03
 MONTH TO DATE    0.02                        0.77   -0.75   1.39
 SINCE SEP 1      1.83                        2.35   -0.52   3.41
 SINCE JAN 1      8.57                        9.23   -0.66   9.87

SNOWFALL
(INCHES)
 YESTERDAY         0.0            2.0  1963    0.3    -0.3    0.0
 MONTH TO DATE       T                         3.7    -3.7    0.3
 SINCE SEP 1       0.0                         4.5    -4.5    0.7
 SINCE JUL 1         T                         4.5    -4.5    0.7
 SNOW DEPTH (IN)     0                                          0

DEGREE DAYS
 HEATING
  YESTERDAY         39                          44      -5     28
  MONTH TO DATE    759                         790     -31    604
  SINCE SEP 1     1330                        1470    -140   1366
  SINCE JUL 1     1890                        2208    -318   1960

 COOLING
  YESTERDAY          0                           0       0      0
  MONTH TO DATE      0                           0       0      0
  SINCE SEP 1        0                           0       0      0
  SINCE JAN 1       19                           0      19     13
...................................................................

WIND (MPH)
 HIGHEST WIND SPEED    20     HIGHEST WIND DIRECTION     90
 HIGHEST GUST SPEED    22     HIGHEST GUST DIRECTION     80
 AVERAGE WIND SPEED   5.2

SKY COVER
  POSSIBLE SUNSHINE    MM          AVERAGE SKY COVER     MM

WEATHER CONDITIONS
 THE FOLLOWING WEATHER WAS RECORDED YESTERDAY.
 NO SIGNIFICANT WEATHER WAS OBSERVED.

RELATIVE HUMIDITY
 HIGHEST RH     MM PERCENT       MM
 LOWEST  RH     MM PERCENT       MM
 AVERAGE RH     MM PERCENT       MM
...................................................................

THE KOTZEBUE CLIMATE NORMALS FOR TODAY
                           NORMAL    RECORD   YEAR
 MAXIMUM TEMPERATURE (F)     25        41     1938
 MINIMUM TEMPERATURE (F)     16        -1     1994

SUNRISE AND SUNSET
 OCT 22 2014..........SUNRISE 10:16 AM      SUNSET  6:53 PM
 OCT 23 2014..........SUNRISE 10:20 AM      SUNSET  6:49 PM

-  INDICATES NEGATIVE NUMBERS.
R  INDICATES RECORD HAS BEEN SET OR TIED.
MM INDICATES DATA IS MISSING.
T  INDICATES TRACE OF PRECIPITATION.

&&
-------------------------------------------------------------------

AMOUNT OF DAYLIGHT TODAY  (HOUR:MIN)........8 HOURS 37 MINUTES
LOSS SINCE YESTERDAY (HOUR:MIN:SEC).........-0:07:32

$$
TGH OCT 14
