000
CDAK49 PAFG 250949
CLIOTZ

CLIMATE REPORT
NATIONAL WEATHER SERVICE FAIRBANKS AK
149 AM AKDT SAT MAR 25 2017


...................................

...THE KOTZEBUE AK CLIMATE SUMMARY FOR MARCH 24 2017...

CLIMATE NORMAL PERIOD 1981 TO 2010
CLIMATE RECORD PERIOD 1920 TO 2017


WEATHER ITEM   OBSERVED TIME   RECORD YEAR NORMAL DEPARTURE LAST
                VALUE   (LST)  VALUE       VALUE  FROM      YEAR
                                                  NORMAL
..................................................................
TEMPERATURE (F)
 YESTERDAY
  MAXIMUM          1    553 PM  37    1965  10     -9        8
  MINIMUM        -14   1131 PM -41    1945  -6     -8       -2
  AVERAGE         -6                         2     -8        3

PRECIPITATION (IN)
  YESTERDAY        T             0.35 1963   0.01  -0.01     0.00
  MONTH TO DATE    0.03                      0.36  -0.33     0.08
  SINCE MAR 1      0.03                      0.36  -0.33     0.08
  SINCE JAN 1      1.62                      1.64  -0.02     0.79

SNOWFALL (IN)
  YESTERDAY        T             4.2  1963   0.2   -0.2      0.0
  MONTH TO DATE    0.7                       4.9   -4.2      1.4
  SINCE MAR 1      0.7                       4.9   -4.2      1.4
  SINCE JUL 1     50.9                      52.5   -1.6     21.4
  SNOW DEPTH      46

DEGREE DAYS
 HEATING
  YESTERDAY       71                        63      8       62
  MONTH TO DATE 1575                      1551     24     1456
  SINCE MAR 1   1575                      1551     24     1456
  SINCE JUL 1  10434                     11796  -1362    10234

 COOLING
  YESTERDAY        0                         0      0        0
  MONTH TO DATE    0                         0      0        0
  SINCE MAR 1      0                         0      0        0
  SINCE JAN 1      0                         0      0        0
..................................................................


WIND (MPH)
  HIGHEST GUST SPEED    10   HIGHEST GUST DIRECTION    SW (220)


SKY COVER
  AVERAGE SKY COVER 0.1


WEATHER CONDITIONS
 THE FOLLOWING WEATHER WAS RECORDED YESTERDAY.
  LIGHT SNOW
  FOG
  HAZE


RELATIVE HUMIDITY (PERCENT)
 HIGHEST    92
 LOWEST     75
 AVERAGE    84

..........................................................


THE KOTZEBUE AK CLIMATE NORMALS FOR TODAY
                         NORMAL    RECORD    YEAR
 MAXIMUM TEMPERATURE (F)   10        36      1979
 MINIMUM TEMPERATURE (F)   -6       -33      1938


SUNRISE AND SUNSET
MARCH 25 2017.........SUNRISE   829 AM AKDT  SUNSET   927 PM AKDT
MARCH 26 2017.........SUNRISE   825 AM AKDT  SUNSET   930 PM AKDT

-  INDICATES NEGATIVE NUMBERS.
R  INDICATES RECORD WAS SET OR TIED.
MM INDICATES DATA IS MISSING.
T  INDICATES TRACE AMOUNT.

&&

SNOW DEPTH IS MEASURED AT 3AM AKST/4AM AKDT.

----------------------------
AVAILABLE DAYLIGHT

AMOUNT OF DAYLIGHT TODAY  (HOUR:MIN)........12:58
GAIN/LOSS SINCE YESTERDAY (HOUR:MIN:SEC)....+0:07:25

$$
MAR 17
