371
CDAK49 PAFG 210958
CLIOTZ

CLIMATE REPORT
NATIONAL WEATHER SERVICE FAIRBANKS AK
1258 AM AKST SAT JAN 21 2017


...................................

...THE KOTZEBUE AK CLIMATE SUMMARY FOR JANUARY 20 2017...

CLIMATE NORMAL PERIOD 1981 TO 2010
CLIMATE RECORD PERIOD 1920 TO 2017


WEATHER ITEM   OBSERVED TIME   RECORD YEAR NORMAL DEPARTURE LAST
                VALUE   (LST)  VALUE       VALUE  FROM      YEAR
                                                  NORMAL
..................................................................
TEMPERATURE (F)
 YESTERDAY
  MAXIMUM        -13        MM  39    1961   3    -16        4
  MINIMUM        -33        MM -42    1989 -10    -23       -4
                                      1947
  AVERAGE        -23                        -3    -20        0

PRECIPITATION (IN)
  YESTERDAY        T             0.30 1982   0.02  -0.02     0.00
  MONTH TO DATE    0.15                      0.41  -0.26     0.16
  SINCE DEC 1      0.89                      1.17  -0.28     0.62
  SINCE JAN 1      0.15                      0.41  -0.26     0.16

SNOWFALL (IN)
  YESTERDAY        0.1           3.0  1982   0.2   -0.1      0.0
                                      1937
  MONTH TO DATE    1.0                       6.0   -5.0      1.0
  SINCE DEC 1     15.1                      17.5   -2.4      2.2
  SINCE JUL 1     20.7                      34.9  -14.2     15.6
  SNOW DEPTH      15

DEGREE DAYS
 HEATING
  YESTERDAY       88                        68     20       65
  MONTH TO DATE 1303                      1349    -46      956
  SINCE DEC 1   3105                      3293   -188     2895
  SINCE JUL 1   6718                      7651   -933     6614

 COOLING
  YESTERDAY        0                         0      0        0
  MONTH TO DATE    0                         0      0        0
  SINCE DEC 1      0                         0      0        0
  SINCE JAN 1      0                         0      0        0
..................................................................


WIND (MPH)
  HIGHEST GUST SPEED    MM   HIGHEST GUST DIRECTION    MM


SKY COVER
  AVERAGE SKY COVER 0.4


WEATHER CONDITIONS
 THE FOLLOWING WEATHER WAS RECORDED YESTERDAY.
  LIGHT SNOW
  FOG
  HAZE


RELATIVE HUMIDITY (PERCENT)
 HIGHEST    70
 LOWEST     63
 AVERAGE    67

..........................................................


THE KOTZEBUE AK CLIMATE NORMALS FOR TODAY
                         NORMAL    RECORD    YEAR
 MAXIMUM TEMPERATURE (F)    3        38      1961
 MINIMUM TEMPERATURE (F)  -10       -47      1989


SUNRISE AND SUNSET
JANUARY 21 2017.......SUNRISE  1135 AM AKST  SUNSET   431 PM AKST
JANUARY 22 2017.......SUNRISE  1131 AM AKST  SUNSET   435 PM AKST

-  INDICATES NEGATIVE NUMBERS.
R  INDICATES RECORD WAS SET OR TIED.
MM INDICATES DATA IS MISSING.
T  INDICATES TRACE AMOUNT.

&&

SNOW DEPTH IS MEASURED AT 3AM AKST/4AM AKDT.

----------------------------
AVAILABLE DAYLIGHT

AMOUNT OF DAYLIGHT TODAY  (HOUR:MIN)........4:56
GAIN/LOSS SINCE YESTERDAY (HOUR:MIN:SEC)....+0:07:58

$$
BJB JAN 17
