000
CDAK49 PAOT 020002
CLIOTZ

CLIMATE REPORT
NATIONAL WEATHER SERVICE KOTZEBUE, AK
302 PM AKST SUN MAR 1 2015

...................................
...THE KOTZEBUE WSO AP CLIMATE SUMMARY FOR MARCH 1 2015...
VALID TODAY AS OF 2:00 PM LOCAL TIME

CLIMATE NORMAL PERIOD  1981 TO  2010
CLIMATE RECORD PERIOD  1897 TO  2015

WEATHER ITEM   OBSERVED TIME    RECORD YEAR NORMAL DEPARTURE LAST
               VALUE    (LST)   VALUE       VALUE  FROM      YEAR
                                                   NORMAL
...................................................................
TEMPERATURE
TODAY
 MAXIMUM             3  0259 PM    33  1981      8      -5     30
 MINIMUM           -14  0159 AM   -48  1956     -7      -7     18
 AVERAGE            -6                           0      -6     24

PRECIPITATION
(INCHES)
 TODAY            0.00           0.21  1954   0.02   -0.02      T
 MONTH TO DATE    0.00                        0.02   -0.02      T
 SINCE MAR 1      0.00                        0.02   -0.02   0.00
 SINCE JAN 1      0.85                        1.30   -0.45   0.72

SNOWFALL
(INCHES)
 TODAY             0.0            3.5  2006    0.3    -0.3      T
 MONTH TO DATE     0.0                         0.3    -0.3      T
 SINCE MAR 1       0.0                         0.3    -0.3    0.0
 SINCE JUL 1      14.4                        47.9   -33.5   25.0
 SNOW DEPTH (IN)     5                                          7

DEGREE DAYS
 HEATING
  TODAY             71                          65       6     41
  MONTH TO DATE     71                          65       6     41
  SINCE MAR 1       70                          65       5     41
  SINCE JUL 1     8921                       10307   -1386   8989

 COOLING
  TODAY              0                           0       0      0
  MONTH TO DATE      0                           0       0      0
  SINCE MAR 1        0                           0       0      0
  SINCE JAN 1        0                           0       0      0
...................................................................

WIND (MPH)
 HIGHEST WIND SPEED    24     HIGHEST WIND DIRECTION     90
 HIGHEST GUST SPEED    28     HIGHEST GUST DIRECTION    100
 AVERAGE WIND SPEED   0.0

SKY COVER
  POSSIBLE SUNSHINE  MM            AVERAGE SKY COVER MM

WEATHER CONDITIONS
 THE FOLLOWING WEATHER WAS RECORDED TODAY.
 NO SIGNIFICANT WEATHER WAS OBSERVED.

RELATIVE HUMIDITY
 HIGHEST RH     MM PERCENT       MM
 LOWEST  RH     MM PERCENT       MM
 AVERAGE RH     MM PERCENT       MM
...................................................................

THE KOTZEBUE CLIMATE NORMALS FOR TOMORROW
                        NORMAL    RECORD   YEAR
 MAXIMUM TEMPERATURE       8        35     2003
 MINIMUM TEMPERATURE      -7       -43     1929

SUNRISE AND SUNSET
 MAR 1 2015..........SUNRISE  9:06 AM      SUNSET  7:02 PM
 MAR 2 2015..........SUNRISE  9:02 AM      SUNSET  7:05 PM

-  INDICATES NEGATIVE NUMBERS.
R  INDICATES RECORD HAS BEEN SET OR TIED.
MM INDICATES DATA IS MISSING.
T  INDICATES TRACE OF PRECIPITATION.

&&
-------------------------------------------------------------------

AMOUNT OF DAYLIGHT TODAY  (HOUR:MIN)........9 HOURS 56 MINUTES
GAIN SINCE YESTERDAY (HOUR:MIN:SEC).........+0:07:30

$$
TGH MAR 15
