000
CDAK49 PAFG 270954
CLIOTZ

CLIMATE REPORT
NATIONAL WEATHER SERVICE FAIRBANKS AK
154 AM AKDT SAT MAY 27 2017


...................................

...THE KOTZEBUE AK CLIMATE SUMMARY FOR MAY 26 2017...

CLIMATE NORMAL PERIOD 1981 TO 2010
CLIMATE RECORD PERIOD 1920 TO 2017


WEATHER ITEM   OBSERVED TIME   RECORD YEAR NORMAL DEPARTURE LAST
                VALUE   (LST)  VALUE       VALUE  FROM      YEAR
                                                  NORMAL
..................................................................
TEMPERATURE (F)
 YESTERDAY
  MAXIMUM         44    550 PM  71    2002  42      2       46
  MINIMUM         33    735 AM  15    1952  31      2       38
                                      1941
  AVERAGE         39                        37      2       42

PRECIPITATION (IN)
  YESTERDAY        T             0.13 2016   0.01  -0.01     0.13
  MONTH TO DATE    0.41                      0.35   0.06     0.65
  SINCE MAR 1      0.49                      1.33  -0.84     1.42
  SINCE JAN 1      2.08                      2.61  -0.53     2.13

SNOWFALL (IN)
  YESTERDAY        T             0.4  2001   0.0    0.0     MM
  MONTH TO DATE    0.2                       1.2   -1.0       T
  SINCE MAR 1      2.4                      12.2   -9.8      6.0
  SINCE JUL 1     52.6                      59.8   -7.2     26.0
  SNOW DEPTH       0

DEGREE DAYS
 HEATING
  YESTERDAY       26                        29     -3       23
  MONTH TO DATE  792                       890    -98      703
  SINCE MAR 1   4173                      4423   -250     3782
  SINCE JUL 1  13032                     14668  -1636    12560

 COOLING
  YESTERDAY        0                         0      0        0
  MONTH TO DATE    0                         0      0        0
  SINCE MAR 1      0                         0      0        0
  SINCE JAN 1      0                         0      0        0
..................................................................


WIND (MPH)
  HIGHEST GUST SPEED    26   HIGHEST GUST DIRECTION    SE (150)


SKY COVER
  AVERAGE SKY COVER 0.8


WEATHER CONDITIONS
 THE FOLLOWING WEATHER WAS RECORDED YESTERDAY.
  LIGHT SNOW
  FOG


RELATIVE HUMIDITY (PERCENT)
 HIGHEST    89
 LOWEST     57
 AVERAGE    73

..........................................................


THE KOTZEBUE AK CLIMATE NORMALS FOR TODAY
                         NORMAL    RECORD    YEAR
 MAXIMUM TEMPERATURE (F)   42        63      2005
                                             1972
                                             1947
 MINIMUM TEMPERATURE (F)   31        11      1984


SUNRISE AND SUNSET
MAY 27 2017...........SUNRISE   356 AM AKDT  SUNSET   146 AM AKDT
MAY 28 2017...........SUNRISE   350 AM AKDT  SUNSET   153 AM AKDT

-  INDICATES NEGATIVE NUMBERS.
R  INDICATES RECORD WAS SET OR TIED.
MM INDICATES DATA IS MISSING.
T  INDICATES TRACE AMOUNT.

&&

SNOW DEPTH IS MEASURED AT 3AM AKST/4AM AKDT.

----------------------------
AVAILABLE DAYLIGHT

AMOUNT OF DAYLIGHT TODAY  (HOUR:MIN)........21:44
GAIN/LOSS SINCE YESTERDAY (HOUR:MIN:SEC)....+0:11:55

$$
CCC MAY 17
