861
CDAK49 PAOT 101229
CLIOTZ

CLIMATE REPORT
NATIONAL WEATHER SERVICE KOTZEBUE, AK
329 AM AKST WED FEB 10 2016

...................................
...THE KOTZEBUE WSO AP CLIMATE SUMMARY FOR FEBRUARY 9 2016...

CLIMATE NORMAL PERIOD  1981 TO  2010
CLIMATE RECORD PERIOD  1897 TO  2016

WEATHER ITEM   OBSERVED TIME    RECORD YEAR NORMAL DEPARTURE LAST
               VALUE    (LST)   VALUE       VALUE  FROM      YEAR
                                                   NORMAL
...................................................................
TEMPERATURE
YESTERDAY
 MAXIMUM            19  0135 PM    32  2012      6      13      4
 MINIMUM             1  1054 PM   -44  1936     -8       9    -15
 AVERAGE            10                          -1      11     -6

PRECIPITATION
(INCHES)
 YESTERDAY        0.00           0.28  1992   0.02   -0.02   0.00
 MONTH TO DATE    0.07                        0.19   -0.12      T
 SINCE DEC 1      0.91                        1.57   -0.66   0.71
 SINCE JAN 1      0.45                        0.81   -0.36   0.36

SNOWFALL
(INCHES)
 YESTERDAY         0.0            3.0  2011    0.3    -0.3    0.0
 MONTH TO DATE     1.6                         2.8    -1.2      T
 SINCE DEC 1      18.0                        23.4    -5.4    6.4
 SINCE JUL 1      39.5                        40.8    -1.3   11.1
 SNOW DEPTH (IN)    28            60   2012                     4

DEGREE DAYS
 HEATING
  YESTERDAY         55                          66     -11     71
  MONTH TO DATE    455                         603    -148    606
  SINCE DEC 1     3984                        4643    -659   4252
  SINCE JUL 1     7886                        9002   -1116   7940

 COOLING
  YESTERDAY          0                           0       0      0
  MONTH TO DATE      0                           0       0      0
  SINCE DEC 1        0                           0       0      0
  SINCE JAN 1        0                           0       0      0
...................................................................

WIND (MPH)
 HIGHEST WIND SPEED    21     HIGHEST WIND DIRECTION    100
 HIGHEST GUST SPEED    24     HIGHEST GUST DIRECTION    100
 AVERAGE WIND SPEED  10.0

SKY COVER
  POSSIBLE SUNSHINE    MM          AVERAGE SKY COVER     MM

WEATHER CONDITIONS
 THE FOLLOWING WEATHER WAS RECORDED YESTERDAY.
  NO SIGNIFICANT WEATHER WAS OBSERVED.

RELATIVE HUMIDITY
 HIGHEST RH     MM PERCENT       MM
 LOWEST  RH     MM PERCENT       MM
 AVERAGE RH     MM PERCENT       MM
...................................................................

THE KOTZEBUE CLIMATE NORMALS FOR TODAY
                           NORMAL    RECORD   YEAR
 MAXIMUM TEMPERATURE (F)      6        37     1980
 MINIMUM TEMPERATURE (F)     -8       -50     1964

SUNRISE AND SUNSET
 FEB 10 2016..........SUNRISE 10:21 AM      SUNSET  5:50 PM
 FEB 11 2016..........SUNRISE 10:18 AM      SUNSET  5:54 PM

-  INDICATES NEGATIVE NUMBERS.
R  INDICATES RECORD HAS BEEN SET OR TIED.
MM INDICATES DATA IS MISSING.
T  INDICATES TRACE OF PRECIPITATION.

&&
-------------------------------------------------------------------

AMOUNT OF DAYLIGHT TODAY  (HOUR:MIN)........7 HOURS 29 MINUTES
GAIN/LOSS SINCE YESTERDAY (HOUR:MIN:SEC)....+0:07:48

$$
LEHL FEB 16
