000
CDAK49 PAOT 030906
CLIOTZ

CLIMATE REPORT
NATIONAL WEATHER SERVICE KOTZEBUE, AK
107 AM AKDT THU SEP 3 2015

...................................
...THE KOTZEBUE WSO AP CLIMATE SUMMARY FOR SEPTEMBER 2 2015...

CLIMATE NORMAL PERIOD  1981 TO  2010
CLIMATE RECORD PERIOD  1897 TO  2015

WEATHER ITEM   OBSERVED TIME    RECORD YEAR NORMAL DEPARTURE LAST
               VALUE    (LST)   VALUE       VALUE  FROM      YEAR
                                                   NORMAL
...................................................................
TEMPERATURE
YESTERDAY
 MAXIMUM            56  0601 PM    66  1969     53       3     45
 MINIMUM            48  0631 AM    32  1947     43       5     39
 AVERAGE            52                          48       4     42

PRECIPITATION
(INCHES)
 YESTERDAY        0.00           0.75  1962   0.05   -0.05   0.04
 MONTH TO DATE    0.00                        0.11   -0.11   0.23
 SINCE SEP 1      0.00                        0.11   -0.11   0.23
 SINCE JAN 1      7.06                        6.99    0.07   6.97

SNOWFALL
(INCHES)
 YESTERDAY         0.0            0.1  1993    0.0     0.0    0.0
 MONTH TO DATE     0.0                         0.0     0.0    0.0
 SINCE SEP 1       0.0                         0.0     0.0    0.0
 SINCE JUL 1       0.0                         0.0     0.0    0.0
 SNOW DEPTH (IN)     0                                          0

DEGREE DAYS
 HEATING
  YESTERDAY         13                          17      -4     23
  MONTH TO DATE     31                          34      -3     43
  SINCE SEP 1       31                          34      -3     43
  SINCE JUL 1      652                         772    -120    603

 COOLING
  YESTERDAY          0                           0       0      0
  MONTH TO DATE      0                           0       0      0
  SINCE SEP 1        0                           0       0      0
  SINCE JAN 1       14                           0      14     19
...................................................................

WIND (MPH)
 HIGHEST WIND SPEED    23     HIGHEST WIND DIRECTION    100
 HIGHEST GUST SPEED    27     HIGHEST GUST DIRECTION    100
 AVERAGE WIND SPEED   0.0

SKY COVER
  POSSIBLE SUNSHINE    MM          AVERAGE SKY COVER     MM

WEATHER CONDITIONS
  THE FOLLOWING WEATHER WAS RECORDED YESTERDAY.
  NO SIGNIFICANT WEATHER WAS OBSERVED.

RELATIVE HUMIDITY
 HIGHEST RH     MM PERCENT       MM
 LOWEST  RH     MM PERCENT       MM
 AVERAGE RH     MM PERCENT       MM
...................................................................

THE KOTZEBUE CLIMATE NORMALS FOR TODAY
                           NORMAL    RECORD   YEAR
 MAXIMUM TEMPERATURE (F)     52        69     1978
 MINIMUM TEMPERATURE (F)     43        33     1976

SUNRISE AND SUNSET
 SEP 3 2015..........SUNRISE  7:29 AM      SUNSET 10:09 PM
 SEP 4 2015..........SUNRISE  7:33 AM      SUNSET 10:05 PM

-  INDICATES NEGATIVE NUMBERS.
R  INDICATES RECORD HAS BEEN SET OR TIED.
MM INDICATES DATA IS MISSING.
T  INDICATES TRACE OF PRECIPITATION.

&&
-------------------------------------------------------------------

AMOUNT OF DAYLIGHT TODAY  (HOUR:MIN)........14 HOURS 40 MINUTES
GAIN/LOSS SINCE YESTERDAY (HOUR:MIN:SEC)....-0:07:28

$$
TGH SEP 15
