000
CDAK49 PAOT 270916
CLIOTZ

CLIMATE REPORT
NATIONAL WEATHER SERVICE KOTZEBUE, AK
117 AM AKDT WED MAY 27 2015

...................................
...THE KOTZEBUE WSO AP CLIMATE SUMMARY FOR MAY 26 2015...

CLIMATE NORMAL PERIOD  1981 TO  2010
CLIMATE RECORD PERIOD  1897 TO  2015

WEATHER ITEM   OBSERVED TIME    RECORD YEAR NORMAL DEPARTURE LAST
               VALUE    (LST)   VALUE       VALUE  FROM      YEAR
                                                   NORMAL
...................................................................
TEMPERATURE
YESTERDAY
 MAXIMUM            56  0933 AM    71  2002     42      14     43
 MINIMUM            40  0338 AM     9  1901     31       9     33
 AVERAGE            48                          37      11     38

PRECIPITATION
(INCHES)
 YESTERDAY        0.00           0.11  2003   0.01   -0.01   0.07
 MONTH TO DATE    0.58                        0.35    0.23   0.60
 SINCE MAR 1      1.66                        1.33    0.33   1.15
 SINCE JAN 1      2.51                        2.61   -0.10   1.87

SNOWFALL
(INCHES)
 YESTERDAY         0.0            0.4  2001    0.0     0.0      T
 MONTH TO DATE       T                         1.2    -1.2      T
 SINCE MAR 1       9.4                        12.2    -2.8    7.2
 SINCE JUL 1      24.7                        59.8   -35.1   32.2
 SNOW DEPTH (IN)     0                                          0

DEGREE DAYS
 HEATING
  YESTERDAY         17                          29     -12     27
  MONTH TO DATE    687                         890    -203    789
  SINCE MAR 1     4214                        4428    -214   3836
  SINCE JUL 1    13065                       14670   -1605  12787

 COOLING
  YESTERDAY          0                           0       0      0
  MONTH TO DATE      0                           0       0      0
  SINCE MAR 1        0                           0       0      0
  SINCE JAN 1        0                           0       0      0
...................................................................

WIND (MPH)
 HIGHEST WIND SPEED    14     HIGHEST WIND DIRECTION     90
 HIGHEST GUST SPEED    15     HIGHEST GUST DIRECTION     90
 AVERAGE WIND SPEED   3.9

SKY COVER
  POSSIBLE SUNSHINE    MM          AVERAGE SKY COVER     MM

WEATHER CONDITIONS
 THE FOLLOWING WEATHER WAS RECORDED YESTERDAY.
 NO SIGNIFICANT WEATHER WAS OBSERVED.

RELATIVE HUMIDITY
 HIGHEST RH     MM PERCENT       MM
 LOWEST  RH     MM PERCENT       MM
 AVERAGE RH     MM PERCENT       MM
...................................................................

THE KOTZEBUE CLIMATE NORMALS FOR TODAY
                           NORMAL    RECORD   YEAR
 MAXIMUM TEMPERATURE (F)     42        63     2005
 MINIMUM TEMPERATURE (F)     31        11     1984

SUNRISE AND SUNSET
 MAY 27 2015..........SUNRISE  3:59 AM      SUNSET  1:43 AM
 MAY 28 2015..........SUNRISE  3:53 AM      SUNSET  1:49 AM

-  INDICATES NEGATIVE NUMBERS.
R  INDICATES RECORD HAS BEEN SET OR TIED.
MM INDICATES DATA IS MISSING.
T  INDICATES TRACE OF PRECIPITATION.

&&
-------------------------------------------------------------------

AMOUNT OF DAYLIGHT TODAY  (HOUR:MIN)........21 HOURS 44 MINUTES
GAIN/LOSS SINCE YESTERDAY (HOUR:MIN:SEC)....+0:11:38

$$


MAY 15
