000
CDAK49 PAFG 241005
CLIOTZ

CLIMATE REPORT
NATIONAL WEATHER SERVICE FAIRBANKS AK
105 AM AKST FRI FEB 24 2017


...................................

...THE KOTZEBUE AK CLIMATE SUMMARY FOR FEBRUARY 23 2017...

CLIMATE NORMAL PERIOD 1981 TO 2010
CLIMATE RECORD PERIOD 1920 TO 2017


WEATHER ITEM   OBSERVED TIME   RECORD YEAR NORMAL DEPARTURE LAST
                VALUE   (LST)  VALUE       VALUE  FROM      YEAR
                                                  NORMAL
..................................................................
TEMPERATURE (F)
 YESTERDAY
  MAXIMUM         32   1101 PM  36    2015   7     25       20
  MINIMUM         -7   1241 AM -50    1968  -7      0       13
  AVERAGE         13                         0     13       17

PRECIPITATION (IN)
  YESTERDAY       MM             0.70 2011   0.03  MM        0.02
  MONTH TO DATE    0.04                      0.54  -0.50     0.22
  SINCE DEC 1      1.33                      1.92  -0.59     1.06
  SINCE JAN 1      0.59                      1.16  -0.57     0.60

SNOWFALL (IN)
  YESTERDAY       MM             8.5  2011   0.3   MM       MM
  MONTH TO DATE    1.4                       7.8   -6.4      3.4
  SINCE DEC 1     26.8                      28.4   -1.6      6.6
  SINCE JUL 1     32.4                      45.8  -13.4     20.0
  SNOW DEPTH      27

DEGREE DAYS
 HEATING
  YESTERDAY       52                        65    -13       48
  MONTH TO DATE 1542                      1518     24     1252
  SINCE DEC 1   5298                      5564   -266     4776
  SINCE JUL 1   8911                      9922  -1011     8495

 COOLING
  YESTERDAY        0                         0      0        0
  MONTH TO DATE    0                         0      0        0
  SINCE DEC 1      0                         0      0        0
  SINCE JAN 1      0                         0      0        0
..................................................................


WIND (MPH)
  HIGHEST GUST SPEED    48   HIGHEST GUST DIRECTION     E (100)


SKY COVER
  AVERAGE SKY COVER 1.0


WEATHER CONDITIONS
 THE FOLLOWING WEATHER WAS RECORDED YESTERDAY.
  HEAVY SNOW
  SNOW
  LIGHT SNOW
  FOG
  FOG W/VISIBILITY <= 1/4 MILE
  HAZE


RELATIVE HUMIDITY (PERCENT)
 HIGHEST    92
 LOWEST     68
 AVERAGE    80

..........................................................


THE KOTZEBUE AK CLIMATE NORMALS FOR TODAY
                         NORMAL    RECORD    YEAR
 MAXIMUM TEMPERATURE (F)    8        37      1989
 MINIMUM TEMPERATURE (F)   -7       -52      1968


SUNRISE AND SUNSET
FEBRUARY 24 2017......SUNRISE   924 AM AKST  SUNSET   646 PM AKST
FEBRUARY 25 2017......SUNRISE   920 AM AKST  SUNSET   649 PM AKST

-  INDICATES NEGATIVE NUMBERS.
R  INDICATES RECORD WAS SET OR TIED.
MM INDICATES DATA IS MISSING.
T  INDICATES TRACE AMOUNT.

&&

SNOW DEPTH IS MEASURED AT 3AM AKST/4AM AKDT.

----------------------------
AVAILABLE DAYLIGHT

AMOUNT OF DAYLIGHT TODAY  (HOUR:MIN)........9:22
GAIN/LOSS SINCE YESTERDAY (HOUR:MIN:SEC)....+0:07:34

$$
CCC FEB 17
