126
CDAK49 PAOT 291230
CLIOTZ

CLIMATE REPORT
NATIONAL WEATHER SERVICE KOTZEBUE, AK
430 AM AKDT FRI APR 29 2016

...................................
...THE KOTZEBUE WSO AP CLIMATE SUMMARY FOR APRIL 28 2016...

CLIMATE NORMAL PERIOD  1981 TO  2010
CLIMATE RECORD PERIOD  1897 TO  2016

WEATHER ITEM   OBSERVED TIME    RECORD YEAR NORMAL DEPARTURE LAST
               VALUE    (LST)   VALUE       VALUE  FROM      YEAR
                                                   NORMAL
...................................................................
TEMPERATURE
YESTERDAY
 MAXIMUM            35  0637 PM    45  2014     29       6     33
 MINIMUM            25  0621 AM   -17  1964     15      10     12
 AVERAGE            30                          22       8     23

PRECIPITATION
(INCHES)
 YESTERDAY        0.00           0.24  1998   0.02   -0.02   0.00
 MONTH TO DATE    0.60                        0.50    0.10   0.55
 SINCE MAR 1      0.74                        0.94   -0.20   1.08
 SINCE JAN 1      1.46                        2.22   -0.76   1.93

SNOWFALL
(INCHES)
 YESTERDAY         0.0            3.7  1984    0.1    -0.1    0.0
 MONTH TO DATE    10.6                         4.8     5.8    3.9
 SINCE MAR 1      14.3                        10.7     3.6    9.4
 SINCE JUL 1      59.7                        58.3     1.4   24.7
 SNOW DEPTH (IN)     0                                          3

DEGREE DAYS
 HEATING
  YESTERDAY         35                          43      -8     42
  MONTH TO DATE   1105                        1467    -362   1358
  SINCE MAR 1     3009                        3454    -445   3435
  SINCE JUL 1    12007                       13696   -1689  12313

 COOLING
  YESTERDAY          0                           0       0      0
  MONTH TO DATE      0                           0       0      0
  SINCE MAR 1        0                           0       0      0
  SINCE JAN 1        0                           0       0      0
...................................................................

WIND (MPH)
 HIGHEST WIND SPEED     9     HIGHEST WIND DIRECTION    220
 HIGHEST GUST SPEED    11     HIGHEST GUST DIRECTION    220
 AVERAGE WIND SPEED   4.9

SKY COVER
  POSSIBLE SUNSHINE    MM          AVERAGE SKY COVER     MM

WEATHER CONDITIONS
 THE FOLLOWING WEATHER WAS RECORDED YESTERDAY.
  NO SIGNIFICANT WEATHER WAS OBSERVED.

RELATIVE HUMIDITY
 HIGHEST RH     MM PERCENT       MM
 LOWEST  RH     MM PERCENT       MM
 AVERAGE RH     MM PERCENT       MM
...................................................................

THE KOTZEBUE CLIMATE NORMALS FOR TODAY
                           NORMAL    RECORD   YEAR
 MAXIMUM TEMPERATURE (F)     30        46     1969
 MINIMUM TEMPERATURE (F)     16       -14     1973

SUNRISE AND SUNSET
 APR 29 2016..........SUNRISE  6:05 AM      SUNSET 11:34 PM
 APR 30 2016..........SUNRISE  6:01 AM      SUNSET 11:38 PM

-  INDICATES NEGATIVE NUMBERS.
R  INDICATES RECORD HAS BEEN SET OR TIED.
MM INDICATES DATA IS MISSING.
T  INDICATES TRACE OF PRECIPITATION.

&&
-------------------------------------------------------------------

AMOUNT OF DAYLIGHT TODAY  (HOUR:MIN)........17 HOURS 29 MINUTES
GAIN SINCE YESTERDAY  (HOUR:MIN:SEC)........+0:08:10

$$
SV APR 16
