000
CDAK49 PAFG 280939
CLIOTZ

CLIMATE REPORT
NATIONAL WEATHER SERVICE FAIRBANKS AK
139 AM AKDT FRI JUL 28 2017


...................................

...THE KOTZEBUE AK CLIMATE SUMMARY FOR JULY 27 2017...

CLIMATE NORMAL PERIOD 1981 TO 2010
CLIMATE RECORD PERIOD 1920 TO 2017


WEATHER ITEM   OBSERVED TIME   RECORD YEAR NORMAL DEPARTURE LAST
                VALUE   (LST)  VALUE       VALUE  FROM      YEAR
                                                  NORMAL
..................................................................
TEMPERATURE (F)
 YESTERDAY
  MAXIMUM         67    618 PM  75    1903  59      8       61
  MINIMUM         47    555 AM  34    2000  51     -4       53
                                      1931
  AVERAGE         57                        55      2       57

PRECIPITATION (IN)
  YESTERDAY        0.00          1.30 1931   0.06  -0.06     0.19
  MONTH TO DATE    2.39                      1.19   1.20     1.42
  SINCE JUN 1      2.59                      1.77   0.82     1.67
  SINCE JAN 1      4.67                      4.44   0.23     3.80

SNOWFALL (IN)
  YESTERDAY        0.0           T    2000   0.0    0.0      0.0
  MONTH TO DATE    0.0                       0.0    0.0      0.0
  SINCE JUN 1      0.0                       0.0    0.0      0.0
  SINCE JUL 1      0.0                       0.0    0.0      0.0
  SNOW DEPTH       0

DEGREE DAYS
 HEATING
  YESTERDAY        8                        10     -2        8
  MONTH TO DATE  200                       285    -85      196
  SINCE JUN 1    611                       865   -254      600
  SINCE JUL 1    200                       285    -85      196

 COOLING
  YESTERDAY        0                         0      0        0
  MONTH TO DATE    1                         0      1        5
  SINCE JUN 1      1                         1      0        5
  SINCE JAN 1      1                         1      0        5
..................................................................


WIND (MPH)
  HIGHEST GUST SPEED    25   HIGHEST GUST DIRECTION    SE (150)


SKY COVER
  AVERAGE SKY COVER 0.6


WEATHER CONDITIONS
 THE FOLLOWING WEATHER WAS RECORDED YESTERDAY.
  FOG
  FOG W/VISIBILITY <= 1/4 MILE


RELATIVE HUMIDITY (PERCENT)
 HIGHEST   100
 LOWEST     63
 AVERAGE    82

..........................................................


THE KOTZEBUE AK CLIMATE NORMALS FOR TODAY
                         NORMAL    RECORD    YEAR
 MAXIMUM TEMPERATURE (F)   59        76      1903
 MINIMUM TEMPERATURE (F)   51        36      2000
                                             1931


SUNRISE AND SUNSET
JULY 28 2017..........SUNRISE   509 AM AKDT  SUNSET  1242 AM AKDT
JULY 29 2017..........SUNRISE   514 AM AKDT  SUNSET  1237 AM AKDT

-  INDICATES NEGATIVE NUMBERS.
R  INDICATES RECORD WAS SET OR TIED.
MM INDICATES DATA IS MISSING.
T  INDICATES TRACE AMOUNT.

&&

SNOW DEPTH IS MEASURED AT 3AM AKST/4AM AKDT.

----------------------------
AVAILABLE DAYLIGHT

AMOUNT OF DAYLIGHT TODAY  (HOUR:MIN)........19:37
GAIN/LOSS SINCE YESTERDAY (HOUR:MIN:SEC)....-0:09:06

$$
SDB JUL 17
