000
CDUS43 KDDC 242345
CLIP28


CLIMATE REPORT
NATIONAL WEATHER SERVICE DODGE CITY KS
645 PM CDT SUN SEP 24 2017


...................................

...THE MEDICINE LODGE KS CLIMATE SUMMARY FOR SEPTEMBER 24 2017...
VALID TODAY AS OF 0500 PM LOCAL TIME.

CLIMATE NORMAL PERIOD 1981 TO 2010
CLIMATE RECORD PERIOD 1893 TO 2017


WEATHER ITEM   OBSERVED TIME   RECORD YEAR NORMAL DEPARTURE LAST
                VALUE   (LST)  VALUE       VALUE  FROM      YEAR
                                                  NORMAL
..................................................................
TEMPERATURE (F)
 TODAY
  MAXIMUM         86    313 PM 100    1904  80      6       87
  MINIMUM         69    645 AM  31    1989  55     14       65
  AVERAGE         78                        68     10       76

PRECIPITATION (IN)
  TODAY            0.00          2.59 2016   0.08  -0.08     2.59
  MONTH TO DATE    1.72                      1.71   0.01     6.81
  SINCE SEP 1      1.72                      1.71   0.01     6.81
  SINCE JAN 1     23.85                     22.06   1.79    27.24

DEGREE DAYS
 HEATING
  TODAY            0                         2     -2        0
  MONTH TO DATE    2                        16    -14        0
  SINCE SEP 1      2                        16    -14        0
  SINCE JUL 1      2                        16    -14        0

 COOLING
  TODAY           13                         5      8       11
  MONTH TO DATE  232                       197     35      252
  SINCE SEP 1    232                       197     35      252
  SINCE JAN 1   1591                      1708   -117     1852
..................................................................


WIND (MPH)
  HIGHEST WIND SPEED    23   HIGHEST WIND DIRECTION     S (190)
  HIGHEST GUST SPEED    31   HIGHEST GUST DIRECTION     S (180)
  AVERAGE WIND SPEED    10.8




RELATIVE HUMIDITY (PERCENT)
 HIGHEST    79           800 AM
 LOWEST     40           500 PM
 AVERAGE    60

..........................................................


THE MEDICINE LODGE KS CLIMATE NORMALS FOR TOMORROW
                         NORMAL    RECORD    YEAR
 MAXIMUM TEMPERATURE (F)   80       103      1904
 MINIMUM TEMPERATURE (F)   55        35      1975


SUNRISE AND SUNSET
SEPTEMBER 24 2017.....SUNRISE   724 AM CDT   SUNSET   728 PM CDT
SEPTEMBER 25 2017.....SUNRISE   725 AM CDT   SUNSET   726 PM CDT


-  INDICATES NEGATIVE NUMBERS.
R  INDICATES RECORD WAS SET OR TIED.
MM INDICATES DATA IS MISSING.
T  INDICATES TRACE AMOUNT.




$$
