000
CDUS43 KDDC 291006
CLIP28


CLIMATE REPORT
NATIONAL WEATHER SERVICE DODGE CITY KS
506 AM CDT TUE JUL 29 2014


...................................

...THE MEDICINE LODGE KS CLIMATE SUMMARY FOR JULY 28 2014...

CLIMATE NORMAL PERIOD 1981 TO 2010
CLIMATE RECORD PERIOD 1893 TO 2014


WEATHER ITEM   OBSERVED TIME   RECORD YEAR NORMAL DEPARTURE LAST
                VALUE   (LST)  VALUE       VALUE  FROM      YEAR
                                                  NORMAL
..................................................................
TEMPERATURE (F)
 YESTERDAY
  MAXIMUM         89    524 PM 110    1910  95     -6       81
  MINIMUM         63    552 AM  55    1994  70     -7       64
  AVERAGE         76                        83     -7       73

PRECIPITATION (IN)
  YESTERDAY        0.00          2.25 1982   0.08  -0.08     0.04
  MONTH TO DATE    2.54                      3.07  -0.53     2.23
  SINCE JUN 1     10.43                      7.18   3.25     4.45
  SINCE JAN 1     13.32                     16.92  -3.60    14.80

SNOWFALL (IN)
  YESTERDAY        0.0          MM      MM   0.0             0.0
  MONTH TO DATE    0.0                       0.0             0.0
  SINCE JUN 1      0.0                       0.0             0.0
  SINCE JUL 1      0.0                       0.0             0.0
  SNOW DEPTH       0

DEGREE DAYS
 HEATING
  YESTERDAY        0                         0      0
  MONTH TO DATE    5                         0      5
  SINCE JUN 1      5                         3      2
  SINCE JUL 1      5                         0      5

 COOLING
  YESTERDAY       11                        18     -7        8
  MONTH TO DATE  351                       478   -127      438
  SINCE JUN 1    693                       831   -138      842
  SINCE JAN 1    962                       987    -25      985
..................................................................


WIND (MPH)
  HIGHEST WIND SPEED    10   HIGHEST WIND DIRECTION     W (270)
  HIGHEST GUST SPEED    13   HIGHEST GUST DIRECTION     W (270)
  AVERAGE WIND SPEED     2.5




RELATIVE HUMIDITY (PERCENT)
 HIGHEST    84          1200 AM
 LOWEST     34           400 PM
 AVERAGE    59

..........................................................


THE MEDICINE LODGE KS CLIMATE NORMALS FOR TODAY
                         NORMAL    RECORD    YEAR
 MAXIMUM TEMPERATURE (F)   95       110      1978
 MINIMUM TEMPERATURE (F)   70        58      1994


SUNRISE AND SUNSET
JULY 29 2014..........SUNRISE   636 AM CDT   SUNSET   845 PM CDT
JULY 30 2014..........SUNRISE   637 AM CDT   SUNSET   844 PM CDT


-  INDICATES NEGATIVE NUMBERS.
R  INDICATES RECORD WAS SET OR TIED.
MM INDICATES DATA IS MISSING.
T  INDICATES TRACE AMOUNT.




$$
