000
CDUS43 KDDC 022330
CLIP28


CLIMATE REPORT
NATIONAL WEATHER SERVICE DODGE CITY KS
628 PM CDT TUE JUN 2 2015


...................................

...THE MEDICINE LODGE KS CLIMATE SUMMARY FOR JUNE 2 2015...
VALID TODAY AS OF 0500 PM LOCAL TIME.

CLIMATE NORMAL PERIOD 1981 TO 2010
CLIMATE RECORD PERIOD 1893 TO 2015


WEATHER ITEM   OBSERVED TIME   RECORD YEAR NORMAL DEPARTURE LAST
                VALUE   (LST)  VALUE       VALUE  FROM      YEAR
                                                  NORMAL
..................................................................
TEMPERATURE (F)
 TODAY
  MAXIMUM         91    351 PM 100    1953  85      6       87
  MINIMUM         63    551 AM  43    1917  61      2       62
  AVERAGE         77                        73      4       75

PRECIPITATION (IN)
  TODAY            0.00          4.00 1971   0.15  -0.15     0.01
  MONTH TO DATE    0.00                      0.29  -0.29     0.97
  SINCE JUN 1      0.00                      0.29  -0.29     0.97
  SINCE JAN 1     11.96                     10.03   1.93     3.86

DEGREE DAYS
 HEATING
  TODAY            0                         0      0        0
  MONTH TO DATE    0                         0      0        0
  SINCE JUN 1      0                         0      0        0
  SINCE JUL 1   4323                      4455   -132     5023

 COOLING
  TODAY           12                         8      4       10
  MONTH TO DATE   16                        16      0       24
  SINCE JUN 1     16                        16      0       24
  SINCE JAN 1    123                       172    -49      293
..................................................................


WIND (MPH)
  HIGHEST WIND SPEED    21   HIGHEST WIND DIRECTION     S (180)
  HIGHEST GUST SPEED    29   HIGHEST GUST DIRECTION    SE (150)
  AVERAGE WIND SPEED    12.4




RELATIVE HUMIDITY (PERCENT)
 HIGHEST    93           400 AM
 LOWEST     44           400 PM
 AVERAGE    69

..........................................................


THE MEDICINE LODGE KS CLIMATE NORMALS FOR TOMORROW
                         NORMAL    RECORD    YEAR
 MAXIMUM TEMPERATURE (F)   85        99      2011
                                             1953
 MINIMUM TEMPERATURE (F)   61        40      1897


SUNRISE AND SUNSET
JUNE  2 2015..........SUNRISE   615 AM CDT   SUNSET   850 PM CDT
JUNE  3 2015..........SUNRISE   615 AM CDT   SUNSET   850 PM CDT


-  INDICATES NEGATIVE NUMBERS.
R  INDICATES RECORD WAS SET OR TIED.
MM INDICATES DATA IS MISSING.
T  INDICATES TRACE AMOUNT.




$$
