000
CDUS43 KDDC 251010
CLIP28


CLIMATE REPORT
NATIONAL WEATHER SERVICE DODGE CITY KS
410 AM CST THU DEC 25 2014


...................................

...THE MEDICINE LODGE KS CLIMATE SUMMARY FOR DECEMBER 24 2014...

CLIMATE NORMAL PERIOD 1981 TO 2010
CLIMATE RECORD PERIOD 1893 TO 2014


WEATHER ITEM   OBSERVED TIME   RECORD YEAR NORMAL DEPARTURE LAST
                VALUE   (LST)  VALUE       VALUE  FROM      YEAR
                                                  NORMAL
..................................................................
TEMPERATURE (F)
 YESTERDAY
  MAXIMUM         47    245 PM  85    1955  44      3       31
  MINIMUM         28    825 AM  -6    1983  22      6       16
  AVERAGE         38                        33      5       24

PRECIPITATION (IN)
  YESTERDAY        0.00          0.22 1965   0.03  -0.03     0.00
  MONTH TO DATE    0.80                      0.75   0.05     0.51
  SINCE DEC 1      0.80                      0.75   0.05     0.51
  SINCE JAN 1     20.16                     26.97  -6.81    25.74

SNOWFALL (IN)
  YESTERDAY        0.0          MM      MM   0.1             0.0
  MONTH TO DATE    0.0                       2.3             5.0
  SINCE DEC 1      0.0                       2.3             5.0
  SINCE JUL 1      2.5                       2.5             6.5
  SNOW DEPTH      MM

DEGREE DAYS
 HEATING
  YESTERDAY       27                        32     -5       41
  MONTH TO DATE  601                       717   -116      845
  SINCE DEC 1    601                       717   -116      845
  SINCE JUL 1   1506                      1575    -69     1783

 COOLING
  YESTERDAY        0                         0      0        0
  MONTH TO DATE    0                         0      0        0
  SINCE DEC 1      0                         0      0        0
  SINCE JAN 1   1802                      1770     32     1786
..................................................................


WIND (MPH)
  HIGHEST WIND SPEED    24   HIGHEST WIND DIRECTION     N (340)
  HIGHEST GUST SPEED    34   HIGHEST GUST DIRECTION     N (340)
  AVERAGE WIND SPEED    11.0




RELATIVE HUMIDITY (PERCENT)
 HIGHEST    69          1100 PM
 LOWEST     34           400 PM
 AVERAGE    52

..........................................................


THE MEDICINE LODGE KS CLIMATE NORMALS FOR TODAY
                         NORMAL    RECORD    YEAR
 MAXIMUM TEMPERATURE (F)   44        84      1955
 MINIMUM TEMPERATURE (F)   22        -7      1918


SUNRISE AND SUNSET
DECEMBER 25 2014......SUNRISE   746 AM CST   SUNSET   523 PM CST
DECEMBER 26 2014......SUNRISE   747 AM CST   SUNSET   523 PM CST


-  INDICATES NEGATIVE NUMBERS.
R  INDICATES RECORD WAS SET OR TIED.
MM INDICATES DATA IS MISSING.
T  INDICATES TRACE AMOUNT.




$$
