000
CDUS43 KDDC 132344
CLIP28


CLIMATE REPORT
NATIONAL WEATHER SERVICE DODGE CITY KS
542 PM CST SAT FEB 13 2016


...................................

...THE MEDICINE LODGE KS CLIMATE SUMMARY FOR FEBRUARY 13 2016...
VALID TODAY AS OF 0500 PM LOCAL TIME.

CLIMATE NORMAL PERIOD 1981 TO 2010
CLIMATE RECORD PERIOD 1893 TO 2016


WEATHER ITEM   OBSERVED TIME   RECORD YEAR NORMAL DEPARTURE LAST
                VALUE   (LST)  VALUE       VALUE  FROM      YEAR
                                                  NORMAL
..................................................................
TEMPERATURE (F)
 TODAY
  MAXIMUM         45    359 PM  86    1954  50     -5       65
  MINIMUM         24    841 AM -22    1905  25     -1       22
  AVERAGE         35                        38     -3       44

PRECIPITATION (IN)
  TODAY            0.00          0.92 1950   0.04  -0.04     0.00
  MONTH TO DATE    0.38                      0.41  -0.03     0.01
  SINCE DEC 1      3.26                      2.04   1.22     2.09
  SINCE JAN 1      0.89                      1.12  -0.23     0.77

DEGREE DAYS
 HEATING
  TODAY           30                        27      3       21
  MONTH TO DATE  347                       374    -27      353
  SINCE DEC 1   2035                      2293   -258     2133
  SINCE JUL 1   2630                      3151   -521     3038

 COOLING
  TODAY            0                         0      0        0
  MONTH TO DATE    0                         0      0        0
  SINCE DEC 1      0                         0      0        0
  SINCE JAN 1      0                         0      0        0
..................................................................


WIND (MPH)
  HIGHEST WIND SPEED    18   HIGHEST WIND DIRECTION    SE (140)
  HIGHEST GUST SPEED    24   HIGHEST GUST DIRECTION    SE (140)
  AVERAGE WIND SPEED     8.2




RELATIVE HUMIDITY (PERCENT)
 HIGHEST    81           200 AM
 LOWEST     34           200 PM
 AVERAGE    58

..........................................................


THE MEDICINE LODGE KS CLIMATE NORMALS FOR TOMORROW
                         NORMAL    RECORD    YEAR
 MAXIMUM TEMPERATURE (F)   50        89      1954
 MINIMUM TEMPERATURE (F)   26        -1      1936


SUNRISE AND SUNSET
FEBRUARY 13 2016......SUNRISE   726 AM CST   SUNSET   611 PM CST
FEBRUARY 14 2016......SUNRISE   725 AM CST   SUNSET   613 PM CST


-  INDICATES NEGATIVE NUMBERS.
R  INDICATES RECORD WAS SET OR TIED.
MM INDICATES DATA IS MISSING.
T  INDICATES TRACE AMOUNT.




$$
