000
CDUS43 KDDC 232337
CLIP28


CLIMATE REPORT
NATIONAL WEATHER SERVICE DODGE CITY KS
634 PM CDT THU MAR 23 2017


...................................

...THE MEDICINE LODGE KS CLIMATE SUMMARY FOR MARCH 23 2017...
VALID TODAY AS OF 0500 PM LOCAL TIME.

CLIMATE NORMAL PERIOD 1981 TO 2010
CLIMATE RECORD PERIOD 1893 TO 2017


WEATHER ITEM   OBSERVED TIME   RECORD YEAR NORMAL DEPARTURE LAST
                VALUE   (LST)  VALUE       VALUE  FROM      YEAR
                                                  NORMAL
..................................................................
TEMPERATURE (F)
 TODAY
  MAXIMUM         82    211 PM  88    1910  62     20       78
  MINIMUM         54    754 AM  15    1968  36     18       37
  AVERAGE         68                        49     19       58

PRECIPITATION (IN)
  TODAY            0.00          1.34 1980   0.07  -0.07     0.00
  MONTH TO DATE    0.00                      1.68  -1.68     0.22
  SINCE MAR 1      0.00                      1.68  -1.68     0.22
  SINCE JAN 1      3.92                      3.43   0.49     1.11

DEGREE DAYS
 HEATING
  TODAY            0                        16    -16        7
  MONTH TO DATE  326                       449   -123      294
  SINCE MAR 1    326                       449   -123      294
  SINCE JUL 1   3327                      3978   -651     3183

 COOLING
  TODAY            3                         0      3        0
  MONTH TO DATE   12                         0     12        6
  SINCE MAR 1     12                         0     12        6
  SINCE JAN 1     12                         0     12        6
..................................................................


WIND (MPH)
  HIGHEST WIND SPEED    31   HIGHEST WIND DIRECTION     S (170)
  HIGHEST GUST SPEED    41   HIGHEST GUST DIRECTION     S (180)
  AVERAGE WIND SPEED    15.8




RELATIVE HUMIDITY (PERCENT)
 HIGHEST    89           700 AM
 LOWEST     35           500 PM
 AVERAGE    62

..........................................................


THE MEDICINE LODGE KS CLIMATE NORMALS FOR TOMORROW
                         NORMAL    RECORD    YEAR
 MAXIMUM TEMPERATURE (F)   62        90      1929
 MINIMUM TEMPERATURE (F)   37        12      1966


SUNRISE AND SUNSET
MARCH 23 2017.........SUNRISE   733 AM CDT   SUNSET   749 PM CDT
MARCH 24 2017.........SUNRISE   731 AM CDT   SUNSET   750 PM CDT


-  INDICATES NEGATIVE NUMBERS.
R  INDICATES RECORD WAS SET OR TIED.
MM INDICATES DATA IS MISSING.
T  INDICATES TRACE AMOUNT.




$$
