000
CDUS45 KRIW 260757
CLIP60


CLIMATE REPORT
NATIONAL WEATHER SERVICE RIVERTON WY
1245 AM MST WED NOV 26 2014


...................................

...THE LAKE YELLOWSTONE WY CLIMATE SUMMARY FOR NOVEMBER 25 2014...

CLIMATE NORMAL PERIOD 1981 TO 2010
CLIMATE RECORD PERIOD 1998 TO 2014


WEATHER ITEM   OBSERVED TIME   RECORD YEAR NORMAL DEPARTURE LAST
                VALUE   (LST)  VALUE       VALUE  FROM      YEAR
                                                  NORMAL
..................................................................
TEMPERATURE (F)
 YESTERDAY
  MAXIMUM         30   1159 PM  38    2013  28      2       38
  MINIMUM         19    301 AM -23    2010   8     11       12
  AVERAGE         25                        18      7       25

PRECIPITATION (IN)
  YESTERDAY        0.46R         0.31 2012   0.07   0.39     0.00
  MONTH TO DATE    1.71                      1.74  -0.03     1.01
  SINCE SEP 1      5.21                      4.39   0.82     6.70
  SINCE JAN 1     28.33                     18.46   9.87    18.87

DEGREE DAYS
 HEATING
  YESTERDAY       40                        47     -7       40
  MONTH TO DATE 1119                      1032     87     1055
  SINCE SEP 1   2485                      2493     -8     2597
  SINCE JUL 1   3147                      3080     67     3021

 COOLING
  YESTERDAY        0                         0      0        0
  MONTH TO DATE    0                         0      0        0
  SINCE SEP 1      0                         0      0        0
  SINCE JAN 1      0                         0      0        0
..................................................................


WIND (MPH)
  HIGHEST WIND SPEED    13   HIGHEST WIND DIRECTION     W (270)
  HIGHEST GUST SPEED    22   HIGHEST GUST DIRECTION     W (270)
  AVERAGE WIND SPEED     4.7


SKY COVER
  POSSIBLE SUNSHINE  MM
  AVERAGE SKY COVER 0.0


WEATHER CONDITIONS
 THE FOLLOWING WEATHER WAS RECORDED YESTERDAY.
  NO SIGNIFICANT WEATHER WAS OBSERVED.


RELATIVE HUMIDITY (PERCENT)
 HIGHEST    92           900 AM
 LOWEST     77           100 AM
 AVERAGE    85

..........................................................


THE LAKE YELLOWSTONE WY CLIMATE NORMALS FOR TODAY
                         NORMAL    RECORD    YEAR
 MAXIMUM TEMPERATURE (F)   28        43      1998
 MINIMUM TEMPERATURE (F)    8        -8      2011


SUNRISE AND SUNSET
NOVEMBER 26 2014......SUNRISE   732 AM MST   SUNSET   445 PM MST
NOVEMBER 27 2014......SUNRISE   734 AM MST   SUNSET   445 PM MST


-  INDICATES NEGATIVE NUMBERS.
R  INDICATES RECORD WAS SET OR TIED.
MM INDICATES DATA IS MISSING.
T  INDICATES TRACE AMOUNT.




$$
