000
CDUS45 KRIW 080035
CLIP60


CLIMATE REPORT
NATIONAL WEATHER SERVICE RIVERTON WY
635 PM MDT TUE JUL 7 2015


...................................

...THE LAKE YELLOWSTONE WY CLIMATE SUMMARY FOR JULY 7 2015...
VALID TODAY AS OF 0500 PM LOCAL TIME.

CLIMATE NORMAL PERIOD 1981 TO 2010
CLIMATE RECORD PERIOD 1998 TO 2015


WEATHER ITEM   OBSERVED TIME   RECORD YEAR NORMAL DEPARTURE LAST
                VALUE   (LST)  VALUE       VALUE  FROM      YEAR
                                                  NORMAL
..................................................................
TEMPERATURE (F)
 TODAY
  MAXIMUM         69        MM  80    2002  71     -2       74
  MINIMUM         45    400 AM  29    2010  39      6       42
  AVERAGE         57

PRECIPITATION (IN)
  TODAY            0.00          0.27 2006   0.04  -0.04     0.00
  MONTH TO DATE    0.55                      0.31   0.24     0.01
  SINCE JUN 1      1.46                      2.31  -0.85     2.35
  SINCE JAN 1      9.20                     11.39  -2.19    17.49

DEGREE DAYS
 HEATING
  TODAY            8                        10     -2        7
  MONTH TO DATE   35                        78    -43       62
  SINCE JUN 1    361                       571   -210      648
  SINCE JUL 1     35                        78    -43       62

 COOLING
  TODAY            0                         0      0        0
  MONTH TO DATE    0                         0      0        0
  SINCE JUN 1      1                         0      1        0
  SINCE JAN 1      1                         0      1        0
..................................................................


WIND (MPH)
  HIGHEST WIND SPEED     7   HIGHEST WIND DIRECTION    SE (130)
  HIGHEST GUST SPEED    MM   HIGHEST GUST DIRECTION    MM
  AVERAGE WIND SPEED     2.4


SKY COVER
  POSSIBLE SUNSHINE  MM
  AVERAGE SKY COVER 0.0


WEATHER CONDITIONS
 THE FOLLOWING WEATHER WAS RECORDED TODAY.
  NO SIGNIFICANT WEATHER WAS OBSERVED.


RELATIVE HUMIDITY (PERCENT)
 HIGHEST    93           200 AM
 LOWEST     42           300 PM
 AVERAGE    68

..........................................................


THE LAKE YELLOWSTONE WY CLIMATE NORMALS FOR TOMORROW
                         NORMAL    RECORD    YEAR
 MAXIMUM TEMPERATURE (F)   71        80      2014
 MINIMUM TEMPERATURE (F)   39        31      2010


SUNRISE AND SUNSET
JULY  7 2015..........SUNRISE   544 AM MDT   SUNSET   909 PM MDT
JULY  8 2015..........SUNRISE   545 AM MDT   SUNSET   908 PM MDT


-  INDICATES NEGATIVE NUMBERS.
R  INDICATES RECORD WAS SET OR TIED.
MM INDICATES DATA IS MISSING.
T  INDICATES TRACE AMOUNT.




$$
