000
CDUS45 KRIW 050045
CLIP60


CLIMATE REPORT
NATIONAL WEATHER SERVICE RIVERTON WY
644 PM MDT TUE AUG 4 2015


...................................

...THE LAKE YELLOWSTONE WY CLIMATE SUMMARY FOR AUGUST 4 2015...
VALID TODAY AS OF 0500 PM LOCAL TIME.

CLIMATE NORMAL PERIOD 1981 TO 2010
CLIMATE RECORD PERIOD 1998 TO 2015


WEATHER ITEM   OBSERVED TIME   RECORD YEAR NORMAL DEPARTURE LAST
                VALUE   (LST)  VALUE       VALUE  FROM      YEAR
                                                  NORMAL
..................................................................
TEMPERATURE (F)
 TODAY
  MAXIMUM         71        MM  77    2013  74     -3       61
                                      2010
  MINIMUM         47        MM  29    2012  40      7       41
  AVERAGE         59

PRECIPITATION (IN)
  TODAY            0.00          0.28 2003   0.05  -0.05     0.13
  MONTH TO DATE    0.18                      0.16   0.02     0.71
  SINCE JUN 1      2.22                      3.63  -1.41     4.40
  SINCE JAN 1      9.96                     12.71  -2.75    19.54

DEGREE DAYS
 HEATING
  TODAY            6                         8     -2       14
  MONTH TO DATE   25                        32     -7       44
  SINCE JUN 1    683                       808   -125      895
  SINCE JUL 1    357                       315     42      309

 COOLING
  TODAY            0                         0      0        0
  MONTH TO DATE    0                         0      0        0
  SINCE JUN 1      1                         0      1        0
  SINCE JAN 1      1                         0      1        0
..................................................................


WIND (MPH)
  HIGHEST WIND SPEED     8   HIGHEST WIND DIRECTION     W (260)
  HIGHEST GUST SPEED    MM   HIGHEST GUST DIRECTION    MM
  AVERAGE WIND SPEED     2.5


SKY COVER
  POSSIBLE SUNSHINE  MM
  AVERAGE SKY COVER 0.0


WEATHER CONDITIONS
 THE FOLLOWING WEATHER WAS RECORDED TODAY.
  NO SIGNIFICANT WEATHER WAS OBSERVED.


RELATIVE HUMIDITY (PERCENT)
 HIGHEST    93          1200 AM
 LOWEST     31           300 PM
 AVERAGE    62

..........................................................


THE LAKE YELLOWSTONE WY CLIMATE NORMALS FOR TOMORROW
                         NORMAL    RECORD    YEAR
 MAXIMUM TEMPERATURE (F)   73        82      2012
 MINIMUM TEMPERATURE (F)   40        34      2012


SUNRISE AND SUNSET
AUGUST  4 2015........SUNRISE   611 AM MDT   SUNSET   843 PM MDT
AUGUST  5 2015........SUNRISE   613 AM MDT   SUNSET   842 PM MDT


-  INDICATES NEGATIVE NUMBERS.
R  INDICATES RECORD WAS SET OR TIED.
MM INDICATES DATA IS MISSING.
T  INDICATES TRACE AMOUNT.




$$
