759
CDUS45 KRIW 260728
CLIP60


CLIMATE REPORT
NATIONAL WEATHER SERVICE RIVERTON WY
127 AM MDT MON JUN 26 2017


...................................

...THE LAKE YELLOWSTONE WY CLIMATE SUMMARY FOR JUNE 25 2017...

CLIMATE NORMAL PERIOD 1981 TO 2010
CLIMATE RECORD PERIOD 1998 TO 2017


WEATHER ITEM   OBSERVED TIME   RECORD YEAR NORMAL DEPARTURE LAST
                VALUE   (LST)  VALUE       VALUE  FROM      YEAR
                                                  NORMAL
..................................................................
TEMPERATURE (F)
 YESTERDAY
  MAXIMUM         71    444 PM  79    2012  66      5       62
  MINIMUM         32    522 AM  27    2003  37     -5       30
  AVERAGE         52                        52      0       46

PRECIPITATION (IN)
  YESTERDAY        0.00          0.29 2004   0.05  -0.05     0.00
  MONTH TO DATE    1.19                      1.77  -0.58     0.83
  SINCE JUN 1      1.19                      1.77  -0.58     0.83
  SINCE JAN 1     18.40                     10.85   7.55     9.89

DEGREE DAYS
 HEATING
  YESTERDAY       13                        14     -1       19
  MONTH TO DATE  414                       430    -16      324
  SINCE JUN 1    414                       430    -16      324
  SINCE JUL 1  11413                     11458    -45    11077

 COOLING
  YESTERDAY        0                         0      0        0
  MONTH TO DATE    0                         0      0        0
  SINCE JUN 1      0                         0      0        0
  SINCE JAN 1      0                         0      0        0
..................................................................


WIND (MPH)
  HIGHEST WIND SPEED     9   HIGHEST WIND DIRECTION     E (100)
  HIGHEST GUST SPEED    13   HIGHEST GUST DIRECTION     E (100)
  AVERAGE WIND SPEED     3.3


SKY COVER
  POSSIBLE SUNSHINE  MM
  AVERAGE SKY COVER 0.0


WEATHER CONDITIONS
 THE FOLLOWING WEATHER WAS RECORDED YESTERDAY.
  NO SIGNIFICANT WEATHER WAS OBSERVED.


RELATIVE HUMIDITY (PERCENT)
 HIGHEST    92           500 AM
 LOWEST     22           700 PM
 AVERAGE    57

..........................................................


THE LAKE YELLOWSTONE WY CLIMATE NORMALS FOR TODAY
                         NORMAL    RECORD    YEAR
 MAXIMUM TEMPERATURE (F)   67        80      2015
 MINIMUM TEMPERATURE (F)   37        27      2007
                                             1999


SUNRISE AND SUNSET
JUNE 26 2017..........SUNRISE   538 AM MDT   SUNSET   911 PM MDT
JUNE 27 2017..........SUNRISE   539 AM MDT   SUNSET   911 PM MDT


-  INDICATES NEGATIVE NUMBERS.
R  INDICATES RECORD WAS SET OR TIED.
MM INDICATES DATA IS MISSING.
T  INDICATES TRACE AMOUNT.




$$
