719
CDUS45 KLKN 230945
CLIP68


CLIMATE REPORT
NATIONAL WEATHER SERVICE ELKO NV
143 AM PST THU FEB 23 2017


...................................

...THE EUREKA AIRPORT NV CLIMATE SUMMARY FOR FEBRUARY 22 2017...

CLIMATE NORMAL PERIOD 1981 TO 2010
CLIMATE RECORD PERIOD 1963 TO 2017


WEATHER ITEM   OBSERVED TIME   RECORD YEAR NORMAL DEPARTURE LAST
                VALUE   (LST)  VALUE       VALUE  FROM      YEAR
                                                  NORMAL
..................................................................
TEMPERATURE (F)
 YESTERDAY
  MAXIMUM         36    304 PM  61    1991  45     -9       44
  MINIMUM         20   1159 PM -10    1969  18      2       20
  AVERAGE         28                        31     -3       32

PRECIPITATION (IN)
  YESTERDAY        0.07          0.60 1996   0.03   0.04     0.00
  MONTH TO DATE    0.31                      0.66  -0.35     0.33
  SINCE OCT 1      4.85                      3.53   1.32     6.24
  SINCE JAN 1      2.76                      1.40   1.36     1.97

DEGREE DAYS
 HEATING
  YESTERDAY       37                        34      3       33
  MONTH TO DATE  612                       807   -195      896
  SINCE DEC 1   3194                      3331   -137     3431
  SINCE JUL 1   4607                      5090   -483     4917

 COOLING
  YESTERDAY        0                         0      0        0
  MONTH TO DATE    0                         0      0        0
  SINCE DEC 1      0                         0      0        0
  SINCE JAN 1      0                         0      0        0
..................................................................


WIND (MPH)
  HIGHEST WIND SPEED    29   HIGHEST WIND DIRECTION     W (260)
  HIGHEST GUST SPEED    38   HIGHEST GUST DIRECTION     W (260)
  AVERAGE WIND SPEED     9.2




RELATIVE HUMIDITY (PERCENT)
 HIGHEST    92          1200 AM
 LOWEST     28           400 PM
 AVERAGE    60

..........................................................


THE EUREKA AIRPORT NV CLIMATE NORMALS FOR TODAY
                         NORMAL    RECORD    YEAR
 MAXIMUM TEMPERATURE (F)   45        63      1995
 MINIMUM TEMPERATURE (F)   18        -8      1996


SUNRISE AND SUNSET
FEBRUARY 23 2017......SUNRISE   625 AM PST   SUNSET   530 PM PST
FEBRUARY 24 2017......SUNRISE   623 AM PST   SUNSET   531 PM PST


-  INDICATES NEGATIVE NUMBERS.
R  INDICATES RECORD WAS SET OR TIED.
MM INDICATES DATA IS MISSING.
T  INDICATES TRACE AMOUNT.




$$
