000
CDUS45 KLKN 260931
CLIP68


CLIMATE REPORT
NATIONAL WEATHER SERVICE ELKO NV
229 AM PDT MON SEP 26 2016


...................................

...THE EUREKA AIRPORT NV CLIMATE SUMMARY FOR SEPTEMBER 25 2016...

CLIMATE NORMAL PERIOD 1981 TO 2010
CLIMATE RECORD PERIOD 1963 TO 2016


WEATHER ITEM   OBSERVED TIME   RECORD YEAR NORMAL DEPARTURE LAST
                VALUE   (LST)  VALUE       VALUE  FROM      YEAR
                                                  NORMAL
..................................................................
TEMPERATURE (F)
 YESTERDAY
  MAXIMUM         74    231 PM  88    2015  74      0       88
  MINIMUM         32    519 AM  15    1970  35     -3       48
  AVERAGE         53                        54     -1       68

PRECIPITATION (IN)
  YESTERDAY        0.00          0.20 1997   0.02  -0.02     0.00
  MONTH TO DATE    1.07                      0.48   0.59     1.46
  SINCE OCT 1     13.18                      8.90   4.28     8.20
  SINCE JAN 1      8.91                      6.77   2.14     7.08

DEGREE DAYS
 HEATING
  YESTERDAY       12                        11      1        0
  MONTH TO DATE  172                       158     14       81
  SINCE SEP 1    172                       158     14       81
  SINCE JUL 1    196                       205     -9      109

 COOLING
  YESTERDAY        0                         0      0        3
  MONTH TO DATE    9                         9      0       33
  SINCE SEP 1      9                         9      0       33
  SINCE JAN 1    424                       286    138      506
..................................................................


WIND (MPH)
  HIGHEST WIND SPEED    13   HIGHEST WIND DIRECTION     N (350)
  HIGHEST GUST SPEED    16   HIGHEST GUST DIRECTION     N (10)
  AVERAGE WIND SPEED     5.1




RELATIVE HUMIDITY (PERCENT)
 HIGHEST    82          1200 AM
 LOWEST     19           200 PM
 AVERAGE    51

..........................................................


THE EUREKA AIRPORT NV CLIMATE NORMALS FOR TODAY
                         NORMAL    RECORD    YEAR
 MAXIMUM TEMPERATURE (F)   73        88      2010
 MINIMUM TEMPERATURE (F)   35        17      1970


SUNRISE AND SUNSET
SEPTEMBER 26 2016.....SUNRISE   636 AM PDT   SUNSET   633 PM PDT
SEPTEMBER 27 2016.....SUNRISE   637 AM PDT   SUNSET   632 PM PDT


-  INDICATES NEGATIVE NUMBERS.
R  INDICATES RECORD WAS SET OR TIED.
MM INDICATES DATA IS MISSING.
T  INDICATES TRACE AMOUNT.




$$
