000
CDUS45 KLKN 050928
CLIP68


CLIMATE REPORT
NATIONAL WEATHER SERVICE ELKO NV
127 AM PST THU MAR 5 2015


...................................

...THE EUREKA AIRPORT NV CLIMATE SUMMARY FOR MARCH 4 2015...

CLIMATE NORMAL PERIOD 1981 TO 2010
CLIMATE RECORD PERIOD 1963 TO 2015


WEATHER ITEM   OBSERVED TIME   RECORD YEAR NORMAL DEPARTURE LAST
                VALUE   (LST)  VALUE       VALUE  FROM      YEAR
                                                  NORMAL
..................................................................
TEMPERATURE (F)
 YESTERDAY
  MAXIMUM         40    408 PM  65    1994  48     -8       50
  MINIMUM          5    556 AM  -6    1966  21    -16       29
  AVERAGE         23                        34    -11       40

PRECIPITATION (IN)
  YESTERDAY        0.00          0.24 1990   0.03  -0.03     0.04
  MONTH TO DATE    0.30                      0.12   0.18     0.08
  SINCE OCT 1      2.01                      3.85  -1.84     4.22
  SINCE JAN 1      0.89                      1.72  -0.83     1.82

DEGREE DAYS
 HEATING
  YESTERDAY       42                        31     11       25
  MONTH TO DATE  154                       125     29       99
  SINCE MAR 1    154                       125     29       99
  SINCE JUL 1   4197                      5410  -1213     4903

 COOLING
  YESTERDAY        0                         0      0        0
  MONTH TO DATE    0                         0      0        0
  SINCE MAR 1      0                         0      0        0
  SINCE JAN 1      0                         0      0        0
..................................................................


WIND (MPH)
  HIGHEST WIND SPEED    12   HIGHEST WIND DIRECTION    SW (210)
  HIGHEST GUST SPEED    12   HIGHEST GUST DIRECTION     N (10)
  AVERAGE WIND SPEED     5.8




RELATIVE HUMIDITY (PERCENT)
 HIGHEST    83           600 AM
 LOWEST     34           400 PM
 AVERAGE    59

..........................................................


THE EUREKA AIRPORT NV CLIMATE NORMALS FOR TODAY
                         NORMAL    RECORD    YEAR
 MAXIMUM TEMPERATURE (F)   48        64      2012
 MINIMUM TEMPERATURE (F)   21         2      1966


SUNRISE AND SUNSET
MARCH  5 2015.........SUNRISE   611 AM PST   SUNSET   540 PM PST
MARCH  6 2015.........SUNRISE   610 AM PST   SUNSET   541 PM PST


-  INDICATES NEGATIVE NUMBERS.
R  INDICATES RECORD WAS SET OR TIED.
MM INDICATES DATA IS MISSING.
T  INDICATES TRACE AMOUNT.




$$
