000
CDUS45 KLKN 270933
CLIP68


CLIMATE REPORT
NATIONAL WEATHER SERVICE ELKO NV
229 AM PDT THU JUL 27 2017


...................................

...THE EUREKA AIRPORT NV CLIMATE SUMMARY FOR JULY 26 2017...

CLIMATE NORMAL PERIOD 1981 TO 2010
CLIMATE RECORD PERIOD 1963 TO 2017


WEATHER ITEM   OBSERVED TIME   RECORD YEAR NORMAL DEPARTURE LAST
                VALUE   (LST)  VALUE       VALUE  FROM      YEAR
                                                  NORMAL
..................................................................
TEMPERATURE (F)
 YESTERDAY
  MAXIMUM         81   1114 AM  99    2016  91    -10       99
  MINIMUM         51    505 AM  33    1983  50      1       51
  AVERAGE         66                        70     -4       75

PRECIPITATION (IN)
  YESTERDAY        0.05          0.38 2010   0.03   0.02     0.00
  MONTH TO DATE    0.26                      0.51  -0.25     0.00
  SINCE OCT 1      9.52                      7.72   1.80    12.05
  SINCE JAN 1      7.43                      5.59   1.84     7.78

DEGREE DAYS
 HEATING
  YESTERDAY        0                         0      0        0
  MONTH TO DATE    0                         8     -8       13
  SINCE JUN 1     74                       168    -94       67
  SINCE JUL 1      0                         8     -8       13

 COOLING
  YESTERDAY        1                         6     -5       10
  MONTH TO DATE  222                       117    105      136
  SINCE JUN 1    298                       146    152      227
  SINCE JAN 1    298                       149    149      227
..................................................................


WIND (MPH)
  HIGHEST WIND SPEED    26   HIGHEST WIND DIRECTION    SE (150)
  HIGHEST GUST SPEED    31   HIGHEST GUST DIRECTION    SE (150)
  AVERAGE WIND SPEED     7.5




RELATIVE HUMIDITY (PERCENT)
 HIGHEST    89           400 AM
 LOWEST     28           200 PM
 AVERAGE    59

..........................................................


THE EUREKA AIRPORT NV CLIMATE NORMALS FOR TODAY
                         NORMAL    RECORD    YEAR
 MAXIMUM TEMPERATURE (F)   91       100      2016
                                             2006
 MINIMUM TEMPERATURE (F)   50        35      1993
                                             1983


SUNRISE AND SUNSET
JULY 27 2017..........SUNRISE   539 AM PDT   SUNSET   801 PM PDT
JULY 28 2017..........SUNRISE   540 AM PDT   SUNSET   800 PM PDT


-  INDICATES NEGATIVE NUMBERS.
R  INDICATES RECORD WAS SET OR TIED.
MM INDICATES DATA IS MISSING.
T  INDICATES TRACE AMOUNT.




$$
