554
CDUS45 KLKN 130026
CLIP68


CLIMATE REPORT
NATIONAL WEATHER SERVICE ELKO NV
426 PM PST FRI FEB 12 2016


...................................

...THE EUREKA AIRPORT NV CLIMATE SUMMARY FOR FEBRUARY 12 2016...
VALID TODAY AS OF 0400 PM LOCAL TIME.

CLIMATE NORMAL PERIOD 1981 TO 2010
CLIMATE RECORD PERIOD 1963 TO 2016


WEATHER ITEM   OBSERVED TIME   RECORD YEAR NORMAL DEPARTURE LAST
                VALUE   (LST)  VALUE       VALUE  FROM      YEAR
                                                  NORMAL
..................................................................
TEMPERATURE (F)
 TODAY
  MAXIMUM         41    148 PM  65    2015  42     -1       65
  MINIMUM          8    632 AM -12    1982  15     -7       25
  AVERAGE         25                        28     -3       45

PRECIPITATION (IN)
  TODAY            0.00          0.24 2005   0.03  -0.03     0.00
  MONTH TO DATE    0.05                      0.36  -0.31     0.09
  SINCE OCT 1      5.96                      3.23   2.73     1.47
  SINCE JAN 1      1.69                      1.10   0.59     0.35

DEGREE DAYS
 HEATING
  TODAY           40                        37      3       20
  MONTH TO DATE  608                       456    152      254
  SINCE DEC 1   3143                      2980    163     2225
  SINCE JUL 1   4629                      4739   -110     3565

 COOLING
  TODAY            0                         0      0        0
  MONTH TO DATE    0                         0      0        0
  SINCE DEC 1      0                         0      0        0
  SINCE JAN 1      0                         0      0        0
..................................................................


WIND (MPH)
  HIGHEST WIND SPEED    14   HIGHEST WIND DIRECTION     S (200)
  HIGHEST GUST SPEED    15   HIGHEST GUST DIRECTION    SW (210)




RELATIVE HUMIDITY (PERCENT)
 HIGHEST    84           400 AM
 LOWEST     59           100 PM
 AVERAGE    72

..........................................................


THE EUREKA AIRPORT NV CLIMATE NORMALS FOR TOMORROW
                         NORMAL    RECORD    YEAR
 MAXIMUM TEMPERATURE (F)   42        69      2015
 MINIMUM TEMPERATURE (F)   15       -17      1966


SUNRISE AND SUNSET
FEBRUARY 12 2016......SUNRISE   640 AM PST   SUNSET   517 PM PST
FEBRUARY 13 2016......SUNRISE   639 AM PST   SUNSET   518 PM PST


-  INDICATES NEGATIVE NUMBERS.
R  INDICATES RECORD WAS SET OR TIED.
MM INDICATES DATA IS MISSING.
T  INDICATES TRACE AMOUNT.




$$
