000
CDUS45 KLKN 020932
CLIP68


CLIMATE REPORT
NATIONAL WEATHER SERVICE ELKO NV
131 AM PST FRI DEC 2 2016


...................................

...THE EUREKA AIRPORT NV CLIMATE SUMMARY FOR DECEMBER 1 2016...

CLIMATE NORMAL PERIOD 1981 TO 2010
CLIMATE RECORD PERIOD 1963 TO 2016


WEATHER ITEM   OBSERVED TIME   RECORD YEAR NORMAL DEPARTURE LAST
                VALUE   (LST)  VALUE       VALUE  FROM      YEAR
                                                  NORMAL
..................................................................
TEMPERATURE (F)
 YESTERDAY
  MAXIMUM         32   1119 AM  65    2008  42    -10       39
  MINIMUM         16   1156 PM  -8    1991  15      1        1
  AVERAGE         24                        28     -4       20

PRECIPITATION (IN)
  YESTERDAY        0.01          0.17 1983   0.02  -0.01     0.00
  MONTH TO DATE    0.01                      0.02  -0.01     0.00
  SINCE OCT 1      1.12                      1.54  -0.42     2.58
  SINCE JAN 1     10.03                      8.41   1.62     9.66

DEGREE DAYS
 HEATING
  YESTERDAY       41                        37      4       45
  MONTH TO DATE   41                        37      4       45
  SINCE DEC 1     41                        37      4       45
  SINCE JUL 1   1454                      1796   -342     1531

 COOLING
  YESTERDAY        0                         0      0        0
  MONTH TO DATE    0                         0      0        0
  SINCE DEC 1      0                         0      0        0
  SINCE JAN 1    424                       288    136      516
..................................................................


WIND (MPH)
  HIGHEST WIND SPEED    16   HIGHEST WIND DIRECTION     N (360)
  HIGHEST GUST SPEED    21   HIGHEST GUST DIRECTION     N (360)
  AVERAGE WIND SPEED     4.8




RELATIVE HUMIDITY (PERCENT)
 HIGHEST    88           400 AM
 LOWEST     58           200 PM
 AVERAGE    73

..........................................................


THE EUREKA AIRPORT NV CLIMATE NORMALS FOR TODAY
                         NORMAL    RECORD    YEAR
 MAXIMUM TEMPERATURE (F)   42        57      2008
 MINIMUM TEMPERATURE (F)   14       -11      2004


SUNRISE AND SUNSET
DECEMBER  2 2016......SUNRISE   647 AM PST   SUNSET   420 PM PST
DECEMBER  3 2016......SUNRISE   648 AM PST   SUNSET   420 PM PST


-  INDICATES NEGATIVE NUMBERS.
R  INDICATES RECORD WAS SET OR TIED.
MM INDICATES DATA IS MISSING.
T  INDICATES TRACE AMOUNT.




$$
