000
CDUS45 KLKN 250929
CLIP68


CLIMATE REPORT
NATIONAL WEATHER SERVICE ELKO NV
226 AM PDT THU AUG 25 2016


...................................

...THE EUREKA AIRPORT NV CLIMATE SUMMARY FOR AUGUST 24 2016...

CLIMATE NORMAL PERIOD 1981 TO 2010
CLIMATE RECORD PERIOD 1963 TO 2016


WEATHER ITEM   OBSERVED TIME   RECORD YEAR NORMAL DEPARTURE LAST
                VALUE   (LST)  VALUE       VALUE  FROM      YEAR
                                                  NORMAL
..................................................................
TEMPERATURE (F)
 YESTERDAY
  MAXIMUM         85    339 PM  95    1969  85      0       94
  MINIMUM         41    505 AM  28    1968  46     -5       53
  AVERAGE         63                        66     -3       74

PRECIPITATION (IN)
  YESTERDAY        0.00          0.88 1995   0.02  -0.02     0.00
  MONTH TO DATE    0.00                      0.44  -0.44     0.72
  SINCE OCT 1     12.11                      8.28   3.83     6.74
  SINCE JAN 1      7.84                      6.15   1.69     5.62

DEGREE DAYS
 HEATING
  YESTERDAY        2                         2      0        0
  MONTH TO DATE    3                        18    -15        7
  SINCE JUN 1     70                       191   -121       67
  SINCE JUL 1     16                        31    -15       28

 COOLING
  YESTERDAY        0                         2     -2        9
  MONTH TO DATE  110                        89     21      147
  SINCE JUN 1    400                       261    139      425
  SINCE JAN 1    400                       264    136      433
..................................................................


WIND (MPH)
  HIGHEST WIND SPEED    22   HIGHEST WIND DIRECTION     W (290)
  HIGHEST GUST SPEED    27   HIGHEST GUST DIRECTION    NW (300)
  AVERAGE WIND SPEED     5.6




RELATIVE HUMIDITY (PERCENT)
 HIGHEST    45           300 AM
 LOWEST      8           300 PM
 AVERAGE    27

..........................................................


THE EUREKA AIRPORT NV CLIMATE NORMALS FOR TODAY
                         NORMAL    RECORD    YEAR
 MAXIMUM TEMPERATURE (F)   85        96      2011
                                             2007
 MINIMUM TEMPERATURE (F)   46        30      1989
                                             1963


SUNRISE AND SUNSET
AUGUST 25 2016........SUNRISE   606 AM PDT   SUNSET   725 PM PDT
AUGUST 26 2016........SUNRISE   607 AM PDT   SUNSET   723 PM PDT


-  INDICATES NEGATIVE NUMBERS.
R  INDICATES RECORD WAS SET OR TIED.
MM INDICATES DATA IS MISSING.
T  INDICATES TRACE AMOUNT.




$$
