000
CDUS45 KLKN 210926
CLIP68


CLIMATE REPORT
NATIONAL WEATHER SERVICE ELKO NV
226 AM PDT TUE OCT 21 2014


...................................

...THE EUREKA AIRPORT NV CLIMATE SUMMARY FOR OCTOBER 20 2014...

CLIMATE NORMAL PERIOD 1981 TO 2010
CLIMATE RECORD PERIOD 1963 TO 2014


WEATHER ITEM   OBSERVED TIME   RECORD YEAR NORMAL DEPARTURE LAST
                VALUE   (LST)  VALUE       VALUE  FROM      YEAR
                                                  NORMAL
..................................................................
TEMPERATURE (F)
 YESTERDAY
  MAXIMUM         74    259 PM  81    2003  62     12       68
  MINIMUM         36    601 AM   7    1996  27      9       26
  AVERAGE         55                        45     10       47

PRECIPITATION (IN)
  YESTERDAY        0.00          0.44 2004   0.03  -0.03     0.00
  MONTH TO DATE    0.00                      0.44  -0.44     0.25
  SINCE OCT 1      0.00                      0.44  -0.44     0.25
  SINCE JAN 1      7.94                      7.31   0.63     6.39

DEGREE DAYS
 HEATING
  YESTERDAY       10                        20    -10       18
  MONTH TO DATE  220                       335   -115      394
  SINCE SEP 1    313                       552   -239      584
  SINCE JUL 1    338                       599   -261      585

 COOLING
  YESTERDAY        0                         0      0        0
  MONTH TO DATE    0                         0      0        0
  SINCE SEP 1     37                        11     26       44
  SINCE JAN 1    436                       288    148      585
..................................................................


WIND (MPH)
  HIGHEST WIND SPEED    29   HIGHEST WIND DIRECTION     S (180)
  HIGHEST GUST SPEED    37   HIGHEST GUST DIRECTION     S (190)
  AVERAGE WIND SPEED    12.8




RELATIVE HUMIDITY (PERCENT)
 HIGHEST    64           600 AM
 LOWEST     17          1200 PM
 AVERAGE    41

..........................................................


THE EUREKA AIRPORT NV CLIMATE NORMALS FOR TODAY
                         NORMAL    RECORD    YEAR
 MAXIMUM TEMPERATURE (F)   62        83      2003
 MINIMUM TEMPERATURE (F)   27        -1      1996


SUNRISE AND SUNSET
OCTOBER 21 2014.......SUNRISE   700 AM PDT   SUNSET   556 PM PDT
OCTOBER 22 2014.......SUNRISE   701 AM PDT   SUNSET   555 PM PDT


-  INDICATES NEGATIVE NUMBERS.
R  INDICATES RECORD WAS SET OR TIED.
MM INDICATES DATA IS MISSING.
T  INDICATES TRACE AMOUNT.




$$
