000
CDUS45 KLKN 300939
CLIP68


CLIMATE REPORT
NATIONAL WEATHER SERVICE ELKO NV
236 AM PDT SAT JUL 30 2016


...................................

...THE EUREKA AIRPORT NV CLIMATE SUMMARY FOR JULY 29 2016...

CLIMATE NORMAL PERIOD 1981 TO 2010
CLIMATE RECORD PERIOD 1963 TO 2016


WEATHER ITEM   OBSERVED TIME   RECORD YEAR NORMAL DEPARTURE LAST
                VALUE   (LST)  VALUE       VALUE  FROM      YEAR
                                                  NORMAL
..................................................................
TEMPERATURE (F)
 YESTERDAY
  MAXIMUM         99R   149 PM  97    2000  90      9       92
  MINIMUM         61    448 AM  35    1965  50     11       41
  AVERAGE         80                        70     10       67

PRECIPITATION (IN)
  YESTERDAY        0.00          1.00 1968   0.02  -0.02     0.00
  MONTH TO DATE    0.00                      0.58  -0.58     0.88
  SINCE OCT 1     12.05                      7.79   4.26     6.02
  SINCE JAN 1      7.78                      5.66   2.12     4.90

DEGREE DAYS
 HEATING
  YESTERDAY        0                         0      0        0
  MONTH TO DATE   13                         8      5       21
  SINCE JUN 1     67                       168   -101       60
  SINCE JUL 1     13                         8      5       21

 COOLING
  YESTERDAY       15                         5     10        2
  MONTH TO DATE  175                       132     43      110
  SINCE JUN 1    266                       161    105      267
  SINCE JAN 1    266                       164    102      275
..................................................................


WIND (MPH)
  HIGHEST WIND SPEED    31   HIGHEST WIND DIRECTION    SW (240)
  HIGHEST GUST SPEED    42   HIGHEST GUST DIRECTION     W (250)
  AVERAGE WIND SPEED     6.4




RELATIVE HUMIDITY (PERCENT)
 HIGHEST    39           400 AM
 LOWEST     12           100 PM
 AVERAGE    26

..........................................................


THE EUREKA AIRPORT NV CLIMATE NORMALS FOR TODAY
                         NORMAL    RECORD    YEAR
 MAXIMUM TEMPERATURE (F)   90       101      2000
 MINIMUM TEMPERATURE (F)   50        36      1995


SUNRISE AND SUNSET
JULY 30 2016..........SUNRISE   542 AM PDT   SUNSET   758 PM PDT
JULY 31 2016..........SUNRISE   543 AM PDT   SUNSET   757 PM PDT


-  INDICATES NEGATIVE NUMBERS.
R  INDICATES RECORD WAS SET OR TIED.
MM INDICATES DATA IS MISSING.
T  INDICATES TRACE AMOUNT.




$$
