287
CDUS45 KLKN 170944
CLIP68


CLIMATE REPORT
NATIONAL WEATHER SERVICE ELKO NV
144 AM PST TUE JAN 17 2017


...................................

...THE EUREKA AIRPORT NV CLIMATE SUMMARY FOR JANUARY 16 2017...

CLIMATE NORMAL PERIOD 1981 TO 2010
CLIMATE RECORD PERIOD 1963 TO 2017


WEATHER ITEM   OBSERVED TIME   RECORD YEAR NORMAL DEPARTURE LAST
                VALUE   (LST)  VALUE       VALUE  FROM      YEAR
                                                  NORMAL
..................................................................
TEMPERATURE (F)
 YESTERDAY
  MAXIMUM         27    326 PM  56    2000  37    -10       37
  MINIMUM          2    653 PM -14    1988  10     -8       18
  AVERAGE         15                        24     -9       28

PRECIPITATION (IN)
  YESTERDAY        0.00          0.20 1996   0.03  -0.03     0.03
  MONTH TO DATE    1.90                      0.38   1.52     0.56
  SINCE OCT 1      3.99                      2.51   1.48     4.83
  SINCE JAN 1      1.90                      0.38   1.52     0.56

DEGREE DAYS
 HEATING
  YESTERDAY       50                        41      9       37
  MONTH TO DATE  678                       671      7      711
  SINCE DEC 1   1903                      1918    -15     1937
  SINCE JUL 1   3316                      3677   -361     3423

 COOLING
  YESTERDAY        0                         0      0        0
  MONTH TO DATE    0                         0      0        0
  SINCE DEC 1      0                         0      0        0
  SINCE JAN 1      0                         0      0        0
..................................................................


WIND (MPH)
  HIGHEST WIND SPEED     9   HIGHEST WIND DIRECTION     N (20)
  HIGHEST GUST SPEED    11   HIGHEST GUST DIRECTION     N (10)
  AVERAGE WIND SPEED     2.5




RELATIVE HUMIDITY (PERCENT)
 HIGHEST    92          1000 PM
 LOWEST     63           300 PM
 AVERAGE    78

..........................................................


THE EUREKA AIRPORT NV CLIMATE NORMALS FOR TODAY
                         NORMAL    RECORD    YEAR
 MAXIMUM TEMPERATURE (F)   37        58      2011
 MINIMUM TEMPERATURE (F)   10       -19      1987


SUNRISE AND SUNSET
JANUARY 17 2017.......SUNRISE   701 AM PST   SUNSET   447 PM PST
JANUARY 18 2017.......SUNRISE   701 AM PST   SUNSET   448 PM PST


-  INDICATES NEGATIVE NUMBERS.
R  INDICATES RECORD WAS SET OR TIED.
MM INDICATES DATA IS MISSING.
T  INDICATES TRACE AMOUNT.




$$
