000
CDUS45 KLKN 290932
CLIP68


CLIMATE REPORT
NATIONAL WEATHER SERVICE ELKO NV
231 AM PDT SUN MAR 29 2015


...................................

...THE EUREKA AIRPORT NV CLIMATE SUMMARY FOR MARCH 28 2015...

CLIMATE NORMAL PERIOD 1981 TO 2010
CLIMATE RECORD PERIOD 1963 TO 2015


WEATHER ITEM   OBSERVED TIME   RECORD YEAR NORMAL DEPARTURE LAST
                VALUE   (LST)  VALUE       VALUE  FROM      YEAR
                                                  NORMAL
..................................................................
TEMPERATURE (F)
 YESTERDAY
  MAXIMUM         72R   239 PM  68    1994  54     18       56
  MINIMUM         31   1151 PM  11    1987  25      6       23
  AVERAGE         52                        39     13       40

PRECIPITATION (IN)
  YESTERDAY        0.00          0.68 2006   0.04  -0.04     0.00
  MONTH TO DATE    0.31                      0.83  -0.52     0.25
  SINCE OCT 1      2.02                      4.56  -2.54     4.39
  SINCE JAN 1      0.90                      2.43  -1.53     1.99

DEGREE DAYS
 HEATING
  YESTERDAY       13                        26    -13       25
  MONTH TO DATE  602                       797   -195      699
  SINCE MAR 1    602                       797   -195      699
  SINCE JUL 1   4645                      6082  -1437     5503

 COOLING
  YESTERDAY        0                         0      0        0
  MONTH TO DATE    0                         0      0        0
  SINCE MAR 1      0                         0      0        0
  SINCE JAN 1      0                         0      0        0
..................................................................


WIND (MPH)
  HIGHEST WIND SPEED    21   HIGHEST WIND DIRECTION     N (360)
  HIGHEST GUST SPEED    28   HIGHEST GUST DIRECTION    NW (300)
  AVERAGE WIND SPEED     8.2




RELATIVE HUMIDITY (PERCENT)
 HIGHEST    52           500 AM
 LOWEST      6           200 PM
 AVERAGE    29

..........................................................


THE EUREKA AIRPORT NV CLIMATE NORMALS FOR TODAY
                         NORMAL    RECORD    YEAR
 MAXIMUM TEMPERATURE (F)   54        70      2010
 MINIMUM TEMPERATURE (F)   25         8      1997
                                             1987


SUNRISE AND SUNSET
MARCH 29 2015.........SUNRISE   633 AM PDT   SUNSET   705 PM PDT
MARCH 30 2015.........SUNRISE   632 AM PDT   SUNSET   706 PM PDT


-  INDICATES NEGATIVE NUMBERS.
R  INDICATES RECORD WAS SET OR TIED.
MM INDICATES DATA IS MISSING.
T  INDICATES TRACE AMOUNT.




$$
