000
CDUS45 KLKN 190932
CLIP68


CLIMATE REPORT
NATIONAL WEATHER SERVICE ELKO NV
128 AM PST SUN NOV 19  2017


...................................

...THE EUREKA AIRPORT NV CLIMATE SUMMARY FOR NOVEMBER 18 2017...

CLIMATE NORMAL PERIOD 1981 TO 2010
CLIMATE RECORD PERIOD 1963 TO 2017


WEATHER ITEM   OBSERVED TIME   RECORD YEAR NORMAL DEPARTURE LAST
                VALUE   (LST)  VALUE       VALUE  FROM      YEAR
                                                  NORMAL
..................................................................
TEMPERATURE (F)
 YESTERDAY
  MAXIMUM         43    339 PM  69    2008  48     -5       48
                                      2007
  MINIMUM         11    651 AM -12    1994  19     -8        9
  AVERAGE         27                        34     -7       29

PRECIPITATION (IN)
  YESTERDAY        0.00          0.25 1996   0.03  -0.03     0.00
  MONTH TO DATE    0.24                      0.51  -0.27     0.04
  SINCE OCT 1      0.52                      1.25  -0.73     0.56
  SINCE JAN 1      9.56                      8.12   1.44     9.47

DEGREE DAYS
 HEATING
  YESTERDAY       38                        31      7       36
  MONTH TO DATE  446                       504    -58      379
  SINCE SEP 1   1309                      1304      5     1014
  SINCE JUL 1   1313                      1351    -38     1038

 COOLING
  YESTERDAY        0                         0      0        0
  MONTH TO DATE    0                         0      0        0
  SINCE SEP 1     61                        11     50        9
  SINCE JAN 1    570                       288    282      424
..................................................................


WIND (MPH)
  HIGHEST WIND SPEED    10   HIGHEST WIND DIRECTION     S (180)
  HIGHEST GUST SPEED    12   HIGHEST GUST DIRECTION     S (170)
  AVERAGE WIND SPEED     4.0




RELATIVE HUMIDITY (PERCENT)
 HIGHEST    84           100 AM
 LOWEST     43           300 PM
 AVERAGE    64

..........................................................


THE EUREKA AIRPORT NV CLIMATE NORMALS FOR TODAY
                         NORMAL    RECORD    YEAR
 MAXIMUM TEMPERATURE (F)   48        68      2007
 MINIMUM TEMPERATURE (F)   19        -4      1985


SUNRISE AND SUNSET
NOVEMBER 19 2017......SUNRISE   633 AM PST   SUNSET   426 PM PST
NOVEMBER 20 2017......SUNRISE   634 AM PST   SUNSET   425 PM PST


-  INDICATES NEGATIVE NUMBERS.
R  INDICATES RECORD WAS SET OR TIED.
MM INDICATES DATA IS MISSING.
T  INDICATES TRACE AMOUNT.




$$
