000
CDUS43 KPAH 270632
CLIPAH


CLIMATE REPORT
NATIONAL WEATHER SERVICE PADUCAH KY
1229 AM CST MON FEB 27 2017


...................................

...THE PADUCAH KY CLIMATE SUMMARY FOR FEBRUARY 26 2017...

CLIMATE NORMAL PERIOD 1981 TO 2010
CLIMATE RECORD PERIOD 1937 TO 2017


WEATHER ITEM   OBSERVED TIME   RECORD YEAR NORMAL DEPARTURE LAST
                VALUE   (LST)  VALUE       VALUE  FROM      YEAR
                                                  NORMAL
..................................................................
TEMPERATURE (F)
 YESTERDAY
  MAXIMUM         55    254 PM  73    1996  53      2       44
  MINIMUM         22    452 AM  10    1967  33    -11       28
  AVERAGE         39                        43     -4       36

PRECIPITATION (IN)
  YESTERDAY        0.00          1.50 2000   0.14  -0.14     0.00
  MONTH TO DATE    1.20                      3.65  -2.45     2.91
  SINCE DEC 1      9.71                     11.92  -2.21    12.88
  SINCE JAN 1      3.70                      7.33  -3.63     5.46

SNOWFALL (IN)
  YESTERDAY        0.0           1.3  1989   0.0    0.0      0.0
  MONTH TO DATE    T                         3.0   -3.0      3.7
  SINCE DEC 1      0.2                       8.2   -8.0     12.1
  SINCE JUL 1      0.2                       8.3   -8.1     12.1
  SNOW DEPTH       0

DEGREE DAYS
 HEATING
  YESTERDAY       26                        22      4       29
  MONTH TO DATE  447                       678   -231      645
  SINCE DEC 1   1967                      2474   -507     2074
  SINCE JUL 1   2468                      3251   -783     2618

 COOLING
  YESTERDAY        0                         0      0        0
  MONTH TO DATE    0                         0      0        0
  SINCE DEC 1      0                         0      0        6
  SINCE JAN 1      0                         0      0        0
..................................................................


WIND (MPH)
  HIGHEST WIND SPEED    14   HIGHEST WIND DIRECTION     S (160)
  HIGHEST GUST SPEED    21   HIGHEST GUST DIRECTION     S (180)
  AVERAGE WIND SPEED     5.5


SKY COVER
  POSSIBLE SUNSHINE  MM
  AVERAGE SKY COVER 0.4


WEATHER CONDITIONS
 THE FOLLOWING WEATHER WAS RECORDED YESTERDAY.
  NO SIGNIFICANT WEATHER WAS OBSERVED.


RELATIVE HUMIDITY (PERCENT)
 HIGHEST    81           400 AM
 LOWEST     22           300 PM
 AVERAGE    52

..........................................................


THE PADUCAH KY CLIMATE NORMALS FOR TODAY
                         NORMAL    RECORD    YEAR
 MAXIMUM TEMPERATURE (F)   53        77      1996
                                             1981
 MINIMUM TEMPERATURE (F)   33        11      2015


SUNRISE AND SUNSET
FEBRUARY 27 2017......SUNRISE   628 AM CST   SUNSET   548 PM CST
FEBRUARY 28 2017......SUNRISE   627 AM CST   SUNSET   549 PM CST


-  INDICATES NEGATIVE NUMBERS.
R  INDICATES RECORD WAS SET OR TIED.
MM INDICATES DATA IS MISSING.
T  INDICATES TRACE AMOUNT.

....................................................

***** AGRICULTURAL DATA *****

SOIL TEMPERATURES AT A DEPTH OF FOUR INCHES

UNDER GRASS...  MAX: 52    MIN: 50


$$
