000
CDUS43 KPAH 140632
CLIPAH


CLIMATE REPORT
NATIONAL WEATHER SERVICE PADUCAH KY
1228 AM CST SUN FEB 14 2016


...................................

...THE PADUCAH KY CLIMATE SUMMARY FOR FEBRUARY 13 2016...

CLIMATE NORMAL PERIOD 1981 TO 2010
CLIMATE RECORD PERIOD 1937 TO 2016


WEATHER ITEM   OBSERVED TIME   RECORD YEAR NORMAL DEPARTURE LAST
                VALUE   (LST)  VALUE       VALUE  FROM      YEAR
                                                  NORMAL
..................................................................
TEMPERATURE (F)
 YESTERDAY
  MAXIMUM         30    342 PM  78    1962  48    -18       35
  MINIMUM         16    707 AM   0    1986  29    -13       15
  AVERAGE         23                        39    -16       25

PRECIPITATION (IN)
  YESTERDAY        0.00          6.24 1989   0.14  -0.14     0.00
  MONTH TO DATE    0.45                      1.83  -1.38     0.89
  SINCE DEC 1     10.42                     10.10   0.32     6.34
  SINCE JAN 1      3.00                      5.51  -2.51     3.45

SNOWFALL (IN)
  YESTERDAY        0.0           2.1  1997   0.1   -0.1      0.0
  MONTH TO DATE    1.2                       1.6   -0.4      0.1
  SINCE DEC 1      9.6                       6.8    2.8      0.8
  SINCE JUL 1      9.6                       6.9    2.7      3.6
  SNOW DEPTH       0

DEGREE DAYS
 HEATING
  YESTERDAY       42                        26     16       40
  MONTH TO DATE  368                       362      6      376
  SINCE DEC 1   1797                      2158   -361     2072
  SINCE JUL 1   2341                      2935   -594     3009

 COOLING
  YESTERDAY        0                         0      0        0
  MONTH TO DATE    0                         0      0        0
  SINCE DEC 1      6                         0      6        0
  SINCE JAN 1      0                         0      0        0
..................................................................


WIND (MPH)
  HIGHEST WIND SPEED    20   HIGHEST WIND DIRECTION     N (350)
  HIGHEST GUST SPEED    24   HIGHEST GUST DIRECTION     N (360)
  AVERAGE WIND SPEED    10.1


SKY COVER
  POSSIBLE SUNSHINE  MM
  AVERAGE SKY COVER 0.4


WEATHER CONDITIONS
 THE FOLLOWING WEATHER WAS RECORDED YESTERDAY.
  NO SIGNIFICANT WEATHER WAS OBSERVED.


RELATIVE HUMIDITY (PERCENT)
 HIGHEST    67           700 AM
 LOWEST     31           100 PM
 AVERAGE    49

..........................................................


THE PADUCAH KY CLIMATE NORMALS FOR TODAY
                         NORMAL    RECORD    YEAR
 MAXIMUM TEMPERATURE (F)   49        72      1990
                                             1938
 MINIMUM TEMPERATURE (F)   29        10      1971


SUNRISE AND SUNSET
FEBRUARY 14 2016......SUNRISE   645 AM CST   SUNSET   534 PM CST
FEBRUARY 15 2016......SUNRISE   644 AM CST   SUNSET   535 PM CST


-  INDICATES NEGATIVE NUMBERS.
R  INDICATES RECORD WAS SET OR TIED.
MM INDICATES DATA IS MISSING.
T  INDICATES TRACE AMOUNT.

&&
.........................................................
***** AGRICULTURAL DATA *****

SOIL TEMPERATURES AT A DEPTH OF FOUR INCHES

UNDER GRASS...   MAX: 40  MIN: 39

$$
