922
CDUS43 KPAH 220639
CLIPAH


CLIMATE REPORT
NATIONAL WEATHER SERVICE PADUCAH KY
1235 AM CST THU FEB 22 2018


...................................

...THE PADUCAH KY CLIMATE SUMMARY FOR FEBRUARY 21 2018...

CLIMATE NORMAL PERIOD 1981 TO 2010
CLIMATE RECORD PERIOD 1937 TO 2018


WEATHER ITEM   OBSERVED TIME   RECORD YEAR NORMAL DEPARTURE LAST
                VALUE   (LST)  VALUE       VALUE  FROM      YEAR
                                                  NORMAL
..................................................................
TEMPERATURE (F)
 YESTERDAY
  MAXIMUM         73R  1225 AM  71    1983  51     22       64
  MINIMUM         38    949 AM   1    1963  31      7       56
  AVERAGE         56                        41     15       60

PRECIPITATION (IN)
  YESTERDAY        1.70          2.07 1974   0.14   1.56      T
  MONTH TO DATE    3.91                      2.94   0.97     1.15
  SINCE DEC 1     11.18                     11.21  -0.03     9.66
  SINCE JAN 1      7.91                      6.62   1.29     3.65

SNOWFALL (IN)
  YESTERDAY       MM             0.2  2008   0.1   MM        0.0
  MONTH TO DATE    0.1                       2.6   -2.5       T
  SINCE DEC 1     12.5                       7.8    4.7      0.2
  SINCE JUL 1     12.5                       7.9    4.6      0.2
  SNOW DEPTH       0

DEGREE DAYS
 HEATING
  YESTERDAY        9                        24    -15        5
  MONTH TO DATE  492                       563    -71      387
  SINCE DEC 1   2383                      2359     24     1907
  SINCE JUL 1   3066                      3136    -70     2408

 COOLING
  YESTERDAY        0                         0      0        0
  MONTH TO DATE   11                         0     11        0
  SINCE DEC 1     11                         0     11        0
  SINCE JAN 1     11                         0     11        0
..................................................................


WIND (MPH)
  HIGHEST WIND SPEED    24   HIGHEST WIND DIRECTION    NW (330)
  HIGHEST GUST SPEED    34   HIGHEST GUST DIRECTION     N (360)
  AVERAGE WIND SPEED    12.3


SKY COVER
  POSSIBLE SUNSHINE  MM
  AVERAGE SKY COVER 0.8


WEATHER CONDITIONS
 THE FOLLOWING WEATHER WAS RECORDED YESTERDAY.
  HEAVY RAIN
  RAIN
  LIGHT RAIN
  FOG


RELATIVE HUMIDITY (PERCENT)
 HIGHEST    93           200 AM
 LOWEST     64          1200 AM
 AVERAGE    79

..........................................................


THE PADUCAH KY CLIMATE NORMALS FOR TODAY
                         NORMAL    RECORD    YEAR
 MAXIMUM TEMPERATURE (F)   51        72      2017
                                             1992
 MINIMUM TEMPERATURE (F)   31        -3      1963


SUNRISE AND SUNSET
FEBRUARY 22 2018......SUNRISE   635 AM CST   SUNSET   542 PM CST
FEBRUARY 23 2018......SUNRISE   634 AM CST   SUNSET   543 PM CST


-  INDICATES NEGATIVE NUMBERS.
R  INDICATES RECORD WAS SET OR TIED.
MM INDICATES DATA IS MISSING.
T  INDICATES TRACE AMOUNT.

&&
...........................................................
***** AGRICULTURAL DATA *****

SOIL TEMPERATURES AT A DEPTH OF FOUR INCHES

UNDER GRASS... MAX: 51    MIN: 50


$$
