000
CDUS44 KLZK 170646
CLIPBF


CLIMATE REPORT
NATIONAL WEATHER SERVICE LITTLE ROCK AR
1246 AM CST SUN DEC 17 2017


...................................

...THE PINE BLUFF CLIMATE SUMMARY FOR DECEMBER 16 2017...

CLIMATE NORMAL PERIOD 1981 TO 2010
CLIMATE RECORD PERIOD 1883 TO 2017


WEATHER ITEM   OBSERVED TIME   RECORD YEAR NORMAL DEPARTURE LAST
                VALUE   (LST)  VALUE       VALUE  FROM      YEAR
                                                  NORMAL
..................................................................
TEMPERATURE (F)
 YESTERDAY
  MAXIMUM         57    229 PM  83    1924  53      4       62
  MINIMUM         30    746 AM   8    1901  35     -5       27
  AVERAGE         44                        44      0       45

PRECIPITATION (IN)
  YESTERDAY        0.06          3.25 2001   0.18  -0.12      T
  MONTH TO DATE    1.12                      2.99  -1.87     1.44
  SINCE DEC 1      1.12                      2.99  -1.87     1.44
  SINCE JAN 1     43.64                     48.70  -5.06    51.24

SNOWFALL (IN)
  YESTERDAY       MM             4.1  1932   0.0   MM        0.0
  MONTH TO DATE    0.0                       0.1   -0.1      0.0
  SINCE DEC 1      0.0                       0.1   -0.1      0.0
  SINCE JUL 1      0.0                       0.1   -0.1      0.0
  SNOW DEPTH       0

DEGREE DAYS
 HEATING
  YESTERDAY       21                        21      0       20
  MONTH TO DATE  304                       314    -10      349
  SINCE DEC 1    304                       314    -10      349
  SINCE JUL 1    767                       818    -51      646

 COOLING
  YESTERDAY        0                         0      0        0
  MONTH TO DATE    0                         0      0        0
  SINCE DEC 1      0                         0      0        0
  SINCE JAN 1   2094                      2131    -37     2328
..................................................................


WIND (MPH)
  HIGHEST WIND SPEED    16   HIGHEST WIND DIRECTION     S (190)
  HIGHEST GUST SPEED    21   HIGHEST GUST DIRECTION     S (190)
  AVERAGE WIND SPEED     6.7


SKY COVER
  POSSIBLE SUNSHINE  MM
  AVERAGE SKY COVER 0.2


WEATHER CONDITIONS
 THE FOLLOWING WEATHER WAS RECORDED YESTERDAY.
  RAIN
  LIGHT RAIN
  FOG


RELATIVE HUMIDITY (PERCENT)
 HIGHEST    85           400 AM
 LOWEST     35           100 PM
 AVERAGE    60

..........................................................


THE PINE BLUFF CLIMATE NORMALS FOR TODAY
                         NORMAL    RECORD    YEAR
 MAXIMUM TEMPERATURE (F)   53        81      1924
 MINIMUM TEMPERATURE (F)   34        12      1983


SUNRISE AND SUNSET
DECEMBER 17 2017......SUNRISE   708 AM CST   SUNSET   500 PM CST
DECEMBER 18 2017......SUNRISE   708 AM CST   SUNSET   501 PM CST


-  INDICATES NEGATIVE NUMBERS.
R  INDICATES RECORD WAS SET OR TIED.
MM INDICATES DATA IS MISSING.
T  INDICATES TRACE AMOUNT.




$$
