000
CDUS44 KLZK 260640
CLIPBF


CLIMATE REPORT
NATIONAL WEATHER SERVICE LITTLE ROCK AR
1239 AM CST SUN FEB 26 2017


...................................

...THE PINE BLUFF CLIMATE SUMMARY FOR FEBRUARY 25 2017...

CLIMATE NORMAL PERIOD 1981 TO 2010
CLIMATE RECORD PERIOD 1883 TO 2017


WEATHER ITEM   OBSERVED TIME   RECORD YEAR NORMAL DEPARTURE LAST
                VALUE   (LST)  VALUE       VALUE  FROM      YEAR
                                                  NORMAL
..................................................................
TEMPERATURE (F)
 YESTERDAY
  MAXIMUM         52    431 PM  92    1918  59     -7       53
  MINIMUM         34    648 AM  14    1965  39     -5       33
  AVERAGE         43                        49     -6       43

PRECIPITATION (IN)
  YESTERDAY        0.00          2.05 1992   0.16  -0.16     0.00
  MONTH TO DATE    2.38                      3.55  -1.17     4.12
  SINCE DEC 1      9.83                     12.75  -2.92    11.39
  SINCE JAN 1      5.25                      7.31  -2.06     6.05

SNOWFALL (IN)
  YESTERDAY        0.0           6.0  2015   0.0    0.0      0.0
  MONTH TO DATE    0.0                       0.6   -0.6      0.0
  SINCE DEC 1      1.5                       3.1   -1.6      3.6
  SINCE JUL 1      1.5                       3.1   -1.6      3.6
  SNOW DEPTH       0

DEGREE DAYS
 HEATING
  YESTERDAY       22                        16      6       22
  MONTH TO DATE  276                       480   -204      417
  SINCE DEC 1   1388                      1834   -446     1521
  SINCE JUL 1   1685                      2338   -653     1860

 COOLING
  YESTERDAY        0                         0      0        0
  MONTH TO DATE   12                         0     12        2
  SINCE DEC 1     22                         2     20       14
  SINCE JAN 1     17                         1     16        4
..................................................................


WIND (MPH)
  HIGHEST WIND SPEED    21   HIGHEST WIND DIRECTION    NW (300)
  HIGHEST GUST SPEED    27   HIGHEST GUST DIRECTION     N (340)
  AVERAGE WIND SPEED     6.9


SKY COVER
  POSSIBLE SUNSHINE  MM
  AVERAGE SKY COVER 0.0


WEATHER CONDITIONS
 THE FOLLOWING WEATHER WAS RECORDED YESTERDAY.
  NO SIGNIFICANT WEATHER WAS OBSERVED.


RELATIVE HUMIDITY (PERCENT)
 HIGHEST    73           900 PM
 LOWEST     28           300 PM
 AVERAGE    51

..........................................................


THE PINE BLUFF CLIMATE NORMALS FOR TODAY
                         NORMAL    RECORD    YEAR
 MAXIMUM TEMPERATURE (F)   59        85      1917
 MINIMUM TEMPERATURE (F)   39        20      1891


SUNRISE AND SUNSET
FEBRUARY 26 2017......SUNRISE   640 AM CST   SUNSET   602 PM CST
FEBRUARY 27 2017......SUNRISE   639 AM CST   SUNSET   603 PM CST


-  INDICATES NEGATIVE NUMBERS.
R  INDICATES RECORD WAS SET OR TIED.
MM INDICATES DATA IS MISSING.
T  INDICATES TRACE AMOUNT.




$$
