000
CDUS44 KLZK 172217
CLIPBF


CLIMATE REPORT
NATIONAL WEATHER SERVICE LITTLE ROCK AR
417 PM CST WED DEC 17 2014


...................................

...THE PINE BLUFF CLIMATE SUMMARY FOR DECEMBER 17 2014...
VALID TODAY AS OF 0400 PM LOCAL TIME.

CLIMATE NORMAL PERIOD 1981 TO 2010
CLIMATE RECORD PERIOD 1883 TO 2014


WEATHER ITEM   OBSERVED TIME   RECORD YEAR NORMAL DEPARTURE LAST
                VALUE   (LST)  VALUE       VALUE  FROM      YEAR
                                                  NORMAL
..................................................................
TEMPERATURE (F)
 TODAY
  MAXIMUM         42    222 PM  81    1924  53    -11       66
  MINIMUM         32    714 AM  12    1983  34     -2       36
  AVERAGE         37                        44     -7       51

PRECIPITATION (IN)
  TODAY            0.00          2.12 1933   0.17  -0.17     0.00
  MONTH TO DATE    0.68                      3.16  -2.48     2.72
  SINCE DEC 1      0.68                      3.16  -2.48     2.72
  SINCE JAN 1     40.89                     48.87  -7.98    47.65

SNOWFALL (IN)
  TODAY            0.0           2.0  1983   0.0    0.0      0.0
  MONTH TO DATE    0.0                       0.1   -0.1      0.2
  SINCE DEC 1      0.0                       0.1   -0.1      0.2
  SINCE JUL 1      0.1                       0.1    0.0      0.2
  SNOW DEPTH       0

DEGREE DAYS
 HEATING
  TODAY           28                        21      7       14
  MONTH TO DATE  296                       335    -39      388
  SINCE DEC 1    296                       335    -39      388
  SINCE JUL 1    900                       839     61      988

 COOLING
  TODAY            0                         0      0        0
  MONTH TO DATE    0                         0      0        0
  SINCE DEC 1      0                         0      0        0
  SINCE JAN 1   1901                      2131   -230     2148
..................................................................


WIND (MPH)
  HIGHEST WIND SPEED     9   HIGHEST WIND DIRECTION    NE (50)
  HIGHEST GUST SPEED    12   HIGHEST GUST DIRECTION     N (340)
  AVERAGE WIND SPEED     5.4


SKY COVER
  POSSIBLE SUNSHINE  MM
  AVERAGE SKY COVER 0.1


WEATHER CONDITIONS
 THE FOLLOWING WEATHER WAS RECORDED TODAY.
  LIGHT SNOW


RELATIVE HUMIDITY (PERCENT)
 HIGHEST    85           600 AM
 LOWEST     62           100 PM
 AVERAGE    74

..........................................................


THE PINE BLUFF CLIMATE NORMALS FOR TOMORROW
                         NORMAL    RECORD    YEAR
 MAXIMUM TEMPERATURE (F)   52        78      1984
 MINIMUM TEMPERATURE (F)   34         8      1932
                                             1901


SUNRISE AND SUNSET
DECEMBER 17 2014......SUNRISE   707 AM CST   SUNSET   500 PM CST
DECEMBER 18 2014......SUNRISE   708 AM CST   SUNSET   501 PM CST


-  INDICATES NEGATIVE NUMBERS.
R  INDICATES RECORD WAS SET OR TIED.
MM INDICATES DATA IS MISSING.
T  INDICATES TRACE AMOUNT.




$$
