000
CDUS44 KLZK 170636
CLIPBF


CLIMATE REPORT
NATIONAL WEATHER SERVICE LITTLE ROCK AR
1235 AM CST TUE JAN 17 2017


...................................

...THE PINE BLUFF CLIMATE SUMMARY FOR JANUARY 16 2017...

CLIMATE NORMAL PERIOD 1981 TO 2010
CLIMATE RECORD PERIOD 1883 TO 2017


WEATHER ITEM   OBSERVED TIME   RECORD YEAR NORMAL DEPARTURE LAST
                VALUE   (LST)  VALUE       VALUE  FROM      YEAR
                                                  NORMAL
..................................................................
TEMPERATURE (F)
 YESTERDAY
  MAXIMUM         69    456 PM  81    1943  52     17       43
  MINIMUM         47    458 AM  12    1905  33     14       35
  AVERAGE         58                        42     16       39

PRECIPITATION (IN)
  YESTERDAY        0.34          1.76 1949   0.12   0.22     0.00
  MONTH TO DATE    1.29                      1.89  -0.60     0.91
  SINCE DEC 1      5.87                      7.33  -1.46     6.25
  SINCE JAN 1      1.29                      1.89  -0.60     0.91

SNOWFALL (IN)
  YESTERDAY        0.0           5.0  1946   0.1   -0.1      0.0
  MONTH TO DATE    1.5                       0.6    0.9      0.0
  SINCE DEC 1      1.5                       0.8    0.7      0.0
  SINCE JUL 1      1.5                       0.8    0.7      0.0
  SNOW DEPTH       0

DEGREE DAYS
 HEATING
  YESTERDAY        7                        23    -16       26
  MONTH TO DATE  312                       368    -56      353
  SINCE DEC 1    923                      1017    -94      756
  SINCE JUL 1   1220                      1521   -301     1095

 COOLING
  YESTERDAY        0                         0      0        0
  MONTH TO DATE    5                         0      5        0
  SINCE DEC 1     10                         1      9       10
  SINCE JAN 1      5                         0      5        0
..................................................................


WIND (MPH)
  HIGHEST WIND SPEED    33   HIGHEST WIND DIRECTION    SW (240)
  HIGHEST GUST SPEED    47   HIGHEST GUST DIRECTION     S (170)
  AVERAGE WIND SPEED     9.9


SKY COVER
  POSSIBLE SUNSHINE  MM
  AVERAGE SKY COVER 1.0


WEATHER CONDITIONS
 THE FOLLOWING WEATHER WAS RECORDED YESTERDAY.
  RAIN
  LIGHT RAIN
  FOG
  FOG W/VISIBILITY <= 1/4 MILE


RELATIVE HUMIDITY (PERCENT)
 HIGHEST   100          1200 AM
 LOWEST     78           400 PM
 AVERAGE    89

..........................................................


THE PINE BLUFF CLIMATE NORMALS FOR TODAY
                         NORMAL    RECORD    YEAR
 MAXIMUM TEMPERATURE (F)   52        77      1952
 MINIMUM TEMPERATURE (F)   33         5      1982


SUNRISE AND SUNSET
JANUARY 17 2017.......SUNRISE   713 AM CST   SUNSET   524 PM CST
JANUARY 18 2017.......SUNRISE   712 AM CST   SUNSET   524 PM CST


-  INDICATES NEGATIVE NUMBERS.
R  INDICATES RECORD WAS SET OR TIED.
MM INDICATES DATA IS MISSING.
T  INDICATES TRACE AMOUNT.




$$
