000
CDUS44 KLZK 080634
CLIPBF


CLIMATE REPORT
NATIONAL WEATHER SERVICE LITTLE ROCK AR
1234 AM CST MON FEB 8 2016


...................................

...THE PINE BLUFF CLIMATE SUMMARY FOR FEBRUARY 7 2016...

CLIMATE NORMAL PERIOD 1981 TO 2010
CLIMATE RECORD PERIOD 1883 TO 2016


WEATHER ITEM   OBSERVED TIME   RECORD YEAR NORMAL DEPARTURE LAST
                VALUE   (LST)  VALUE       VALUE  FROM      YEAR
                                                  NORMAL
..................................................................
TEMPERATURE (F)
 YESTERDAY
  MAXIMUM         60    446 PM  76    1926  54      6       66
  MINIMUM         28    405 AM  13    1914  35     -7       35
  AVERAGE         44                        44      0       51

PRECIPITATION (IN)
  YESTERDAY        0.00          1.62 1973   0.14  -0.14     0.00
  MONTH TO DATE    0.00                      0.91  -0.91     0.58
  SINCE DEC 1      7.27                     10.11  -2.84     5.39
  SINCE JAN 1      1.93                      4.67  -2.74     4.19

SNOWFALL (IN)
  YESTERDAY        0.0           5.5  1979   0.0    0.0      0.0
  MONTH TO DATE    0.0                       0.3   -0.3      0.0
  SINCE DEC 1      3.6                       2.8    0.8       T
  SINCE JUL 1      3.6                       2.8    0.8      0.1
  SNOW DEPTH       0

DEGREE DAYS
 HEATING
  YESTERDAY       21                        21      0       14
  MONTH TO DATE  121                       148    -27      173
  SINCE DEC 1   1225                      1502   -277     1533
  SINCE JUL 1   1564                      2006   -442     2137

 COOLING
  YESTERDAY        0                         0      0        0
  MONTH TO DATE    0                         0      0        0
  SINCE DEC 1     12                         2     10        0
  SINCE JAN 1      2                         1      1        0
..................................................................


WIND (MPH)
  HIGHEST WIND SPEED    20   HIGHEST WIND DIRECTION    SW (220)
  HIGHEST GUST SPEED    24   HIGHEST GUST DIRECTION    SW (220)
  AVERAGE WIND SPEED     7.7


SKY COVER
  POSSIBLE SUNSHINE  MM
  AVERAGE SKY COVER 0.0


WEATHER CONDITIONS
 THE FOLLOWING WEATHER WAS RECORDED YESTERDAY.
  NO SIGNIFICANT WEATHER WAS OBSERVED.


RELATIVE HUMIDITY (PERCENT)
 HIGHEST    85           200 AM
 LOWEST     28           200 PM
 AVERAGE    57

..........................................................


THE PINE BLUFF CLIMATE NORMALS FOR TODAY
                         NORMAL    RECORD    YEAR
 MAXIMUM TEMPERATURE (F)   54        80      1918
 MINIMUM TEMPERATURE (F)   35         8      1933


SUNRISE AND SUNSET
FEBRUARY  8 2016......SUNRISE   700 AM CST   SUNSET   544 PM CST
FEBRUARY  9 2016......SUNRISE   659 AM CST   SUNSET   545 PM CST


-  INDICATES NEGATIVE NUMBERS.
R  INDICATES RECORD WAS SET OR TIED.
MM INDICATES DATA IS MISSING.
T  INDICATES TRACE AMOUNT.




$$
