000
CDUS44 KLZK 200651
CLIPBF


CLIMATE REPORT
NATIONAL WEATHER SERVICE LITTLE ROCK AR
150 AM CDT SUN AUG 20 2017


...................................

...THE PINE BLUFF CLIMATE SUMMARY FOR AUGUST 19 2017...

CLIMATE NORMAL PERIOD 1981 TO 2010
CLIMATE RECORD PERIOD 1883 TO 2017


WEATHER ITEM   OBSERVED TIME   RECORD YEAR NORMAL DEPARTURE LAST
                VALUE   (LST)  VALUE       VALUE  FROM      YEAR
                                                  NORMAL
..................................................................
TEMPERATURE (F)
 YESTERDAY
  MAXIMUM         95    445 PM 107    1925  92      3       86
  MINIMUM         71    436 AM  62    1976  71      0       72
  AVERAGE         83                        81      2       79

PRECIPITATION (IN)
  YESTERDAY        0.16          3.10 1905   0.08   0.08      T
  MONTH TO DATE    2.35                      1.65   0.70     6.04
  SINCE JUN 1     11.14                      9.16   1.98    11.93
  SINCE JAN 1     36.26                     32.36   3.90    42.93

SNOWFALL (IN)
  YESTERDAY        0.0          MM      MM   0.0    0.0      0.0
  MONTH TO DATE    0.0                       0.0    0.0      0.0
  SINCE JUN 1      0.0                       0.0    0.0      0.0
  SINCE JUL 1      0.0                       0.0    0.0      0.0
  SNOW DEPTH       0

DEGREE DAYS
 HEATING
  YESTERDAY        0                         0      0        0
  MONTH TO DATE    0                         0      0        0
  SINCE JUN 1      0                         0      0        0
  SINCE JUL 1      0                         0      0        0

 COOLING
  YESTERDAY       18                        16      2       14
  MONTH TO DATE  273                       319    -46      324
  SINCE JUN 1   1145                      1269   -124     1355
  SINCE JAN 1   1488                      1576    -88     1603
..................................................................


WIND (MPH)
  HIGHEST WIND SPEED    12   HIGHEST WIND DIRECTION    SE (120)
  HIGHEST GUST SPEED    14   HIGHEST GUST DIRECTION     W (260)
  AVERAGE WIND SPEED     4.2


SKY COVER
  POSSIBLE SUNSHINE  MM
  AVERAGE SKY COVER 0.1


WEATHER CONDITIONS
 THE FOLLOWING WEATHER WAS RECORDED YESTERDAY.
  THUNDERSTORM
  HEAVY RAIN
  RAIN
  LIGHT RAIN
  FOG


RELATIVE HUMIDITY (PERCENT)
 HIGHEST    94          1000 PM
 LOWEST     52           200 PM
 AVERAGE    73

..........................................................


THE PINE BLUFF CLIMATE NORMALS FOR TODAY
                         NORMAL    RECORD    YEAR
 MAXIMUM TEMPERATURE (F)   92       108      1925
 MINIMUM TEMPERATURE (F)   70        60      1953
                                             1940
                                             1927


SUNRISE AND SUNSET
AUGUST 20 2017........SUNRISE   633 AM CDT   SUNSET   749 PM CDT
AUGUST 21 2017........SUNRISE   634 AM CDT   SUNSET   747 PM CDT


-  INDICATES NEGATIVE NUMBERS.
R  INDICATES RECORD WAS SET OR TIED.
MM INDICATES DATA IS MISSING.
T  INDICATES TRACE AMOUNT.




$$
