000
CDUS42 KMFL 072050
CLIPBI


CLIMATE REPORT
NATIONAL WEATHER SERVICE MIAMI, FL
449 PM EDT TUE JUL 7 2015


...................................

...THE WEST PALM BEACH CLIMATE SUMMARY FOR JULY 7 2015...
VALID TODAY AS OF 0400 PM LOCAL TIME.

CLIMATE NORMAL PERIOD 1981 TO 2010
CLIMATE RECORD PERIOD 1888 TO 2015


WEATHER ITEM   OBSERVED TIME   RECORD YEAR NORMAL DEPARTURE LAST
                VALUE   (LST)  VALUE       VALUE  FROM      YEAR
                                                  NORMAL
..................................................................
TEMPERATURE (F)
 TODAY
  MAXIMUM         87    240 PM  97    1980  90     -3       87
  MINIMUM         78    623 AM  67    1922  75      3       76
  AVERAGE         83                        82      1       82

PRECIPITATION (IN)
  TODAY            0.00          2.25 1948   0.21  -0.21     0.36
  MONTH TO DATE    0.50                      1.51  -1.01     2.36
  SINCE JUN 1      4.52                      9.81  -5.29    10.34
  SINCE JAN 1     18.27                     28.52 -10.25    28.06

SNOWFALL (IN)
  TODAY            0.0
  MONTH TO DATE    0.0
  SINCE JUN 1      0.0
  SINCE JUL 1      0.0
  SNOW DEPTH       0

DEGREE DAYS
 HEATING
  TODAY            0                         0      0        0
  MONTH TO DATE    0                         0      0        0
  SINCE JUN 1      0                         0      0        0
  SINCE JUL 1      0                         0      0        0

 COOLING
  TODAY           18                        17      1       17
  MONTH TO DATE  123                       119      4      127
  SINCE JUN 1    658                       609     49      615
  SINCE JAN 1   2192                      1718    474     1967
..................................................................


WIND (MPH)
  HIGHEST WIND SPEED    16   HIGHEST WIND DIRECTION    SE (130)
  HIGHEST GUST SPEED    21   HIGHEST GUST DIRECTION    SE (130)
  AVERAGE WIND SPEED     6.6


SKY COVER
  AVERAGE SKY COVER 0.6


WEATHER CONDITIONS
 THE FOLLOWING WEATHER WAS RECORDED TODAY.
  THUNDERSTORM


RELATIVE HUMIDITY (PERCENT)
 HIGHEST    85
 LOWEST     65
 AVERAGE    75

..........................................................


THE WEST PALM BEACH CLIMATE NORMALS FOR TOMORROW
                         NORMAL    RECORD    YEAR
 MAXIMUM TEMPERATURE (F)   90        96      1963
 MINIMUM TEMPERATURE (F)   75        69      1943
                                             1923


SUNRISE AND SUNSET
JULY  7 2015..........SUNRISE   633 AM EDT   SUNSET   818 PM EDT
JULY  8 2015..........SUNRISE   633 AM EDT   SUNSET   818 PM EDT


-  INDICATES NEGATIVE NUMBERS.
R  INDICATES RECORD WAS SET OR TIED.
MM INDICATES DATA IS MISSING.
T  INDICATES TRACE AMOUNT.




$$
