000
CDUS42 KMFL 260825
CLIPBI


CLIMATE REPORT
NATIONAL WEATHER SERVICE MIAMI, FL
425 AM EDT MON JUN 26 2017


...................................

...THE WEST PALM BEACH CLIMATE SUMMARY FOR JUNE 25 2017...

CLIMATE NORMAL PERIOD 1981 TO 2010
CLIMATE RECORD PERIOD 1888 TO 2017


WEATHER ITEM   OBSERVED TIME   RECORD YEAR NORMAL DEPARTURE LAST
                VALUE   (LST)  VALUE       VALUE  FROM      YEAR
                                                  NORMAL
..................................................................
TEMPERATURE (F)
 YESTERDAY
  MAXIMUM         90    202 PM  98    1944  89      1       91
  MINIMUM         80    515 AM  66    1940  75      5       81
  AVERAGE         85                        82      3       86

PRECIPITATION (IN)
  YESTERDAY        T             2.45 1907   0.27  -0.27     0.00
  MONTH TO DATE   10.29                      6.95   3.34     4.52
  SINCE JUN 1     10.29                      6.95   3.34     4.52
  SINCE JAN 1     21.70                     25.66  -3.96    25.91

SNOWFALL (IN)
  YESTERDAY        0.0
  MONTH TO DATE    0.0
  SINCE JUN 1      0.0
  SINCE JUL 1      0.0
  SNOW DEPTH       0

DEGREE DAYS
 HEATING
  YESTERDAY        0                         0      0        0
  MONTH TO DATE    0                         0      0        0
  SINCE JUN 1      0                         0      0        0
  SINCE JUL 1     68                       233   -165      135

 COOLING
  YESTERDAY       20                        17      3       21
  MONTH TO DATE  415                       407      8      453
  SINCE JUN 1    415                       407      8      453
  SINCE JAN 1   1739                      1516    223     1734
..................................................................


WIND (MPH)
  HIGHEST WIND SPEED    20   HIGHEST WIND DIRECTION    SE (140)
  HIGHEST GUST SPEED    24   HIGHEST GUST DIRECTION    SE (120)
  AVERAGE WIND SPEED     8.8


SKY COVER
  AVERAGE SKY COVER 0.6


WEATHER CONDITIONS
 THE FOLLOWING WEATHER WAS RECORDED YESTERDAY.
  NO SIGNIFICANT WEATHER WAS OBSERVED.


RELATIVE HUMIDITY (PERCENT)
 HIGHEST    79
 LOWEST     59
 AVERAGE    69

..........................................................


THE WEST PALM BEACH CLIMATE NORMALS FOR TODAY
                         NORMAL    RECORD    YEAR
 MAXIMUM TEMPERATURE (F)   89        97      1950
 MINIMUM TEMPERATURE (F)   75        67      1922


SUNRISE AND SUNSET
JUNE 26 2017..........SUNRISE   629 AM EDT   SUNSET   818 PM EDT
JUNE 27 2017..........SUNRISE   629 AM EDT   SUNSET   818 PM EDT


-  INDICATES NEGATIVE NUMBERS.
R  INDICATES RECORD WAS SET OR TIED.
MM INDICATES DATA IS MISSING.
T  INDICATES TRACE AMOUNT.




$$
