000
CDUS42 KMFL 052016
CLIPBI


CLIMATE REPORT
NATIONAL WEATHER SERVICE MIAMI, FL
416 PM EDT THU MAY 5 2016


...................................

...THE WEST PALM BEACH CLIMATE SUMMARY FOR MAY 5 2016...
VALID TODAY AS OF 0400 PM LOCAL TIME.

CLIMATE NORMAL PERIOD 1981 TO 2010
CLIMATE RECORD PERIOD 1888 TO 2016


WEATHER ITEM   OBSERVED TIME   RECORD YEAR NORMAL DEPARTURE LAST
                VALUE   (LST)  VALUE       VALUE  FROM      YEAR
                                                  NORMAL
..................................................................
TEMPERATURE (F)
 TODAY
  MAXIMUM         83    225 PM  91    1951  84     -1       78
                                      1946
  MINIMUM         64    614 AM  45    1921  69     -5       69
  AVERAGE         74                        77     -3       74

PRECIPITATION (IN)
  TODAY            0.00          7.04 1958   0.08  -0.08     0.21
  MONTH TO DATE    0.76                      0.41   0.35     0.21
  SINCE NOV 1     27.60                     22.74   4.86    16.10
  SINCE JAN 1     17.20                     14.61   2.59    12.40

SNOWFALL (IN)
  TODAY            0.0
  MONTH TO DATE    0.0
  SINCE MAR 1      0.0
  SINCE JUL 1      0.0
  SNOW DEPTH       0

DEGREE DAYS
 HEATING
  TODAY            0                         0      0        0
  MONTH TO DATE    0                         0      0        0
  SINCE MAR 1      2                        28    -26        2
  SINCE JUL 1    135                       233    -98      126

 COOLING
  TODAY            9                        12     -3        9
  MONTH TO DATE   69                        56     13       51
  SINCE MAR 1    717                       516    201      838
  SINCE JAN 1    919                       751    168     1116
..................................................................


WIND (MPH)
  HIGHEST WIND SPEED    23   HIGHEST WIND DIRECTION    NW (330)
  HIGHEST GUST SPEED    30   HIGHEST GUST DIRECTION    NW (300)
  AVERAGE WIND SPEED    15.3


SKY COVER
  AVERAGE SKY COVER 0.1


WEATHER CONDITIONS
 THE FOLLOWING WEATHER WAS RECORDED TODAY.
  NO SIGNIFICANT WEATHER WAS OBSERVED.


RELATIVE HUMIDITY (PERCENT)
 HIGHEST    93
 LOWEST     33
 AVERAGE    63

..........................................................


THE WEST PALM BEACH CLIMATE NORMALS FOR TOMORROW
                         NORMAL    RECORD    YEAR
 MAXIMUM TEMPERATURE (F)   84        94      1906
 MINIMUM TEMPERATURE (F)   69        49      1921


SUNRISE AND SUNSET
MAY  5 2016...........SUNRISE   639 AM EDT   SUNSET   755 PM EDT
MAY  6 2016...........SUNRISE   638 AM EDT   SUNSET   756 PM EDT


-  INDICATES NEGATIVE NUMBERS.
R  INDICATES RECORD WAS SET OR TIED.
MM INDICATES DATA IS MISSING.
T  INDICATES TRACE AMOUNT.




$$
