000
CDUS42 KMFL 270836
CLIPBI


CLIMATE REPORT
NATIONAL WEATHER SERVICE MIAMI, FL
435 AM EDT MON MAR 27 2017


...................................

...THE WEST PALM BEACH CLIMATE SUMMARY FOR MARCH 26 2017...

CLIMATE NORMAL PERIOD 1981 TO 2010
CLIMATE RECORD PERIOD 1888 TO 2017


WEATHER ITEM   OBSERVED TIME   RECORD YEAR NORMAL DEPARTURE LAST
                VALUE   (LST)  VALUE       VALUE  FROM      YEAR
                                                  NORMAL
..................................................................
TEMPERATURE (F)
 YESTERDAY
  MAXIMUM         79    301 PM  95    1928  80     -1       85
  MINIMUM         72   1159 PM  47    2006  63      9       72
  AVERAGE         76                        71      5       79

PRECIPITATION (IN)
  YESTERDAY        0.00          1.80 1962   0.14  -0.14     0.00
  MONTH TO DATE    1.52                      3.85  -2.33     0.42
  SINCE NOV 1      9.53                     17.93  -8.40    23.38
  SINCE JAN 1      5.06                      9.80  -4.74    12.98

SNOWFALL (IN)
  YESTERDAY        0.0
  MONTH TO DATE    0.0
  SINCE MAR 1      0.0
  SINCE JUL 1      0.0
  SNOW DEPTH       0

DEGREE DAYS
 HEATING
  YESTERDAY        0                         0      0        0
  MONTH TO DATE   16                        22     -6        2
  SINCE MAR 1     16                        22     -6        2
  SINCE JUL 1     68                       227   -159      135

 COOLING
  YESTERDAY       11                         7      4       14
  MONTH TO DATE  149                       158     -9      250
  SINCE MAR 1    149                       158     -9      250
  SINCE JAN 1    489                       393     96      452
..................................................................


WIND (MPH)
  HIGHEST WIND SPEED    20   HIGHEST WIND DIRECTION     E (100)
  HIGHEST GUST SPEED    25   HIGHEST GUST DIRECTION     E (110)
  AVERAGE WIND SPEED    13.0


SKY COVER
  AVERAGE SKY COVER 0.6


WEATHER CONDITIONS
 THE FOLLOWING WEATHER WAS RECORDED YESTERDAY.
  NO SIGNIFICANT WEATHER WAS OBSERVED.


RELATIVE HUMIDITY (PERCENT)
 HIGHEST    73
 LOWEST     50
 AVERAGE    62

..........................................................


THE WEST PALM BEACH CLIMATE NORMALS FOR TODAY
                         NORMAL    RECORD    YEAR
 MAXIMUM TEMPERATURE (F)   80        94      1928
 MINIMUM TEMPERATURE (F)   63        44      1971


SUNRISE AND SUNSET
MARCH 27 2017.........SUNRISE   716 AM EDT   SUNSET   735 PM EDT
MARCH 28 2017.........SUNRISE   715 AM EDT   SUNSET   736 PM EDT


-  INDICATES NEGATIVE NUMBERS.
R  INDICATES RECORD WAS SET OR TIED.
MM INDICATES DATA IS MISSING.
T  INDICATES TRACE AMOUNT.




$$
