000
CDUS42 KMFL 300823
CLIPBI


CLIMATE REPORT
NATIONAL WEATHER SERVICE MIAMI, FL
422 AM EDT SAT AUG 30 2014


...................................

...THE WEST PALM BEACH CLIMATE SUMMARY FOR AUGUST 29 2014...

CLIMATE NORMAL PERIOD 1981 TO 2010
CLIMATE RECORD PERIOD 1894 TO 2014


WEATHER ITEM   OBSERVED TIME   RECORD YEAR NORMAL DEPARTURE LAST
                VALUE   (LST)  VALUE       VALUE  FROM      YEAR
                                                  NORMAL
..................................................................
TEMPERATURE (F)
 YESTERDAY
  MAXIMUM         91    335 PM  96    1932  90      1       91
  MINIMUM         77    407 AM  70    1927  76      1       76
                                      1909
                                      1904
  AVERAGE         84                        82      2       84

PRECIPITATION (IN)
  YESTERDAY        0.07          2.64 1946   0.27  -0.20     0.00
  MONTH TO DATE    9.70                      7.40   2.30     4.10
  SINCE JUN 1     25.41                     21.46   3.95    22.67
  SINCE JAN 1     43.13                     40.17   2.96    47.62

SNOWFALL (IN)
  YESTERDAY        0.0
  MONTH TO DATE    0.0
  SINCE JUN 1      0.0
  SINCE JUL 1      0.0
  SNOW DEPTH       0

DEGREE DAYS
 HEATING
  YESTERDAY        0                         0      0
  MONTH TO DATE    0                         0      0
  SINCE JUN 1      0                         0      0
  SINCE JUL 1      0                         0      0

 COOLING
  YESTERDAY       19                        18      1
  MONTH TO DATE  561                       522     39
  SINCE JUN 1   1613                      1561     52
  SINCE JAN 1   2965                      2670    295
..................................................................


WIND (MPH)
  HIGHEST WIND SPEED    21   HIGHEST WIND DIRECTION     S (170)
  HIGHEST GUST SPEED    26   HIGHEST GUST DIRECTION     E (100)
  AVERAGE WIND SPEED     6.1


SKY COVER
  AVERAGE SKY COVER 0.7


WEATHER CONDITIONS
 THE FOLLOWING WEATHER WAS RECORDED YESTERDAY.
  THUNDERSTORM
  HEAVY RAIN
  LIGHT RAIN


RELATIVE HUMIDITY (PERCENT)
 HIGHEST    91
 LOWEST     64
 AVERAGE    78

..........................................................


THE WEST PALM BEACH CLIMATE NORMALS FOR TODAY
                         NORMAL    RECORD    YEAR
 MAXIMUM TEMPERATURE (F)   89        95      1999
                                             1951
                                             1947
 MINIMUM TEMPERATURE (F)   76        70      1969
                                             1925
                                             1920


SUNRISE AND SUNSET
AUGUST 30 2014........SUNRISE   659 AM EDT   SUNSET   742 PM EDT
AUGUST 31 2014........SUNRISE   700 AM EDT   SUNSET   741 PM EDT


-  INDICATES NEGATIVE NUMBERS.
R  INDICATES RECORD WAS SET OR TIED.
MM INDICATES DATA IS MISSING.
T  INDICATES TRACE AMOUNT.




$$
