000
CDUS42 KMFL 302016
CLIPBI


CLIMATE REPORT
NATIONAL WEATHER SERVICE MIAMI, FL
416 PM EDT MON MAY 30 2016


...................................

...THE WEST PALM BEACH CLIMATE SUMMARY FOR MAY 30 2016...
VALID TODAY AS OF 0400 PM LOCAL TIME.

CLIMATE NORMAL PERIOD 1981 TO 2010
CLIMATE RECORD PERIOD 1888 TO 2016


WEATHER ITEM   OBSERVED TIME   RECORD YEAR NORMAL DEPARTURE LAST
                VALUE   (LST)  VALUE       VALUE  FROM      YEAR
                                                  NORMAL
..................................................................
TEMPERATURE (F)
 TODAY
  MAXIMUM         87    209 PM  96    1945  87      0       87
                                      1921
  MINIMUM         74    600 AM  59    1920  73      1       77
  AVERAGE         81                        80      1       82

PRECIPITATION (IN)
  TODAY            0.00          7.28 1897   0.23  -0.23     0.01
  MONTH TO DATE    4.95                      4.29   0.66     1.56
  SINCE NOV 1     31.79                     26.62   5.17    17.45
  SINCE JAN 1     21.39                     18.49   2.90    13.75

SNOWFALL (IN)
  TODAY            0.0
  MONTH TO DATE    0.0
  SINCE MAR 1      0.0
  SINCE JUL 1      0.0
  SNOW DEPTH       0

DEGREE DAYS
 HEATING
  TODAY            0                         0      0        0
  MONTH TO DATE    0                         0      0        0
  SINCE MAR 1      2                        28    -26        2
  SINCE JUL 1    135                       233    -98      126

 COOLING
  TODAY           16                        15      1       17
  MONTH TO DATE  415                       397     18      453
  SINCE MAR 1   1063                       857    206     1240
  SINCE JAN 1   1265                      1092    173     1518
..................................................................


WIND (MPH)
  HIGHEST WIND SPEED    13   HIGHEST WIND DIRECTION     E (90)
  HIGHEST GUST SPEED    16   HIGHEST GUST DIRECTION     W (290)
  AVERAGE WIND SPEED     4.8


SKY COVER
  AVERAGE SKY COVER 0.4


WEATHER CONDITIONS
 THE FOLLOWING WEATHER WAS RECORDED TODAY.
  THUNDERSTORM


RELATIVE HUMIDITY (PERCENT)
 HIGHEST    87
 LOWEST     55
 AVERAGE    71

..........................................................


THE WEST PALM BEACH CLIMATE NORMALS FOR TOMORROW
                         NORMAL    RECORD    YEAR
 MAXIMUM TEMPERATURE (F)   87        94      2004
 MINIMUM TEMPERATURE (F)   73        62      1971
                                             1941


SUNRISE AND SUNSET
MAY 30 2016...........SUNRISE   627 AM EDT   SUNSET   809 PM EDT
MAY 31 2016...........SUNRISE   627 AM EDT   SUNSET   809 PM EDT


-  INDICATES NEGATIVE NUMBERS.
R  INDICATES RECORD WAS SET OR TIED.
MM INDICATES DATA IS MISSING.
T  INDICATES TRACE AMOUNT.




$$
