590
CDUS42 KMFL 272026
CLIPBI


CLIMATE REPORT
NATIONAL WEATHER SERVICE MIAMI, FL
425 PM EDT THU APR 27 2017


...................................

...THE WEST PALM BEACH CLIMATE SUMMARY FOR APRIL 27 2017...
VALID TODAY AS OF 0400 PM LOCAL TIME.

CLIMATE NORMAL PERIOD 1981 TO 2010
CLIMATE RECORD PERIOD 1888 TO 2017


WEATHER ITEM   OBSERVED TIME   RECORD YEAR NORMAL DEPARTURE LAST
                VALUE   (LST)  VALUE       VALUE  FROM      YEAR
                                                  NORMAL
..................................................................
TEMPERATURE (F)
 TODAY
  MAXIMUM         88    214 PM  96    1945  83      5       82
  MINIMUM         76    217 AM  53    1903  68      8       67
  AVERAGE         82                        75      7       75

PRECIPITATION (IN)
  TODAY            0.00          1.40 1995   0.11  -0.11      T
  MONTH TO DATE    3.61                      3.38   0.23     1.46
  SINCE NOV 1     13.14                     22.05  -8.91    26.84
  SINCE JAN 1      8.67                     13.92  -5.25    16.44

SNOWFALL (IN)
  TODAY            0.0
  MONTH TO DATE    0.0
  SINCE MAR 1      0.0
  SINCE JUL 1      0.0
  SNOW DEPTH       0

DEGREE DAYS
 HEATING
  TODAY            0                         0      0        0
  MONTH TO DATE    0                         0      0        0
  SINCE MAR 1     16                        24     -8        2
  SINCE JUL 1     68                       229   -161      135

 COOLING
  TODAY           17                        10      7       10
  MONTH TO DATE  292                       233     59      293
  SINCE MAR 1    486                       426     60      608
  SINCE JAN 1    826                       661    165      810
..................................................................


WIND (MPH)
  HIGHEST WIND SPEED    21   HIGHEST WIND DIRECTION    SE (130)
  HIGHEST GUST SPEED    25   HIGHEST GUST DIRECTION    SE (130)
  AVERAGE WIND SPEED    11.7


SKY COVER
  AVERAGE SKY COVER 0.5


WEATHER CONDITIONS
 THE FOLLOWING WEATHER WAS RECORDED TODAY.
  NO SIGNIFICANT WEATHER WAS OBSERVED.


RELATIVE HUMIDITY (PERCENT)
 HIGHEST    88
 LOWEST     55
 AVERAGE    72

..........................................................


THE WEST PALM BEACH CLIMATE NORMALS FOR TOMORROW
                         NORMAL    RECORD    YEAR
 MAXIMUM TEMPERATURE (F)   83        92      1965
                                             1939
                                             1920
 MINIMUM TEMPERATURE (F)   68        51      1913
                                             1898


SUNRISE AND SUNSET
APRIL 27 2017.........SUNRISE   645 AM EDT   SUNSET   751 PM EDT
APRIL 28 2017.........SUNRISE   645 AM EDT   SUNSET   751 PM EDT


-  INDICATES NEGATIVE NUMBERS.
R  INDICATES RECORD WAS SET OR TIED.
MM INDICATES DATA IS MISSING.
T  INDICATES TRACE AMOUNT.




$$
