000
CDUS42 KMFL 182116
CLIPBI


CLIMATE REPORT
NATIONAL WEATHER SERVICE MIAMI, FL
415 PM EST MON DEC 18 2017


...................................

...THE WEST PALM BEACH CLIMATE SUMMARY FOR DECEMBER 18 2017...
VALID TODAY AS OF 0400 PM LOCAL TIME.

CLIMATE NORMAL PERIOD 1981 TO 2010
CLIMATE RECORD PERIOD 1888 TO 2017


WEATHER ITEM   OBSERVED TIME   RECORD YEAR NORMAL DEPARTURE LAST
                VALUE   (LST)  VALUE       VALUE  FROM      YEAR
                                                  NORMAL
..................................................................
TEMPERATURE (F)
 TODAY
  MAXIMUM         82    128 PM  86    1989  76      6       83
                                      1946
  MINIMUM         65    611 AM  37    1973  60      5       77
  AVERAGE         74                        68      6       80

PRECIPITATION (IN)
  TODAY            0.00          1.91 2009   0.11  -0.11      T
  MONTH TO DATE    0.68                      1.92  -1.24     2.36
  SINCE NOV 1      3.37                      6.67  -3.30     3.36
  SINCE JAN 1     59.06                     60.87  -1.81    49.97

SNOWFALL (IN)
  TODAY            0.0
  MONTH TO DATE    0.0
  SINCE DEC 1      0.0
  SINCE JUL 1      0.0
  SNOW DEPTH       0

DEGREE DAYS
 HEATING
  TODAY            0                         2     -2        0
  MONTH TO DATE   43                        26     17        0
  SINCE DEC 1     43                        26     17        0
  SINCE JUL 1     47                        38      9        1

 COOLING
  TODAY            9                         5      4       15
  MONTH TO DATE  100                        99      1      184
  SINCE DEC 1    100                        99      1      184
  SINCE JAN 1   4475                      3965    510     4590
..................................................................


WIND (MPH)
  HIGHEST WIND SPEED    13   HIGHEST WIND DIRECTION    SE (120)
  HIGHEST GUST SPEED    16   HIGHEST GUST DIRECTION    SE (140)
  AVERAGE WIND SPEED     3.4


SKY COVER
  AVERAGE SKY COVER 0.6


WEATHER CONDITIONS
 THE FOLLOWING WEATHER WAS RECORDED TODAY.
  FOG


RELATIVE HUMIDITY (PERCENT)
 HIGHEST   100
 LOWEST     67
 AVERAGE    84

..........................................................


THE WEST PALM BEACH CLIMATE NORMALS FOR TOMORROW
                         NORMAL    RECORD    YEAR
 MAXIMUM TEMPERATURE (F)   76        88      1989
 MINIMUM TEMPERATURE (F)   59        39      1981


SUNRISE AND SUNSET
DECEMBER 18 2017......SUNRISE   703 AM EST   SUNSET   531 PM EST
DECEMBER 19 2017......SUNRISE   704 AM EST   SUNSET   532 PM EST


-  INDICATES NEGATIVE NUMBERS.
R  INDICATES RECORD WAS SET OR TIED.
MM INDICATES DATA IS MISSING.
T  INDICATES TRACE AMOUNT.




$$
