000
CDUS42 KFFC 250022
CLIPDK


CLIMATE REPORT
NATIONAL WEATHER SERVICE PEACHTREE CITY GA
822 PM EDT FRI OCT 24 2014


...................................

...THE DEKALB PEACHTREE AIRPORT CLIMATE SUMMARY FOR OCTOBER 24 2014...
VALID AS OF 0800 PM LOCAL TIME.

CLIMATE NORMAL PERIOD 1981 TO 2010
CLIMATE RECORD PERIOD 9999 TO 9999


WEATHER ITEM   OBSERVED TIME   RECORD YEAR NORMAL DEPARTURE LAST
                VALUE   (LST)  VALUE       VALUE  FROM      YEAR
                                                  NORMAL
..................................................................
TEMPERATURE (F)
 TODAY
  MAXIMUM         73    256 PM  MM      MM  70      3       63
  MINIMUM         43    228 AM  MM      MM  48     -5       37
  AVERAGE         58                        59     -1       50

PRECIPITATION (IN)
  TODAY            0.00         MM      MM   0.10  -0.10     0.00
  MONTH TO DATE    3.02                      2.71   0.31     2.99
  SINCE SEP 1      8.22                      7.27   0.95     6.06

SNOWFALL (IN)
  TODAY           MM            MM      MM  MM     MM       MM
  MONTH TO DATE    0.0                      MM     MM        0.0
  SINCE SEP 1      0.0                      MM     MM        0.0
  SINCE JUL 1      0.0                      MM     MM        0.0
  SNOW DEPTH      MM

DEGREE DAYS
 HEATING
  TODAY            7                         7      0       15
  MONTH TO DATE   84                        90     -6       60
  SINCE SEP 1     84                       100    -16       61
  SINCE JUL 1     84                       100    -16       62

 COOLING
  TODAY            0                         1     -1        0
  MONTH TO DATE   72                        44     28       51
  SINCE SEP 1    360                       291     69      291
  SINCE JAN 1   1764                      1748     16     1560
..................................................................


WIND (MPH)
  RESULTANT WIND SPEED   1   RESULTANT WIND DIRECTION   W (290)
  HIGHEST WIND SPEED     9   HIGHEST WIND DIRECTION     W (280)
  HIGHEST GUST SPEED    15   HIGHEST GUST DIRECTION     W (280)
  AVERAGE WIND SPEED     2.3


SKY COVER
  AVERAGE SKY COVER 0.0


WEATHER CONDITIONS
 THE FOLLOWING WEATHER WAS RECORDED TODAY.
  FOG


RELATIVE HUMIDITY (PERCENT)
 HIGHEST    93          1200 AM
 LOWEST     31           300 PM
 AVERAGE    62

..........................................................


THE DEKALB PEACHTREE AIRPORT CLIMATE NORMALS FOR TOMORROW
                         NORMAL    RECORD    YEAR
 MAXIMUM TEMPERATURE (F)   70        MM        MM
 MINIMUM TEMPERATURE (F)   48        MM        MM


SUNRISE AND SUNSET
OCTOBER 24 2014.......SUNRISE   750 AM EDT   SUNSET   653 PM EDT
OCTOBER 25 2014.......SUNRISE   750 AM EDT   SUNSET   652 PM EDT


-  INDICATES NEGATIVE NUMBERS.
R  INDICATES RECORD WAS SET OR TIED.
MM INDICATES DATA IS MISSING.
T  INDICATES TRACE AMOUNT.




$$
