633
CDUS46 KPDT 300859
CLIPDT

CLIMATE REPORT
NATIONAL WEATHER SERVICE PENDLETON OR
159 AM PDT SAT JUL 30 2016


...................................

...THE PENDLETON OR CLIMATE SUMMARY FOR JULY 29 2016...

CLIMATE NORMAL PERIOD 1981 TO 2010
CLIMATE RECORD PERIOD 1890 TO 2016


WEATHER ITEM   OBSERVED TIME   RECORD YEAR NORMAL DEPARTURE LAST
                VALUE   (LST)  VALUE       VALUE  FROM      YEAR
                                                  NORMAL
..................................................................
TEMPERATURE (F)
 YESTERDAY
  MAXIMUM        103    342 PM 104    2014  90     13       94
                                      2003
                                      1971
  MINIMUM         64    459 AM  38    1917  59      5       52
  AVERAGE         84                        74     10       73

PRECIPITATION (IN)
  YESTERDAY        0.00          0.82 1915   0.00   0.00     0.00
  MONTH TO DATE    0.80                      0.30   0.50      T
  SINCE OCT 1     11.59                     11.69  -0.10     9.70
  SINCE JAN 1      7.32                      7.69  -0.37     5.00

SNOWFALL (IN)
  YESTERDAY        0.0           0.0  2002   0.0    0.0      0.0
                                      2001
                                      2000
  MONTH TO DATE    0.0                       0.0    0.0      0.0
  SINCE JAN 1      T                         7.7   -7.7      0.4
  SINCE JUL 1      0.0                       0.0    0.0      0.0
  SNOW DEPTH       0

DEGREE DAYS
 HEATING
  YESTERDAY        0                         0      0        0
  MONTH TO DATE    0                         7     -7        0
  SINCE JUN 1     69                        90    -21       10
  SINCE JUL 1      0                         7     -7        0

 COOLING
  YESTERDAY       19                        10      9        8
  MONTH TO DATE  185                       227    -42      319
  SINCE JUN 1    322                       306     16      572
  SINCE JAN 1    340                       329     11      599
..................................................................


WIND (MPH)
  HIGHEST WIND SPEED    17   HIGHEST WIND DIRECTION    NW (300)
  HIGHEST GUST SPEED    24   HIGHEST GUST DIRECTION     W (290)
  AVERAGE WIND SPEED     7.0


SKY COVER
  POSSIBLE SUNSHINE  MM
  AVERAGE SKY COVER 0.0


WEATHER CONDITIONS
 THE FOLLOWING WEATHER WAS RECORDED YESTERDAY.
  NO SIGNIFICANT WEATHER WAS OBSERVED.


RELATIVE HUMIDITY (PERCENT)
 HIGHEST    56           300 AM
 LOWEST     12           400 PM
 AVERAGE    34

..........................................................


THE PENDLETON OR CLIMATE NORMALS FOR TODAY
                         NORMAL    RECORD    YEAR
 MAXIMUM TEMPERATURE (F)   90       107      1929
 MINIMUM TEMPERATURE (F)   59        40      1933


SUNRISE AND SUNSET
JULY 30 2016..........SUNRISE   537 AM PDT   SUNSET   826 PM PDT
JULY 31 2016..........SUNRISE   538 AM PDT   SUNSET   824 PM PDT


-  INDICATES NEGATIVE NUMBERS.
R  INDICATES RECORD WAS SET OR TIED.
MM INDICATES DATA IS MISSING.
T  INDICATES TRACE AMOUNT.




$$
