000
CDUS46 KPDT 310827
CLIPDT

CLIMATE REPORT
NATIONAL WEATHER SERVICE PENDLETON OR
1226 AM PST SAT JAN 31 2015


...................................

...THE PENDLETON OR CLIMATE SUMMARY FOR JANUARY 30 2015...

CLIMATE NORMAL PERIOD 1981 TO 2010
CLIMATE RECORD PERIOD 1890 TO 2015


WEATHER ITEM   OBSERVED TIME   RECORD YEAR NORMAL DEPARTURE LAST
                VALUE   (LST)  VALUE       VALUE  FROM      YEAR
                                                  NORMAL
..................................................................
TEMPERATURE (F)
 YESTERDAY
  MAXIMUM         35   1112 PM  65    1971  44     -9       47
  MINIMUM         33    948 AM -15    1950  30      3       32
  AVERAGE         34                        37     -3       40

PRECIPITATION (IN)
  YESTERDAY        0.00          0.55 2003   0.04  -0.04     0.05
  MONTH TO DATE    0.72                      1.39  -0.67     0.73
  SINCE OCT 1      5.42                      5.39   0.03     2.52
  SINCE JAN 1      0.72                      1.39  -0.67     0.73

SNOWFALL (IN)
  YESTERDAY        0.0           2.0  1932   0.1   -0.1      0.0
  MONTH TO DATE    0.4                       3.6   -3.2       T
  SINCE JAN 1      0.4                       3.6   -3.2       T
  SINCE JUL 1      7.2                      11.1   -3.9      6.5
  SNOW DEPTH       0

DEGREE DAYS
 HEATING
  YESTERDAY       31                        28      3       25
  MONTH TO DATE  859                       893    -34      897
  SINCE DEC 1   1750                      1877   -127     1972
  SINCE JUL 1   2880                      3130   -250     3355

 COOLING
  YESTERDAY        0                         0      0        0
  MONTH TO DATE    0                         0      0        0
  SINCE DEC 1      0                         0      0        0
  SINCE JAN 1      0                         0      0        0
..................................................................


WIND (MPH)
  HIGHEST WIND SPEED     8   HIGHEST WIND DIRECTION     S (190)
  HIGHEST GUST SPEED    11   HIGHEST GUST DIRECTION    SE (150)
  AVERAGE WIND SPEED     2.5


SKY COVER
  POSSIBLE SUNSHINE  MM
  AVERAGE SKY COVER 1.0


WEATHER CONDITIONS
THE FOLLOWING WEATHER WAS RECORDED YESTERDAY.
  FOG
  HAZE


RELATIVE HUMIDITY (PERCENT)
 HIGHEST   100           100 AM
 LOWEST     82           100 PM
 AVERAGE    91

..........................................................


THE PENDLETON OR CLIMATE NORMALS FOR TODAY
                         NORMAL    RECORD    YEAR
 MAXIMUM TEMPERATURE (F)   44        70      1995
 MINIMUM TEMPERATURE (F)   30       -15      1950


SUNRISE AND SUNSET
JANUARY 31 2015.......SUNRISE   718 AM PST   SUNSET   500 PM PST
FEBRUARY  1 2015......SUNRISE   717 AM PST   SUNSET   501 PM PST


-  INDICATES NEGATIVE NUMBERS.
R  INDICATES RECORD WAS SET OR TIED.
MM INDICATES DATA IS MISSING.
T  INDICATES TRACE AMOUNT.




$$
