000
CDUS46 KPDT 310052
CLIPDT

CLIMATE REPORT
NATIONAL WEATHER SERVICE PENDLETON OR
540 PM PDT THU MAR 30 2017


...................................

...THE PENDLETON OR CLIMATE SUMMARY FOR MARCH 30 2017...
VALID TODAY AS OF 0500 PM LOCAL TIME.

CLIMATE NORMAL PERIOD 1981 TO 2010
CLIMATE RECORD PERIOD 1890 TO 2017


WEATHER ITEM   OBSERVED TIME   RECORD YEAR NORMAL DEPARTURE LAST
                VALUE   (LST)  VALUE       VALUE  FROM      YEAR
                                                  NORMAL
..................................................................
TEMPERATURE (F)
 TODAY
  MAXIMUM         56    326 PM  79    1964  59     -3       63
                                      1911
  MINIMUM         40    659 AM  19    1936  37      3       30
  AVERAGE         48                        48      0       47

PRECIPITATION (IN)
  TODAY            0.01          0.26 2012   0.03  -0.02     0.00
                                      1974
  MONTH TO DATE    2.35                      1.28   1.07     1.62
  SINCE OCT 1     11.79                      7.82   3.97     8.26
  SINCE JAN 1      6.27                      3.82   2.45     3.99

SNOWFALL (IN)
  TODAY            0.0           0.0  2002   0.0    0.0      0.0
                                      2001
                                      2000
  MONTH TO DATE    0.3                       0.7   -0.4       T
  SINCE JAN 1     25.9                       7.7   18.2       T
  SINCE JUL 1     44.4                      15.2   29.2      4.1
  SNOW DEPTH       0

DEGREE DAYS
 HEATING
  TODAY           17                        17      0       18
  MONTH TO DATE  566                       600    -34      552
  SINCE MAR 1    566                       600    -34      552
  SINCE JUL 1   4868                      4499    369     4144

 COOLING
  TODAY            0                         0      0        0
  MONTH TO DATE    0                         0      0        0
  SINCE MAR 1      0                         0      0        0
  SINCE JAN 1      0                         0      0        0
..................................................................


WIND (MPH)
  HIGHEST WIND SPEED    28   HIGHEST WIND DIRECTION     N (340)
  HIGHEST GUST SPEED    35   HIGHEST GUST DIRECTION     W (260)
  AVERAGE WIND SPEED    15.9


SKY COVER
  POSSIBLE SUNSHINE  MM
  AVERAGE SKY COVER 0.6


WEATHER CONDITIONS
THE FOLLOWING WEATHER WAS RECORDED TODAY.
  LIGHT RAIN


RELATIVE HUMIDITY (PERCENT)
 HIGHEST    85           600 AM
 LOWEST     43           400 PM
 AVERAGE    64

..........................................................


THE PENDLETON OR CLIMATE NORMALS FOR TOMORROW
                         NORMAL    RECORD    YEAR
 MAXIMUM TEMPERATURE (F)   59        82      1923
 MINIMUM TEMPERATURE (F)   38        21      1936


SUNRISE AND SUNSET
MARCH 30 2017.........SUNRISE   639 AM PDT   SUNSET   722 PM PDT
MARCH 31 2017.........SUNRISE   637 AM PDT   SUNSET   723 PM PDT


-  INDICATES NEGATIVE NUMBERS.
R  INDICATES RECORD WAS SET OR TIED.
MM INDICATES DATA IS MISSING.
T  INDICATES TRACE AMOUNT.




$$
