000
CDUS46 KPDT 210853
CLIPDT

CLIMATE REPORT
NATIONAL WEATHER SERVICE PENDLETON OR
135 AM PDT THU AUG 21 2014


...................................

...THE PENDLETON OR CLIMATE SUMMARY FOR AUGUST 20 2014...

CLIMATE NORMAL PERIOD 1981 TO 2010
CLIMATE RECORD PERIOD 1890 TO 2014


WEATHER ITEM   OBSERVED TIME   RECORD YEAR NORMAL DEPARTURE LAST
                VALUE   (LST)  VALUE       VALUE  FROM      YEAR
                                                  NORMAL
..................................................................
TEMPERATURE (F)
 YESTERDAY
  MAXIMUM         83    435 PM 106    1897  86     -3       88
  MINIMUM         63   1159 PM  38    1916  56      7       54
                                      1913
  AVERAGE         73                        71      2       71

PRECIPITATION (IN)
  YESTERDAY        0.00          1.27 1918   0.01  -0.01     0.00
  MONTH TO DATE    0.25                      0.23   0.02     0.24
  SINCE OCT 1      9.75                     11.94  -2.19     9.65
  SINCE JAN 1      7.96                      7.94   0.02     5.21

SNOWFALL (IN)
  YESTERDAY        0.0           0.0  2002   0.0    0.0      0.0
                                      2001
                                      1999
  MONTH TO DATE    0.0                       0.0    0.0       T
  SINCE JAN 1     15.2                       7.7    7.5      0.2
  SINCE JUL 1      0.0                       0.0    0.0       T
  SNOW DEPTH       0

DEGREE DAYS
 HEATING
  YESTERDAY        0                         0      0        0
  MONTH TO DATE    0                         0      0        0
  SINCE JUN 1     45                        94    -49       80
  SINCE JUL 1      2                        11     -9        0

 COOLING
  YESTERDAY        8                         7      1        6
  MONTH TO DATE  226                       164     62      187
  SINCE JUN 1    687                       489    198      610
  SINCE JAN 1    709                       512    197      641
..................................................................


WIND (MPH)
  HIGHEST WIND SPEED    25   HIGHEST WIND DIRECTION     W (270)
  HIGHEST GUST SPEED    32   HIGHEST GUST DIRECTION     W (260)
  AVERAGE WIND SPEED    16.4


SKY COVER
  POSSIBLE SUNSHINE  MM
  AVERAGE SKY COVER 0.1


WEATHER CONDITIONS
 THE FOLLOWING WEATHER WAS RECORDED YESTERDAY.
  NO SIGNIFICANT WEATHER WAS OBSERVED.


RELATIVE HUMIDITY (PERCENT)
 HIGHEST    63           500 AM
 LOWEST      9           500 PM
 AVERAGE    36

..........................................................


THE PENDLETON OR CLIMATE NORMALS FOR TODAY
                         NORMAL    RECORD    YEAR
 MAXIMUM TEMPERATURE (F)   86       106      1897
 MINIMUM TEMPERATURE (F)   56        37      1904


SUNRISE AND SUNSET
AUGUST 21 2014........SUNRISE   603 AM PDT   SUNSET   753 PM PDT
AUGUST 22 2014........SUNRISE   604 AM PDT   SUNSET   751 PM PDT


-  INDICATES NEGATIVE NUMBERS.
R  INDICATES RECORD WAS SET OR TIED.
MM INDICATES DATA IS MISSING.
T  INDICATES TRACE AMOUNT.




$$
