000
CDUS46 KPDT 301020
CLIPDT

PDTCLIPDM 000
TTAA00 KPDT 300843

CLIMATE REPORT
NATIONAL WEATHER SERVICE PENDLETON OR
320 AM PDT SAT MAY 30 2015

...................................

...THE PENDLETON OR CLIMATE SUMMARY FOR MAY 29 2015...

CLIMATE NORMAL PERIOD 1981 TO 2010
CLIMATE RECORD PERIOD 1890 TO 2015


WEATHER ITEM   OBSERVED TIME   RECORD YEAR NORMAL DEPARTURE LAST
                VALUE   (LST)  VALUE       VALUE  FROM      YEAR
                                                  NORMAL
..................................................................
TEMPERATURE (F)
 YESTERDAY
  MAXIMUM         90    238 PM 103    1897  73     17       72
  MINIMUM         53    431 AM  34    1924  49      4       44
  AVERAGE         72                        61     11       58

PRECIPITATION (IN)
  YESTERDAY        0.11          1.64 1906   0.05   0.06     0.00
  MONTH TO DATE    1.40                      1.25   0.15     0.83
  SINCE OCT 1      9.23                     10.31  -1.08     8.26
  SINCE JAN 1      4.53                      6.31  -1.78     6.47

SNOWFALL (IN)
  YESTERDAY        0.0           0.0  2002   0.0    0.0      0.0
                                      2001
                                      2000
  MONTH TO DATE    0.0                       0.0    0.0      0.0
  SINCE JAN 1      0.4                       7.7   -7.3     15.2
  SINCE JUL 1      7.2                      15.2   -8.0     21.7
  SNOW DEPTH       0

DEGREE DAYS
 HEATING
  YESTERDAY        0                         5     -5        7
  MONTH TO DATE  157                       236    -79      163
  SINCE MAR 1   1103                      1284   -181     1176
  SINCE JUL 1   4596                      5183   -587     5441

COOLING
  YESTERDAY        7                         1      6        0
  MONTH TO DATE   12                        20     -8       18
  SINCE MAR 1     12                        21     -9       18
  SINCE JAN 1     12                        21     -9       18
..................................................................


WIND (MPH)
  HIGHEST WIND SPEED    30   HIGHEST WIND DIRECTION    SW (210)
  HIGHEST GUST SPEED    38   HIGHEST GUST DIRECTION    SW (210)
  AVERAGE WIND SPEED     7.4


SKY COVER
  POSSIBLE SUNSHINE  MM
  AVERAGE SKY COVER 0.2


WEATHER CONDITIONS
 THE FOLLOWING WEATHER WAS RECORDED YESTERDAY.
  THUNDERSTORM
  LIGHT RAIN


RELATIVE HUMIDITY (PERCENT)
 HIGHEST    77           400 AM
 LOWEST     22          1200 PM
 AVERAGE    50

..........................................................


THE PENDLETON OR CLIMATE NORMALS FOR TODAY
                         NORMAL    RECORD    YEAR
 MAXIMUM TEMPERATURE (F)   74       102      1931
 MINIMUM TEMPERATURE (F)   49        36      1978


SUNRISE AND SUNSET
MAY 30 2015...........SUNRISE   511 AM PDT   SUNSET   836 PM PDT
MAY 31 2015...........SUNRISE   510 AM PDT   SUNSET   837 PM PDT


-  INDICATES NEGATIVE NUMBERS.
R  INDICATES RECORD WAS SET OR TIED.
MM INDICATES DATA IS MISSING.
T  INDICATES TRACE AMOUNT.

$$
