000
CDUS46 KPDT 180907
CLIPDT

CLIMATE REPORT
NATIONAL WEATHER SERVICE PENDLETON OR
107 AM PST MON DEC 18 2017


...................................

...THE PENDLETON OR CLIMATE SUMMARY FOR DECEMBER 17 2017...

CLIMATE NORMAL PERIOD 1981 TO 2010
CLIMATE RECORD PERIOD 1890 TO 2017


WEATHER ITEM   OBSERVED TIME   RECORD YEAR NORMAL DEPARTURE LAST
                VALUE   (LST)  VALUE       VALUE  FROM      YEAR
                                                  NORMAL
..................................................................
TEMPERATURE (F)
 YESTERDAY
  MAXIMUM         48   1040 PM  62    1917  39      9       18
  MINIMUM         31    150 AM -12    1964  26      5        0
  AVERAGE         40                        32      8        9

PRECIPITATION (IN)
  YESTERDAY        T             0.91 1915   0.04  -0.04     0.00
  MONTH TO DATE    0.17                      0.81  -0.64     1.33
  SINCE OCT 1      3.14                      3.34  -0.20     4.56
  SINCE JAN 1     15.43                     12.00   3.43    12.63

SNOWFALL (IN)
  YESTERDAY        0.0           2.8  1984   0.2   -0.2      0.0
  MONTH TO DATE    0.1                       3.0   -2.9     15.1
  SINCE JAN 1     26.0                      12.2   13.8     15.1
  SINCE JUL 1      0.1                       4.5   -4.4     15.1
  SNOW DEPTH       0

DEGREE DAYS
 HEATING
  YESTERDAY       25                        33     -8       56
  MONTH TO DATE  557                       529     28      680
  SINCE DEC 1    557                       529     28      680
  SINCE JUL 1   1765                      1782    -17     1704

 COOLING
  YESTERDAY        0                         0      0        0
  MONTH TO DATE    0                         0      0        0
  SINCE DEC 1      0                         0      0        0
  SINCE JAN 1    894                       636    258      605
..................................................................


WIND (MPH)
  HIGHEST WIND SPEED    13   HIGHEST WIND DIRECTION     S (200)
  HIGHEST GUST SPEED    16   HIGHEST GUST DIRECTION     S (200)
  AVERAGE WIND SPEED     7.0


SKY COVER
  POSSIBLE SUNSHINE  MM
  AVERAGE SKY COVER 0.8


WEATHER CONDITIONS
 THE FOLLOWING WEATHER WAS RECORDED YESTERDAY.
  LIGHT RAIN


RELATIVE HUMIDITY (PERCENT)
 HIGHEST    85          1200 AM
 LOWEST     58          1100 AM
 AVERAGE    72

..........................................................


THE PENDLETON OR CLIMATE NORMALS FOR TODAY
                         NORMAL    RECORD    YEAR
 MAXIMUM TEMPERATURE (F)   39        68      1917
 MINIMUM TEMPERATURE (F)   26        -5      1924


SUNRISE AND SUNSET
DECEMBER 18 2017......SUNRISE   732 AM PST   SUNSET   413 PM PST
DECEMBER 19 2017......SUNRISE   732 AM PST   SUNSET   413 PM PST


-  INDICATES NEGATIVE NUMBERS.
R  INDICATES RECORD WAS SET OR TIED.
MM INDICATES DATA IS MISSING.
T  INDICATES TRACE AMOUNT.

$$
