000
CDUS46 KPQR 171142
CLIPDX


CLIMATE REPORT
NATIONAL WEATHER SERVICE PORTLAND OREGON
441 AM PDT TUE OCT 17 2017


...................................

...THE PORTLAND OR CLIMATE SUMMARY FOR OCTOBER 16 2017...

CLIMATE NORMAL PERIOD 1981 TO 2010
CLIMATE RECORD PERIOD 1940 TO 2017


WEATHER ITEM   OBSERVED TIME   RECORD YEAR NORMAL DEPARTURE LAST
                VALUE   (LST)  VALUE       VALUE  FROM      YEAR
                                                  NORMAL
..................................................................
TEMPERATURE (F)
 YESTERDAY
  MAXIMUM         67    427 PM  80    2002  64      3       60
  MINIMUM         39    559 AM  30    1946  46     -7       52
  AVERAGE         53                        55     -2       56

PRECIPITATION (IN)
  YESTERDAY        0.00          0.76 1956   0.09  -0.09     0.25
  MONTH TO DATE    0.73                      1.18  -0.45     5.37
  SINCE OCT 1      0.73                      1.18  -0.45     5.37
  SINCE JAN 1     32.43                     23.09   9.34    28.97

SNOWFALL (IN)
  YESTERDAY        0.0           0.0  2016
  MONTH TO DATE    0.0
  SINCE SEP 1      0.0
  SINCE JUL 1      0.0

DEGREE DAYS
 HEATING
  YESTERDAY       12                        10      2        9
  MONTH TO DATE  171                       126     45      125
  SINCE SEP 1    247                       202     45      197
  SINCE JUL 1    249                       229     20      203

 COOLING
  YESTERDAY        0                         0      0        0
  MONTH TO DATE    0                         0      0        0
  SINCE SEP 1    132                        59     73       30
  SINCE JAN 1    700                       422    278      548
..................................................................


WIND (MPH)
  HIGHEST WIND SPEED     6   HIGHEST WIND DIRECTION     E (100)
  HIGHEST GUST SPEED     7   HIGHEST GUST DIRECTION    NE (50)
  AVERAGE WIND SPEED     1.8


SKY COVER
  POSSIBLE SUNSHINE  MM
  AVERAGE SKY COVER 0.1


WEATHER CONDITIONS
 THE FOLLOWING WEATHER WAS RECORDED YESTERDAY.
  FOG
  FOG W/VISIBILITY <= 1/4 MILE
  HAZE


RELATIVE HUMIDITY (PERCENT)
 HIGHEST   100           500 AM
 LOWEST     48           300 PM
 AVERAGE    74

..........................................................


THE PORTLAND OR CLIMATE NORMALS FOR TODAY
                         NORMAL    RECORD    YEAR
 MAXIMUM TEMPERATURE (F)   63        79      1952
 MINIMUM TEMPERATURE (F)   46        33      1971


SUNRISE AND SUNSET
OCTOBER 17 2017.......SUNRISE   730 AM PDT   SUNSET   621 PM PDT
OCTOBER 18 2017.......SUNRISE   731 AM PDT   SUNSET   619 PM PDT


-  INDICATES NEGATIVE NUMBERS.
R  INDICATES RECORD WAS SET OR TIED.
MM INDICATES DATA IS MISSING.
T  INDICATES TRACE AMOUNT.




$$
