000
CDUS46 KPQR 121141
CLIPDX


CLIMATE REPORT
NATIONAL WEATHER SERVICE PORTLAND OREGON
440 AM PDT SAT JUL 12 2014


...................................

...THE PORTLAND OR CLIMATE SUMMARY FOR JULY 11 2014...

CLIMATE NORMAL PERIOD 1981 TO 2010
CLIMATE RECORD PERIOD 1940 TO 2014


WEATHER ITEM   OBSERVED TIME   RECORD YEAR NORMAL DEPARTURE LAST
                VALUE   (LST)  VALUE       VALUE  FROM      YEAR
                                                  NORMAL
..................................................................
TEMPERATURE (F)
 YESTERDAY
  MAXIMUM         88    429 PM 104    1961  80      8       77
  MINIMUM         60    509 AM  48    1960  57      3       54
                                      1950
  AVERAGE         74                        69      5       66

PRECIPITATION (IN)
  YESTERDAY        0.00          0.32 1988   0.02  -0.02     0.00
  MONTH TO DATE    0.00                      0.30  -0.30     0.00
  SINCE OCT 1     28.91                     33.54  -4.63    36.43
  SINCE JAN 1     23.09                     19.42   3.67    14.50

DEGREE DAYS
 HEATING
  YESTERDAY        0                         1     -1        0
  MONTH TO DATE    0                        11    -11        0
  SINCE JUN 1     62                       102    -40       49
  SINCE JUL 1      0                        11    -11        0

 COOLING
  YESTERDAY        9                         4      5        1
  MONTH TO DATE   86                        39     47       59
  SINCE JUN 1    115                        86     29      126
  SINCE JAN 1    143                       103     40      141
..................................................................


WIND (MPH)
  HIGHEST WIND SPEED     9   HIGHEST WIND DIRECTION     E (90)
  HIGHEST GUST SPEED    12   HIGHEST GUST DIRECTION     W (280)
  AVERAGE WIND SPEED     4.2


SKY COVER
  POSSIBLE SUNSHINE  MM
  AVERAGE SKY COVER 0.4


WEATHER CONDITIONS
 THE FOLLOWING WEATHER WAS RECORDED YESTERDAY.
  HAZE


RELATIVE HUMIDITY (PERCENT)
 HIGHEST    90           400 AM
 LOWEST     35           300 PM
 AVERAGE    63

..........................................................


THE PORTLAND OR CLIMATE NORMALS FOR TODAY
                         NORMAL    RECORD    YEAR
 MAXIMUM TEMPERATURE (F)   80       102      1961
 MINIMUM TEMPERATURE (F)   58        47      1943


SUNRISE AND SUNSET
JULY 12 2014..........SUNRISE   533 AM PDT   SUNSET   858 PM PDT
JULY 13 2014..........SUNRISE   534 AM PDT   SUNSET   858 PM PDT


-  INDICATES NEGATIVE NUMBERS.
R  INDICATES RECORD WAS SET OR TIED.
MM INDICATES DATA IS MISSING.
T  INDICATES TRACE AMOUNT.




$$
