000
CDUS46 KPQR 311145
CLIPDX


CLIMATE REPORT
NATIONAL WEATHER SERVICE PORTLAND OREGON
444 AM PDT MON AUG 31 2015


...................................

...THE PORTLAND OR CLIMATE SUMMARY FOR AUGUST 30 2015...

CLIMATE NORMAL PERIOD 1981 TO 2010
CLIMATE RECORD PERIOD 1940 TO 2015


WEATHER ITEM   OBSERVED TIME   RECORD YEAR NORMAL DEPARTURE LAST
                VALUE   (LST)  VALUE       VALUE  FROM      YEAR
                                                  NORMAL
..................................................................
TEMPERATURE (F)
 YESTERDAY
  MAXIMUM         73    341 PM  98    1987  80     -7       73
  MINIMUM         59    800 AM  46    1951  57      2       58
  AVERAGE         66                        68     -2       66

PRECIPITATION (IN)
  YESTERDAY        0.27          0.64 1954   0.04   0.23      T
  MONTH TO DATE    0.66                      0.64   0.02     0.01
  SINCE OCT 1     30.70                     34.53  -3.83    29.97
  SINCE JAN 1     15.72                     20.41  -4.69    24.15

DEGREE DAYS
 HEATING
  YESTERDAY        0                         1     -1        0
  MONTH TO DATE    0                         3     -3        0
  SINCE JUN 1     19                       111    -92       63
  SINCE JUL 1      0                        20    -20        1

 COOLING
  YESTERDAY        1                         4     -3        1
  MONTH TO DATE  232                       150     82      255
  SINCE JUN 1    704                       344    360      504
  SINCE JAN 1    726                       361    365      532
..................................................................


WIND (MPH)
  HIGHEST WIND SPEED    20   HIGHEST WIND DIRECTION     S (190)
  HIGHEST GUST SPEED    24   HIGHEST GUST DIRECTION     S (190)
  AVERAGE WIND SPEED     8.9


SKY COVER
  POSSIBLE SUNSHINE  MM
  AVERAGE SKY COVER 0.8


WEATHER CONDITIONS
 THE FOLLOWING WEATHER WAS RECORDED YESTERDAY.
  RAIN
  LIGHT RAIN
  FOG


RELATIVE HUMIDITY (PERCENT)
 HIGHEST    97           100 AM
 LOWEST     44           300 PM
 AVERAGE    71

..........................................................


THE PORTLAND OR CLIMATE NORMALS FOR TODAY
                         NORMAL    RECORD    YEAR
 MAXIMUM TEMPERATURE (F)   79       102      1987
 MINIMUM TEMPERATURE (F)   56        44      1951


SUNRISE AND SUNSET
AUGUST 31 2015........SUNRISE   630 AM PDT   SUNSET   750 PM PDT
SEPTEMBER  1 2015.....SUNRISE   631 AM PDT   SUNSET   748 PM PDT


-  INDICATES NEGATIVE NUMBERS.
R  INDICATES RECORD WAS SET OR TIED.
MM INDICATES DATA IS MISSING.
T  INDICATES TRACE AMOUNT.




$$
