000
CDUS41 KPBZ 172220
CLIPHD


CLIMATE REPORT
NATIONAL WEATHER SERVICE PITTSBURGH PA
520 PM EST SAT FEB 17 2018


...................................

...THE NEW PHILADELPHIA OH CLIMATE SUMMARY FOR FEBRUARY 17 2018...
VALID TODAY AS OF 0500 PM LOCAL TIME.

CLIMATE NORMAL PERIOD 1981 TO 2010
CLIMATE RECORD PERIOD 1948 TO 2018


WEATHER ITEM   OBSERVED TIME   RECORD YEAR NORMAL DEPARTURE LAST
                VALUE   (LST)  VALUE       VALUE  FROM      YEAR
                                                  NORMAL
..................................................................
TEMPERATURE (F)
 TODAY
  MAXIMUM         34    318 PM  65    2006  41     -7       58
                                      1984
  MINIMUM         29    750 AM  -9    1979  22      7       24
  AVERAGE         32                        32      0       41

PRECIPITATION (IN)
  TODAY            T             0.49 1981   0.07  -0.07     0.00
  MONTH TO DATE    3.32                      1.38   1.94     1.07
  SINCE JUN 1     26.05                     27.28  -1.23    25.21
  SINCE JAN 1      5.53                      3.98   1.55     4.63

DEGREE DAYS
 HEATING
  TODAY           33                        33      0       24
  MONTH TO DATE  586                       584      2      509
  SINCE DEC 1   2910                      2698    212     2466
  SINCE JUL 1   3912                      3856     56     3333

 COOLING
  TODAY            0                         0      0        0
  MONTH TO DATE    0                         0      0        0
  SINCE DEC 1      0                         0      0        0
  SINCE JAN 1      0                         0      0        0
..................................................................


WIND (MPH)
  HIGHEST WIND SPEED    10   HIGHEST WIND DIRECTION    SE (130)
  HIGHEST GUST SPEED    15   HIGHEST GUST DIRECTION    SE (130)
  AVERAGE WIND SPEED     3.5


SKY COVER
  POSSIBLE SUNSHINE  MM
  AVERAGE SKY COVER 0.8


WEATHER CONDITIONS
 THE FOLLOWING WEATHER WAS RECORDED TODAY.
  LIGHT SNOW
  FOG


RELATIVE HUMIDITY (PERCENT)
 HIGHEST    92           500 PM
 LOWEST     61          1200 PM
 AVERAGE    77

..........................................................


THE NEW PHILADELPHIA OH CLIMATE NORMALS FOR TOMORROW
                         NORMAL    RECORD    YEAR
 MAXIMUM TEMPERATURE (F)   42        69      2017
 MINIMUM TEMPERATURE (F)   22        -8      1979


SUNRISE AND SUNSET
FEBRUARY 17 2018......SUNRISE   717 AM EST   SUNSET   603 PM EST
FEBRUARY 18 2018......SUNRISE   715 AM EST   SUNSET   604 PM EST


-  INDICATES NEGATIVE NUMBERS.
R  INDICATES RECORD WAS SET OR TIED.
MM INDICATES DATA IS MISSING.
T  INDICATES TRACE AMOUNT.




$$
