000
CDUS41 KPBZ 302112
CLIPHD


CLIMATE REPORT
NATIONAL WEATHER SERVICE PITTSBURGH PA
512 PM EDT SUN AUG 30 2015


...................................

...THE NEW PHILADELPHIA OH CLIMATE SUMMARY FOR AUGUST 30 2015...
VALID TODAY AS OF 0500 PM LOCAL TIME.

CLIMATE NORMAL PERIOD 1981 TO 2010
CLIMATE RECORD PERIOD 1946 TO 2015


WEATHER ITEM   OBSERVED TIME   RECORD YEAR NORMAL DEPARTURE LAST
                VALUE   (LST)  VALUE       VALUE  FROM      YEAR
                                                  NORMAL
..................................................................
TEMPERATURE (F)
 TODAY
  MAXIMUM         87    329 PM  95    1991  81      6       86
  MINIMUM         66    639 AM  37    1982  58      8       59
  AVERAGE         77                        69      8       73

PRECIPITATION (IN)
  TODAY            0.03         MM      MM   0.13  -0.10      T
  MONTH TO DATE    0.16                      3.46  -3.30     6.52
  SINCE JUN 1      8.41                     11.22  -2.81    16.27
  SINCE JAN 1     21.63                     26.82  -5.19    31.45

DEGREE DAYS
 HEATING
  TODAY            0                         0      0        0
  MONTH TO DATE   13                         0     13       13
  SINCE JUN 1     36                        38     -2       42
  SINCE JUL 1     13                         3     10       32

 COOLING
  TODAY           12                         5      7        8
  MONTH TO DATE  141                       195    -54      146
  SINCE JUN 1    547                       572    -25      475
  SINCE JAN 1    708                       615     93      541
..................................................................


WIND (MPH)
  HIGHEST WIND SPEED    10   HIGHEST WIND DIRECTION    NW (310)
  HIGHEST GUST SPEED    14   HIGHEST GUST DIRECTION    NW (310)
  AVERAGE WIND SPEED     3.2


SKY COVER
  POSSIBLE SUNSHINE  MM
  AVERAGE SKY COVER 0.4


WEATHER CONDITIONS
 THE FOLLOWING WEATHER WAS RECORDED TODAY.
  THUNDERSTORM
  HEAVY RAIN
  RAIN
  LIGHT RAIN
  FOG


RELATIVE HUMIDITY (PERCENT)
 HIGHEST   100          1200 AM
 LOWEST     55           300 PM
 AVERAGE    78

..........................................................


THE NEW PHILADELPHIA OH CLIMATE NORMALS FOR TOMORROW
                         NORMAL    RECORD    YEAR
 MAXIMUM TEMPERATURE (F)   81        95      1993
 MINIMUM TEMPERATURE (F)   58        41      1986


SUNRISE AND SUNSET
AUGUST 30 2015........SUNRISE   651 AM EDT   SUNSET   801 PM EDT
AUGUST 31 2015........SUNRISE   652 AM EDT   SUNSET   800 PM EDT


-  INDICATES NEGATIVE NUMBERS.
R  INDICATES RECORD WAS SET OR TIED.
MM INDICATES DATA IS MISSING.
T  INDICATES TRACE AMOUNT.




$$
