000
CDUS41 KPBZ 280801
CLIPHD


CLIMATE REPORT
NATIONAL WEATHER SERVICE PITTSBURGH PA
300 AM EST SUN DEC 28 2014


...................................

...THE NEW PHILADELPHIA OH CLIMATE SUMMARY FOR DECEMBER 27 2014...

CLIMATE NORMAL PERIOD 1981 TO 2010
CLIMATE RECORD PERIOD 1946 TO 2014


WEATHER ITEM   OBSERVED TIME   RECORD YEAR NORMAL DEPARTURE LAST
                VALUE   (LST)  VALUE       VALUE  FROM      YEAR
                                                  NORMAL
..................................................................
TEMPERATURE (F)
 YESTERDAY
  MAXIMUM         56R   251 PM  56    1973  38     18       44
  MINIMUM         33            -5    2000  22     11       28
  AVERAGE         45                        30     15       36

PRECIPITATION (IN)
  YESTERDAY        0.13         MM      MM   0.09   0.04     0.00
  MONTH TO DATE    2.54                      2.37   0.17     3.17
  SINCE JUN 1     24.45                     23.00   1.45    24.37
  SINCE JAN 1     39.63                     38.60   1.03    34.41

DEGREE DAYS
 HEATING
  YESTERDAY       20                        35    -15       29
  MONTH TO DATE  744                       862   -118      846
  SINCE DEC 1    744                       862   -118      846
  SINCE JUL 1   1978                      2020    -42     2082

 COOLING
  YESTERDAY        0                         0      0        0
  MONTH TO DATE    0                         0      0        0
  SINCE DEC 1      0                         0      0        0
  SINCE JAN 1    630                       697    -67      755
..................................................................


WIND (MPH)
  HIGHEST WIND SPEED    14   HIGHEST WIND DIRECTION    SW (220)
  HIGHEST GUST SPEED    20   HIGHEST GUST DIRECTION    SW (220)
  AVERAGE WIND SPEED     5.8


SKY COVER
  POSSIBLE SUNSHINE  MM
  AVERAGE SKY COVER 0.7


WEATHER CONDITIONS
 THE FOLLOWING WEATHER WAS RECORDED YESTERDAY.
  LIGHT RAIN
  FOG


RELATIVE HUMIDITY (PERCENT)
 HIGHEST    93          1100 PM
 LOWEST     35           300 PM
 AVERAGE    64

..........................................................


THE NEW PHILADELPHIA OH CLIMATE NORMALS FOR TODAY
                         NORMAL    RECORD    YEAR
 MAXIMUM TEMPERATURE (F)   38        63      1982
 MINIMUM TEMPERATURE (F)   22         1      1962


SUNRISE AND SUNSET
DECEMBER 28 2014......SUNRISE   748 AM EST   SUNSET   506 PM EST
DECEMBER 29 2014......SUNRISE   748 AM EST   SUNSET   507 PM EST


-  INDICATES NEGATIVE NUMBERS.
R  INDICATES RECORD WAS SET OR TIED.
MM INDICATES DATA IS MISSING.
T  INDICATES TRACE AMOUNT.




$$
