060
CDUS41 KPBZ 022228
CLIPHD


CLIMATE REPORT
NATIONAL WEATHER SERVICE PITTSBURGH PA
528 PM EST FRI DEC 2 2016


...................................

...THE NEW PHILADELPHIA OH CLIMATE SUMMARY FOR DECEMBER 2 2016...
VALID TODAY AS OF 0500 PM LOCAL TIME.

CLIMATE NORMAL PERIOD 1981 TO 2010
CLIMATE RECORD PERIOD 1946 TO 2016


WEATHER ITEM   OBSERVED TIME   RECORD YEAR NORMAL DEPARTURE LAST
                VALUE   (LST)  VALUE       VALUE  FROM      YEAR
                                                  NORMAL
..................................................................
TEMPERATURE (F)
 TODAY
  MAXIMUM         40    113 PM  66    1970  45     -5       50
  MINIMUM         35    338 AM   5    1964  29      6       35
  AVERAGE         38                        37      1       43

PRECIPITATION (IN)
  TODAY            0.00         MM      MM   0.09  -0.09      T
  MONTH TO DATE    T                         0.18  -0.18     0.01
  SINCE JUN 1     16.94                     20.81  -3.87    15.13
  SINCE JAN 1     31.59                     36.41  -4.82    28.35

DEGREE DAYS
 HEATING
  TODAY           27                        28     -1       22
  MONTH TO DATE   53                        56     -3       35
  SINCE DEC 1     53                        56     -3       35
  SINCE JUL 1    920                      1214   -294      931

 COOLING
  TODAY            0                         0      0        0
  MONTH TO DATE    0                         0      0        0
  SINCE DEC 1      0                         0      0        0
  SINCE JAN 1   1339                       697    642      866
..................................................................


WIND (MPH)
  HIGHEST WIND SPEED    15   HIGHEST WIND DIRECTION     W (260)
  HIGHEST GUST SPEED    21   HIGHEST GUST DIRECTION     W (260)
  AVERAGE WIND SPEED     7.0


SKY COVER
  POSSIBLE SUNSHINE  MM
  AVERAGE SKY COVER 0.9


WEATHER CONDITIONS
 THE FOLLOWING WEATHER WAS RECORDED TODAY.
  NO SIGNIFICANT WEATHER WAS OBSERVED.


RELATIVE HUMIDITY (PERCENT)
 HIGHEST    82           400 AM
 LOWEST     70           200 AM
 AVERAGE    76

..........................................................


THE NEW PHILADELPHIA OH CLIMATE NORMALS FOR TOMORROW
                         NORMAL    RECORD    YEAR
 MAXIMUM TEMPERATURE (F)   45        68      1982
 MINIMUM TEMPERATURE (F)   28        -4      1976


SUNRISE AND SUNSET
DECEMBER  2 2016......SUNRISE   731 AM EST   SUNSET   459 PM EST
DECEMBER  3 2016......SUNRISE   732 AM EST   SUNSET   459 PM EST


-  INDICATES NEGATIVE NUMBERS.
R  INDICATES RECORD WAS SET OR TIED.
MM INDICATES DATA IS MISSING.
T  INDICATES TRACE AMOUNT.




$$
