000
CDUS41 KPBZ 310814
CLIPHD


CLIMATE REPORT
NATIONAL WEATHER SERVICE PITTSBURGH PA
314 AM EST SAT JAN 31 2015


...................................

...THE NEW PHILADELPHIA OH CLIMATE SUMMARY FOR JANUARY 30 2015...

CLIMATE NORMAL PERIOD 1981 TO 2010
CLIMATE RECORD PERIOD 1946 TO 2015


WEATHER ITEM   OBSERVED TIME   RECORD YEAR NORMAL DEPARTURE LAST
                VALUE   (LST)  VALUE       VALUE  FROM      YEAR
                                                  NORMAL
..................................................................
TEMPERATURE (F)
 YESTERDAY
  MAXIMUM         32    242 AM  68    2013  38     -6       34
  MINIMUM          4           -15    1963  21    -17       -6
  AVERAGE         18                        30    -12       14

PRECIPITATION (IN)
  YESTERDAY        0.04         MM      MM   0.09  -0.05     0.00
  MONTH TO DATE    1.80                      2.51  -0.71     1.82
  SINCE JUN 1     26.53                     25.81   0.72    26.46
  SINCE JAN 1      1.80                      2.51  -0.71     1.82

DEGREE DAYS
 HEATING
  YESTERDAY       47                        35     12       51
  MONTH TO DATE 1161                      1077     84     1251
  SINCE DEC 1   2046                      2080    -34     2216
  SINCE JUL 1   3280                      3238     42     3452

 COOLING
  YESTERDAY        0                         0      0        0
  MONTH TO DATE    0                         0      0        0
  SINCE DEC 1      0                         0      0        0
  SINCE JAN 1      0                         0      0        0
..................................................................


WIND (MPH)
  HIGHEST WIND SPEED    23   HIGHEST WIND DIRECTION    NW (320)
  HIGHEST GUST SPEED    33   HIGHEST GUST DIRECTION    NW (330)
  AVERAGE WIND SPEED    10.6


SKY COVER
  POSSIBLE SUNSHINE  MM
  AVERAGE SKY COVER 0.7


WEATHER CONDITIONS
 THE FOLLOWING WEATHER WAS RECORDED YESTERDAY.
  LIGHT SNOW
  FOG
  HAZE


RELATIVE HUMIDITY (PERCENT)
 HIGHEST    88          1000 PM
 LOWEST     61           400 PM
 AVERAGE    75

..........................................................


THE NEW PHILADELPHIA OH CLIMATE NORMALS FOR TODAY
                         NORMAL    RECORD    YEAR
 MAXIMUM TEMPERATURE (F)   38        60      2012
 MINIMUM TEMPERATURE (F)   21        -4      1965


SUNRISE AND SUNSET
JANUARY 31 2015.......SUNRISE   736 AM EST   SUNSET   542 PM EST
FEBRUARY  1 2015......SUNRISE   735 AM EST   SUNSET   544 PM EST


-  INDICATES NEGATIVE NUMBERS.
R  INDICATES RECORD WAS SET OR TIED.
MM INDICATES DATA IS MISSING.
T  INDICATES TRACE AMOUNT.




$$
