000
CDUS41 KPBZ 202122
CLIPHD


CLIMATE REPORT
NATIONAL WEATHER SERVICE PITTSBURGH PA
519 PM EDT FRI OCT 20 2017


...................................

...THE NEW PHILADELPHIA OH CLIMATE SUMMARY FOR OCTOBER 20 2017...
VALID TODAY AS OF 0500 PM LOCAL TIME.

CLIMATE NORMAL PERIOD 1981 TO 2010
CLIMATE RECORD PERIOD 1948 TO 2017


WEATHER ITEM   OBSERVED TIME   RECORD YEAR NORMAL DEPARTURE LAST
                VALUE   (LST)  VALUE       VALUE  FROM      YEAR
                                                  NORMAL
..................................................................
TEMPERATURE (F)
 TODAY
  MAXIMUM         76    233 PM  79    1963  63     13       67
  MINIMUM         42    713 AM  22    1992  39      3       56
                                      1972
  AVERAGE         59                        51      8       62

PRECIPITATION (IN)
  TODAY            0.00          1.97 2016   0.09  -0.09     1.97
  MONTH TO DATE    2.55                      1.78   0.77     3.04
  SINCE JUN 1     13.50                     16.39  -2.89    14.17
  SINCE JAN 1     34.25                     31.99   2.26    28.82

DEGREE DAYS
 HEATING
  TODAY            6                        14     -8        3
  MONTH TO DATE   62                       221   -159      108
  SINCE SEP 1    143                       317   -174      128
  SINCE JUL 1    153                       327   -174      128

 COOLING
  TODAY            0                         0      0        0
  MONTH TO DATE   46                         9     37       25
  SINCE SEP 1    163                        75     88      209
  SINCE JAN 1    831                       697    134     1337
..................................................................


WIND (MPH)
  HIGHEST WIND SPEED     7   HIGHEST WIND DIRECTION     S (170)
  HIGHEST GUST SPEED     9   HIGHEST GUST DIRECTION     S (170)
  AVERAGE WIND SPEED     1.0


SKY COVER
  POSSIBLE SUNSHINE  MM
  AVERAGE SKY COVER 0.2


WEATHER CONDITIONS
 THE FOLLOWING WEATHER WAS RECORDED TODAY.
  FOG
  FOG W/VISIBILITY <= 1/4 MILE


RELATIVE HUMIDITY (PERCENT)
 HIGHEST   100           300 AM
 LOWEST     25           300 PM
 AVERAGE    63

..........................................................


THE NEW PHILADELPHIA OH CLIMATE NORMALS FOR TOMORROW
                         NORMAL    RECORD    YEAR
 MAXIMUM TEMPERATURE (F)   63        82      2007
 MINIMUM TEMPERATURE (F)   39        23      1992
                                             1972


SUNRISE AND SUNSET
OCTOBER 20 2017.......SUNRISE   742 AM EDT   SUNSET   638 PM EDT
OCTOBER 21 2017.......SUNRISE   743 AM EDT   SUNSET   636 PM EDT


-  INDICATES NEGATIVE NUMBERS.
R  INDICATES RECORD WAS SET OR TIED.
MM INDICATES DATA IS MISSING.
T  INDICATES TRACE AMOUNT.




$$
