000
CDUS41 KPHI 240629
CLIPHL


CLIMATE REPORT
NATIONAL WEATHER SERVICE MOUNT HOLLY NJ
128 AM EST MON NOV 24 2014


...................................

...THE PHILADELPHIA PA CLIMATE SUMMARY FOR NOVEMBER 23 2014...

CLIMATE NORMAL PERIOD 1981 TO 2010
CLIMATE RECORD PERIOD 1872 TO 2014


WEATHER ITEM   OBSERVED TIME   RECORD YEAR NORMAL DEPARTURE LAST
                VALUE   (LST)  VALUE       VALUE  FROM      YEAR
                                                  NORMAL
..................................................................
TEMPERATURE (F)
 YESTERDAY
  MAXIMUM         57   1152 PM  72    1931  53      4       55
                                      1913
  MINIMUM         38    234 AM  10    1880  37      1       31
  AVERAGE         48                        45      3       43

PRECIPITATION (IN)
  YESTERDAY        T             1.80 1875   0.10  -0.10     0.00
  MONTH TO DATE    2.75                      2.21   0.54     0.45
  SINCE SEP 1      6.97                      9.17  -2.20     6.16
  SINCE JAN 1     42.78                     37.19   5.59    48.40

SNOWFALL (IN)
  YESTERDAY        0.0           2.8  1989   0.0    0.0      0.0
  MONTH TO DATE    T                         0.1   -0.1       T
  SINCE SEP 1      T                         0.1   -0.1       T
  SINCE JUL 1      T                         0.1   -0.1       T
  SNOW DEPTH       0

DEGREE DAYS
 HEATING
  YESTERDAY       17                        20     -3       22
  MONTH TO DATE  454                       373     81      374
  SINCE SEP 1    644                       665    -21      603
  SINCE JUL 1    644                       666    -22      603

 COOLING
  YESTERDAY        0                         0      0        0
  MONTH TO DATE    0                         0      0        0
  SINCE SEP 1    213                       183     30      195
  SINCE JAN 1   1311                      1300     11     1411
..................................................................


WIND (MPH)
  HIGHEST WIND SPEED    16   HIGHEST WIND DIRECTION    SW (240)
  HIGHEST GUST SPEED    19   HIGHEST GUST DIRECTION    SW (230)
  AVERAGE WIND SPEED     6.8


SKY COVER
  POSSIBLE SUNSHINE  MM
  AVERAGE SKY COVER 0.8


WEATHER CONDITIONS
 THE FOLLOWING WEATHER WAS RECORDED YESTERDAY.
  LIGHT RAIN
  FOG


RELATIVE HUMIDITY (PERCENT)
 HIGHEST    77           800 PM
 LOWEST     35          1200 PM
 AVERAGE    56

..........................................................


THE PHILADELPHIA PA CLIMATE NORMALS FOR TODAY
                         NORMAL    RECORD    YEAR
 MAXIMUM TEMPERATURE (F)   53        71      1979
 MINIMUM TEMPERATURE (F)   37        16      1880


SUNRISE AND SUNSET
NOVEMBER 24 2014......SUNRISE   656 AM EST   SUNSET   439 PM EST
NOVEMBER 25 2014......SUNRISE   657 AM EST   SUNSET   439 PM EST


-  INDICATES NEGATIVE NUMBERS.
R  INDICATES RECORD WAS SET OR TIED.
MM INDICATES DATA IS MISSING.
T  INDICATES TRACE AMOUNT.




$$
