000
CDUS41 KPHI 022137
CLIPHL


CLIMATE REPORT
NATIONAL WEATHER SERVICE MOUNT HOLLY NJ
536 PM EDT TUE JUN 2 2015


...................................

...THE PHILADELPHIA PA CLIMATE SUMMARY FOR JUNE 2 2015...
VALID TODAY AS OF 0500 PM LOCAL TIME.

CLIMATE NORMAL PERIOD 1981 TO 2010
CLIMATE RECORD PERIOD 1872 TO 2015


WEATHER ITEM   OBSERVED TIME   RECORD YEAR NORMAL DEPARTURE LAST
                VALUE   (LST)  VALUE       VALUE  FROM      YEAR
                                                  NORMAL
..................................................................
TEMPERATURE (F)
 TODAY
  MAXIMUM         58   1249 AM  98    1925  79    -21       81
  MINIMUM         53    812 AM  46    1907  60     -7       56
  AVERAGE         56                        69    -13       69

PRECIPITATION (IN)
  TODAY            0.20          2.96 1959   0.12   0.08     0.00
  MONTH TO DATE    2.16                      0.24   1.92     0.00
  SINCE JUN 1      2.16                      0.24   1.92     0.00
  SINCE JAN 1     19.33                     16.98   2.35    22.50

SNOWFALL (IN)
  TODAY            0.0           0.0  1870   0.0    0.0      0.0
  MONTH TO DATE    0.0                       0.0    0.0      0.0
  SINCE JUN 1      0.0                       0.0    0.0      0.0
  SINCE JUL 1     27.0                      22.4    4.6     68.0
  SNOW DEPTH       0

DEGREE DAYS
 HEATING
  TODAY            9                         1      8        0
  MONTH TO DATE    9                         2      7        0
  SINCE JUN 1      9                         2      7        0
  SINCE JUL 1   4773                      4604    169     4850

 COOLING
  TODAY            0                         5     -5        4
  MONTH TO DATE    2                        10     -8        5
  SINCE JUN 1      2                        10     -8        5
  SINCE JAN 1    201                       101    100       88
..................................................................


WIND (MPH)
  HIGHEST WIND SPEED    18   HIGHEST WIND DIRECTION    NE (30)
  HIGHEST GUST SPEED    24   HIGHEST GUST DIRECTION     N (360)
  AVERAGE WIND SPEED    11.6


SKY COVER
  POSSIBLE SUNSHINE  MM
  AVERAGE SKY COVER 1.0


WEATHER CONDITIONS
 THE FOLLOWING WEATHER WAS RECORDED TODAY.
  RAIN
  LIGHT RAIN
  FOG


RELATIVE HUMIDITY (PERCENT)
 HIGHEST    93           400 AM
 LOWEST     86          1200 AM
 AVERAGE    90

..........................................................


THE PHILADELPHIA PA CLIMATE NORMALS FOR TOMORROW
                         NORMAL    RECORD    YEAR
 MAXIMUM TEMPERATURE (F)   79        97      1919
 MINIMUM TEMPERATURE (F)   60        48      1986
                                             1966
                                             1929


SUNRISE AND SUNSET
JUNE  2 2015..........SUNRISE   534 AM EDT   SUNSET   824 PM EDT
JUNE  3 2015..........SUNRISE   534 AM EDT   SUNSET   825 PM EDT


-  INDICATES NEGATIVE NUMBERS.
R  INDICATES RECORD WAS SET OR TIED.
MM INDICATES DATA IS MISSING.
T  INDICATES TRACE AMOUNT.




$$
