000
CDUS41 KPHI 212129
CLIPHL


CLIMATE REPORT
NATIONAL WEATHER SERVICE MOUNT HOLLY NJ
427 PM EST TUE NOV 21 2017


...................................

...THE PHILADELPHIA PA CLIMATE SUMMARY FOR NOVEMBER 21 2017...
VALID TODAY AS OF 0400 PM LOCAL TIME.

CLIMATE NORMAL PERIOD 1981 TO 2010
CLIMATE RECORD PERIOD 1872 TO 2017


WEATHER ITEM   OBSERVED TIME   RECORD YEAR NORMAL DEPARTURE LAST
                VALUE   (LST)  VALUE       VALUE  FROM      YEAR
                                                  NORMAL
..................................................................
TEMPERATURE (F)
 TODAY
  MAXIMUM         59    346 PM  74    1931  54      5       45
                                      1900
  MINIMUM         40    703 AM  19    1879  38      2       38
  AVERAGE         50                        46      4       42

PRECIPITATION (IN)
  TODAY            0.00          2.30 1952   0.10  -0.10     0.00
  MONTH TO DATE    1.19                      2.00  -0.81     0.42
  SINCE SEP 1      8.71                      8.96  -0.25     6.00
  SINCE JAN 1     39.92                     36.98   2.94    30.85

SNOWFALL (IN)
  TODAY            0.0           1.0  2008   0.0    0.0      0.0
  MONTH TO DATE    0.0                       0.1   -0.1       T
  SINCE SEP 1      0.0                       0.1   -0.1       T
  SINCE JUL 1      0.0                       0.1   -0.1       T
  SNOW DEPTH       0

DEGREE DAYS
 HEATING
  TODAY           15                        19     -4       23
  MONTH TO DATE  342                       333      9      280
  SINCE SEP 1    461                       625   -164      469
  SINCE JUL 1    461                       626   -165      469

 COOLING
  TODAY            0                         0      0        0
  MONTH TO DATE    0                         0      0        0
  SINCE SEP 1    300                       183    117      314
  SINCE JAN 1   1490                      1300    190     1726
..................................................................


WIND (MPH)
  HIGHEST WIND SPEED    25   HIGHEST WIND DIRECTION    SW (220)
  HIGHEST GUST SPEED    33   HIGHEST GUST DIRECTION    SW (220)
  AVERAGE WIND SPEED    11.4


SKY COVER
  POSSIBLE SUNSHINE  MM
  AVERAGE SKY COVER 0.6


WEATHER CONDITIONS
 THE FOLLOWING WEATHER WAS RECORDED TODAY.
  NO SIGNIFICANT WEATHER WAS OBSERVED.


RELATIVE HUMIDITY (PERCENT)
 HIGHEST    70           400 AM
 LOWEST     33           100 PM
 AVERAGE    52

..........................................................


THE PHILADELPHIA PA CLIMATE NORMALS FOR TOMORROW
                         NORMAL    RECORD    YEAR
 MAXIMUM TEMPERATURE (F)   54        73      1883
 MINIMUM TEMPERATURE (F)   37        14      1880


SUNRISE AND SUNSET
NOVEMBER 21 2017......SUNRISE   653 AM EST   SUNSET   441 PM EST
NOVEMBER 22 2017......SUNRISE   654 AM EST   SUNSET   440 PM EST


-  INDICATES NEGATIVE NUMBERS.
R  INDICATES RECORD WAS SET OR TIED.
MM INDICATES DATA IS MISSING.
T  INDICATES TRACE AMOUNT.




$$
