000
CDUS41 KPHI 022138
CLIPHL


CLIMATE REPORT
NATIONAL WEATHER SERVICE MOUNT HOLLY NJ
438 PM EST MON MAR 2 2015


...................................

...THE PHILADELPHIA PA CLIMATE SUMMARY FOR MARCH 2 2015...
VALID TODAY AS OF 0400 PM LOCAL TIME.

CLIMATE NORMAL PERIOD 1981 TO 2010
CLIMATE RECORD PERIOD 1872 TO 2015


WEATHER ITEM   OBSERVED TIME   RECORD YEAR NORMAL DEPARTURE LAST
                VALUE   (LST)  VALUE       VALUE  FROM      YEAR
                                                  NORMAL
..................................................................
TEMPERATURE (F)
 TODAY
  MAXIMUM         40    359 PM  77    1972  48     -8       42
  MINIMUM         32    740 AM   8    1886  31      1       31
  AVERAGE         36                        39     -3       37

PRECIPITATION (IN)
  TODAY            0.00          1.22 2007   0.11  -0.11     0.04
  MONTH TO DATE    0.52                      0.21   0.31     0.04
  SINCE MAR 1      0.52                      0.21   0.31     0.04
  SINCE JAN 1      7.40                      5.89   1.51     8.71

SNOWFALL (IN)
  TODAY            0.0           5.6  2009   0.2   -0.2       T
  MONTH TO DATE    0.4                       0.4    0.0       T
  SINCE MAR 1      0.4                       0.4    0.0       T
  SINCE JUL 1     15.4                      19.4   -4.0     59.5
  SNOW DEPTH       0

DEGREE DAYS
 HEATING
  TODAY           29                        26      3       28
  MONTH TO DATE   67                        52     15       64
  SINCE MAR 1     67                        52     15       64
  SINCE JUL 1   3720                      3534    186     3720

 COOLING
  TODAY            0                         0      0        0
  MONTH TO DATE    0                         0      0        0
  SINCE MAR 1      0                         0      0        0
  SINCE JAN 1      0                         0      0        0
..................................................................


WIND (MPH)
  HIGHEST WIND SPEED    28   HIGHEST WIND DIRECTION    NW (320)
  HIGHEST GUST SPEED    35   HIGHEST GUST DIRECTION    NW (320)
  AVERAGE WIND SPEED    11.7


SKY COVER
  POSSIBLE SUNSHINE  MM
  AVERAGE SKY COVER 0.7


WEATHER CONDITIONS
 THE FOLLOWING WEATHER WAS RECORDED TODAY.
  FOG
  HAZE


RELATIVE HUMIDITY (PERCENT)
 HIGHEST    92           100 AM
 LOWEST     34           300 PM
 AVERAGE    63

..........................................................


THE PHILADELPHIA PA CLIMATE NORMALS FOR TOMORROW
                         NORMAL    RECORD    YEAR
 MAXIMUM TEMPERATURE (F)   48        73      1991
                                             1923
 MINIMUM TEMPERATURE (F)   31        10      1886


SUNRISE AND SUNSET
MARCH  2 2015.........SUNRISE   633 AM EST   SUNSET   554 PM EST
MARCH  3 2015.........SUNRISE   632 AM EST   SUNSET   555 PM EST


-  INDICATES NEGATIVE NUMBERS.
R  INDICATES RECORD WAS SET OR TIED.
MM INDICATES DATA IS MISSING.
T  INDICATES TRACE AMOUNT.




$$
