000
CDUS41 KPHI 290630
CLIPHL


CLIMATE REPORT
NATIONAL WEATHER SERVICE MOUNT HOLLY NJ
127 AM EST SAT NOV 29 2014


...................................

...THE PHILADELPHIA PA CLIMATE SUMMARY FOR NOVEMBER 28 2014...

CLIMATE NORMAL PERIOD 1981 TO 2010
CLIMATE RECORD PERIOD 1872 TO 2014


WEATHER ITEM   OBSERVED TIME   RECORD YEAR NORMAL DEPARTURE LAST
                VALUE   (LST)  VALUE       VALUE  FROM      YEAR
                                                  NORMAL
..................................................................
TEMPERATURE (F)
 YESTERDAY
  MAXIMUM         39    122 PM  71    1990  51    -12       37
  MINIMUM         28   1115 PM  17    1930  35     -7       30
  AVERAGE         34                        43     -9       34

PRECIPITATION (IN)
  YESTERDAY        0.00          2.78 1945   0.11  -0.11     0.00
  MONTH TO DATE    4.07                      2.75   1.32     2.73
  SINCE SEP 1      8.29                      9.71  -1.42     8.44
  SINCE JAN 1     44.10                     37.73   6.37    50.68

SNOWFALL (IN)
  YESTERDAY        0.0           2.0  1917   0.0    0.0      0.0
  MONTH TO DATE    T                         0.2   -0.2       T
  SINCE SEP 1      T                         0.2   -0.2       T
  SINCE JUL 1      T                         0.2   -0.2       T
  SNOW DEPTH       0

DEGREE DAYS
 HEATING
  YESTERDAY       31                        22      9       31
  MONTH TO DATE  545                       478     67      516
  SINCE SEP 1    735                       770    -35      745
  SINCE JUL 1    735                       771    -36      745

 COOLING
  YESTERDAY        0                         0      0        0
  MONTH TO DATE    0                         0      0        0
  SINCE SEP 1    213                       183     30      195
  SINCE JAN 1   1311                      1300     11     1411
..................................................................


WIND (MPH)
  HIGHEST WIND SPEED    23   HIGHEST WIND DIRECTION    NW (300)
  HIGHEST GUST SPEED    28   HIGHEST GUST DIRECTION    NW (300)
  AVERAGE WIND SPEED    10.5


SKY COVER
  POSSIBLE SUNSHINE  MM
  AVERAGE SKY COVER 0.4


WEATHER CONDITIONS
 THE FOLLOWING WEATHER WAS RECORDED YESTERDAY.
  NO SIGNIFICANT WEATHER WAS OBSERVED.


RELATIVE HUMIDITY (PERCENT)
 HIGHEST    78           200 AM
 LOWEST     37           200 PM
 AVERAGE    58

..........................................................


THE PHILADELPHIA PA CLIMATE NORMALS FOR TODAY
                         NORMAL    RECORD    YEAR
 MAXIMUM TEMPERATURE (F)   51        70      1927
 MINIMUM TEMPERATURE (F)   35        15      1955


SUNRISE AND SUNSET
NOVEMBER 29 2014......SUNRISE   701 AM EST   SUNSET   437 PM EST
NOVEMBER 30 2014......SUNRISE   702 AM EST   SUNSET   437 PM EST


-  INDICATES NEGATIVE NUMBERS.
R  INDICATES RECORD WAS SET OR TIED.
MM INDICATES DATA IS MISSING.
T  INDICATES TRACE AMOUNT.




$$
