000
CDUS41 KPHI 252129
CLIPHL


CLIMATE REPORT
NATIONAL WEATHER SERVICE MOUNT HOLLY NJ
427 PM EST SUN FEB 25 2018


...................................

...THE PHILADELPHIA PA CLIMATE SUMMARY FOR FEBRUARY 25 2018...
VALID TODAY AS OF 0400 PM LOCAL TIME.

CLIMATE NORMAL PERIOD 1981 TO 2010
CLIMATE RECORD PERIOD 1872 TO 2018


WEATHER ITEM   OBSERVED TIME   RECORD YEAR NORMAL DEPARTURE LAST
                VALUE   (LST)  VALUE       VALUE  FROM      YEAR
                                                  NORMAL
..................................................................
TEMPERATURE (F)
 TODAY
  MAXIMUM         48    359 PM  79    1930  46      2       73
  MINIMUM         43    803 AM   4    1894  30     13       46
  AVERAGE         46                        38      8       60

PRECIPITATION (IN)
  TODAY            0.66          0.90 2011   0.10   0.56     0.33
                                      1960
  MONTH TO DATE    6.02                      2.36   3.66     1.12
  SINCE DEC 1     10.18                      8.95   1.23     6.75
  SINCE JAN 1      8.87                      5.39   3.48     4.03

SNOWFALL (IN)
  TODAY            0.0           6.4  1885   0.3   -0.3      0.0
  MONTH TO DATE    1.4                       8.2   -6.8      2.0
  SINCE DEC 1     14.6                      18.1   -3.5      8.0
  SINCE JUL 1     14.6                      18.4   -3.8      8.0
  SNOW DEPTH       0

DEGREE DAYS
 HEATING
  TODAY           19                        27     -8        5
  MONTH TO DATE  585                       739   -154      519
  SINCE DEC 1   2469                      2586   -117     2138
  SINCE JUL 1   3104                      3402   -298     2769

 COOLING
  TODAY            0                         0      0        0
  MONTH TO DATE    0                         0      0        0
  SINCE DEC 1      0                         0      0        0
  SINCE JAN 1      0                         0      0        0
..................................................................


WIND (MPH)
  HIGHEST WIND SPEED    17   HIGHEST WIND DIRECTION     E (80)
  HIGHEST GUST SPEED    24   HIGHEST GUST DIRECTION     E (100)
  AVERAGE WIND SPEED     8.5


SKY COVER
  POSSIBLE SUNSHINE  MM
  AVERAGE SKY COVER 0.9


WEATHER CONDITIONS
 THE FOLLOWING WEATHER WAS RECORDED TODAY.
  HEAVY RAIN
  RAIN
  LIGHT RAIN
  FOG


RELATIVE HUMIDITY (PERCENT)
 HIGHEST   100           700 AM
 LOWEST     86           100 AM
 AVERAGE    93

..........................................................


THE PHILADELPHIA PA CLIMATE NORMALS FOR TOMORROW
                         NORMAL    RECORD    YEAR
 MAXIMUM TEMPERATURE (F)   47        69      1890
 MINIMUM TEMPERATURE (F)   30        10      1990
                                             1970


SUNRISE AND SUNSET
FEBRUARY 25 2018......SUNRISE   640 AM EST   SUNSET   549 PM EST
FEBRUARY 26 2018......SUNRISE   639 AM EST   SUNSET   550 PM EST


-  INDICATES NEGATIVE NUMBERS.
R  INDICATES RECORD WAS SET OR TIED.
MM INDICATES DATA IS MISSING.
T  INDICATES TRACE AMOUNT.




$$
