000
CDUS41 KPHI 080630
CLIPHL


CLIMATE REPORT
NATIONAL WEATHER SERVICE MOUNT HOLLY NJ
129 AM EST THU DEC 8 2016


...................................

...THE PHILADELPHIA PA CLIMATE SUMMARY FOR DECEMBER 7 2016...

CLIMATE NORMAL PERIOD 1981 TO 2010
CLIMATE RECORD PERIOD 1872 TO 2016


WEATHER ITEM   OBSERVED TIME   RECORD YEAR NORMAL DEPARTURE LAST
                VALUE   (LST)  VALUE       VALUE  FROM      YEAR
                                                  NORMAL
..................................................................
TEMPERATURE (F)
 YESTERDAY
  MAXIMUM         47    452 PM  73    1998  48     -1       57
  MINIMUM         37   1119 PM  15    1926  33      4       35
                                      1885
  AVERAGE         42                        40      2       46

PRECIPITATION (IN)
  YESTERDAY        0.04          3.71 1914   0.12  -0.08     0.00
  MONTH TO DATE    0.94                      0.87   0.07     0.86
  SINCE DEC 1      0.94                      0.87   0.07     0.86
  SINCE JAN 1     33.54                     38.84  -5.30    42.72

SNOWFALL (IN)
  YESTERDAY        0.0           2.8  1959   0.1   -0.1      0.0
  MONTH TO DATE    T                         0.5   -0.5      0.0
  SINCE DEC 1      T                         0.5   -0.5      0.0
  SINCE JUL 1      T                         0.8   -0.8      0.0
  SNOW DEPTH       0

DEGREE DAYS
 HEATING
  YESTERDAY       23                        25     -2       19
  MONTH TO DATE  134                       168    -34      121
  SINCE DEC 1    134                       168    -34      121
  SINCE JUL 1    765                       984   -219      681

 COOLING
  YESTERDAY        0                         0      0        0
  MONTH TO DATE    0                         0      0        0
  SINCE DEC 1      0                         0      0        0
  SINCE JAN 1   1726                      1301    425     1718
..................................................................


WIND (MPH)
  HIGHEST WIND SPEED    17   HIGHEST WIND DIRECTION    NE (40)
  HIGHEST GUST SPEED    23   HIGHEST GUST DIRECTION    NE (40)
  AVERAGE WIND SPEED     8.1


SKY COVER
  POSSIBLE SUNSHINE  MM
  AVERAGE SKY COVER 0.8


WEATHER CONDITIONS
 THE FOLLOWING WEATHER WAS RECORDED YESTERDAY.
  LIGHT RAIN
  FOG


RELATIVE HUMIDITY (PERCENT)
 HIGHEST    93           400 AM
 LOWEST     58           800 PM
 AVERAGE    76

..........................................................


THE PHILADELPHIA PA CLIMATE NORMALS FOR TODAY
                         NORMAL    RECORD    YEAR
 MAXIMUM TEMPERATURE (F)   47        67      1980
 MINIMUM TEMPERATURE (F)   32        14      1882


SUNRISE AND SUNSET
DECEMBER  8 2016......SUNRISE   710 AM EST   SUNSET   436 PM EST
DECEMBER  9 2016......SUNRISE   711 AM EST   SUNSET   436 PM EST


-  INDICATES NEGATIVE NUMBERS.
R  INDICATES RECORD WAS SET OR TIED.
MM INDICATES DATA IS MISSING.
T  INDICATES TRACE AMOUNT.




$$
