000
CDUS41 KPHI 220630
CLIPHL


CLIMATE REPORT
NATIONAL WEATHER SERVICE MOUNT HOLLY NJ
130 AM EST SUN JAN 22 2017


...................................

...THE PHILADELPHIA PA CLIMATE SUMMARY FOR JANUARY 21 2017...

CLIMATE NORMAL PERIOD 1981 TO 2010
CLIMATE RECORD PERIOD 1872 TO 2017


WEATHER ITEM   OBSERVED TIME   RECORD YEAR NORMAL DEPARTURE LAST
                VALUE   (LST)  VALUE       VALUE  FROM      YEAR
                                                  NORMAL
..................................................................
TEMPERATURE (F)
 YESTERDAY
  MAXIMUM         47    334 PM  62    1959  40      7       37
  MINIMUM         42    605 AM  -6    1985  25     17       26
  AVERAGE         45                        33     12       32

PRECIPITATION (IN)
  YESTERDAY        T             1.32 1979   0.10  -0.10     0.00
  MONTH TO DATE    1.91                      2.05  -0.14     1.03
  SINCE DEC 1      4.63                      5.61  -0.98     6.17
  SINCE JAN 1      1.91                      2.05  -0.14     1.03

SNOWFALL (IN)
  YESTERDAY        0.0          13.5  2014   0.3   -0.3      0.0
  MONTH TO DATE    4.9                       4.0    0.9      0.5
  SINCE DEC 1      5.2                       7.4   -2.2      0.5
  SINCE JUL 1      5.2                       7.7   -2.5      0.5
  SNOW DEPTH       0

DEGREE DAYS
 HEATING
  YESTERDAY       20                        32    -12       33
  MONTH TO DATE  576                       670    -94      628
  SINCE DEC 1   1380                      1524   -144     1049
  SINCE JUL 1   2011                      2340   -329     1609

 COOLING
  YESTERDAY        0                         0      0        0
  MONTH TO DATE    0                         0      0        0
  SINCE DEC 1      0                         0      0        2
  SINCE JAN 1      0                         0      0        0
..................................................................


WIND (MPH)
  HIGHEST WIND SPEED    10   HIGHEST WIND DIRECTION    SW (230)
  HIGHEST GUST SPEED    12   HIGHEST GUST DIRECTION    SW (240)
  AVERAGE WIND SPEED     3.4


SKY COVER
  POSSIBLE SUNSHINE  MM
  AVERAGE SKY COVER 1.0


WEATHER CONDITIONS
 THE FOLLOWING WEATHER WAS RECORDED YESTERDAY.
  LIGHT RAIN
  FOG
  FOG W/VISIBILITY <= 1/4 MILE


RELATIVE HUMIDITY (PERCENT)
 HIGHEST   100           700 AM
 LOWEST     89          1200 AM
 AVERAGE    95

..........................................................


THE PHILADELPHIA PA CLIMATE NORMALS FOR TODAY
                         NORMAL    RECORD    YEAR
 MAXIMUM TEMPERATURE (F)   40        70      1906
 MINIMUM TEMPERATURE (F)   25        -7      1984


SUNRISE AND SUNSET
JANUARY 22 2017.......SUNRISE   717 AM EST   SUNSET   509 PM EST
JANUARY 23 2017.......SUNRISE   716 AM EST   SUNSET   510 PM EST


-  INDICATES NEGATIVE NUMBERS.
R  INDICATES RECORD WAS SET OR TIED.
MM INDICATES DATA IS MISSING.
T  INDICATES TRACE AMOUNT.




$$
