000
CDUS41 KPHI 050637
CLIPHL


CLIMATE REPORT
NATIONAL WEATHER SERVICE MOUNT HOLLY NJ
236 AM EDT THU MAY 5 2016


...................................

...THE PHILADELPHIA PA CLIMATE SUMMARY FOR MAY 4 2016...

CLIMATE NORMAL PERIOD 1981 TO 2010
CLIMATE RECORD PERIOD 1872 TO 2016


WEATHER ITEM   OBSERVED TIME   RECORD YEAR NORMAL DEPARTURE LAST
                VALUE   (LST)  VALUE       VALUE  FROM      YEAR
                                                  NORMAL
..................................................................
TEMPERATURE (F)
 YESTERDAY
  MAXIMUM         54    417 PM  91    2001  70    -16       85
  MINIMUM         51   1151 PM  35    1957  50      1       54
  AVERAGE         53                        60     -7       70

PRECIPITATION (IN)
  YESTERDAY        0.02          1.88 1921   0.11  -0.09     0.00
  MONTH TO DATE    1.24                      0.43   0.81     0.00
  SINCE MAR 1      5.00                      7.78  -2.78     9.10
  SINCE JAN 1     11.99                     13.46  -1.47    15.98

SNOWFALL (IN)
  YESTERDAY        0.0           0.0  1870   0.0    0.0      0.0
  MONTH TO DATE    0.0                       0.0    0.0      0.0
  SINCE MAR 1      1.3                       3.4   -2.1     12.0
  SINCE JUL 1     27.5                      22.4    5.1     27.0
  SNOW DEPTH       0

DEGREE DAYS
 HEATING
  YESTERDAY       12                         6      6        0
  MONTH TO DATE   43                        25     18       12
  SINCE MAR 1    799                      1033   -234     1091
  SINCE JUL 1   3485                      4515  -1030     4744

 COOLING
  YESTERDAY        0                         1     -1        5
  MONTH TO DATE    0                         4     -4        5
  SINCE MAR 1     23                        17      6        8
  SINCE JAN 1     23                        17      6        8
..................................................................


WIND (MPH)
  HIGHEST WIND SPEED    16   HIGHEST WIND DIRECTION     E (80)
  HIGHEST GUST SPEED    23   HIGHEST GUST DIRECTION    NE (30)
  AVERAGE WIND SPEED     9.5


SKY COVER
  POSSIBLE SUNSHINE  MM
  AVERAGE SKY COVER 1.0


WEATHER CONDITIONS
 THE FOLLOWING WEATHER WAS RECORDED YESTERDAY.
  LIGHT RAIN
  FOG
  HAZE


RELATIVE HUMIDITY (PERCENT)
 HIGHEST    83          1200 AM
 LOWEST     71           400 PM
 AVERAGE    77

..........................................................


THE PHILADELPHIA PA CLIMATE NORMALS FOR TODAY
                         NORMAL    RECORD    YEAR
 MAXIMUM TEMPERATURE (F)   71        90      1928
 MINIMUM TEMPERATURE (F)   51        33      1966


SUNRISE AND SUNSET
MAY  5 2016...........SUNRISE   556 AM EDT   SUNSET   800 PM EDT
MAY  6 2016...........SUNRISE   555 AM EDT   SUNSET   801 PM EDT


-  INDICATES NEGATIVE NUMBERS.
R  INDICATES RECORD WAS SET OR TIED.
MM INDICATES DATA IS MISSING.
T  INDICATES TRACE AMOUNT.




$$
