000
CDUS43 KUNR 010836
CLIPHP


CLIMATE REPORT
NATIONAL WEATHER SERVICE RAPID CITY SD
235 AM MDT SUN MAY 1 2016


...................................

...THE PHILIP SD CLIMATE SUMMARY FOR APRIL 30 2016...

CLIMATE NORMAL PERIOD 1981 TO 2010
CLIMATE RECORD PERIOD 9999 TO 9999


WEATHER ITEM   OBSERVED TIME   NORMAL DEPARTURE LAST
                VALUE   (LST)  VALUE  FROM      YEAR
                                      NORMAL
......................................................
TEMPERATURE (F)
 YESTERDAY
  MAXIMUM         53    334 PM  66    -13       80
  MINIMUM         39   1159 PM  38      1       41
  AVERAGE         46            52     -6       61

PRECIPITATION (IN)
  YESTERDAY        0.00          0.10  -0.10     0.01
  MONTH TO DATE    3.96          1.84   2.12     0.34
  SINCE MAR 1      4.67          3.11   1.56     0.43
  SINCE JAN 1      5.35          3.89   1.46     0.54

DEGREE DAYS
 HEATING
  YESTERDAY       19            14      5        4
  MONTH TO DATE  508           563    -55      501
  SINCE MAR 1   1239          1502   -263     1231
  SINCE JUL 1   6051          6867   -816     6371

 COOLING
  YESTERDAY        0             0      0        0
  MONTH TO DATE    1             3     -2        0
  SINCE MAR 1      1             3     -2        3
  SINCE JAN 1      1             3     -2        3
......................................................


WIND (MPH)
  HIGHEST WIND SPEED    35   HIGHEST WIND DIRECTION    NE (40)
  HIGHEST GUST SPEED    42   HIGHEST GUST DIRECTION    NE (50)
  AVERAGE WIND SPEED    18.2


SKY COVER
  AVERAGE SKY COVER 0.7


WEATHER CONDITIONS
 THE FOLLOWING WEATHER WAS RECORDED YESTERDAY.
  NO SIGNIFICANT WEATHER WAS OBSERVED.


RELATIVE HUMIDITY (PERCENT)
 HIGHEST    86          1200 AM
 LOWEST     44           100 PM
 AVERAGE    65

..........................................................




SUNRISE AND SUNSET
MAY  1 2016...........SUNRISE   537 AM MDT   SUNSET   750 PM MDT
MAY  2 2016...........SUNRISE   536 AM MDT   SUNSET   752 PM MDT


-  INDICATES NEGATIVE NUMBERS.
R  INDICATES RECORD WAS SET OR TIED.
MM INDICATES DATA IS MISSING.
T  INDICATES TRACE AMOUNT.




$$
