000
CDUS43 KUNR 300830
CLIPHP


CLIMATE REPORT
NATIONAL WEATHER SERVICE RAPID CITY SD
230 AM MDT SUN APR 30 2017


...................................

...THE PHILIP SD CLIMATE SUMMARY FOR APRIL 29 2017...

CLIMATE NORMAL PERIOD 1981 TO 2010
CLIMATE RECORD PERIOD 9999 TO 9999


WEATHER ITEM   OBSERVED TIME   NORMAL DEPARTURE LAST
                VALUE   (LST)  VALUE  FROM      YEAR
                                      NORMAL
......................................................
TEMPERATURE (F)
 YESTERDAY
  MAXIMUM         58    321 PM  65     -7       52
  MINIMUM         28    149 AM  37     -9       38
  AVERAGE         43            51     -8       45

PRECIPITATION (IN)
  YESTERDAY        0.00          0.09  -0.09      T
  MONTH TO DATE    1.76          1.74   0.02     3.96
  SINCE MAR 1      2.56          3.01  -0.45     4.67
  SINCE JAN 1      3.63          3.79  -0.16     5.35

DEGREE DAYS
 HEATING
  YESTERDAY       22            14      8       20
  MONTH TO DATE  496           549    -53      489
  SINCE MAR 1   1309          1487   -178     1220
  SINCE JUL 1   6369          6852   -483     6032

 COOLING
  YESTERDAY        0             0      0        0
  MONTH TO DATE    0             0      0        1
  SINCE MAR 1      0             0      0        1
  SINCE JAN 1      0             0      0        1
......................................................


WIND (MPH)
  HIGHEST WIND SPEED    20   HIGHEST WIND DIRECTION    NE (50)
  HIGHEST GUST SPEED    31   HIGHEST GUST DIRECTION    NE (40)
  AVERAGE WIND SPEED     6.5


SKY COVER
  AVERAGE SKY COVER 0.0


WEATHER CONDITIONS
 THE FOLLOWING WEATHER WAS RECORDED YESTERDAY.
  NO SIGNIFICANT WEATHER WAS OBSERVED.


RELATIVE HUMIDITY (PERCENT)
 HIGHEST    92           200 AM
 LOWEST     19          1200 PM
 AVERAGE    56

..........................................................




SUNRISE AND SUNSET
APRIL 30 2017.........SUNRISE   539 AM MDT   SUNSET   749 PM MDT
MAY  1 2017...........SUNRISE   538 AM MDT   SUNSET   750 PM MDT


-  INDICATES NEGATIVE NUMBERS.
R  INDICATES RECORD WAS SET OR TIED.
MM INDICATES DATA IS MISSING.
T  INDICATES TRACE AMOUNT.




$$
