000
CDUS43 KUNR 060831
CLIPHP


CLIMATE REPORT
NATIONAL WEATHER SERVICE RAPID CITY SD
231 AM MDT MON JUL 6 2015


...................................

...THE PHILIP SD CLIMATE SUMMARY FOR JULY 5 2015...

CLIMATE NORMAL PERIOD 1981 TO 2010
CLIMATE RECORD PERIOD 9999 TO 9999


WEATHER ITEM   OBSERVED TIME   NORMAL DEPARTURE LAST
                VALUE   (LST)  VALUE  FROM      YEAR
                                      NORMAL
......................................................
TEMPERATURE (F)
 YESTERDAY
  MAXIMUM         88    116 PM  87      1       95
  MINIMUM         64   1159 PM  58      6       63
  AVERAGE         76            73      3       79

PRECIPITATION (IN)
  YESTERDAY        0.35          0.08   0.27     0.00
  MONTH TO DATE    0.35          0.38  -0.03     0.00
  SINCE JUN 1      6.18          3.31   2.87     4.00
  SINCE JAN 1     13.16         10.23   2.93     8.82

DEGREE DAYS
 HEATING
  YESTERDAY        0             0      0        0
  MONTH TO DATE    0             3     -3        6
  SINCE JUN 1     12            66    -54       84
  SINCE JUL 1      0             3     -3        6

 COOLING
  YESTERDAY       11             8      3       14
  MONTH TO DATE   44            38      6       29
  SINCE JUN 1    154           161     -7       85
  SINCE JAN 1    160           188    -28      125
......................................................


WIND (MPH)
  HIGHEST WIND SPEED    32   HIGHEST WIND DIRECTION     N (360)
  HIGHEST GUST SPEED    41   HIGHEST GUST DIRECTION     N (360)
  AVERAGE WIND SPEED    12.0


SKY COVER
  AVERAGE SKY COVER 0.3


WEATHER CONDITIONS
 THE FOLLOWING WEATHER WAS RECORDED YESTERDAY.
  THUNDERSTORM
  HEAVY RAIN
  RAIN
  LIGHT RAIN
  FOG


RELATIVE HUMIDITY (PERCENT)
 HIGHEST    93           800 PM
 LOWEST     50           100 PM
 AVERAGE    72

..........................................................




SUNRISE AND SUNSET
JULY  6 2015..........SUNRISE   510 AM MDT   SUNSET   832 PM MDT
JULY  7 2015..........SUNRISE   511 AM MDT   SUNSET   831 PM MDT


-  INDICATES NEGATIVE NUMBERS.
R  INDICATES RECORD WAS SET OR TIED.
MM INDICATES DATA IS MISSING.
T  INDICATES TRACE AMOUNT.




$$
