000
CDUS43 KUNR 210832
CLIPHP


CLIMATE REPORT
NATIONAL WEATHER SERVICE RAPID CITY SD
131 AM MST SUN DEC 21 2014


...................................

...THE PHILIP SD CLIMATE SUMMARY FOR DECEMBER 20 2014...

CLIMATE NORMAL PERIOD 1981 TO 2010
CLIMATE RECORD PERIOD 9999 TO 9999


WEATHER ITEM   OBSERVED TIME   NORMAL DEPARTURE LAST
                VALUE   (LST)  VALUE  FROM      YEAR
                                      NORMAL
......................................................
TEMPERATURE (F)
 YESTERDAY
  MAXIMUM         50    251 PM  34     16        6
  MINIMUM         15    612 AM   9      6      -14
  AVERAGE         33            22     11       -4

PRECIPITATION (IN)
  YESTERDAY        0.00          0.01  -0.01     0.00
  MONTH TO DATE    T             0.28  -0.28     0.86
  SINCE DEC 1      T             0.28  -0.28     0.86
  SINCE JAN 1     16.21         17.20  -0.99    16.13

DEGREE DAYS
 HEATING
  YESTERDAY       32            43    -11       69
  MONTH TO DATE  661           822   -161      971
  SINCE DEC 1    661           822   -161      971
  SINCE JUL 1   2316          2457   -141     2482

 COOLING
  YESTERDAY        0             0      0        0
  MONTH TO DATE    0             0      0        0
  SINCE DEC 1      0             0      0        0
  SINCE JAN 1    649           818   -169      945
......................................................


WIND (MPH)
  HIGHEST WIND SPEED    12   HIGHEST WIND DIRECTION     W (290)
  HIGHEST GUST SPEED    14   HIGHEST GUST DIRECTION     W (290)
  AVERAGE WIND SPEED     5.1


SKY COVER
  AVERAGE SKY COVER 0.2


WEATHER CONDITIONS
 THE FOLLOWING WEATHER WAS RECORDED YESTERDAY.
  NO SIGNIFICANT WEATHER WAS OBSERVED.


RELATIVE HUMIDITY (PERCENT)
 HIGHEST    92           700 AM
 LOWEST     42           300 PM
 AVERAGE    67

..........................................................




SUNRISE AND SUNSET
DECEMBER 21 2014......SUNRISE   718 AM MST   SUNSET   411 PM MST
DECEMBER 22 2014......SUNRISE   719 AM MST   SUNSET   412 PM MST


-  INDICATES NEGATIVE NUMBERS.
R  INDICATES RECORD WAS SET OR TIED.
MM INDICATES DATA IS MISSING.
T  INDICATES TRACE AMOUNT.




$$
