000
CDUS43 KUNR 310831
CLIPHP


CLIMATE REPORT
NATIONAL WEATHER SERVICE RAPID CITY SD
230 AM MDT FRI OCT 31 2014


...................................

...THE PHILIP SD CLIMATE SUMMARY FOR OCTOBER 30 2014...

CLIMATE NORMAL PERIOD 1981 TO 2010
CLIMATE RECORD PERIOD 9999 TO 9999


WEATHER ITEM   OBSERVED TIME   NORMAL DEPARTURE LAST
                VALUE   (LST)  VALUE  FROM      YEAR
                                      NORMAL
......................................................
TEMPERATURE (F)
 YESTERDAY
  MAXIMUM         50   1122 AM  56     -6       37
  MINIMUM         26    820 PM  28     -2       30
  AVERAGE         38            42     -4       34

PRECIPITATION (IN)
  YESTERDAY        0.00          0.04  -0.04      T
  MONTH TO DATE    0.23          1.40  -1.17     3.87
  SINCE SEP 1      2.50          2.89  -0.39     4.45
  SINCE JAN 1     15.93         16.27  -0.34    14.86

DEGREE DAYS
 HEATING
  YESTERDAY       27            23      4       31
  MONTH TO DATE  403           494    -91      497
  SINCE SEP 1    575           655    -80      557
  SINCE JUL 1    594           680    -86      560

 COOLING
  YESTERDAY        0             0      0        0
  MONTH TO DATE    0             0      0        0
  SINCE SEP 1     70            79     -9      182
  SINCE JAN 1    649           814   -165      945
......................................................


WIND (MPH)
  HIGHEST WIND SPEED    21   HIGHEST WIND DIRECTION     N (340)
  HIGHEST GUST SPEED    24   HIGHEST GUST DIRECTION     N (360)
  AVERAGE WIND SPEED    10.6


SKY COVER
  AVERAGE SKY COVER 0.1


WEATHER CONDITIONS
 THE FOLLOWING WEATHER WAS RECORDED YESTERDAY.
  NO SIGNIFICANT WEATHER WAS OBSERVED.


RELATIVE HUMIDITY (PERCENT)
 HIGHEST    92           800 PM
 LOWEST     53           400 PM
 AVERAGE    73

..........................................................




SUNRISE AND SUNSET
OCTOBER 31 2014.......SUNRISE   722 AM MDT   SUNSET   538 PM MDT
NOVEMBER  1 2014......SUNRISE   723 AM MDT   SUNSET   536 PM MDT


-  INDICATES NEGATIVE NUMBERS.
R  INDICATES RECORD WAS SET OR TIED.
MM INDICATES DATA IS MISSING.
T  INDICATES TRACE AMOUNT.




$$
