000
CDUS43 KUNR 200833
CLIPHP


CLIMATE REPORT
NATIONAL WEATHER SERVICE RAPID CITY SD
133 AM MST MON NOV 20 2017


...................................

...THE PHILIP SD CLIMATE SUMMARY FOR NOVEMBER 19 2017...

CLIMATE NORMAL PERIOD 1981 TO 2010
CLIMATE RECORD PERIOD 9999 TO 9999


WEATHER ITEM   OBSERVED TIME   NORMAL DEPARTURE LAST
                VALUE   (LST)  VALUE  FROM      YEAR
                                      NORMAL
......................................................
TEMPERATURE (F)
 YESTERDAY
  MAXIMUM         58    118 PM  45     13       44
  MINIMUM         23    609 AM  19      4        9
  AVERAGE         41            32      9       27

PRECIPITATION (IN)
  YESTERDAY        0.00          0.02  -0.02     0.00
  MONTH TO DATE    0.24          0.46  -0.22     0.01
  SINCE SEP 1      2.69          3.38  -0.69     0.69
  SINCE JAN 1     10.55         16.76  -6.21    12.70

DEGREE DAYS
 HEATING
  YESTERDAY       24            33     -9       38
  MONTH TO DATE  555           537     18      337
  SINCE SEP 1   1211          1215     -4      779
  SINCE JUL 1   1217          1240    -23      798

 COOLING
  YESTERDAY        0             0      0        0
  MONTH TO DATE    0             0      0        0
  SINCE SEP 1    115            83     32       78
  SINCE JAN 1    911           818     93      908
......................................................


WIND (MPH)
  HIGHEST WIND SPEED    16   HIGHEST WIND DIRECTION     W (250)
  HIGHEST GUST SPEED    20   HIGHEST GUST DIRECTION     W (250)
  AVERAGE WIND SPEED     7.2


SKY COVER
  AVERAGE SKY COVER 0.0


WEATHER CONDITIONS
 THE FOLLOWING WEATHER WAS RECORDED YESTERDAY.
  NO SIGNIFICANT WEATHER WAS OBSERVED.


RELATIVE HUMIDITY (PERCENT)
 HIGHEST    88           600 AM
 LOWEST     23           100 PM
 AVERAGE    56

..........................................................




SUNRISE AND SUNSET
NOVEMBER 20 2017......SUNRISE   648 AM MST   SUNSET   415 PM MST
NOVEMBER 21 2017......SUNRISE   650 AM MST   SUNSET   415 PM MST


-  INDICATES NEGATIVE NUMBERS.
R  INDICATES RECORD WAS SET OR TIED.
MM INDICATES DATA IS MISSING.
T  INDICATES TRACE AMOUNT.




$$
