000
CDUS43 KUNR 090830
CLIPHP


CLIMATE REPORT
NATIONAL WEATHER SERVICE RAPID CITY SD
130 AM MST FRI DEC 9 2016


...................................

...THE PHILIP SD CLIMATE SUMMARY FOR DECEMBER 8 2016...

CLIMATE NORMAL PERIOD 1981 TO 2010
CLIMATE RECORD PERIOD 9999 TO 9999


WEATHER ITEM   OBSERVED TIME   NORMAL DEPARTURE LAST
                VALUE   (LST)  VALUE  FROM      YEAR
                                      NORMAL
......................................................
TEMPERATURE (F)
 YESTERDAY
  MAXIMUM         13    158 PM  37    -24       58
  MINIMUM        -11   1107 PM  12    -23       30
  AVERAGE          1            24    -23       44

PRECIPITATION (IN)
  YESTERDAY        0.00          0.02  -0.02      T
  MONTH TO DATE    T             0.13  -0.13     0.02
  SINCE DEC 1      T             0.13  -0.13     0.02
  SINCE JAN 1     12.85         17.05  -4.20    19.25

DEGREE DAYS
 HEATING
  YESTERDAY       64            41     23       21
  MONTH TO DATE  364           316     48      249
  SINCE DEC 1    364           316     48      249
  SINCE JUL 1   1502          1951   -449     1589

 COOLING
  YESTERDAY        0             0      0        0
  MONTH TO DATE    0             0      0        0
  SINCE DEC 1      0             0      0        0
  SINCE JAN 1    908           818     90      750
......................................................


WIND (MPH)
  HIGHEST WIND SPEED    20   HIGHEST WIND DIRECTION    NW (310)
  HIGHEST GUST SPEED    24   HIGHEST GUST DIRECTION    NW (310)
  AVERAGE WIND SPEED     7.4


SKY COVER
  AVERAGE SKY COVER 0.0


WEATHER CONDITIONS
 THE FOLLOWING WEATHER WAS RECORDED YESTERDAY.
  NO SIGNIFICANT WEATHER WAS OBSERVED.


RELATIVE HUMIDITY (PERCENT)
 HIGHEST    83           900 PM
 LOWEST     53           100 PM
 AVERAGE    68

..........................................................




SUNRISE AND SUNSET
DECEMBER  9 2016......SUNRISE   710 AM MST   SUNSET   408 PM MST
DECEMBER 10 2016......SUNRISE   711 AM MST   SUNSET   408 PM MST


-  INDICATES NEGATIVE NUMBERS.
R  INDICATES RECORD WAS SET OR TIED.
MM INDICATES DATA IS MISSING.
T  INDICATES TRACE AMOUNT.




$$
