000
CDUS43 KUNR 240911
CLIPHP


CLIMATE REPORT
NATIONAL WEATHER SERVICE RAPID CITY SD
307 AM MDT FRI MAR 24 2017


...................................

...THE PHILIP SD CLIMATE SUMMARY FOR MARCH 23 2017...

CLIMATE NORMAL PERIOD 1981 TO 2010
CLIMATE RECORD PERIOD 9999 TO 9999


WEATHER ITEM   OBSERVED TIME   NORMAL DEPARTURE LAST
                VALUE   (LST)  VALUE  FROM      YEAR
                                      NORMAL
......................................................
TEMPERATURE (F)
 YESTERDAY
  MAXIMUM         67    210 PM  51     16       42
  MINIMUM         40   1143 PM  24     16       23
  AVERAGE         54            37     17       33

PRECIPITATION (IN)
  YESTERDAY        0.00          0.04  -0.04     0.11
  MONTH TO DATE    0.28          0.95  -0.67     0.23
  SINCE MAR 1      0.28          0.95  -0.67     0.23
  SINCE JAN 1      1.35          1.73  -0.38     0.91

DEGREE DAYS
 HEATING
  YESTERDAY       11            28    -17       32
  MONTH TO DATE  646           731    -85      533
  SINCE MAR 1    646           731    -85      533
  SINCE JUL 1   5706          6096   -390     5345

 COOLING
  YESTERDAY        0             0      0        0
  MONTH TO DATE    0             0      0        0
  SINCE MAR 1      0             0      0        0
  SINCE JAN 1      0             0      0        0
......................................................


WIND (MPH)
  HIGHEST WIND SPEED    28   HIGHEST WIND DIRECTION     N (350)
  HIGHEST GUST SPEED    34   HIGHEST GUST DIRECTION     N (340)
  AVERAGE WIND SPEED     8.6


SKY COVER
  AVERAGE SKY COVER 0.2


WEATHER CONDITIONS
 THE FOLLOWING WEATHER WAS RECORDED YESTERDAY.
  NO SIGNIFICANT WEATHER WAS OBSERVED.


RELATIVE HUMIDITY (PERCENT)
 HIGHEST    86          1100 PM
 LOWEST     37           200 PM
 AVERAGE    62

..........................................................




SUNRISE AND SUNSET
MARCH 24 2017.........SUNRISE   642 AM MDT   SUNSET   704 PM MDT
MARCH 25 2017.........SUNRISE   640 AM MDT   SUNSET   705 PM MDT


-  INDICATES NEGATIVE NUMBERS.
R  INDICATES RECORD WAS SET OR TIED.
MM INDICATES DATA IS MISSING.
T  INDICATES TRACE AMOUNT.




$$
