072
CDUS43 KUNR 190843
CLIPHP


CLIMATE REPORT
NATIONAL WEATHER SERVICE RAPID CITY SD
141 AM MST FRI JAN 19 2018


...................................

...THE PHILIP SD CLIMATE SUMMARY FOR JANUARY 18 2018...

CLIMATE NORMAL PERIOD 1981 TO 2010
CLIMATE RECORD PERIOD 9999 TO 9999


WEATHER ITEM   OBSERVED TIME   NORMAL DEPARTURE LAST
                VALUE   (LST)  VALUE  FROM      YEAR
                                      NORMAL
......................................................
TEMPERATURE (F)
 YESTERDAY
  MAXIMUM         52    226 PM  35     17       40
  MINIMUM         19   1230 AM  10      9       14
  AVERAGE         36            22     14       27

PRECIPITATION (IN)
  YESTERDAY        0.00          0.01  -0.01     0.00
  MONTH TO DATE    0.12          0.18  -0.06     0.13
  SINCE DEC 1      0.51          0.61  -0.10     0.55
  SINCE JAN 1      0.12          0.18  -0.06     0.13

DEGREE DAYS
 HEATING
  YESTERDAY       29            43    -14       38
  MONTH TO DATE  879           781     98     1008
  SINCE DEC 1   2153          2081     72     2500
  SINCE JUL 1   3602          3716   -114     3638

 COOLING
  YESTERDAY        0             0      0        0
  MONTH TO DATE    0             0      0        0
  SINCE DEC 1      0             0      0        0
  SINCE JAN 1      0             0      0        0
......................................................


WIND (MPH)
  HIGHEST WIND SPEED    17   HIGHEST WIND DIRECTION     W (260)
  HIGHEST GUST SPEED    20   HIGHEST GUST DIRECTION     W (250)
  AVERAGE WIND SPEED     7.3


SKY COVER
  AVERAGE SKY COVER 0.0


WEATHER CONDITIONS
 THE FOLLOWING WEATHER WAS RECORDED YESTERDAY.
  NO SIGNIFICANT WEATHER WAS OBSERVED.


RELATIVE HUMIDITY (PERCENT)
 HIGHEST   100          1100 PM
 LOWEST     41           200 PM
 AVERAGE    71

..........................................................




SUNRISE AND SUNSET
JANUARY 19 2018.......SUNRISE   716 AM MST   SUNSET   439 PM MST
JANUARY 20 2018.......SUNRISE   715 AM MST   SUNSET   440 PM MST


-  INDICATES NEGATIVE NUMBERS.
R  INDICATES RECORD WAS SET OR TIED.
MM INDICATES DATA IS MISSING.
T  INDICATES TRACE AMOUNT.




$$
