000
CDUS43 KUNR 260834
CLIPHP


CLIMATE REPORT
NATIONAL WEATHER SERVICE RAPID CITY SD
234 AM MDT TUE JUL 26 2016


...................................

...THE PHILIP SD CLIMATE SUMMARY FOR JULY 25 2016...

CLIMATE NORMAL PERIOD 1981 TO 2010
CLIMATE RECORD PERIOD 9999 TO 9999


WEATHER ITEM   OBSERVED TIME   NORMAL DEPARTURE LAST
                VALUE   (LST)  VALUE  FROM      YEAR
                                      NORMAL
......................................................
TEMPERATURE (F)
 YESTERDAY
  MAXIMUM         98    237 PM  91      7       90
  MINIMUM         57    407 AM  61     -4       64
  AVERAGE         78            76      2       77

PRECIPITATION (IN)
  YESTERDAY        0.00          0.05  -0.05    MM
  MONTH TO DATE    1.04          1.73  -0.69     0.35
  SINCE JUN 1      1.76          4.66  -2.90     6.18
  SINCE JAN 1      8.48         11.58  -3.10    13.16

DEGREE DAYS
 HEATING
  YESTERDAY        0             0      0        0
  MONTH TO DATE    4             3      1        0
  SINCE JUN 1     11            66    -55       12
  SINCE JUL 1      4             3      1        0

 COOLING
  YESTERDAY       13            11      2       12
  MONTH TO DATE  269           238     31      233
  SINCE JUN 1    496           361    135      343
  SINCE JAN 1    510           388    122      349
......................................................


WIND (MPH)
  HIGHEST WIND SPEED    22   HIGHEST WIND DIRECTION     S (170)
  HIGHEST GUST SPEED    27   HIGHEST GUST DIRECTION     S (180)
  AVERAGE WIND SPEED     9.4


SKY COVER
  AVERAGE SKY COVER 0.0


WEATHER CONDITIONS
 THE FOLLOWING WEATHER WAS RECORDED YESTERDAY.
  NO SIGNIFICANT WEATHER WAS OBSERVED.


RELATIVE HUMIDITY (PERCENT)
 HIGHEST    86           400 AM
 LOWEST     24           200 PM
 AVERAGE    55

..........................................................




SUNRISE AND SUNSET
JULY 26 2016..........SUNRISE   529 AM MDT   SUNSET   817 PM MDT
JULY 27 2016..........SUNRISE   530 AM MDT   SUNSET   816 PM MDT


-  INDICATES NEGATIVE NUMBERS.
R  INDICATES RECORD WAS SET OR TIED.
MM INDICATES DATA IS MISSING.
T  INDICATES TRACE AMOUNT.




$$
