003
CDUS45 KPSR 230826
CLIPHX

CDUS45 KPSR DDHHMM
CLIPHX

CLIMATE REPORT
NATIONAL WEATHER SERVICE PHOENIX AZ
125 AM MST TUE JAN 23 2018


...................................

...THE PHOENIX AZ CLIMATE SUMMARY FOR JANUARY 22 2018...

CLIMATE NORMAL PERIOD 1981 TO 2010
CLIMATE RECORD PERIOD 1895 TO 2018


WEATHER ITEM   OBSERVED TIME   RECORD YEAR NORMAL DEPARTURE LAST
                VALUE   (LST)  VALUE       VALUE  FROM      YEAR
                                                  NORMAL
..................................................................
TEMPERATURE (F)
 YESTERDAY
  MAXIMUM         61    414 PM  81    2013  68     -7       61
  MINIMUM         40    504 AM  21    1937  46     -6       44
  AVERAGE         51                        57     -6       53

PRECIPITATION (IN)
  YESTERDAY        0.00          0.35 2004   0.03  -0.03     0.00
  MONTH TO DATE    0.21                      0.66  -0.45     1.10
  SINCE OCT 1      0.44                      2.77  -2.33     2.93
  SINCE JAN 1      0.21                      0.66  -0.45     1.10

SNOWFALL (IN)
  YESTERDAY        0.0
  MONTH TO DATE    0.0
  SINCE JAN 1      0.0
  SINCE JUL 1      0.0
  SNOW DEPTH       0

DEGREE DAYS
 HEATING
  YESTERDAY       14                         8      6       12
  MONTH TO DATE   89                       199   -110      191
  SINCE DEC 1    282                       497   -215      402
  SINCE JUL 1    283                       600   -317      460

 COOLING
  YESTERDAY        0                         0      0        0
  MONTH TO DATE    5                         0      5        0
  SINCE DEC 1     24                         1     23        1
  SINCE JAN 1      5                         0      5        0
..................................................................


WIND (MPH)
  HIGHEST WIND SPEED    14   HIGHEST WIND DIRECTION    NE (60)
  HIGHEST GUST SPEED    17   HIGHEST GUST DIRECTION    NE (40)
  AVERAGE WIND SPEED     4.7


SKY COVER
  AVERAGE SKY COVER 0.4


WEATHER CONDITIONS
 THE FOLLOWING WEATHER WAS RECORDED YESTERDAY.
  NO SIGNIFICANT WEATHER WAS OBSERVED.


RELATIVE HUMIDITY (PERCENT)
 HIGHEST    55           500 AM
 LOWEST     18           600 PM
 AVERAGE    37

..........................................................


THE PHOENIX AZ CLIMATE NORMALS FOR TODAY
                         NORMAL    RECORD    YEAR
 MAXIMUM TEMPERATURE (F)   68        81      2013
 MINIMUM TEMPERATURE (F)   46        24      1937


SUNRISE AND SUNSET
JANUARY 23 2018.......SUNRISE   729 AM MST   SUNSET   551 PM MST
JANUARY 24 2018.......SUNRISE   729 AM MST   SUNSET   552 PM MST


-  INDICATES NEGATIVE NUMBERS.
R  INDICATES RECORD WAS SET OR TIED.
MM INDICATES DATA IS MISSING.
T  INDICATES TRACE AMOUNT.

&&
.....................................................................

DEW POINT
  HIGHEST DEW POINT    27
   LOWEST DEW POINT    16
  AVERAGE DEW POINT    22
.....................................................................

$$
