000
CDUS45 KPSR 240024
CLIPHX

CDUS45 KPSR DDHHMM
CLIPHX

CLIMATE REPORT
NATIONAL WEATHER SERVICE PHOENIX AZ
520 PM MST TUE MAY 23 2017


...................................

...THE PHOENIX AZ CLIMATE SUMMARY FOR MAY 23 2017...
VALID TODAY AS OF 0500 PM LOCAL TIME.

CLIMATE NORMAL PERIOD 1981 TO 2010
CLIMATE RECORD PERIOD 1895 TO 2017


WEATHER ITEM   OBSERVED TIME   RECORD YEAR NORMAL DEPARTURE LAST
                VALUE   (LST)  VALUE       VALUE  FROM      YEAR
                                                  NORMAL
..................................................................
TEMPERATURE (F)
 TODAY
  MAXIMUM        104    419 PM 109    2001  97      7       89
  MINIMUM         77    449 AM  49    1965  71      6       66
                                      1927
  AVERAGE         91                        84      7       78

PRECIPITATION (IN)
  TODAY            0.00          0.12 2008   0.01  -0.01     0.00
  MONTH TO DATE    0.01                      0.09  -0.08     0.05
  SINCE OCT 1      4.24                      5.30  -1.06     3.04
  SINCE JAN 1      2.41                      3.19  -0.78     1.87

SNOWFALL (IN)
  TODAY            0.0
  MONTH TO DATE    0.0
  SINCE JAN 1      0.0
  SINCE JUL 1      0.0
  SNOW DEPTH       0

DEGREE DAYS
 HEATING
  TODAY            0                         0      0        0
  MONTH TO DATE    0                         0      0        0
  SINCE MAR 1     25                       101    -76       16
  SINCE JUL 1    693                       934   -241      829

 COOLING
  TODAY           26                        19      7       13
  MONTH TO DATE  345                       367    -22      341
  SINCE MAR 1    869                       705    164      766
  SINCE JAN 1    889                       722    167      879
..................................................................


WIND (MPH)
  HIGHEST WIND SPEED    14   HIGHEST WIND DIRECTION     W (280)
  HIGHEST GUST SPEED    20   HIGHEST GUST DIRECTION    NW (310)
  AVERAGE WIND SPEED     5.1


SKY COVER
  AVERAGE SKY COVER 0.2


WEATHER CONDITIONS
 THE FOLLOWING WEATHER WAS RECORDED TODAY.
  NO SIGNIFICANT WEATHER WAS OBSERVED.


RELATIVE HUMIDITY (PERCENT)
 HIGHEST    21           500 AM
 LOWEST      6           300 PM
 AVERAGE    14

..........................................................


THE PHOENIX AZ CLIMATE NORMALS FOR TOMORROW
                         NORMAL    RECORD    YEAR
 MAXIMUM TEMPERATURE (F)   97       109      2001
                                             1983
 MINIMUM TEMPERATURE (F)   72        52      1909


SUNRISE AND SUNSET
MAY 23 2017...........SUNRISE   523 AM MST   SUNSET   727 PM MST
MAY 24 2017...........SUNRISE   522 AM MST   SUNSET   728 PM MST


-  INDICATES NEGATIVE NUMBERS.
R  INDICATES RECORD WAS SET OR TIED.
MM INDICATES DATA IS MISSING.
T  INDICATES TRACE AMOUNT.

$$
