000
CDUS45 KPSR 252314
CLIPHX

CLIMATE REPORT
NATIONAL WEATHER SERVICE PHOENIX AZ
414 PM MST TUE APR 25 2017


...................................

...THE PHOENIX AZ CLIMATE SUMMARY FOR APRIL 25 2017...
VALID TODAY AS OF 0400 PM LOCAL TIME.

CLIMATE NORMAL PERIOD 1981 TO 2010
CLIMATE RECORD PERIOD 1895 TO 2017


WEATHER ITEM   OBSERVED TIME   RECORD YEAR NORMAL DEPARTURE LAST
                VALUE   (LST)  VALUE       VALUE  FROM      YEAR
                                                  NORMAL
..................................................................
TEMPERATURE (F)
 TODAY
  MAXIMUM         87    351 PM 102    1898  88     -1       81
  MINIMUM         69    653 AM  41    1964  63      6       67
  AVERAGE         78                        76      2       74

PRECIPITATION (IN)
  TODAY            0.00          0.33 1963   0.01  -0.01     0.00
  MONTH TO DATE    T                         0.26  -0.26     0.51
  SINCE OCT 1      4.23                      5.19  -0.96     2.99
  SINCE JAN 1      2.40                      3.08  -0.68     1.82

SNOWFALL (IN)
  TODAY            0.0
  MONTH TO DATE    0.0
  SINCE JAN 1      0.0
  SINCE JUL 1      0.0
  SNOW DEPTH       0

DEGREE DAYS
 HEATING
  TODAY            0                         0      0        0
  MONTH TO DATE    2                        17    -15        0
  SINCE MAR 1     25                        98    -73       16
  SINCE JUL 1    693                       931   -238      829

 COOLING
  TODAY           13                        11      2        9
  MONTH TO DATE  268                       193     75      231
  SINCE MAR 1    473                       280    193      396
  SINCE JAN 1    493                       297    196      509
..................................................................


WIND (MPH)
  HIGHEST WIND SPEED    23   HIGHEST WIND DIRECTION     W (250)
  HIGHEST GUST SPEED    32   HIGHEST GUST DIRECTION     W (270)
  AVERAGE WIND SPEED    13.8


SKY COVER
  AVERAGE SKY COVER 0.7


WEATHER CONDITIONS
 THE FOLLOWING WEATHER WAS RECORDED TODAY.
  NO SIGNIFICANT WEATHER WAS OBSERVED.


RELATIVE HUMIDITY (PERCENT)
 HIGHEST    40           600 AM
 LOWEST     15           300 PM
 AVERAGE    28

..........................................................


THE PHOENIX AZ CLIMATE NORMALS FOR TOMORROW
                         NORMAL    RECORD    YEAR
 MAXIMUM TEMPERATURE (F)   88       101      1992
                                             1898
 MINIMUM TEMPERATURE (F)   63        42      1964


SUNRISE AND SUNSET
APRIL 25 2017.........SUNRISE   546 AM MST   SUNSET   707 PM MST
APRIL 26 2017.........SUNRISE   545 AM MST   SUNSET   707 PM MST


-  INDICATES NEGATIVE NUMBERS.
R  INDICATES RECORD WAS SET OR TIED.
MM INDICATES DATA IS MISSING.
T  INDICATES TRACE AMOUNT.

$$
