000
CDUS45 KPSR 240834 CCA
CLIPHX

CLIMATE REPORT
NATIONAL WEATHER SERVICE PHOENIX AZ
133 AM MST TUE OCT 24 2017


...................................

...THE PHOENIX AZ CLIMATE SUMMARY FOR OCTOBER 23 2017...

CLIMATE NORMAL PERIOD 1981 TO 2010
CLIMATE RECORD PERIOD 1895 TO 2017


WEATHER ITEM   OBSERVED TIME   RECORD YEAR NORMAL DEPARTURE LAST
                VALUE   (LST)  VALUE       VALUE  FROM      YEAR
                                                  NORMAL
..................................................................
TEMPERATURE (F)
 YESTERDAY
  MAXIMUM         97    315 PM 100    2003  86     11       96
  MINIMUM         63    646 AM  37    1906  62      1       69
  AVERAGE         80                        74      6       83

PRECIPITATION (IN)
  YESTERDAY        0.00          0.52 1976   0.01  -0.01     0.00
                                      1907
  MONTH TO DATE    0.00                      0.43  -0.43     0.20
  SINCE OCT 1      0.00                      0.43  -0.43     0.20
  SINCE JAN 1      4.73                      6.35  -1.62     4.56

SNOWFALL (IN)
  YESTERDAY        0.0
  MONTH TO DATE    0.0
  SINCE JAN 1      0.0
  SINCE JUL 1      0.0
  SNOW DEPTH       0

DEGREE DAYS
 HEATING
  YESTERDAY        0                         0      0        0
  MONTH TO DATE    0                         0      0        0
  SINCE SEP 1      0                         0      0        0
  SINCE JUL 1      0                         0      0        0

 COOLING
  YESTERDAY       15                         9      6       18
  MONTH TO DATE  383                       307     76      366
  SINCE SEP 1   1077                      1007     70     1021
  SINCE JAN 1   4894                      4476    418     4773
..................................................................


WIND (MPH)
  HIGHEST WIND SPEED    12   HIGHEST WIND DIRECTION     W (260)
  HIGHEST GUST SPEED    12   HIGHEST GUST DIRECTION     W (280)
  AVERAGE WIND SPEED     3.9


SKY COVER
  AVERAGE SKY COVER 0.0


WEATHER CONDITIONS
 THE FOLLOWING WEATHER WAS RECORDED YESTERDAY.
  HAZE


RELATIVE HUMIDITY (PERCENT)
 HIGHEST    31           500 AM
 LOWEST      8           200 PM
 AVERAGE    20

..........................................................


THE PHOENIX AZ CLIMATE NORMALS FOR TODAY
                         NORMAL    RECORD    YEAR
 MAXIMUM TEMPERATURE (F)   85        96      2014
                                             2007
                                             1990
 MINIMUM TEMPERATURE (F)   62        41      1920


SUNRISE AND SUNSET
OCTOBER 24 2017.......SUNRISE   640 AM MST   SUNSET   544 PM MST
OCTOBER 25 2017.......SUNRISE   641 AM MST   SUNSET   543 PM MST


-  INDICATES NEGATIVE NUMBERS.
R  INDICATES RECORD WAS SET OR TIED.
MM INDICATES DATA IS MISSING.
T  INDICATES TRACE AMOUNT.

&&
.....................................................................

DEW POINT
  HIGHEST DEW POINT    37
   LOWEST DEW POINT    24
  AVERAGE DEW POINT    31
.....................................................................

$$
