000
CDUS45 KPSR 150817
CLIPHX

CLIMATE REPORT
NATIONAL WEATHER SERVICE PHOENIX AZ
116 AM MST MON SEP 15 2014


...................................

...THE PHOENIX AZ CLIMATE SUMMARY FOR SEPTEMBER 14 2014...

CLIMATE NORMAL PERIOD 1981 TO 2010
CLIMATE RECORD PERIOD 1895 TO 2014


WEATHER ITEM   OBSERVED TIME   RECORD YEAR NORMAL DEPARTURE LAST
                VALUE   (LST)  VALUE       VALUE  FROM      YEAR
                                                  NORMAL
..................................................................
TEMPERATURE (F)
 YESTERDAY
  MAXIMUM        102    422 PM 112    2000 101      1      105
  MINIMUM         81    640 AM  58    1915  78      3       85
  AVERAGE         92                        89      3       95

PRECIPITATION (IN)
  YESTERDAY        0.00          1.50 1964   0.02  -0.02     0.00
  MONTH TO DATE    3.30                      0.33   2.97     0.86
  SINCE OCT 1      8.34                      7.72   0.62     6.52
  SINCE JAN 1      5.52                      5.61  -0.09     5.60

SNOWFALL (IN)
  YESTERDAY        0.0
  MONTH TO DATE    0.0
  SINCE JAN 1      0.0
  SINCE JUL 1      0.0
  SNOW DEPTH       0

DEGREE DAYS
 HEATING
  YESTERDAY        0                         0      0        0
  MONTH TO DATE    0                         0      0        0
  SINCE SEP 1      0                         0      0        0
  SINCE JUL 1      0                         0      0        0

 COOLING
  YESTERDAY       27                        24      3       30
  MONTH TO DATE  373                       363     10      363
  SINCE SEP 1    373                       363     10      363
  SINCE JAN 1   4118                      3832    286     4251
..................................................................


WIND (MPH)
  HIGHEST WIND SPEED    16   HIGHEST WIND DIRECTION     E (70)
  HIGHEST GUST SPEED    20   HIGHEST GUST DIRECTION     E (110)
  AVERAGE WIND SPEED     6.1


SKY COVER
  AVERAGE SKY COVER 0.1


WEATHER CONDITIONS
 THE FOLLOWING WEATHER WAS RECORDED YESTERDAY.
  NO SIGNIFICANT WEATHER WAS OBSERVED.


RELATIVE HUMIDITY (PERCENT)
 HIGHEST    47           500 AM
 LOWEST     23           400 PM
 AVERAGE    35

..........................................................


THE PHOENIX AZ CLIMATE NORMALS FOR TODAY
                         NORMAL    RECORD    YEAR
 MAXIMUM TEMPERATURE (F)  100       110      2000
 MINIMUM TEMPERATURE (F)   77        53      1915


SUNRISE AND SUNSET
SEPTEMBER 15 2014.....SUNRISE   612 AM MST   SUNSET   634 PM MST
SEPTEMBER 16 2014.....SUNRISE   612 AM MST   SUNSET   633 PM MST


-  INDICATES NEGATIVE NUMBERS.
R  INDICATES RECORD WAS SET OR TIED.
MM INDICATES DATA IS MISSING.
T  INDICATES TRACE AMOUNT.

&&
.....................................................................

DEW POINT
  HIGHEST DEW POINT    62
   LOWEST DEW POINT    55
  AVERAGE DEW POINT    57
.....................................................................

$$
