000
CDUS45 KPSR 110020
CLIPHX

CLIMATE REPORT
NATIONAL WEATHER SERVICE PHOENIX AZ
515 PM MST WED FEB 10 2016


...................................

...THE PHOENIX AZ CLIMATE SUMMARY FOR FEBRUARY 10 2016...
VALID TODAY AS OF 0500 PM LOCAL TIME.

CLIMATE NORMAL PERIOD 1981 TO 2010
CLIMATE RECORD PERIOD 1895 TO 2016


WEATHER ITEM   OBSERVED TIME   RECORD YEAR NORMAL DEPARTURE LAST
                VALUE   (LST)  VALUE       VALUE  FROM      YEAR
                                                  NORMAL
..................................................................
TEMPERATURE (F)
 TODAY
  MAXIMUM         86    313 PM  87    1951  70     16       83
  MINIMUM         54    525 AM  28    1939  48      6       57
                                      1933
                                      1929
  AVERAGE         70                        59     11       70

PRECIPITATION (IN)
  TODAY            0.00          0.81 1963   0.03  -0.03     0.00
  MONTH TO DATE    0.00                      0.29  -0.29     0.00
  SINCE OCT 1      2.48                      3.31  -0.83     1.85
  SINCE JAN 1      1.31                      1.20   0.11     0.81

SNOWFALL (IN)
  TODAY            0.0
  MONTH TO DATE    0.0
  SINCE JAN 1      0.0
  SINCE JUL 1      0.0
  SNOW DEPTH       0

DEGREE DAYS
 HEATING
  TODAY            0                         6     -6        0
  MONTH TO DATE   86                        68     18       11
  SINCE DEC 1    692                       635     57      427
  SINCE JUL 1    813                       738     75      481

 COOLING
  TODAY            5                         0      5        5
  MONTH TO DATE   16                         0     16       21
  SINCE DEC 1     16                         3     13       31
  SINCE JAN 1     16                         2     14       21
..................................................................


WIND (MPH)
  HIGHEST WIND SPEED    16   HIGHEST WIND DIRECTION     E (80)
  HIGHEST GUST SPEED    20   HIGHEST GUST DIRECTION     E (90)
  AVERAGE WIND SPEED     4.3


SKY COVER
  AVERAGE SKY COVER 0.3


WEATHER CONDITIONS
 THE FOLLOWING WEATHER WAS RECORDED TODAY.
  NO SIGNIFICANT WEATHER WAS OBSERVED.


RELATIVE HUMIDITY (PERCENT)
 HIGHEST    38           600 AM
 LOWEST     10           400 PM
 AVERAGE    24

..........................................................


THE PHOENIX AZ CLIMATE NORMALS FOR TOMORROW
                         NORMAL    RECORD    YEAR
 MAXIMUM TEMPERATURE (F)   70        83      1951
 MINIMUM TEMPERATURE (F)   48        26      1933


SUNRISE AND SUNSET
FEBRUARY 10 2016......SUNRISE   717 AM MST   SUNSET   608 PM MST
FEBRUARY 11 2016......SUNRISE   716 AM MST   SUNSET   609 PM MST


-  INDICATES NEGATIVE NUMBERS.
R  INDICATES RECORD WAS SET OR TIED.
MM INDICATES DATA IS MISSING.
T  INDICATES TRACE AMOUNT.

$$
