000
CDUS45 KPSR 200825
CLIPHX

CLIMATE REPORT
NATIONAL WEATHER SERVICE PHOENIX AZ
124 AM MST WED AUG 20 2014


...................................

...THE PHOENIX AZ CLIMATE SUMMARY FOR AUGUST 19 2014...

CLIMATE NORMAL PERIOD 1981 TO 2010
CLIMATE RECORD PERIOD 1895 TO 2014


WEATHER ITEM   OBSERVED TIME   RECORD YEAR NORMAL DEPARTURE LAST
                VALUE   (LST)  VALUE       VALUE  FROM      YEAR
                                                  NORMAL
..................................................................
TEMPERATURE (F)
 YESTERDAY
  MAXIMUM         91   1145 AM 113    1986 104    -13      110
  MINIMUM         74    841 PM  63    1918  83     -9       91
  AVERAGE         83                        94    -11      101

PRECIPITATION (IN)
  YESTERDAY        0.43          0.78 1995   0.03   0.40     0.00
  MONTH TO DATE    0.98                      0.63   0.35     0.01
  SINCE OCT 1      4.85                      7.02  -2.17     5.31
  SINCE JAN 1      2.03                      4.91  -2.88     4.39

SNOWFALL (IN)
  YESTERDAY        0.0
  MONTH TO DATE    0.0
  SINCE JAN 1      0.0
  SINCE JUL 1      0.0
  SNOW DEPTH       0

DEGREE DAYS
 HEATING
  YESTERDAY        0                         0      0        0
  MONTH TO DATE    0                         0      0        0
  SINCE JUN 1      0                         0      0        0
  SINCE JUL 1      0                         0      0        0

 COOLING
  YESTERDAY       18                        28    -10       36
  MONTH TO DATE  523                       550    -27      596
  SINCE JUN 1   2362                      2248    114     2457
  SINCE JAN 1   3437                      3134    303     3555
..................................................................


WIND (MPH)
  HIGHEST WIND SPEED    28   HIGHEST WIND DIRECTION    NW (300)
  HIGHEST GUST SPEED    34   HIGHEST GUST DIRECTION    NW (330)
  AVERAGE WIND SPEED     8.3


SKY COVER
  AVERAGE SKY COVER 0.7


WEATHER CONDITIONS
 THE FOLLOWING WEATHER WAS RECORDED YESTERDAY.
  THUNDERSTORM
  HEAVY RAIN
  RAIN
  LIGHT RAIN
  FOG
  HAZE


RELATIVE HUMIDITY (PERCENT)
 HIGHEST    79           900 AM
 LOWEST     44          1200 AM
 AVERAGE    62

..........................................................


THE PHOENIX AZ CLIMATE NORMALS FOR TODAY
                         NORMAL    RECORD    YEAR
 MAXIMUM TEMPERATURE (F)  104       112      1986
                                             1982
 MINIMUM TEMPERATURE (F)   83        58      1917


SUNRISE AND SUNSET
AUGUST 20 2014........SUNRISE   554 AM MST   SUNSET   708 PM MST
AUGUST 21 2014........SUNRISE   555 AM MST   SUNSET   707 PM MST


-  INDICATES NEGATIVE NUMBERS.
R  INDICATES RECORD WAS SET OR TIED.
MM INDICATES DATA IS MISSING.
T  INDICATES TRACE AMOUNT.

&&
.....................................................................

DEW POINT
  HIGHEST DEW POINT    73
   LOWEST DEW POINT    59
  AVERAGE DEW POINT    67
.....................................................................

$$
