000
CDUS45 KPSR 230013
CLIPHX

CLIMATE REPORT
NATIONAL WEATHER SERVICE PHOENIX AZ
512 PM MST WED FEB 22 2017


...................................

...THE PHOENIX AZ CLIMATE SUMMARY FOR FEBRUARY 22 2017...
VALID TODAY AS OF 0500 PM LOCAL TIME.

CLIMATE NORMAL PERIOD 1981 TO 2010
CLIMATE RECORD PERIOD 1895 TO 2017


WEATHER ITEM   OBSERVED TIME   RECORD YEAR NORMAL DEPARTURE LAST
                VALUE   (LST)  VALUE       VALUE  FROM      YEAR
                                                  NORMAL
..................................................................
TEMPERATURE (F)
 TODAY
  MAXIMUM         77    340 PM  87    1982  72      5       85
  MINIMUM         54    559 AM  26    1955  50      4       53
  AVERAGE         66                        61      5       69

PRECIPITATION (IN)
  TODAY            0.00          0.45 1913   0.04  -0.04     0.00
  MONTH TO DATE    0.84                      0.70   0.14     0.00
  SINCE OCT 1      3.77                      3.72   0.05     2.48
  SINCE JAN 1      1.94                      1.61   0.33     1.31

SNOWFALL (IN)
  TODAY            0.0
  MONTH TO DATE    0.0
  SINCE JAN 1      0.0
  SINCE JUL 1      0.0
  SNOW DEPTH       0

DEGREE DAYS
 HEATING
  TODAY            0                         5     -5        0
  MONTH TO DATE   51                       135    -84       86
  SINCE DEC 1    561                       702   -141      692
  SINCE JUL 1    619                       805   -186      813

 COOLING
  TODAY            1                         1      0        4
  MONTH TO DATE   20                         5     15       77
  SINCE DEC 1     21                         8     13       77
  SINCE JAN 1     20                         7     13       77
..................................................................


WIND (MPH)
  HIGHEST WIND SPEED    10   HIGHEST WIND DIRECTION     S (200)
  HIGHEST GUST SPEED    13   HIGHEST GUST DIRECTION     S (180)
  AVERAGE WIND SPEED     5.8


SKY COVER
  AVERAGE SKY COVER 0.6


WEATHER CONDITIONS
 THE FOLLOWING WEATHER WAS RECORDED TODAY.
  NO SIGNIFICANT WEATHER WAS OBSERVED.


RELATIVE HUMIDITY (PERCENT)
 HIGHEST    93           600 AM
 LOWEST     33           400 PM
 AVERAGE    63

..........................................................


THE PHOENIX AZ CLIMATE NORMALS FOR TOMORROW
                         NORMAL    RECORD    YEAR
 MAXIMUM TEMPERATURE (F)   72        89      1989
 MINIMUM TEMPERATURE (F)   50        29      1955


SUNRISE AND SUNSET
FEBRUARY 22 2017......SUNRISE   704 AM MST   SUNSET   619 PM MST
FEBRUARY 23 2017......SUNRISE   703 AM MST   SUNSET   620 PM MST


-  INDICATES NEGATIVE NUMBERS.
R  INDICATES RECORD WAS SET OR TIED.
MM INDICATES DATA IS MISSING.
T  INDICATES TRACE AMOUNT.

$$
