000
CDUS45 KPSR 172314
CLIPHX

CLIMATE REPORT
NATIONAL WEATHER SERVICE PHOENIX AZ
414 PM MST WED DEC 17 2014


...................................

...THE PHOENIX AZ CLIMATE SUMMARY FOR DECEMBER 17 2014...
VALID TODAY AS OF 0400 PM LOCAL TIME.

CLIMATE NORMAL PERIOD 1981 TO 2010
CLIMATE RECORD PERIOD 1895 TO 2014


WEATHER ITEM   OBSERVED TIME   RECORD YEAR NORMAL DEPARTURE LAST
                VALUE   (LST)  VALUE       VALUE  FROM      YEAR
                                                  NORMAL
..................................................................
TEMPERATURE (F)
 TODAY
  MAXIMUM         61    315 PM  82    2013  65     -4       82
  MINIMUM         51    638 AM  28    1927  44      7       47
                                      1916
  AVERAGE         56                        55      1       65

PRECIPITATION (IN)
  TODAY            0.07          1.35 1987   0.03   0.04     0.00
  MONTH TO DATE    0.80                      0.49   0.31     0.00
  SINCE OCT 1      0.93                      1.72  -0.79     2.43
  SINCE JAN 1      8.26                      7.64   0.62     8.03

SNOWFALL (IN)
  TODAY            0.0
  MONTH TO DATE    0.0
  SINCE JAN 1      0.0
  SINCE JUL 1      0.0
  SNOW DEPTH       0

DEGREE DAYS
 HEATING
  TODAY            9                        10     -1        0
  MONTH TO DATE   52                       154   -102      156
  SINCE DEC 1     52                       154   -102      156
  SINCE JUL 1    106                       257   -151      211

 COOLING
  TODAY            0                         0      0        0
  MONTH TO DATE   10                         0     10        0
  SINCE DEC 1     10                         0     10        0
  SINCE JAN 1   5046                      4606    440     5023
..................................................................


WIND (MPH)
  HIGHEST WIND SPEED    10   HIGHEST WIND DIRECTION     S (200)
  HIGHEST GUST SPEED    13   HIGHEST GUST DIRECTION    SE (120)
  AVERAGE WIND SPEED     5.7


SKY COVER
  AVERAGE SKY COVER 1.0


WEATHER CONDITIONS
 THE FOLLOWING WEATHER WAS RECORDED TODAY.
  LIGHT RAIN
  FOG


RELATIVE HUMIDITY (PERCENT)
 HIGHEST    89           500 AM
 LOWEST     47          1200 AM
 AVERAGE    68

..........................................................


THE PHOENIX AZ CLIMATE NORMALS FOR TOMORROW
                         NORMAL    RECORD    YEAR
 MAXIMUM TEMPERATURE (F)   65        79      1950
 MINIMUM TEMPERATURE (F)   44        29      1933
                                             1916
                                             1895


SUNRISE AND SUNSET
DECEMBER 17 2014......SUNRISE   726 AM MST   SUNSET   523 PM MST
DECEMBER 18 2014......SUNRISE   726 AM MST   SUNSET   523 PM MST


-  INDICATES NEGATIVE NUMBERS.
R  INDICATES RECORD WAS SET OR TIED.
MM INDICATES DATA IS MISSING.
T  INDICATES TRACE AMOUNT.

$$
