000
CDUS45 KPSR 300821
CLIPHX

CLIMATE REPORT
NATIONAL WEATHER SERVICE PHOENIX AZ
121 AM MST TUE JUN 30 2015

...................................

...THE PHOENIX AZ CLIMATE SUMMARY FOR JUNE 29 2015...

CLIMATE NORMAL PERIOD 1981 TO 2010
CLIMATE RECORD PERIOD 1895 TO 2015


WEATHER ITEM   OBSERVED TIME   RECORD YEAR NORMAL DEPARTURE LAST
                VALUE   (LST)  VALUE       VALUE  FROM      YEAR
                                                  NORMAL
..................................................................
TEMPERATURE (F)
 YESTERDAY
  MAXIMUM        110    447 PM 119    2013 107      3      109
  MINIMUM         86   1130 PM  59    1913  81      5       86
  AVERAGE         98                        94      4       98

PRECIPITATION (IN)
  YESTERDAY        0.05          0.09 1976   0.00   0.05     0.00
  MONTH TO DATE    0.25                      0.02   0.23     0.00
  SINCE OCT 1      3.79                      5.34  -1.55     3.81
  SINCE JAN 1      2.75                      3.23  -0.48     0.99

SNOWFALL (IN)
  YESTERDAY        0.0
  MONTH TO DATE    0.0
  SINCE JAN 1      0.0
  SINCE JUL 1      0.0
  SNOW DEPTH       0

DEGREE DAYS
 HEATING
  YESTERDAY        0                         0      0        0
  MONTH TO DATE    0                         0      0        0
  SINCE JUN 1      0                         0      0        0
  SINCE JUL 1    520                       935   -415      546

 COOLING
  YESTERDAY       33                        29      4       33
  MONTH TO DATE  845                       745    100      822
  SINCE JUN 1    845                       745    100      822
  SINCE JAN 1   1870                      1631    239     1897
..................................................................


WIND (MPH)
  HIGHEST WIND SPEED    18   HIGHEST WIND DIRECTION     E (90)
  HIGHEST GUST SPEED    24   HIGHEST GUST DIRECTION     N (340)
  AVERAGE WIND SPEED     7.2


SKY COVER
  AVERAGE SKY COVER 0.5


WEATHER CONDITIONS
 THE FOLLOWING WEATHER WAS RECORDED YESTERDAY.
  THUNDERSTORM
  LIGHT RAIN


RELATIVE HUMIDITY (PERCENT)
 HIGHEST    43           500 AM
 LOWEST     18           400 PM
 AVERAGE    31

..........................................................


THE PHOENIX AZ CLIMATE NORMALS FOR TODAY
                         NORMAL    RECORD    YEAR
 MAXIMUM TEMPERATURE (F)  107       115      2013
                                             1979
 MINIMUM TEMPERATURE (F)   82        64      1913


SUNRISE AND SUNSET
JUNE 30 2015..........SUNRISE   521 AM MST   SUNSET   742 PM MST
JULY  1 2015..........SUNRISE   522 AM MST   SUNSET   742 PM MST


-  INDICATES NEGATIVE NUMBERS.
R  INDICATES RECORD WAS SET OR TIED.
MM INDICATES DATA IS MISSING.
T  INDICATES TRACE AMOUNT.

&&
.....................................................................

DEW POINT
  HIGHEST DEW POINT    67
   LOWEST DEW POINT    55
  AVERAGE DEW POINT    60
.....................................................................

$$
