000
CDUS43 KILX 260645
CLIPIA


CLIMATE REPORT
NATIONAL WEATHER SERVICE LINCOLN IL
1235 AM CST MON JAN 26 2015


...................................

...THE PEORIA IL CLIMATE SUMMARY FOR JANUARY 25 2015...

CLIMATE NORMAL PERIOD 1981 TO 2010
CLIMATE RECORD PERIOD 1883 TO 2015


WEATHER ITEM   OBSERVED TIME   RECORD YEAR NORMAL DEPARTURE LAST
                VALUE   (LST)  VALUE       VALUE  FROM      YEAR
                                                  NORMAL
..................................................................
TEMPERATURE (F)
 YESTERDAY
  MAXIMUM         40    349 AM  68    1950  33      7       36
  MINIMUM         23   1159 PM -17    1894  17      6       11
  AVERAGE         32                        25      7       24

PRECIPITATION (IN)
  YESTERDAY        0.18          1.02 1990   0.05   0.13      T
  MONTH TO DATE    1.84                      1.47   0.37     1.92
  SINCE DEC 1      3.07                      3.89  -0.82     3.41
  SINCE JAN 1      1.84                      1.47   0.37     1.92

SNOWFALL (IN)
  YESTERDAY        0.1           4.8  1990   0.3   -0.2       T
  MONTH TO DATE    9.0                       5.6    3.4     14.8
  SINCE DEC 1      9.0                      12.7   -3.7     23.3
  SINCE JUL 1     10.3                      13.8   -3.5     23.9
  SNOW DEPTH       0

DEGREE DAYS
 HEATING
  YESTERDAY       33                        40     -7       41
  MONTH TO DATE 1009                      1000      9     1151
  SINCE DEC 1   1977                      2130   -153     2395
  SINCE JUL 1   3218                      3278    -60     3577

 COOLING
  YESTERDAY        0                         0      0        0
  MONTH TO DATE    0                         0      0        0
  SINCE DEC 1      0                         0      0        0
  SINCE JAN 1      0                         0      0        0
..................................................................


WIND (MPH)
  HIGHEST WIND SPEED    23   HIGHEST WIND DIRECTION    NE (40)
  HIGHEST GUST SPEED    33   HIGHEST GUST DIRECTION    NE (40)
  AVERAGE WIND SPEED     9.7


SKY COVER
  POSSIBLE SUNSHINE  MM
  AVERAGE SKY COVER 0.8


WEATHER CONDITIONS
 THE FOLLOWING WEATHER WAS RECORDED YESTERDAY.
  LIGHT RAIN
  LIGHT SNOW
  FOG


RELATIVE HUMIDITY (PERCENT)
 HIGHEST    92           800 AM
 LOWEST     68           900 PM
 AVERAGE    80

..........................................................


THE PEORIA IL CLIMATE NORMALS FOR TODAY
                         NORMAL    RECORD    YEAR
 MAXIMUM TEMPERATURE (F)   33        60      2002
 MINIMUM TEMPERATURE (F)   17       -11      1936


SUNRISE AND SUNSET
JANUARY 26 2015.......SUNRISE   714 AM CST   SUNSET   509 PM CST
JANUARY 27 2015.......SUNRISE   713 AM CST   SUNSET   510 PM CST


-  INDICATES NEGATIVE NUMBERS.
R  INDICATES RECORD WAS SET OR TIED.
MM INDICATES DATA IS MISSING.
T  INDICATES TRACE AMOUNT.




$$
