000
CDUS43 KILX 290703
CLIPIA


CLIMATE REPORT
NATIONAL WEATHER SERVICE LINCOLN IL
202 AM CDT TUE JUL 29 2014


...................................

...THE PEORIA IL CLIMATE SUMMARY FOR JULY 28 2014...

CLIMATE NORMAL PERIOD 1981 TO 2010
CLIMATE RECORD PERIOD 1883 TO 2014


WEATHER ITEM   OBSERVED TIME   RECORD YEAR NORMAL DEPARTURE LAST
                VALUE   (LST)  VALUE       VALUE  FROM      YEAR
                                                  NORMAL
..................................................................
TEMPERATURE (F)
 YESTERDAY
  MAXIMUM         76    314 PM 102    1983  85     -9       74
                                      1916
  MINIMUM         58   1157 PM  51    2013  65     -7       51
  AVERAGE         67                        75     -8       63

PRECIPITATION (IN)
  YESTERDAY        0.00          2.69 1966   0.11  -0.11     0.00
  MONTH TO DATE    1.49                      3.49  -2.00     1.29
  SINCE JUN 1     11.16                      7.02   4.14     3.48
  SINCE JAN 1     23.14                     21.35   1.79    31.00

SNOWFALL (IN)
  YESTERDAY        0.0           0.0    MM   0.0    0.0      0.0
  MONTH TO DATE    0.0                       0.0    0.0      0.0
  SINCE JUN 1      0.0                       0.0    0.0      0.0
  SINCE JUL 1      0.0                       0.0    0.0      0.0
  SNOW DEPTH       0

DEGREE DAYS
 HEATING
  YESTERDAY        0                         0      0        2
  MONTH TO DATE    2                         0      2        4
  SINCE JUN 1      2                        18    -16       22
  SINCE JUL 1      2                         0      2        4

 COOLING
  YESTERDAY        2                        10     -8        0
  MONTH TO DATE  212                       299    -87      291
  SINCE JUN 1    504                       521    -17      514
  SINCE JAN 1    662                       602     60      621
..................................................................


WIND (MPH)
  HIGHEST WIND SPEED    15   HIGHEST WIND DIRECTION     N (350)
  HIGHEST GUST SPEED    24   HIGHEST GUST DIRECTION     N (20)
  AVERAGE WIND SPEED     5.9


SKY COVER
  POSSIBLE SUNSHINE  MM
  AVERAGE SKY COVER 0.2


WEATHER CONDITIONS
 THE FOLLOWING WEATHER WAS RECORDED YESTERDAY.
  NO SIGNIFICANT WEATHER WAS OBSERVED.


RELATIVE HUMIDITY (PERCENT)
 HIGHEST    87           100 AM
 LOWEST     44           200 PM
 AVERAGE    66

..........................................................


THE PEORIA IL CLIMATE NORMALS FOR TODAY
                         NORMAL    RECORD    YEAR
 MAXIMUM TEMPERATURE (F)   85       104      1887
 MINIMUM TEMPERATURE (F)   65        50      1971


SUNRISE AND SUNSET
JULY 29 2014..........SUNRISE   553 AM CDT   SUNSET   817 PM CDT
JULY 30 2014..........SUNRISE   554 AM CDT   SUNSET   816 PM CDT


-  INDICATES NEGATIVE NUMBERS.
R  INDICATES RECORD WAS SET OR TIED.
MM INDICATES DATA IS MISSING.
T  INDICATES TRACE AMOUNT.




$$
