786
CDUS43 KILX 302147
CLIPIA


CLIMATE REPORT
NATIONAL WEATHER SERVICE LINCOLN IL
446 PM CDT SAT JUL 30 2016


...................................

...THE PEORIA IL CLIMATE SUMMARY FOR JULY 30 2016...
VALID TODAY AS OF 0400 PM LOCAL TIME.

CLIMATE NORMAL PERIOD 1981 TO 2010
CLIMATE RECORD PERIOD 1883 TO 2016


WEATHER ITEM   OBSERVED TIME   RECORD YEAR NORMAL DEPARTURE LAST
                VALUE   (LST)  VALUE       VALUE  FROM      YEAR
                                                  NORMAL
..................................................................
TEMPERATURE (F)
 TODAY
  MAXIMUM         84    222 PM 104    1885  85     -1       90
  MINIMUM         69   1215 AM  48    1971  65      4       67
  AVERAGE         77                        75      2       79

PRECIPITATION (IN)
  TODAY            T             2.04 1926   0.12  -0.12     0.00
  MONTH TO DATE    5.01                      3.73   1.28     5.84
  SINCE JUN 1      8.45                      7.26   1.19    17.44
  SINCE JAN 1     17.56                     21.59  -4.03    30.21

SNOWFALL (IN)
  TODAY            0.0           0.0    MM   0.0    0.0      0.0
  MONTH TO DATE    0.0                       0.0    0.0      0.0
  SINCE JUN 1      0.0                       0.0    0.0      0.0
  SINCE JUL 1      0.0                       0.0    0.0      0.0
  SNOW DEPTH       0

DEGREE DAYS
 HEATING
  TODAY            0                         0      0        0
  MONTH TO DATE    4                         0      4        5
  SINCE JUN 1      4                        18    -14       12
  SINCE JUL 1      4                         0      4        5

 COOLING
  TODAY           12                        10      2       14
  MONTH TO DATE  355                       319     36      353
  SINCE JUN 1    682                       541    141      641
  SINCE JAN 1    788                       622    166      795
..................................................................


WIND (MPH)
  HIGHEST WIND SPEED     9   HIGHEST WIND DIRECTION     W (290)
  HIGHEST GUST SPEED    12   HIGHEST GUST DIRECTION    NW (320)
  AVERAGE WIND SPEED     3.9


SKY COVER
  POSSIBLE SUNSHINE  MM
  AVERAGE SKY COVER 0.9


WEATHER CONDITIONS
 THE FOLLOWING WEATHER WAS RECORDED TODAY.
  FOG
  HAZE


RELATIVE HUMIDITY (PERCENT)
 HIGHEST   100           200 AM
 LOWEST     65           300 PM
 AVERAGE    83

..........................................................


THE PEORIA IL CLIMATE NORMALS FOR TOMORROW
                         NORMAL    RECORD    YEAR
 MAXIMUM TEMPERATURE (F)   85       102      1988
                                             1890
 MINIMUM TEMPERATURE (F)   65        47      1971


SUNRISE AND SUNSET
JULY 30 2016..........SUNRISE   554 AM CDT   SUNSET   816 PM CDT
JULY 31 2016..........SUNRISE   555 AM CDT   SUNSET   815 PM CDT


-  INDICATES NEGATIVE NUMBERS.
R  INDICATES RECORD WAS SET OR TIED.
MM INDICATES DATA IS MISSING.
T  INDICATES TRACE AMOUNT.




$$
