000
CDUS43 KILX 302143
CLIPIA


CLIMATE REPORT
NATIONAL WEATHER SERVICE LINCOLN IL
442 PM CDT TUE JUN 30 2015


...................................

...THE PEORIA IL CLIMATE SUMMARY FOR JUNE 30 2015...
VALID TODAY AS OF 0400 PM LOCAL TIME.

CLIMATE NORMAL PERIOD 1981 TO 2010
CLIMATE RECORD PERIOD 1883 TO 2015


WEATHER ITEM   OBSERVED TIME   RECORD YEAR NORMAL DEPARTURE LAST
                VALUE   (LST)  VALUE       VALUE  FROM      YEAR
                                                  NORMAL
..................................................................
TEMPERATURE (F)
 TODAY
  MAXIMUM         84    253 PM 103    1931  85     -1       89
  MINIMUM         64    451 AM  46    1943  65     -1       68
  AVERAGE         74                        75     -1       79

PRECIPITATION (IN)
  TODAY            0.00          2.09 1969   0.12  -0.12     1.33
  MONTH TO DATE   11.60                      3.53   8.07     9.67
  SINCE JUN 1     11.60                      3.53   8.07     9.67
  SINCE JAN 1     24.37                     17.86   6.51    21.65

SNOWFALL (IN)
  TODAY            0.0           0.0    MM   0.0    0.0      0.0
  MONTH TO DATE    0.0                       0.0    0.0      0.0
  SINCE JUN 1      0.0                       0.0    0.0      0.0
  SINCE JUL 1     27.0                      24.6    2.4     57.6
  SNOW DEPTH       0

DEGREE DAYS
 HEATING
  TODAY            0                         0      0        0
  MONTH TO DATE    7                        17    -10        0
  SINCE JUN 1      7                        18    -11        0
  SINCE JUL 1   5817                      5831    -14     6586

 COOLING
  TODAY            9                        10     -1       14
  MONTH TO DATE  288                       222     66      292
  SINCE JUN 1    288                       222     66      292
  SINCE JAN 1    442                       303    139      450
..................................................................


WIND (MPH)
  HIGHEST WIND SPEED     9   HIGHEST WIND DIRECTION    NW (320)
  HIGHEST GUST SPEED    12   HIGHEST GUST DIRECTION     W (290)
  AVERAGE WIND SPEED     3.5


SKY COVER
  POSSIBLE SUNSHINE  MM
  AVERAGE SKY COVER 0.2


WEATHER CONDITIONS
 THE FOLLOWING WEATHER WAS RECORDED TODAY.
  FOG
  HAZE


RELATIVE HUMIDITY (PERCENT)
 HIGHEST    87           100 AM
 LOWEST     47          1200 PM
 AVERAGE    67

..........................................................


THE PEORIA IL CLIMATE NORMALS FOR TOMORROW
                         NORMAL    RECORD    YEAR
 MAXIMUM TEMPERATURE (F)   86       102      1931
 MINIMUM TEMPERATURE (F)   65        49      1924


SUNRISE AND SUNSET
JUNE 30 2015..........SUNRISE   531 AM CDT   SUNSET   834 PM CDT
JULY  1 2015..........SUNRISE   531 AM CDT   SUNSET   834 PM CDT


-  INDICATES NEGATIVE NUMBERS.
R  INDICATES RECORD WAS SET OR TIED.
MM INDICATES DATA IS MISSING.
T  INDICATES TRACE AMOUNT.




$$
