000
CDUS43 KILX 300651
CLIPIA


CLIMATE REPORT
NATIONAL WEATHER SERVICE LINCOLN IL
139 AM CDT SUN APR 30 2017


...................................

...THE PEORIA IL CLIMATE SUMMARY FOR APRIL 29 2017...

CLIMATE NORMAL PERIOD 1981 TO 2010
CLIMATE RECORD PERIOD 1883 TO 2017


WEATHER ITEM   OBSERVED TIME   RECORD YEAR NORMAL DEPARTURE LAST
                VALUE   (LST)  VALUE       VALUE  FROM      YEAR
                                                  NORMAL
..................................................................
TEMPERATURE (F)
 YESTERDAY
  MAXIMUM         57   1233 AM  92    1899  68    -11       55
                                      1894
  MINIMUM         41    422 PM  30    1958  46     -5       48
  AVERAGE         49                        57     -8       52

PRECIPITATION (IN)
  YESTERDAY        2.90          3.39 1947   0.14   2.76     0.00
  MONTH TO DATE    7.20                      3.50   3.70     1.75
  SINCE MAR 1     11.23                      6.30   4.93     4.07
  SINCE JAN 1     13.89                      9.87   4.02     5.45

SNOWFALL (IN)
  YESTERDAY        0.0           0.0    MM   0.0    0.0      0.0
  MONTH TO DATE    0.0                       0.6   -0.6       T
  SINCE MAR 1      4.2                       3.3    0.9      0.2
  SINCE JUL 1     13.9                      24.6  -10.7     15.3
  SNOW DEPTH       0

DEGREE DAYS
 HEATING
  YESTERDAY       16                         9      7       13
  MONTH TO DATE  243                       387   -144      351
  SINCE MAR 1    935                      1143   -208      898
  SINCE JUL 1   4542                      5659  -1117     4481

 COOLING
  YESTERDAY        0                         1     -1        0
  MONTH TO DATE   18                        12      6       18
  SINCE MAR 1     18                        13      5       18
  SINCE JAN 1     18                        13      5       18
..................................................................


WIND (MPH)
  HIGHEST WIND SPEED    37   HIGHEST WIND DIRECTION     E (80)
  HIGHEST GUST SPEED    46   HIGHEST GUST DIRECTION    NE (60)
  AVERAGE WIND SPEED    16.9


SKY COVER
  POSSIBLE SUNSHINE  MM
  AVERAGE SKY COVER 0.9


WEATHER CONDITIONS
 THE FOLLOWING WEATHER WAS RECORDED YESTERDAY.
  THUNDERSTORM
  HEAVY RAIN
  RAIN
  LIGHT RAIN
  FOG
  HAZE


RELATIVE HUMIDITY (PERCENT)
 HIGHEST   100          1200 AM
 LOWEST     77           900 AM
 AVERAGE    89

..........................................................


THE PEORIA IL CLIMATE NORMALS FOR TODAY
                         NORMAL    RECORD    YEAR
 MAXIMUM TEMPERATURE (F)   68        90      1901
 MINIMUM TEMPERATURE (F)   47        29      1908


SUNRISE AND SUNSET
APRIL 30 2017.........SUNRISE   558 AM CDT   SUNSET   754 PM CDT
MAY  1 2017...........SUNRISE   557 AM CDT   SUNSET   755 PM CDT


-  INDICATES NEGATIVE NUMBERS.
R  INDICATES RECORD WAS SET OR TIED.
MM INDICATES DATA IS MISSING.
T  INDICATES TRACE AMOUNT.




$$
