000
CDUS43 KILX 230655
CLIPIA


CLIMATE REPORT
NATIONAL WEATHER SERVICE LINCOLN IL
154 AM CDT THU MAR 23 2017


...................................

...THE PEORIA IL CLIMATE SUMMARY FOR MARCH 22 2017...

CLIMATE NORMAL PERIOD 1981 TO 2010
CLIMATE RECORD PERIOD 1883 TO 2017


WEATHER ITEM   OBSERVED TIME   RECORD YEAR NORMAL DEPARTURE LAST
                VALUE   (LST)  VALUE       VALUE  FROM      YEAR
                                                  NORMAL
..................................................................
TEMPERATURE (F)
 YESTERDAY
  MAXIMUM         44    320 PM  82    1907  53     -9       70
  MINIMUM         29    618 AM   7    1888  33     -4       43
  AVERAGE         37                        43     -6       57

PRECIPITATION (IN)
  YESTERDAY        0.00          1.36 1993   0.10  -0.10     0.00
  MONTH TO DATE    1.06                      1.91  -0.85     1.49
  SINCE MAR 1      1.06                      1.91  -0.85     1.49
  SINCE JAN 1      3.72                      5.48  -1.76     2.87

SNOWFALL (IN)
  YESTERDAY        0.0           2.2  1955   0.1   -0.1      0.0
  MONTH TO DATE    4.2                       2.2    2.0      0.2
  SINCE MAR 1      4.2                       2.2    2.0      0.2
  SINCE JUL 1     13.9                      23.5   -9.6     15.3
  SNOW DEPTH       0

DEGREE DAYS
 HEATING
  YESTERDAY       28                        22      6        8
  MONTH TO DATE  557                       576    -19      405
  SINCE MAR 1    557                       576    -19      405
  SINCE JUL 1   4164                      5092   -928     3988

 COOLING
  YESTERDAY        0                         0      0        0
  MONTH TO DATE    0                         0      0        0
  SINCE MAR 1      0                         0      0        0
  SINCE JAN 1      0                         0      0        0
..................................................................


WIND (MPH)
  HIGHEST WIND SPEED    18   HIGHEST WIND DIRECTION     E (70)
  HIGHEST GUST SPEED    26   HIGHEST GUST DIRECTION    NE (50)
  AVERAGE WIND SPEED    11.6


SKY COVER
  POSSIBLE SUNSHINE  MM
  AVERAGE SKY COVER 0.1


WEATHER CONDITIONS
 THE FOLLOWING WEATHER WAS RECORDED YESTERDAY.
  NO SIGNIFICANT WEATHER WAS OBSERVED.


RELATIVE HUMIDITY (PERCENT)
 HIGHEST    82          1200 AM
 LOWEST     36           400 PM
 AVERAGE    59

..........................................................


THE PEORIA IL CLIMATE NORMALS FOR TODAY
                         NORMAL    RECORD    YEAR
 MAXIMUM TEMPERATURE (F)   54        85      1910
 MINIMUM TEMPERATURE (F)   33        10      1960


SUNRISE AND SUNSET
MARCH 23 2017.........SUNRISE   657 AM CDT   SUNSET   714 PM CDT
MARCH 24 2017.........SUNRISE   655 AM CDT   SUNSET   715 PM CDT


-  INDICATES NEGATIVE NUMBERS.
R  INDICATES RECORD WAS SET OR TIED.
MM INDICATES DATA IS MISSING.
T  INDICATES TRACE AMOUNT.




$$
