444
CDUS43 KILX 060650
CLIPIA


CLIMATE REPORT
NATIONAL WEATHER SERVICE LINCOLN IL
1250 AM CST TUE DEC 6 2016


...................................

...THE PEORIA IL CLIMATE SUMMARY FOR DECEMBER 5 2016...

CLIMATE NORMAL PERIOD 1981 TO 2010
CLIMATE RECORD PERIOD 1883 TO 2016


WEATHER ITEM   OBSERVED TIME   RECORD YEAR NORMAL DEPARTURE LAST
                VALUE   (LST)  VALUE       VALUE  FROM      YEAR
                                                  NORMAL
..................................................................
TEMPERATURE (F)
 YESTERDAY
  MAXIMUM         37    812 PM  67    2001  40     -3       48
  MINIMUM         32    450 AM   0    2005  24      8       28
  AVERAGE         35                        32      3       38

PRECIPITATION (IN)
  YESTERDAY        0.00          0.76 1906   0.09  -0.09     0.00
  MONTH TO DATE    0.41                      0.46  -0.05     0.22
  SINCE DEC 1      0.41                      0.46  -0.05     0.22
  SINCE JAN 1     36.43                     34.53   1.90    43.89

SNOWFALL (IN)
  YESTERDAY        0.0           4.1  1977   0.2   -0.2      0.0
  MONTH TO DATE    4.2                       0.9    3.3      1.1
  SINCE DEC 1      4.2                       0.9    3.3      1.1
  SINCE JUL 1      4.2                       2.0    2.2      5.7
  SNOW DEPTH       0

DEGREE DAYS
 HEATING
  YESTERDAY       30                        33     -3       27
  MONTH TO DATE  144                       161    -17      139
  SINCE DEC 1    144                       161    -17      139
  SINCE JUL 1    882                      1309   -427      896

 COOLING
  YESTERDAY        0                         0      0        0
  MONTH TO DATE    0                         0      0        0
  SINCE DEC 1      0                         0      0        0
  SINCE JAN 1   1423                      1039    384     1419
..................................................................


WIND (MPH)
  HIGHEST WIND SPEED    18   HIGHEST WIND DIRECTION     S (190)
  HIGHEST GUST SPEED    24   HIGHEST GUST DIRECTION     S (180)
  AVERAGE WIND SPEED     8.1


SKY COVER
  POSSIBLE SUNSHINE  MM
  AVERAGE SKY COVER 1.0


WEATHER CONDITIONS
 THE FOLLOWING WEATHER WAS RECORDED YESTERDAY.
  FOG


RELATIVE HUMIDITY (PERCENT)
 HIGHEST   100           400 AM
 LOWEST     92          1000 AM
 AVERAGE    96

..........................................................


THE PEORIA IL CLIMATE NORMALS FOR TODAY
                         NORMAL    RECORD    YEAR
 MAXIMUM TEMPERATURE (F)   39        66      1980
 MINIMUM TEMPERATURE (F)   24        -5      1977


SUNRISE AND SUNSET
DECEMBER  6 2016......SUNRISE   709 AM CST   SUNSET   431 PM CST
DECEMBER  7 2016......SUNRISE   709 AM CST   SUNSET   431 PM CST


-  INDICATES NEGATIVE NUMBERS.
R  INDICATES RECORD WAS SET OR TIED.
MM INDICATES DATA IS MISSING.
T  INDICATES TRACE AMOUNT.




$$
