000
CDUS45 KPIH 250735
CLIPIH


CLIMATE REPORT
NATIONAL WEATHER SERVICE POCATELLO ID
133 AM MDT THU MAY 25 2017


...................................

...THE POCATELLO ID CLIMATE SUMMARY FOR MAY 24 2017...

CLIMATE NORMAL PERIOD 1981 TO 2010
CLIMATE RECORD PERIOD 1939 TO 2017


WEATHER ITEM   OBSERVED TIME   RECORD YEAR NORMAL DEPARTURE LAST
                VALUE   (LST)  VALUE       VALUE  FROM      YEAR
                                                  NORMAL
..................................................................
TEMPERATURE (F)
 YESTERDAY
  MAXIMUM         75    243 PM  89    2003  70      5       66
  MINIMUM         51    516 AM  30    1960  42      9       35
  AVERAGE         63                        56      7       51

PRECIPITATION (IN)
  YESTERDAY        0.00          0.60 2009   0.05  -0.05     0.07
  MONTH TO DATE    0.36                      1.13  -0.77     1.26
  SINCE OCT 1     16.27                      8.72   7.55    10.69
  SINCE JAN 1      9.71                      5.50   4.21     7.12

SNOWFALL (IN)
  YESTERDAY        0.0
  MONTH TO DATE    T
  SINCE MAR 1      4.1
  SINCE JUL 1     87.6
  SNOW DEPTH       0

DEGREE DAYS
 HEATING
  YESTERDAY        2                         9     -7       14
  MONTH TO DATE  283                       294    -11      269
  SINCE MAR 1   1548                      1715   -167     1442
  SINCE JUL 1   6797                      6988   -191     6284

 COOLING
  YESTERDAY        0                         0      0        0
  MONTH TO DATE    0                         0      0        0
  SINCE MAR 1      0                         0      0        0
  SINCE JAN 1      0                         0      0        0
..................................................................


WIND (MPH)
  HIGHEST WIND SPEED    39   HIGHEST WIND DIRECTION    SW (240)
  HIGHEST GUST SPEED    48   HIGHEST GUST DIRECTION     W (260)
  AVERAGE WIND SPEED    20.7


SKY COVER
  POSSIBLE SUNSHINE  MM
  AVERAGE SKY COVER 0.2


WEATHER CONDITIONS
 THE FOLLOWING WEATHER WAS RECORDED YESTERDAY.
  HAZE


RELATIVE HUMIDITY (PERCENT)
 HIGHEST    59           500 AM
 LOWEST     25           900 PM
 AVERAGE    42

..........................................................


THE POCATELLO ID CLIMATE NORMALS FOR TODAY
                         NORMAL    RECORD    YEAR
 MAXIMUM TEMPERATURE (F)   71        91      2001
 MINIMUM TEMPERATURE (F)   42        27      1975


SUNRISE AND SUNSET
MAY 25 2017...........SUNRISE   558 AM MDT   SUNSET   857 PM MDT
MAY 26 2017...........SUNRISE   558 AM MDT   SUNSET   858 PM MDT


-  INDICATES NEGATIVE NUMBERS.
R  INDICATES RECORD WAS SET OR TIED.
MM INDICATES DATA IS MISSING.
T  INDICATES TRACE AMOUNT.




$$
