429
CDUS45 KPIH 122326
CLIPIH


CLIMATE REPORT
NATIONAL WEATHER SERVICE POCATELLO ID
425 PM MST FRI FEB 12 2016


...................................

...THE POCATELLO ID CLIMATE SUMMARY FOR FEBRUARY 12 2016...
VALID TODAY AS OF 0400 PM LOCAL TIME.

CLIMATE NORMAL PERIOD 1981 TO 2010
CLIMATE RECORD PERIOD 1939 TO 2016


WEATHER ITEM   OBSERVED TIME   RECORD YEAR NORMAL DEPARTURE LAST
                VALUE   (LST)  VALUE       VALUE  FROM      YEAR
                                                  NORMAL
..................................................................
TEMPERATURE (F)
 TODAY
  MAXIMUM         43    226 PM  57    2015  36      7       57
  MINIMUM         22    632 AM -13    1949  18      4       28
  AVERAGE         33                        27      6       43

PRECIPITATION (IN)
  TODAY            0.00          0.47 1941   0.03  -0.03     0.00
  MONTH TO DATE    0.04                      0.38  -0.34     0.54
  SINCE OCT 1      5.02                      4.59   0.43     3.36
  SINCE JAN 1      1.45                      1.37   0.08     0.97

SNOWFALL (IN)
  TODAY            0.0
  MONTH TO DATE    0.6
  SINCE DEC 1     21.3
  SINCE JUL 1     27.6
  SNOW DEPTH       T

DEGREE DAYS
 HEATING
  TODAY           32                        38     -6       22
  MONTH TO DATE  502                       466     36      255
  SINCE DEC 1   2950                      2985    -35     2335
  SINCE JUL 1   4394                      4713   -319     3862

 COOLING
  TODAY            0                         0      0        0
  MONTH TO DATE    0                         0      0        0
  SINCE DEC 1      0                         0      0        0
  SINCE JAN 1      0                         0      0        0
..................................................................


WIND (MPH)
  HIGHEST WIND SPEED    10   HIGHEST WIND DIRECTION     E (90)
  HIGHEST GUST SPEED    14   HIGHEST GUST DIRECTION     E (90)
  AVERAGE WIND SPEED     3.5


SKY COVER
  POSSIBLE SUNSHINE  MM
  AVERAGE SKY COVER 0.0


WEATHER CONDITIONS
 THE FOLLOWING WEATHER WAS RECORDED TODAY.
  FOG


RELATIVE HUMIDITY (PERCENT)
 HIGHEST    92           200 AM
 LOWEST     53           200 PM
 AVERAGE    73

..........................................................


THE POCATELLO ID CLIMATE NORMALS FOR TOMORROW
                         NORMAL    RECORD    YEAR
 MAXIMUM TEMPERATURE (F)   37        60      2015
 MINIMUM TEMPERATURE (F)   19       -17      1949


SUNRISE AND SUNSET
FEBRUARY 12 2016......SUNRISE   732 AM MST   SUNSET   557 PM MST
FEBRUARY 13 2016......SUNRISE   731 AM MST   SUNSET   559 PM MST


-  INDICATES NEGATIVE NUMBERS.
R  INDICATES RECORD WAS SET OR TIED.
MM INDICATES DATA IS MISSING.
T  INDICATES TRACE AMOUNT.




$$
