000
CDUS45 KPIH 212334
CLIPIH


CLIMATE REPORT
NATIONAL WEATHER SERVICE POCATELLO ID
428 PM MST SUN DEC 21 2014


...................................

...THE POCATELLO ID CLIMATE SUMMARY FOR DECEMBER 21 2014...
VALID TODAY AS OF 0400 PM LOCAL TIME.

CLIMATE NORMAL PERIOD 1981 TO 2010
CLIMATE RECORD PERIOD 1939 TO 2014


WEATHER ITEM   OBSERVED TIME   RECORD YEAR NORMAL DEPARTURE LAST
                VALUE   (LST)  VALUE       VALUE  FROM      YEAR
                                                  NORMAL
..................................................................
TEMPERATURE (F)
 TODAY
  MAXIMUM         47    205 PM  54    1969  32     15       28
                                      1955
  MINIMUM         37    215 AM -25    1990  15     22       24
  AVERAGE         42                        24     18       26

PRECIPITATION (IN)
  TODAY            0.02          0.44 1981   0.04  -0.02      T
  MONTH TO DATE    0.38                      0.86  -0.48     0.40
  SINCE OCT 1      2.00                      2.84  -0.84     1.34
  SINCE JAN 1     12.26                     11.75   0.51     6.14

SNOWFALL (IN)
  TODAY            0.0
  MONTH TO DATE    1.2
  SINCE DEC 1      1.2
  SINCE JUL 1      5.8
  SNOW DEPTH       0

DEGREE DAYS
 HEATING
  TODAY           23                        42    -19       39
  MONTH TO DATE  566                       841   -275     1017
  SINCE DEC 1    566                       841   -275     1017
  SINCE JUL 1   2093                      2569   -476     2629

 COOLING
  TODAY            0                         0      0        0
  MONTH TO DATE    0                         0      0        0
  SINCE DEC 1      0                         0      0        0
  SINCE JAN 1    421                       392     29      688
..................................................................


WIND (MPH)
  HIGHEST WIND SPEED    38   HIGHEST WIND DIRECTION     W (250)
  HIGHEST GUST SPEED    46   HIGHEST GUST DIRECTION     W (250)
  AVERAGE WIND SPEED    23.8


SKY COVER
  POSSIBLE SUNSHINE  MM
  AVERAGE SKY COVER 0.9


WEATHER CONDITIONS
 THE FOLLOWING WEATHER WAS RECORDED TODAY.
  LIGHT RAIN


RELATIVE HUMIDITY (PERCENT)
 HIGHEST   100           900 AM
 LOWEST     83           400 PM
 AVERAGE    92

..........................................................


THE POCATELLO ID CLIMATE NORMALS FOR TOMORROW
                         NORMAL    RECORD    YEAR
 MAXIMUM TEMPERATURE (F)   32        58      1964
 MINIMUM TEMPERATURE (F)   15       -25      1990
                                             1983


SUNRISE AND SUNSET
DECEMBER 21 2014......SUNRISE   758 AM MST   SUNSET   459 PM MST
DECEMBER 22 2014......SUNRISE   759 AM MST   SUNSET   500 PM MST


-  INDICATES NEGATIVE NUMBERS.
R  INDICATES RECORD WAS SET OR TIED.
MM INDICATES DATA IS MISSING.
T  INDICATES TRACE AMOUNT.




$$
