000
CDUS45 KPIH 170736
CLIPIH


CLIMATE REPORT
NATIONAL WEATHER SERVICE POCATELLO ID
134 AM MDT THU APR 17 2014


...................................

...THE POCATELLO ID CLIMATE SUMMARY FOR APRIL 16 2014...

CLIMATE NORMAL PERIOD 1981 TO 2010
CLIMATE RECORD PERIOD 1939 TO 2014


WEATHER ITEM   OBSERVED TIME   RECORD YEAR NORMAL DEPARTURE LAST
                VALUE   (LST)  VALUE       VALUE  FROM      YEAR
                                                  NORMAL
..................................................................
TEMPERATURE (F)
 YESTERDAY
  MAXIMUM         57    504 PM  80    1990  58     -1       46
  MINIMUM         24    549 AM  19    1999  33     -9       25
  AVERAGE         41                        46     -5       36

PRECIPITATION (IN)
  YESTERDAY        0.00          0.44 1996   0.03  -0.03     0.01
  MONTH TO DATE    0.38                      0.57  -0.19     0.31
  SINCE OCT 1      5.75                      7.01  -1.26     6.27
  SINCE JAN 1      4.38                      3.79   0.59     2.11

SNOWFALL (IN)
  YESTERDAY        0.0
  MONTH TO DATE    3.3
  SINCE MAR 1     10.5
  SINCE JUL 1     29.4
  SNOW DEPTH       0

DEGREE DAYS
 HEATING
  YESTERDAY       24                        19      5       29
  MONTH TO DATE  313                       337    -24      339
  SINCE MAR 1   1044                      1176   -132     1130
  SINCE JUL 1   6024                      6449   -425     6241

 COOLING
  YESTERDAY        0                         0      0        0
  MONTH TO DATE    0                         0      0        0
  SINCE MAR 1      0                         0      0        0
  SINCE JAN 1      0                         0      0        0
..................................................................


WIND (MPH)
  HIGHEST WIND SPEED    18   HIGHEST WIND DIRECTION    SW (240)
  HIGHEST GUST SPEED    24   HIGHEST GUST DIRECTION     W (260)
  AVERAGE WIND SPEED     7.4


SKY COVER
  POSSIBLE SUNSHINE  MM
  AVERAGE SKY COVER 0.1


WEATHER CONDITIONS
 THE FOLLOWING WEATHER WAS RECORDED YESTERDAY.
  HAZE


RELATIVE HUMIDITY (PERCENT)
 HIGHEST    74           600 AM
 LOWEST     14           600 PM
 AVERAGE    44

..........................................................


THE POCATELLO ID CLIMATE NORMALS FOR TODAY
                         NORMAL    RECORD    YEAR
 MAXIMUM TEMPERATURE (F)   59        83      1994
 MINIMUM TEMPERATURE (F)   33        18      2013


SUNRISE AND SUNSET
APRIL 17 2014.........SUNRISE   645 AM MDT   SUNSET   815 PM MDT
APRIL 18 2014.........SUNRISE   644 AM MDT   SUNSET   816 PM MDT


-  INDICATES NEGATIVE NUMBERS.
R  INDICATES RECORD WAS SET OR TIED.
MM INDICATES DATA IS MISSING.
T  INDICATES TRACE AMOUNT.




$$
