000
CDUS45 KPIH 250730
CLIPIH


CLIMATE REPORT
NATIONAL WEATHER SERVICE POCATELLO ID
130 AM MDT TUE APR 25 2017


...................................

...THE POCATELLO ID CLIMATE SUMMARY FOR APRIL 24 2017...

CLIMATE NORMAL PERIOD 1981 TO 2010
CLIMATE RECORD PERIOD 1939 TO 2017


WEATHER ITEM   OBSERVED TIME   RECORD YEAR NORMAL DEPARTURE LAST
                VALUE   (LST)  VALUE       VALUE  FROM      YEAR
                                                  NORMAL
..................................................................
TEMPERATURE (F)
 YESTERDAY
  MAXIMUM         49   1214 AM  85    1977  61    -12       56
  MINIMUM         40   1159 PM  18    1950  34      6       39
  AVERAGE         45                        48     -3       48

PRECIPITATION (IN)
  YESTERDAY        0.21          0.42 1961   0.04   0.17     0.18
  MONTH TO DATE    2.14                      0.88   1.26     0.83
  SINCE OCT 1     15.59                      7.32   8.27     9.01
  SINCE JAN 1      9.03                      4.10   4.93     5.44

SNOWFALL (IN)
  YESTERDAY        0.0
  MONTH TO DATE    T
  SINCE MAR 1      3.3
  SINCE JUL 1     86.8
  SNOW DEPTH       0

DEGREE DAYS
 HEATING
  YESTERDAY       20                        17      3       17
  MONTH TO DATE  472                       483    -11      355
  SINCE MAR 1   1140                      1322   -182     1067
  SINCE JUL 1   6389                      6595   -206     5909

 COOLING
  YESTERDAY        0                         0      0        0
  MONTH TO DATE    0                         0      0        0
  SINCE MAR 1      0                         0      0        0
  SINCE JAN 1      0                         0      0        0
..................................................................


WIND (MPH)
  HIGHEST WIND SPEED    29   HIGHEST WIND DIRECTION    SW (240)
  HIGHEST GUST SPEED    37   HIGHEST GUST DIRECTION     W (250)
  AVERAGE WIND SPEED    14.5


SKY COVER
  POSSIBLE SUNSHINE  MM
  AVERAGE SKY COVER 0.9


WEATHER CONDITIONS
 THE FOLLOWING WEATHER WAS RECORDED YESTERDAY.
  LIGHT RAIN
  FOG


RELATIVE HUMIDITY (PERCENT)
 HIGHEST    96          1100 AM
 LOWEST     61          1200 AM
 AVERAGE    79

..........................................................


THE POCATELLO ID CLIMATE NORMALS FOR TODAY
                         NORMAL    RECORD    YEAR
 MAXIMUM TEMPERATURE (F)   61        86      1946
 MINIMUM TEMPERATURE (F)   35        24      2013
                                             2009


SUNRISE AND SUNSET
APRIL 25 2017.........SUNRISE   633 AM MDT   SUNSET   825 PM MDT
APRIL 26 2017.........SUNRISE   631 AM MDT   SUNSET   826 PM MDT


-  INDICATES NEGATIVE NUMBERS.
R  INDICATES RECORD WAS SET OR TIED.
MM INDICATES DATA IS MISSING.
T  INDICATES TRACE AMOUNT.




$$
