000
CDUS45 KPIH 190729
CLIPIH


CLIMATE REPORT
NATIONAL WEATHER SERVICE POCATELLO ID
1228 AM MST SUN FEB 19 2017


...................................

...THE POCATELLO ID CLIMATE SUMMARY FOR FEBRUARY 18 2017...

CLIMATE NORMAL PERIOD 1981 TO 2010
CLIMATE RECORD PERIOD 1939 TO 2017


WEATHER ITEM   OBSERVED TIME   RECORD YEAR NORMAL DEPARTURE LAST
                VALUE   (LST)  VALUE       VALUE  FROM      YEAR
                                                  NORMAL
..................................................................
TEMPERATURE (F)
 YESTERDAY
  MAXIMUM         51    101 PM  60    1958  38     13       49
  MINIMUM         41    917 PM -23    1942  20     21       33
  AVERAGE         46                        29     17       41

PRECIPITATION (IN)
  YESTERDAY        T             0.32 1980   0.03  -0.03     0.15
  MONTH TO DATE    1.38                      0.58   0.80     0.20
  SINCE OCT 1     10.79                      4.79   6.00     5.18
  SINCE JAN 1      4.23                      1.57   2.66     1.61

SNOWFALL (IN)
  YESTERDAY        0.0
  MONTH TO DATE    5.7
  SINCE DEC 1     66.4
  SINCE JUL 1     69.0
  SNOW DEPTH       0

DEGREE DAYS
 HEATING
  YESTERDAY       19                        36    -17       24
  MONTH TO DATE  542                       686   -144      648
  SINCE DEC 1   3440                      3205    235     3096
  SINCE JUL 1   4875                      4933    -58     4540

 COOLING
  YESTERDAY        0                         0      0        0
  MONTH TO DATE    0                         0      0        0
  SINCE DEC 1      0                         0      0        0
  SINCE JAN 1      0                         0      0        0
..................................................................


WIND (MPH)
  HIGHEST WIND SPEED    32   HIGHEST WIND DIRECTION     S (180)
  HIGHEST GUST SPEED    40   HIGHEST GUST DIRECTION     S (180)
  AVERAGE WIND SPEED    16.6


SKY COVER
  POSSIBLE SUNSHINE  MM
  AVERAGE SKY COVER 0.9


WEATHER CONDITIONS
 THE FOLLOWING WEATHER WAS RECORDED YESTERDAY.
  LIGHT RAIN


RELATIVE HUMIDITY (PERCENT)
 HIGHEST    76          1200 AM
 LOWEST     52           100 PM
 AVERAGE    64

..........................................................


THE POCATELLO ID CLIMATE NORMALS FOR TODAY
                         NORMAL    RECORD    YEAR
 MAXIMUM TEMPERATURE (F)   39        62      1958
 MINIMUM TEMPERATURE (F)   20       -18      1942


SUNRISE AND SUNSET
FEBRUARY 19 2017......SUNRISE   721 AM MST   SUNSET   608 PM MST
FEBRUARY 20 2017......SUNRISE   720 AM MST   SUNSET   609 PM MST


-  INDICATES NEGATIVE NUMBERS.
R  INDICATES RECORD WAS SET OR TIED.
MM INDICATES DATA IS MISSING.
T  INDICATES TRACE AMOUNT.




$$
