000
CDUS45 KPIH 030736
CLIPIH


CLIMATE REPORT
NATIONAL WEATHER SERVICE POCATELLO ID
1235 AM MST TUE MAR 3 2015


...................................

...THE POCATELLO ID CLIMATE SUMMARY FOR MARCH 2 2015...

CLIMATE NORMAL PERIOD 1981 TO 2010
CLIMATE RECORD PERIOD 1939 TO 2015


WEATHER ITEM   OBSERVED TIME   RECORD YEAR NORMAL DEPARTURE LAST
                VALUE   (LST)  VALUE       VALUE  FROM      YEAR
                                                  NORMAL
..................................................................
TEMPERATURE (F)
 YESTERDAY
  MAXIMUM         42    443 PM  62    1994  43     -1       49
  MINIMUM         12    733 AM  -8    1960  23    -11       25
  AVERAGE         27                        33     -6       37

PRECIPITATION (IN)
  YESTERDAY        0.00          0.74 1989   0.04  -0.04     0.29
  MONTH TO DATE    0.00                      0.08  -0.08     1.05
  SINCE OCT 1      3.49                      5.26  -1.77     4.13
  SINCE JAN 1      1.10                      2.04  -0.94     2.76

SNOWFALL (IN)
  YESTERDAY        0.0
  MONTH TO DATE    0.0
  SINCE MAR 1      0.0
  SINCE JUL 1     14.8
  SNOW DEPTH       0

DEGREE DAYS
 HEATING
  YESTERDAY       38                        32      6       28
  MONTH TO DATE   74                        64     10       57
  SINCE MAR 1     74                        64     10       57
  SINCE JUL 1   4415                      5337   -922     5037

 COOLING
  YESTERDAY        0                         0      0        0
  MONTH TO DATE    0                         0      0        0
  SINCE MAR 1      0                         0      0        0
  SINCE JAN 1      0                         0      0        0
..................................................................


WIND (MPH)
  HIGHEST WIND SPEED    25   HIGHEST WIND DIRECTION    SW (230)
  HIGHEST GUST SPEED    29   HIGHEST GUST DIRECTION    SW (230)
  AVERAGE WIND SPEED     4.9


SKY COVER
  POSSIBLE SUNSHINE  MM
  AVERAGE SKY COVER 0.3


WEATHER CONDITIONS
 THE FOLLOWING WEATHER WAS RECORDED YESTERDAY.
  NO SIGNIFICANT WEATHER WAS OBSERVED.


RELATIVE HUMIDITY (PERCENT)
 HIGHEST    92           700 AM
 LOWEST     40           100 PM
 AVERAGE    66

..........................................................


THE POCATELLO ID CLIMATE NORMALS FOR TODAY
                         NORMAL    RECORD    YEAR
 MAXIMUM TEMPERATURE (F)   44        65      1994
 MINIMUM TEMPERATURE (F)   24        -2      2002


SUNRISE AND SUNSET
MARCH  3 2015.........SUNRISE   703 AM MST   SUNSET   622 PM MST
MARCH  4 2015.........SUNRISE   702 AM MST   SUNSET   623 PM MST


-  INDICATES NEGATIVE NUMBERS.
R  INDICATES RECORD WAS SET OR TIED.
MM INDICATES DATA IS MISSING.
T  INDICATES TRACE AMOUNT.




$$
