000
CDUS45 KPIH 160740
CLIPIH


CLIMATE REPORT
NATIONAL WEATHER SERVICE POCATELLO ID
139 AM MDT TUE SEP 16 2014


...................................

...THE POCATELLO ID CLIMATE SUMMARY FOR SEPTEMBER 15 2014...

CLIMATE NORMAL PERIOD 1981 TO 2010
CLIMATE RECORD PERIOD 1939 TO 2014


WEATHER ITEM   OBSERVED TIME   RECORD YEAR NORMAL DEPARTURE LAST
                VALUE   (LST)  VALUE       VALUE  FROM      YEAR
                                                  NORMAL
..................................................................
TEMPERATURE (F)
 YESTERDAY
  MAXIMUM         88    441 PM  96    2000  76     12       79
  MINIMUM         44    653 AM  29    1970  42      2       51
  AVERAGE         66                        59      7       65

PRECIPITATION (IN)
  YESTERDAY        0.00          1.11 1982   0.02  -0.02     0.08
  MONTH TO DATE    0.00                      0.39  -0.39     0.71
  SINCE OCT 1     10.15                     11.68  -1.53     8.90
  SINCE JAN 1      8.78                      8.46   0.32     4.74

SNOWFALL (IN)
  YESTERDAY        0.0
  MONTH TO DATE    0.0
  SINCE SEP 1      0.0
  SINCE JUL 1      0.0
  SNOW DEPTH       0

DEGREE DAYS
 HEATING
  YESTERDAY        0                         6     -6        0
  MONTH TO DATE   85                        63     22        2
  SINCE SEP 1     85                        63     22        2
  SINCE JUL 1    120                       109     11        2

 COOLING
  YESTERDAY        1                         1      0        0
  MONTH TO DATE    5                        20    -15       52
  SINCE SEP 1      5                        20    -15       52
  SINCE JAN 1    391                       390      1      679
..................................................................


WIND (MPH)
  HIGHEST WIND SPEED    14   HIGHEST WIND DIRECTION     W (250)
  HIGHEST GUST SPEED    19   HIGHEST GUST DIRECTION     W (250)
  AVERAGE WIND SPEED     4.9


SKY COVER
  POSSIBLE SUNSHINE  MM
  AVERAGE SKY COVER 0.1


WEATHER CONDITIONS
 THE FOLLOWING WEATHER WAS RECORDED YESTERDAY.
  NO SIGNIFICANT WEATHER WAS OBSERVED.


RELATIVE HUMIDITY (PERCENT)
 HIGHEST    76           700 AM
 LOWEST     11           300 PM
 AVERAGE    44

..........................................................


THE POCATELLO ID CLIMATE NORMALS FOR TODAY
                         NORMAL    RECORD    YEAR
 MAXIMUM TEMPERATURE (F)   76        94      2000
 MINIMUM TEMPERATURE (F)   42        28      1965


SUNRISE AND SUNSET
SEPTEMBER 16 2014.....SUNRISE   711 AM MDT   SUNSET   738 PM MDT
SEPTEMBER 17 2014.....SUNRISE   712 AM MDT   SUNSET   737 PM MDT


-  INDICATES NEGATIVE NUMBERS.
R  INDICATES RECORD WAS SET OR TIED.
MM INDICATES DATA IS MISSING.
T  INDICATES TRACE AMOUNT.




$$
