000
CDUS43 KABR 082335
CLIPIR


CLIMATE REPORT
NATIONAL WEATHER SERVICE ABERDEEN SD
533 PM CST THU DEC 8 2016


...................................

...THE PIERRE SD CLIMATE SUMMARY FOR DECEMBER 8 2016...
VALID TODAY AS OF 0500 PM LOCAL TIME.

CLIMATE NORMAL PERIOD 1981 TO 2010
CLIMATE RECORD PERIOD 1892 TO 2016


WEATHER ITEM   OBSERVED TIME   RECORD YEAR NORMAL DEPARTURE LAST
                VALUE   (LST)  VALUE       VALUE  FROM      YEAR
                                                  NORMAL
..................................................................
TEMPERATURE (F)
 TODAY
  MAXIMUM          8    339 PM  62    1939  33    -25       54
  MINIMUM          5   1014 AM -15    2005  14     -9       29
  AVERAGE          7                        23    -16       42

PRECIPITATION (IN)
  TODAY           MM             0.31 2008   0.01  MM        0.01
  MONTH TO DATE    0.04                      0.15  -0.11     0.08
  SINCE DEC 1      0.04                      0.15  -0.11     0.08
  SINCE JAN 1     19.35                     19.61  -0.26    21.57

SNOWFALL (IN)
  TODAY           MM
  MONTH TO DATE    0.5
  SINCE OCT 1     10.6
  SINCE JUL 1     10.6
  SNOW DEPTH       2

DEGREE DAYS
 HEATING
  TODAY           58                        42     16       23
  MONTH TO DATE  352                       324     28      258
  SINCE DEC 1    352                       324     28      258
  SINCE JUL 1   1489                      1944   -455     1555
..................................................................


WIND (MPH)
  HIGHEST GUST SPEED    37   HIGHEST GUST DIRECTION    NW (320)




..........................................................


THE PIERRE SD CLIMATE NORMALS FOR TOMORROW
                         NORMAL    RECORD    YEAR
 MAXIMUM TEMPERATURE (F)   33        70      1939
 MINIMUM TEMPERATURE (F)   13       -16      1955


SUNRISE AND SUNSET
DECEMBER  8 2016......SUNRISE   805 AM CST   SUNSET   502 PM CST
DECEMBER  9 2016......SUNRISE   806 AM CST   SUNSET   502 PM CST


-  INDICATES NEGATIVE NUMBERS.
R  INDICATES RECORD WAS SET OR TIED.
MM INDICATES DATA IS MISSING.
T  INDICATES TRACE AMOUNT.




$$
