000
CDUS43 KABR 041043
CLIPIR


CLIMATE REPORT
NATIONAL WEATHER SERVICE ABERDEEN SD
442 AM CST WED MAR 4 2015


...................................

...THE PIERRE SD CLIMATE SUMMARY FOR MARCH 3 2015...

CLIMATE NORMAL PERIOD 1981 TO 2010
CLIMATE RECORD PERIOD 1892 TO 2015


WEATHER ITEM   OBSERVED TIME   RECORD YEAR NORMAL DEPARTURE LAST
                VALUE   (LST)  VALUE       VALUE  FROM      YEAR
                                                  NORMAL
..................................................................
TEMPERATURE (F)
 YESTERDAY
  MAXIMUM         34   1203 AM  70    2000  40     -6       18
  MINIMUM          2   1010 PM -11    2014  19    -17      -11
                                      1960
  AVERAGE         18                        30    -12        4

PRECIPITATION (IN)
  YESTERDAY        0.12          0.67 1997   0.03   0.09     0.00
  MONTH TO DATE    0.12                      0.09   0.03     0.14
  SINCE MAR 1      0.12                      0.09   0.03     0.14
  SINCE JAN 1      0.47                      1.10  -0.63     0.71

SNOWFALL (IN)
  YESTERDAY       MM             6.7  1997   0.2   MM        0.0
  MONTH TO DATE    T                         0.7   -0.7      2.2
  SINCE OCT 1     22.3                      22.5   -0.2     27.1
  SINCE JUL 1     22.3                      22.5   -0.2     27.1
  SNOW DEPTH      MM

DEGREE DAYS
 HEATING
  YESTERDAY       47                        36     11       61
  MONTH TO DATE  128                       108     20      208
  SINCE MAR 1    128                       108     20      208
  SINCE JUL 1   5637                      5606     31     6203

 COOLING
  YESTERDAY        0                         0      0        0
  MONTH TO DATE    0                         0      0        0
  SINCE MAR 1      0                         0      0        0
  SINCE JAN 1      0                         0      0        0
..................................................................


WIND (MPH)
  RESULTANT WIND SPEED  18   RESULTANT WIND DIRECTION  NW (320)
  HIGHEST WIND SPEED    39   HIGHEST WIND DIRECTION     N (350)
  HIGHEST GUST SPEED    49   HIGHEST GUST DIRECTION     N (350)
  AVERAGE WIND SPEED    19.6




RELATIVE HUMIDITY (PERCENT)
 HIGHEST   100           200 AM
 LOWEST     45           500 PM
 AVERAGE    73

..........................................................


THE PIERRE SD CLIMATE NORMALS FOR TODAY
                         NORMAL    RECORD    YEAR
 MAXIMUM TEMPERATURE (F)   40        75      2000
 MINIMUM TEMPERATURE (F)   19       -18      1960


SUNRISE AND SUNSET
MARCH  4 2015.........SUNRISE   714 AM CST   SUNSET   633 PM CST
MARCH  5 2015.........SUNRISE   712 AM CST   SUNSET   634 PM CST


-  INDICATES NEGATIVE NUMBERS.
R  INDICATES RECORD WAS SET OR TIED.
MM INDICATES DATA IS MISSING.
T  INDICATES TRACE AMOUNT.




$$
