000
CDUS43 KABR 241032
CLIPIR


CLIMATE REPORT
NATIONAL WEATHER SERVICE ABERDEEN SD
531 AM CDT WED MAY 24 2017


...................................

...THE PIERRE SD CLIMATE SUMMARY FOR MAY 23 2017...

CLIMATE NORMAL PERIOD 1981 TO 2010
CLIMATE RECORD PERIOD 1892 TO 2017


WEATHER ITEM   OBSERVED TIME   RECORD YEAR NORMAL DEPARTURE LAST
                VALUE   (LST)  VALUE       VALUE  FROM      YEAR
                                                  NORMAL
..................................................................
TEMPERATURE (F)
 YESTERDAY
  MAXIMUM         60    147 PM  90    1984  72    -12       79
  MINIMUM         39   1152 PM  33    1992  48     -9       51
  AVERAGE         50                        60    -10       65

PRECIPITATION (IN)
  YESTERDAY        T             1.54 1914   0.11  -0.11      T
  MONTH TO DATE    1.04                      2.24  -1.20     0.41
  SINCE MAR 1      3.16                      5.28  -2.12     5.65
  SINCE JAN 1      4.39                      6.29  -1.90     6.65

DEGREE DAYS
 HEATING
  YESTERDAY       15                         6      9        0
  MONTH TO DATE  191                       207    -16      214
  SINCE MAR 1   1588                      1699   -111     1479
  SINCE JUL 1   6744                      7197   -453     6313

 COOLING
  YESTERDAY        0                         1     -1        0
  MONTH TO DATE   19                        21     -2       12
  SINCE MAR 1     20                        25     -5       18
  SINCE JAN 1     20                        25     -5       18
..................................................................


WIND (MPH)
  RESULTANT WIND SPEED  14   RESULTANT WIND DIRECTION   N (0)
  HIGHEST WIND SPEED    28   HIGHEST WIND DIRECTION     N (360)
  HIGHEST GUST SPEED    35   HIGHEST GUST DIRECTION     N (10)
  AVERAGE WIND SPEED    15.0




RELATIVE HUMIDITY (PERCENT)
 HIGHEST    77           300 AM
 LOWEST     47           700 PM
 AVERAGE    62

..........................................................


THE PIERRE SD CLIMATE NORMALS FOR TODAY
                         NORMAL    RECORD    YEAR
 MAXIMUM TEMPERATURE (F)   72        90      1959
 MINIMUM TEMPERATURE (F)   49        28      2002


SUNRISE AND SUNSET
MAY 24 2017...........SUNRISE   605 AM CDT   SUNSET   911 PM CDT
MAY 25 2017...........SUNRISE   604 AM CDT   SUNSET   912 PM CDT


-  INDICATES NEGATIVE NUMBERS.
R  INDICATES RECORD WAS SET OR TIED.
MM INDICATES DATA IS MISSING.
T  INDICATES TRACE AMOUNT.




$$
