000
CDUS43 KABR 231032
CLIPIR


CLIMATE REPORT
NATIONAL WEATHER SERVICE ABERDEEN SD
531 AM CDT WED AUG 23 2017


...................................

...THE PIERRE SD CLIMATE SUMMARY FOR AUGUST 22 2017...

CLIMATE NORMAL PERIOD 1981 TO 2010
CLIMATE RECORD PERIOD 1892 TO 2017


WEATHER ITEM   OBSERVED TIME   RECORD YEAR NORMAL DEPARTURE LAST
                VALUE   (LST)  VALUE       VALUE  FROM      YEAR
                                                  NORMAL
..................................................................
TEMPERATURE (F)
 YESTERDAY
  MAXIMUM         81    415 PM 105    1960  86     -5       99
  MINIMUM         50    544 AM  45    1974  59     -9       57
  AVERAGE         66                        73     -7       78

PRECIPITATION (IN)
  YESTERDAY        0.00          2.00 1946   0.05  -0.05     0.00
  MONTH TO DATE    3.06                      1.36   1.70     1.91
  SINCE JUN 1      5.93                      7.54  -1.61     8.05
  SINCE JAN 1     10.38                     14.74  -4.36    15.49

DEGREE DAYS
 HEATING
  YESTERDAY        0                         1     -1        0
  MONTH TO DATE    5                         2      3        3
  SINCE JUN 1     29                        61    -32       19
  SINCE JUL 1      5                         8     -3        7

 COOLING
  YESTERDAY        1                         8     -7       13
  MONTH TO DATE   81                       219   -138      207
  SINCE JUN 1    681                       680      1      785
  SINCE JAN 1    702                       712    -10      808
..................................................................


WIND (MPH)
  RESULTANT WIND SPEED   1   RESULTANT WIND DIRECTION  NE (30)
  HIGHEST WIND SPEED    10   HIGHEST WIND DIRECTION     N (360)
  HIGHEST GUST SPEED    13   HIGHEST GUST DIRECTION     E (110)
  AVERAGE WIND SPEED     5.1




RELATIVE HUMIDITY (PERCENT)
 HIGHEST    83           400 AM
 LOWEST     30           200 PM
 AVERAGE    57

..........................................................


THE PIERRE SD CLIMATE NORMALS FOR TODAY
                         NORMAL    RECORD    YEAR
 MAXIMUM TEMPERATURE (F)   86       110      1936
 MINIMUM TEMPERATURE (F)   59        43      1942


SUNRISE AND SUNSET
AUGUST 23 2017........SUNRISE   654 AM CDT   SUNSET   833 PM CDT
AUGUST 24 2017........SUNRISE   655 AM CDT   SUNSET   831 PM CDT


-  INDICATES NEGATIVE NUMBERS.
R  INDICATES RECORD WAS SET OR TIED.
MM INDICATES DATA IS MISSING.
T  INDICATES TRACE AMOUNT.




$$
