000
CDUS43 KABR 032234
CLIPIR


CLIMATE REPORT
NATIONAL WEATHER SERVICE ABERDEEN SD
533 PM CDT WED JUN 3 2015


...................................

...THE PIERRE SD CLIMATE SUMMARY FOR JUNE 3 2015...
VALID TODAY AS OF 0500 PM LOCAL TIME.

CLIMATE NORMAL PERIOD 1981 TO 2010
CLIMATE RECORD PERIOD 1892 TO 2015


WEATHER ITEM   OBSERVED TIME   RECORD YEAR NORMAL DEPARTURE LAST
                VALUE   (LST)  VALUE       VALUE  FROM      YEAR
                                                  NORMAL
..................................................................
TEMPERATURE (F)
 TODAY
  MAXIMUM         73    351 PM  98    1968  75     -2       62
  MINIMUM         57    620 AM  34    1998  52      5       47
  AVERAGE         65                        63      2       55

PRECIPITATION (IN)
  TODAY            0.01          2.60 1991   0.13  -0.12     0.27
  MONTH TO DATE    0.20                      0.39  -0.19     0.30
  SINCE JUN 1      0.20                      0.39  -0.19     0.30
  SINCE JAN 1      7.55                      7.59  -0.04     8.23

DEGREE DAYS
 COOLING
  TODAY            0                         2     -2        0
  MONTH TO DATE   14                         6      8        0
  SINCE JUN 1     14                         6      8        0
  SINCE JAN 1     28                        38    -10       48
..................................................................


WIND (MPH)
  HIGHEST GUST SPEED    32   HIGHEST GUST DIRECTION     W (280)




..........................................................


THE PIERRE SD CLIMATE NORMALS FOR TOMORROW
                         NORMAL    RECORD    YEAR
 MAXIMUM TEMPERATURE (F)   76        94      1939
 MINIMUM TEMPERATURE (F)   52        38      1954


SUNRISE AND SUNSET
JUNE  3 2015..........SUNRISE   559 AM CDT   SUNSET   920 PM CDT
JUNE  4 2015..........SUNRISE   559 AM CDT   SUNSET   921 PM CDT


-  INDICATES NEGATIVE NUMBERS.
R  INDICATES RECORD WAS SET OR TIED.
MM INDICATES DATA IS MISSING.
T  INDICATES TRACE AMOUNT.




$$
