000
CDUS43 KABR 241031
CLIPIR


CLIMATE REPORT
NATIONAL WEATHER SERVICE ABERDEEN SD
531 AM CDT MON APR 24 2017


...................................

...THE PIERRE SD CLIMATE SUMMARY FOR APRIL 23 2017...

CLIMATE NORMAL PERIOD 1981 TO 2010
CLIMATE RECORD PERIOD 1892 TO 2017


WEATHER ITEM   OBSERVED TIME   RECORD YEAR NORMAL DEPARTURE LAST
                VALUE   (LST)  VALUE       VALUE  FROM      YEAR
                                                  NORMAL
..................................................................
TEMPERATURE (F)
 YESTERDAY
  MAXIMUM         77    508 PM  88    2009  63     14       83
  MINIMUM         44    418 AM  16    2013  37      7       50
  AVERAGE         61                        50     11       67

PRECIPITATION (IN)
  YESTERDAY        0.00          1.06 1965   0.07  -0.07     0.00
  MONTH TO DATE    1.73                      1.28   0.45     2.62
  SINCE MAR 1      2.07                      2.51  -0.44     3.94
  SINCE JAN 1      3.30                      3.52  -0.22     4.94

SNOWFALL (IN)
  YESTERDAY        0.0           5.0  2001   0.1   -0.1      0.0
  MONTH TO DATE    T                         3.6   -3.6       T
  SINCE OCT 1     32.6                      31.4    1.2     28.7
  SINCE JUL 1     32.6                      31.4    1.2     28.7
  SNOW DEPTH       0

DEGREE DAYS
 HEATING
  YESTERDAY        4                        15    -11        0
  MONTH TO DATE  354                       450    -96      379
  SINCE MAR 1   1224                      1397   -173     1135
  SINCE JUL 1   6380                      6895   -515     5969

 COOLING
  YESTERDAY        0                         0      0        2
  MONTH TO DATE    1                         0      1        6
  SINCE MAR 1      1                         0      1        6
  SINCE JAN 1      1                         0      1        6
..................................................................


WIND (MPH)
  RESULTANT WIND SPEED   7   RESULTANT WIND DIRECTION  SW (210)
  HIGHEST WIND SPEED    24   HIGHEST WIND DIRECTION     S (200)
  HIGHEST GUST SPEED    30   HIGHEST GUST DIRECTION     S (190)
  AVERAGE WIND SPEED    11.1




RELATIVE HUMIDITY (PERCENT)
 HIGHEST    77          1100 PM
 LOWEST     22           400 PM
 AVERAGE    50

..........................................................


THE PIERRE SD CLIMATE NORMALS FOR TODAY
                         NORMAL    RECORD    YEAR
 MAXIMUM TEMPERATURE (F)   64        93      1962
 MINIMUM TEMPERATURE (F)   37        25      1934


SUNRISE AND SUNSET
APRIL 24 2017.........SUNRISE   642 AM CDT   SUNSET   837 PM CDT
APRIL 25 2017.........SUNRISE   640 AM CDT   SUNSET   838 PM CDT


-  INDICATES NEGATIVE NUMBERS.
R  INDICATES RECORD WAS SET OR TIED.
MM INDICATES DATA IS MISSING.
T  INDICATES TRACE AMOUNT.




$$
