000
CDUS43 KABR 261442
CLIPIR


CLIMATE REPORT
NATIONAL WEATHER SERVICE ABERDEEN SD
842 AM CST SUN FEB 26 2017


...................................

...THE PIERRE SD CLIMATE SUMMARY FOR FEBRUARY 25 2017...

CLIMATE NORMAL PERIOD 1981 TO 2010
CLIMATE RECORD PERIOD 1892 TO 2017


WEATHER ITEM   OBSERVED TIME   RECORD YEAR NORMAL DEPARTURE LAST
                VALUE   (LST)  VALUE       VALUE  FROM      YEAR
                                                  NORMAL
..................................................................
TEMPERATURE (F)
 YESTERDAY
  MAXIMUM         39    123 PM  72    1958  38      1       38
  MINIMUM         19   1232 AM -17    2011  17      2       22
  AVERAGE         29                        27      2       30

PRECIPITATION (IN)
  YESTERDAY        T             0.41 1930   0.03  -0.03     0.00
  MONTH TO DATE    0.16                      0.51  -0.35     0.46
  SINCE DEC 1      2.81                      1.48   1.33     1.64
  SINCE JAN 1      1.11                      0.93   0.18     0.63

SNOWFALL (IN)
  YESTERDAY        T             2.5  1941   0.3   -0.3      0.0
  MONTH TO DATE    0.2                       5.2   -5.0      1.3
  SINCE OCT 1     27.1                      21.1    6.0     24.2
  SINCE JUL 1     27.1                      21.1    6.0     24.2
  SNOW DEPTH       0

DEGREE DAYS
 HEATING
  YESTERDAY       36                        38     -2       35
  MONTH TO DATE  867                      1028   -161      812
  SINCE DEC 1   3918                      3768    150     3437
  SINCE JUL 1   5055                      5388   -333     4734

 COOLING
  YESTERDAY        0                         0      0        0
  MONTH TO DATE    0                         0      0        0
  SINCE DEC 1      0                         0      0        0
  SINCE JAN 1      0                         0      0        0
..................................................................


WIND (MPH)
  RESULTANT WIND SPEED   4   RESULTANT WIND DIRECTION  SW (240)
  HIGHEST WIND SPEED    21   HIGHEST WIND DIRECTION     N (340)
  HIGHEST GUST SPEED    26   HIGHEST GUST DIRECTION    NW (300)
  AVERAGE WIND SPEED     7.2




RELATIVE HUMIDITY (PERCENT)
 HIGHEST    88          1000 PM
 LOWEST     48           300 PM
 AVERAGE    68

..........................................................


THE PIERRE SD CLIMATE NORMALS FOR TODAY
                         NORMAL    RECORD    YEAR
 MAXIMUM TEMPERATURE (F)   38        65      2004
                                             1958
 MINIMUM TEMPERATURE (F)   17       -15      1934


SUNRISE AND SUNSET
FEBRUARY 26 2017......SUNRISE   723 AM CST   SUNSET   626 PM CST
FEBRUARY 27 2017......SUNRISE   721 AM CST   SUNSET   627 PM CST


-  INDICATES NEGATIVE NUMBERS.
R  INDICATES RECORD WAS SET OR TIED.
MM INDICATES DATA IS MISSING.
T  INDICATES TRACE AMOUNT.




$$
