000
CDUS43 KABR 181027
CLIPIR


CLIMATE REPORT
NATIONAL WEATHER SERVICE ABERDEEN SD
527 AM CDT THU SEP 18 2014


...................................

...THE PIERRE SD CLIMATE SUMMARY FOR SEPTEMBER 17 2014...

CLIMATE NORMAL PERIOD 1981 TO 2010
CLIMATE RECORD PERIOD 1892 TO 2014


WEATHER ITEM   OBSERVED TIME   RECORD YEAR NORMAL DEPARTURE LAST
                VALUE   (LST)  VALUE       VALUE  FROM      YEAR
                                                  NORMAL
..................................................................
TEMPERATURE (F)
 YESTERDAY
  MAXIMUM         81    249 PM 104    2000  76      5       80
  MINIMUM         46    639 AM  34    1981  49     -3       58
  AVERAGE         64                        62      2       69

PRECIPITATION (IN)
  YESTERDAY        T             1.94 1969   0.05  -0.05     0.00
  MONTH TO DATE    0.52                      1.02  -0.50     0.07
  SINCE SEP 1      0.52                      1.02  -0.50     0.07
  SINCE JAN 1     16.74                     16.20   0.54    16.99

DEGREE DAYS
 HEATING
  YESTERDAY        1                         5     -4        0
  MONTH TO DATE  111                        54     57       16
  SINCE SEP 1    111                        54     57       16
  SINCE JUL 1    139                        74     65       25

 COOLING
  YESTERDAY        0                         2     -2        4
  MONTH TO DATE   34                        71    -37      130
  SINCE SEP 1     34                        71    -37      130
  SINCE JAN 1    570                       848   -278      816
..................................................................


WIND (MPH)
  RESULTANT WIND SPEED   6   RESULTANT WIND DIRECTION   E (90)
  HIGHEST WIND SPEED    18   HIGHEST WIND DIRECTION     E (80)
  HIGHEST GUST SPEED    22   HIGHEST GUST DIRECTION     E (80)
  AVERAGE WIND SPEED     7.1




RELATIVE HUMIDITY (PERCENT)
 HIGHEST   100           500 AM
 LOWEST     36           200 PM
 AVERAGE    68

..........................................................


THE PIERRE SD CLIMATE NORMALS FOR TODAY
                         NORMAL    RECORD    YEAR
 MAXIMUM TEMPERATURE (F)   75       104      2000
 MINIMUM TEMPERATURE (F)   48        30      1991


SUNRISE AND SUNSET
SEPTEMBER 18 2014.....SUNRISE   724 AM CDT   SUNSET   746 PM CDT
SEPTEMBER 19 2014.....SUNRISE   725 AM CDT   SUNSET   744 PM CDT


-  INDICATES NEGATIVE NUMBERS.
R  INDICATES RECORD WAS SET OR TIED.
MM INDICATES DATA IS MISSING.
T  INDICATES TRACE AMOUNT.




$$
