000
CDUS41 KPBZ 252112
CLIPIT


CLIMATE REPORT
NATIONAL WEATHER SERVICE PITTSBURGH PA
511 PM EDT SAT OCT 25 2014


...................................

...THE PITTSBURGH PA CLIMATE SUMMARY FOR OCTOBER 25 2014...
VALID TODAY AS OF 0500 PM LOCAL TIME.

CLIMATE NORMAL PERIOD 1981 TO 2010
CLIMATE RECORD PERIOD 1871 TO 2014


WEATHER ITEM   OBSERVED TIME   RECORD YEAR NORMAL DEPARTURE LAST
                VALUE   (LST)  VALUE       VALUE  FROM      YEAR
                                                  NORMAL
..................................................................
TEMPERATURE (F)
 TODAY
  MAXIMUM         66    305 PM  82    2012  60      6       47
  MINIMUM         44    116 AM  26    1965  40      4       33
  AVERAGE         55                        50      5       40

PRECIPITATION (IN)
  TODAY            0.00          1.90 1872   0.08  -0.08     0.02
  MONTH TO DATE    1.70                      1.80  -0.10     2.19
  SINCE JUN 1     16.96                     16.52   0.44    17.92
  SINCE JAN 1     32.05                     31.62   0.43    30.26

SNOWFALL (IN)
  TODAY            0.0           1.6  1962   0.0    0.0      0.1
  MONTH TO DATE    T                         0.2   -0.2      0.1
  SINCE OCT 1      T                         0.2   -0.2      0.1
  SINCE JUL 1      T                         0.2   -0.2      0.1
  SNOW DEPTH       0

DEGREE DAYS
 HEATING
  TODAY           10                        15     -5       25
  MONTH TO DATE  262                       292    -30      195
  SINCE SEP 1    354                       393    -39      293
  SINCE JUL 1    375                       406    -31      304

 COOLING
  TODAY            0                         0      0        0
  MONTH TO DATE    4                         6     -2       36
  SINCE SEP 1     79                        82     -3      112
  SINCE JAN 1    700                       734    -34      831
..................................................................


WIND (MPH)
  HIGHEST WIND SPEED    22   HIGHEST WIND DIRECTION    SW (230)
  HIGHEST GUST SPEED    31   HIGHEST GUST DIRECTION    SW (240)
  AVERAGE WIND SPEED     7.9


SKY COVER
  POSSIBLE SUNSHINE  MM
  AVERAGE SKY COVER 0.7


WEATHER CONDITIONS
 THE FOLLOWING WEATHER WAS RECORDED TODAY.
  NO SIGNIFICANT WEATHER WAS OBSERVED.


RELATIVE HUMIDITY (PERCENT)
 HIGHEST    76           100 AM
 LOWEST     52           200 PM
 AVERAGE    64

..........................................................


THE PITTSBURGH PA CLIMATE NORMALS FOR TOMORROW
                         NORMAL    RECORD    YEAR
 MAXIMUM TEMPERATURE (F)   59        82      1991
 MINIMUM TEMPERATURE (F)   40        25      1962


SUNRISE AND SUNSET
OCTOBER 25 2014.......SUNRISE   743 AM EDT   SUNSET   626 PM EDT
OCTOBER 26 2014.......SUNRISE   744 AM EDT   SUNSET   625 PM EDT


-  INDICATES NEGATIVE NUMBERS.
R  INDICATES RECORD WAS SET OR TIED.
MM INDICATES DATA IS MISSING.
T  INDICATES TRACE AMOUNT.






&&
SNOW DEPTH IS MEASURED AT 7 AM EST OR 8 AM EDT.
$$
