000
CDUS41 KPBZ 300725
CLIPIT

CLIMATE REPORT
NATIONAL WEATHER SERVICE PITTSBURGH PA
324 AM EDT SUN AUG 30 2015

...................................

...THE PITTSBURGH PA CLIMATE SUMMARY FOR AUGUST 29 2015...

CLIMATE NORMAL PERIOD 1981 TO 2010
CLIMATE RECORD PERIOD 1871 TO 2015

WEATHER ITEM   OBSERVED TIME   RECORD YEAR NORMAL DEPARTURE LAST
                VALUE   (LST)  VALUE       VALUE  FROM      YEAR
                                                  NORMAL
..................................................................
TEMPERATURE (F)
 YESTERDAY
  MAXIMUM         84    444 PM  96    1881  80      4       79
                                      1880
  MINIMUM         55    603 AM  39    1982  60     -5       50
  AVERAGE         70                        70      0       65

PRECIPITATION (IN)
  YESTERDAY        0.00          1.67 1936   0.11  -0.11     0.00
  MONTH TO DATE    2.19                      3.26  -1.07     3.98
  SINCE JUN 1     13.14                     11.39   1.75    13.22
  SINCE JAN 1     27.62                     26.49   1.13    28.31

SNOWFALL (IN)
  YESTERDAY        0.0           0.0  2002   0.0    0.0      0.0
                                      2001
  MONTH TO DATE    0.0                       0.0    0.0      0.0
  SINCE OCT 1     47.5                      41.9    5.6     63.4
  SINCE JUL 1      0.0                       0.0    0.0      0.0
  SNOW DEPTH       0

DEGREE DAYS
 HEATING
  YESTERDAY        0                         1     -1        0
  MONTH TO DATE    6                         2      4       10
  SINCE JUN 1     31                        44    -13       30
  SINCE JUL 1      6                         6      0       21

 COOLING
  YESTERDAY        5                         5      0        0
  MONTH TO DATE  187                       197    -10      156
  SINCE JUN 1    646                       588     58      529
  SINCE JAN 1    780                       640    140      603
..................................................................

WIND (MPH)
  HIGHEST WIND SPEED    13   HIGHEST WIND DIRECTION    NW (300)
  HIGHEST GUST SPEED    17   HIGHEST GUST DIRECTION     W (290)
  AVERAGE WIND SPEED     2.5


SKY COVER
  POSSIBLE SUNSHINE  MM
  AVERAGE SKY COVER 0.5


WEATHER CONDITIONS
 THE FOLLOWING WEATHER WAS RECORDED YESTERDAY.
  FOG
  HAZE


RELATIVE HUMIDITY (PERCENT)
 HIGHEST    86           300 AM
 LOWEST     43           200 PM
 AVERAGE    65

..........................................................


THE PITTSBURGH PA CLIMATE NORMALS FOR TODAY
                         NORMAL    RECORD    YEAR
 MAXIMUM TEMPERATURE (F)   80        97      1953
 MINIMUM TEMPERATURE (F)   60        43      1986


SUNRISE AND SUNSET
AUGUST 30 2015........SUNRISE   646 AM EDT   SUNSET   756 PM EDT
AUGUST 31 2015........SUNRISE   647 AM EDT   SUNSET   755 PM EDT


-  INDICATES NEGATIVE NUMBERS.
R  INDICATES RECORD WAS SET OR TIED.
MM INDICATES DATA IS MISSING.
T  INDICATES TRACE AMOUNT.

&&

SNOW DEPTH IS MEASURED AT 7 AM EST OR 8 AM EDT.

$$
