000
CDUS41 KPBZ 232140
CLIPIT

CLIMATE REPORT
NATIONAL WEATHER SERVICE PITTSBURGH PA
540 PM EDT SAT MAY 23 2015

...................................

...THE PITTSBURGH PA CLIMATE SUMMARY FOR MAY 23 2015...
VALID TODAY AS OF 0500 PM LOCAL TIME.

CLIMATE NORMAL PERIOD 1981 TO 2010
CLIMATE RECORD PERIOD 1871 TO 2015

WEATHER ITEM   OBSERVED TIME   RECORD YEAR NORMAL DEPARTURE LAST
                VALUE   (LST)  VALUE       VALUE  FROM      YEAR
                                                  NORMAL
..................................................................
TEMPERATURE (F)
 TODAY
  MAXIMUM         73    350 PM  92    1884  73      0       65
  MINIMUM         37    513 AM  32    1963  51    -14       49
  AVERAGE         55                        62     -7       57

PRECIPITATION (IN)
  TODAY            0.00          1.59 2000   0.14  -0.14     0.00
  MONTH TO DATE    1.94                      2.82  -0.88     2.86
  SINCE JUN 1     35.45                     37.06  -1.61    37.94
  SINCE JAN 1     13.70                     13.97  -0.27    13.63

SNOWFALL (IN)
  TODAY            0.0           0.0  2002   0.0    0.0      0.0
                                      2001
  MONTH TO DATE    0.0                       0.0    0.0      0.0
  SINCE OCT 1     47.5                      41.9    5.6     63.4
  SINCE JUL 1     47.5                      41.9    5.6     63.4
  SNOW DEPTH       0

DEGREE DAYS
 HEATING
  TODAY           10                         5      5        8
  MONTH TO DATE   90                       165    -75      146
  SINCE MAR 1   1347                      1384    -37     1473
  SINCE JUL 1   6015                      5641    374     6004

 COOLING
  TODAY            0                         2     -2        0
  MONTH TO DATE   82                        26     56       35
  SINCE MAR 1     83                        36     47       45
  SINCE JAN 1     83                        36     47       45
..................................................................

WIND (MPH)
  HIGHEST WIND SPEED    14   HIGHEST WIND DIRECTION     W (270)
  HIGHEST GUST SPEED    19   HIGHEST GUST DIRECTION    NW (300)
  AVERAGE WIND SPEED     2.6


SKY COVER
  POSSIBLE SUNSHINE  MM
  AVERAGE SKY COVER 0.2


WEATHER CONDITIONS
 THE FOLLOWING WEATHER WAS RECORDED TODAY.
  NO SIGNIFICANT WEATHER WAS OBSERVED.


RELATIVE HUMIDITY (PERCENT)
 HIGHEST    82           500 AM
 LOWEST     25           200 PM
 AVERAGE    54

..........................................................


THE PITTSBURGH PA CLIMATE NORMALS FOR TOMORROW
                         NORMAL    RECORD    YEAR
 MAXIMUM TEMPERATURE (F)   73        92      1875
 MINIMUM TEMPERATURE (F)   52        30      1963


SUNRISE AND SUNSET
MAY 23 2015...........SUNRISE   558 AM EDT   SUNSET   838 PM EDT
MAY 24 2015...........SUNRISE   557 AM EDT   SUNSET   839 PM EDT


-  INDICATES NEGATIVE NUMBERS.
R  INDICATES RECORD WAS SET OR TIED.
MM INDICATES DATA IS MISSING.
T  INDICATES TRACE AMOUNT.

&&

SNOW DEPTH IS MEASURED AT 7 AM EST OR 8 AM EDT.

$$
