000
CDUS41 KPBZ 282112
CLIPIT

CLIMATE REPORT
NATIONAL WEATHER SERVICE PITTSBURGH PA
511 PM EDT FRI APR 28 2017

...................................

...THE PITTSBURGH PA CLIMATE SUMMARY FOR APRIL 28 2017...
VALID TODAY AS OF 0500 PM LOCAL TIME.

CLIMATE NORMAL PERIOD 1981 TO 2010
CLIMATE RECORD PERIOD 1871 TO 2017

WEATHER ITEM   OBSERVED TIME   RECORD YEAR NORMAL DEPARTURE LAST
                VALUE   (LST)  VALUE       VALUE  FROM      YEAR
                                                  NORMAL
..................................................................
TEMPERATURE (F)
 TODAY
  MAXIMUM         73    359 PM  88    1990  66      7       55
                                      1986
  MINIMUM         47    611 AM  29    1934  44      3       47
  AVERAGE         60                        55      5       51

PRECIPITATION (IN)
  TODAY            0.00          1.82 1874   0.10  -0.10     0.21
  MONTH TO DATE    3.00                      2.90   0.10     2.03
  SINCE JUN 1     34.41                     34.03   0.38    35.87
  SINCE JAN 1     13.02                     10.94   2.08     9.79

SNOWFALL (IN)
  TODAY            0.0           3.0  1928   0.0    0.0      0.0
  MONTH TO DATE    T                         1.5   -1.5      3.1
  SINCE OCT 1     32.0                      41.9   -9.9     29.6
  SINCE JUL 1     32.0                      41.9   -9.9     29.6
  SNOW DEPTH       0

DEGREE DAYS
 HEATING
  TODAY            5                        10     -5       14
  MONTH TO DATE  247                       410   -163      384
  SINCE MAR 1   1020                      1198   -178      904
  SINCE JUL 1   4446                      5455  -1009     4470

 COOLING
  TODAY            0                         0      0        0
  MONTH TO DATE   16                         0     16        1
  SINCE MAR 1     18                         1     17        3
  SINCE JAN 1     19                         1     18        3
..................................................................

WIND (MPH)
  HIGHEST WIND SPEED    13   HIGHEST WIND DIRECTION     S (170)
  HIGHEST GUST SPEED    16   HIGHEST GUST DIRECTION    SW (210)
  AVERAGE WIND SPEED     4.2


SKY COVER
  POSSIBLE SUNSHINE  MM
  AVERAGE SKY COVER 0.5


WEATHER CONDITIONS
 THE FOLLOWING WEATHER WAS RECORDED TODAY.
  NO SIGNIFICANT WEATHER WAS OBSERVED.


RELATIVE HUMIDITY (PERCENT)
 HIGHEST    93           200 AM
 LOWEST     35           300 PM
 AVERAGE    64

..........................................................


THE PITTSBURGH PA CLIMATE NORMALS FOR TOMORROW
                         NORMAL    RECORD    YEAR
 MAXIMUM TEMPERATURE (F)   66        88      1899
 MINIMUM TEMPERATURE (F)   44        28      1977


SUNRISE AND SUNSET
APRIL 28 2017.........SUNRISE   623 AM EDT   SUNSET   814 PM EDT
APRIL 29 2017.........SUNRISE   622 AM EDT   SUNSET   815 PM EDT


-  INDICATES NEGATIVE NUMBERS.
R  INDICATES RECORD WAS SET OR TIED.
MM INDICATES DATA IS MISSING.
T  INDICATES TRACE AMOUNT.

&&

SNOW DEPTH IS MEASURED AT 7 AM EST OR 8 AM EDT.

$$
