063
CDUS41 KPBZ 022228
CLIPIT

CLIMATE REPORT
NATIONAL WEATHER SERVICE PITTSBURGH PA
528 PM EST FRI DEC 2 2016

...................................

...THE PITTSBURGH PA CLIMATE SUMMARY FOR DECEMBER 2 2016...
VALID TODAY AS OF 0500 PM LOCAL TIME.

CLIMATE NORMAL PERIOD 1981 TO 2010
CLIMATE RECORD PERIOD 1871 TO 2016

WEATHER ITEM   OBSERVED TIME   RECORD YEAR NORMAL DEPARTURE LAST
                VALUE   (LST)  VALUE       VALUE  FROM      YEAR
                                                  NORMAL
..................................................................
TEMPERATURE (F)
 TODAY
  MAXIMUM         41    158 PM  66    1982  44     -3       49
  MINIMUM         35    750 AM   2    1976  30      5       35
  AVERAGE         38                        37      1       42

PRECIPITATION (IN)
  TODAY            T             1.43 1986   0.10  -0.10     0.14
  MONTH TO DATE    T                         0.19  -0.19     0.37
  SINCE JUN 1     17.96                     20.43  -2.47    23.41
  SINCE JAN 1     31.58                     35.53  -3.95    37.89

SNOWFALL (IN)
  TODAY            0.0           5.8  1974   0.2   -0.2       T
  MONTH TO DATE    T                         0.4   -0.4       T
  SINCE OCT 1      2.1                       2.8   -0.7       T
  SINCE JUL 1      2.1                       2.8   -0.7       T
  SNOW DEPTH       0

DEGREE DAYS
 HEATING
  TODAY           27                        28     -1       23
  MONTH TO DATE   49                        56     -7       37
  SINCE DEC 1     49                        56     -7       37
  SINCE JUL 1    896                      1219   -323      891

 COOLING
  TODAY            0                         0      0        0
  MONTH TO DATE    0                         0      0        0
  SINCE DEC 1      0                         0      0        0
  SINCE JAN 1   1158                       736    422      979
..................................................................

WIND (MPH)
  HIGHEST WIND SPEED    17   HIGHEST WIND DIRECTION    SW (240)
  HIGHEST GUST SPEED    24   HIGHEST GUST DIRECTION    SW (230)
  AVERAGE WIND SPEED     9.6


SKY COVER
  POSSIBLE SUNSHINE  MM
  AVERAGE SKY COVER 0.9


WEATHER CONDITIONS
 THE FOLLOWING WEATHER WAS RECORDED TODAY.
  LIGHT RAIN


RELATIVE HUMIDITY (PERCENT)
 HIGHEST    75           600 AM
 LOWEST     64          1200 AM
 AVERAGE    70

..........................................................


THE PITTSBURGH PA CLIMATE NORMALS FOR TOMORROW
                         NORMAL    RECORD    YEAR
 MAXIMUM TEMPERATURE (F)   44        74      1982
 MINIMUM TEMPERATURE (F)   29        -7      1976


SUNRISE AND SUNSET
DECEMBER  2 2016......SUNRISE   726 AM EST   SUNSET   454 PM EST
DECEMBER  3 2016......SUNRISE   727 AM EST   SUNSET   454 PM EST


-  INDICATES NEGATIVE NUMBERS.
R  INDICATES RECORD WAS SET OR TIED.
MM INDICATES DATA IS MISSING.
T  INDICATES TRACE AMOUNT.

&&

SNOW DEPTH IS MEASURED AT 7 AM EST OR 8 AM EDT.

$$
