000
CDUS41 KPBZ 252137
CLIPIT

CLIMATE REPORT
NATIONAL WEATHER SERVICE PITTSBURGH PA
537 PM EDT WED MAY 25 2016

...................................

...THE PITTSBURGH PA CLIMATE SUMMARY FOR MAY 25 2016...
VALID TODAY AS OF 0500 PM LOCAL TIME.

CLIMATE NORMAL PERIOD 1981 TO 2010
CLIMATE RECORD PERIOD 1871 TO 2016

WEATHER ITEM   OBSERVED TIME   RECORD YEAR NORMAL DEPARTURE LAST
                VALUE   (LST)  VALUE       VALUE  FROM      YEAR
                                                  NORMAL
..................................................................
TEMPERATURE (F)
 TODAY
  MAXIMUM         82    359 PM  95    1875  73      9       83
  MINIMUM         59    514 AM  33    2013  52      7       58
                                      1925
  AVERAGE         71                        63      8       71

PRECIPITATION (IN)
  TODAY            0.00          2.48 1997   0.13  -0.13     0.00
  MONTH TO DATE    3.61                      3.09   0.52     1.94
  SINCE JUN 1     39.70                     37.33   2.37    35.45
  SINCE JAN 1     13.62                     14.24  -0.62    13.70

SNOWFALL (IN)
  TODAY            0.0          90.0  2001   0.0    0.0      0.0
  MONTH TO DATE    T                         0.0    0.0      0.0
  SINCE OCT 1     29.6                      41.9  -12.3     47.5
  SINCE JUL 1     29.6                      41.9  -12.3     47.5
  SNOW DEPTH       0

DEGREE DAYS
 HEATING
  TODAY            0                         4     -4        0
  MONTH TO DATE  178                       174      4       91
  SINCE MAR 1   1104                      1393   -289     1348
  SINCE JUL 1   4670                      5650   -980     6016

 COOLING
  TODAY            6                         2      4        6
  MONTH TO DATE   10                        30    -20       88
  SINCE MAR 1     13                        40    -27       89
  SINCE JAN 1     13                        40    -27       89
..................................................................

WIND (MPH)
  HIGHEST WIND SPEED    14   HIGHEST WIND DIRECTION    SW (210)
  HIGHEST GUST SPEED    19   HIGHEST GUST DIRECTION     S (200)
  AVERAGE WIND SPEED     4.6


SKY COVER
  POSSIBLE SUNSHINE  MM
  AVERAGE SKY COVER 0.5


WEATHER CONDITIONS
 THE FOLLOWING WEATHER WAS RECORDED TODAY.
  NO SIGNIFICANT WEATHER WAS OBSERVED.


RELATIVE HUMIDITY (PERCENT)
 HIGHEST    67           500 AM
 LOWEST     26           300 PM
 AVERAGE    47

..........................................................


THE PITTSBURGH PA CLIMATE NORMALS FOR TOMORROW
                         NORMAL    RECORD    YEAR
 MAXIMUM TEMPERATURE (F)   73        94      1880
 MINIMUM TEMPERATURE (F)   52        34      1969


SUNRISE AND SUNSET
MAY 25 2016...........SUNRISE   556 AM EDT   SUNSET   840 PM EDT
MAY 26 2016...........SUNRISE   555 AM EDT   SUNSET   841 PM EDT


-  INDICATES NEGATIVE NUMBERS.
R  INDICATES RECORD WAS SET OR TIED.
MM INDICATES DATA IS MISSING.
T  INDICATES TRACE AMOUNT.

&&

SNOW DEPTH IS MEASURED AT 7 AM EST OR 8 AM EDT.

$$
