000
CDUS41 KPBZ 120811
CLIPIT

CLIMATE REPORT
NATIONAL WEATHER SERVICE PITTSBURGH PA
311 AM EST FRI FEB 12 2016

...................................

...THE PITTSBURGH PA CLIMATE SUMMARY FOR FEBRUARY 11 2016...

CLIMATE NORMAL PERIOD 1981 TO 2010
CLIMATE RECORD PERIOD 1871 TO 2016

WEATHER ITEM   OBSERVED TIME   RECORD YEAR NORMAL DEPARTURE LAST
                VALUE   (LST)  VALUE       VALUE  FROM      YEAR
                                                  NORMAL
..................................................................
TEMPERATURE (F)
 YESTERDAY
  MAXIMUM         18    236 PM  75    1932  38    -20       37
  MINIMUM          8   1159 PM -12    1979  22    -14       16
  AVERAGE         13                        30    -17       27

PRECIPITATION (IN)
  YESTERDAY        0.01          0.98 1910   0.09  -0.08     0.01
  MONTH TO DATE    0.85                      0.95  -0.10     0.82
  SINCE JUN 1     28.72                     26.74   1.98    24.82
  SINCE JAN 1      2.64                      3.65  -1.01     3.07

SNOWFALL (IN)
  YESTERDAY        0.2           7.3  1910   0.3   -0.1       T
  MONTH TO DATE    4.9                       4.0    0.9      3.8
  SINCE OCT 1     19.8                      26.5   -6.7     26.6
  SINCE JUL 1     19.8                      26.5   -6.7     26.6
  SNOW DEPTH       4

DEGREE DAYS
 HEATING
  YESTERDAY       52                        35     17       38
  MONTH TO DATE  348                       390    -42      407
  SINCE DEC 1   2155                      2536   -381     2538
  SINCE JUL 1   3009                      3699   -690     3776

 COOLING
  YESTERDAY        0                         0      0        0
  MONTH TO DATE    0                         0      0        0
  SINCE DEC 1      0                         0      0        0
  SINCE JAN 1      0                         0      0        0
..................................................................

WIND (MPH)
  HIGHEST WIND SPEED    25   HIGHEST WIND DIRECTION     W (290)
  HIGHEST GUST SPEED    31   HIGHEST GUST DIRECTION     W (290)
  AVERAGE WIND SPEED    11.6


SKY COVER
  POSSIBLE SUNSHINE  MM
  AVERAGE SKY COVER 0.7


WEATHER CONDITIONS
 THE FOLLOWING WEATHER WAS RECORDED YESTERDAY.
  LIGHT SNOW


RELATIVE HUMIDITY (PERCENT)
 HIGHEST    83           400 AM
 LOWEST     53          1100 AM
 AVERAGE    68

..........................................................


THE PITTSBURGH PA CLIMATE NORMALS FOR TODAY
                         NORMAL    RECORD    YEAR
 MAXIMUM TEMPERATURE (F)   39        70      1884
 MINIMUM TEMPERATURE (F)   23        -6      1981
                                             1917


SUNRISE AND SUNSET
FEBRUARY 12 2016......SUNRISE   719 AM EST   SUNSET   552 PM EST
FEBRUARY 13 2016......SUNRISE   718 AM EST   SUNSET   553 PM EST


-  INDICATES NEGATIVE NUMBERS.
R  INDICATES RECORD WAS SET OR TIED.
MM INDICATES DATA IS MISSING.
T  INDICATES TRACE AMOUNT.

&&

SNOW DEPTH IS MEASURED AT 7 AM EST OR 8 AM EDT.

$$
