000
CDUS41 KPBZ 292121
CLIPIT

CLIMATE REPORT
NATIONAL WEATHER SERVICE PITTSBURGH PA
518 PM EDT MON JUN 29 2015

...................................

...THE PITTSBURGH PA CLIMATE SUMMARY FOR JUNE 29 2015...
VALID TODAY AS OF 0500 PM LOCAL TIME.

CLIMATE NORMAL PERIOD 1981 TO 2010
CLIMATE RECORD PERIOD 1871 TO 2015

WEATHER ITEM   OBSERVED TIME   RECORD YEAR NORMAL DEPARTURE LAST
                VALUE   (LST)  VALUE       VALUE  FROM      YEAR
                                                  NORMAL
..................................................................
TEMPERATURE (F)
 TODAY
  MAXIMUM         76   1232 PM  97    2012  82     -6       84
  MINIMUM         54    431 AM  50    1992  62     -8       69
  AVERAGE         65                        72     -7       77

PRECIPITATION (IN)
  TODAY            0.09          1.11 1925   0.14  -0.05      T
  MONTH TO DATE    7.05                      4.16   2.89     4.05
  SINCE JUN 1      7.05                      4.16   2.89     4.05
  SINCE JAN 1     21.53                     19.26   2.27    19.14

SNOWFALL (IN)
  TODAY            0.0           0.0  2002   0.0    0.0      0.0
                                      2001
  MONTH TO DATE    0.0                       0.0    0.0      0.0
  SINCE OCT 1     47.5                      41.9    5.6     63.4
  SINCE JUL 1     47.5                      41.9    5.6     63.4
  SNOW DEPTH       0

DEGREE DAYS
 HEATING
  TODAY            0                         0      0        0
  MONTH TO DATE   25                        38    -13        9
  SINCE JUN 1     25                        38    -13        9
  SINCE JUL 1   6041                      5710    331     6017

 COOLING
  TODAY            0                         7     -7       12
  MONTH TO DATE  188                       143     45      172
  SINCE JUN 1    188                       143     45      172
  SINCE JAN 1    322                       195    127      246
..................................................................

WIND (MPH)
  HIGHEST WIND SPEED    13   HIGHEST WIND DIRECTION    SW (210)
  HIGHEST GUST SPEED    17   HIGHEST GUST DIRECTION     S (160)
  AVERAGE WIND SPEED     4.0


SKY COVER
  POSSIBLE SUNSHINE  MM
  AVERAGE SKY COVER 0.7


WEATHER CONDITIONS
 THE FOLLOWING WEATHER WAS RECORDED TODAY.
  LIGHT RAIN


RELATIVE HUMIDITY (PERCENT)
 HIGHEST    93           300 AM
 LOWEST     41           100 PM
 AVERAGE    67

..........................................................


THE PITTSBURGH PA CLIMATE NORMALS FOR TOMORROW
                         NORMAL    RECORD    YEAR
 MAXIMUM TEMPERATURE (F)   82        96      1878
 MINIMUM TEMPERATURE (F)   62        46      1988


SUNRISE AND SUNSET
JUNE 29 2015..........SUNRISE   553 AM EDT   SUNSET   855 PM EDT
JUNE 30 2015..........SUNRISE   554 AM EDT   SUNSET   855 PM EDT


-  INDICATES NEGATIVE NUMBERS.
R  INDICATES RECORD WAS SET OR TIED.
MM INDICATES DATA IS MISSING.
T  INDICATES TRACE AMOUNT.

&&

SNOW DEPTH IS MEASURED AT 7 AM EST OR 8 AM EDT.

$$
