000
CDUS41 KRLX 312224
CLIPKB

CLIMATE REPORT
NATIONAL WEATHER SERVICE CHARLESTON WV
522 PM EST SAT JAN 31 2015


...................................

...THE PARKERSBURG WV CLIMATE SUMMARY FOR JANUARY 31 2015...
VALID TODAY AS OF 0500 PM LOCAL TIME.

CLIMATE NORMAL PERIOD 1981 TO 2010
CLIMATE RECORD PERIOD 1889 TO 2015


WEATHER ITEM   OBSERVED TIME   RECORD YEAR NORMAL DEPARTURE LAST
                VALUE   (LST)  VALUE       VALUE  FROM      YEAR
                                                  NORMAL
..................................................................
TEMPERATURE (F)
 TODAY
  MAXIMUM         34    343 PM  75    2002  41     -7       MM
  MINIMUM          8    735 AM  -2    1936  24    -16       MM
  AVERAGE         21                        32    -11       MM

PRECIPITATION (IN)
  TODAY            0.00          0.20 2000   0.10  -0.10     0.00
  MONTH TO DATE    2.23                      2.95  -0.72     2.26
  SINCE DEC 1      5.63                      6.05  -0.42     6.73
  SINCE JAN 1      2.23                      2.95  -0.72     2.26

DEGREE DAYS
 HEATING
  TODAY           44                        33     11       MM
  MONTH TO DATE 1112                      1038     74     1145
  SINCE DEC 1   1930                      1960    -30     1993
  SINCE JUL 1     MM                      2945     MM     3095

 COOLING
  TODAY            0                         0      0       MM
  MONTH TO DATE    0                         0      0        0
  SINCE DEC 1      0                         0      0        0
  SINCE JAN 1      0                         0      0        0
..................................................................


WIND (MPH)
  HIGHEST WIND SPEED    10   HIGHEST WIND DIRECTION    SW (220)
  HIGHEST GUST SPEED    15   HIGHEST GUST DIRECTION    SW (210)
  AVERAGE WIND SPEED     3.3


SKY COVER
  POSSIBLE SUNSHINE  MM
  AVERAGE SKY COVER 0.0


WEATHER CONDITIONS
 THE FOLLOWING WEATHER WAS RECORDED TODAY.
  FOG
  HAZE


RELATIVE HUMIDITY (PERCENT)
 HIGHEST    88           900 AM
 LOWEST     51           300 PM
 AVERAGE    70

..........................................................


THE PARKERSBURG WV CLIMATE NORMALS FOR TOMORROW
                         NORMAL    RECORD    YEAR
 MAXIMUM TEMPERATURE (F)   41        69      2002
 MINIMUM TEMPERATURE (F)   24        -8      1899


SUNRISE AND SUNSET
JANUARY 31 2015.......SUNRISE   734 AM EST   SUNSET   545 PM EST
FEBRUARY  1 2015......SUNRISE   733 AM EST   SUNSET   546 PM EST


-  INDICATES NEGATIVE NUMBERS.
R  INDICATES RECORD WAS SET OR TIED.
MM INDICATES DATA IS MISSING.
T  INDICATES TRACE AMOUNT.




$$
