659
CDUS41 KRLX 222224
CLIPKB


CLIMATE REPORT
NATIONAL WEATHER SERVICE CHARLESTON WV
523 PM EST SUN JAN 22 2017


...................................

...THE PARKERSBURG WV CLIMATE SUMMARY FOR JANUARY 22 2017...
VALID TODAY AS OF 0500 PM LOCAL TIME.

CLIMATE NORMAL PERIOD 1981 TO 2010
CLIMATE RECORD PERIOD 1889 TO 2017


WEATHER ITEM   OBSERVED TIME   RECORD YEAR NORMAL DEPARTURE LAST
                VALUE   (LST)  VALUE       VALUE  FROM      YEAR
                                                  NORMAL
..................................................................
TEMPERATURE (F)
 TODAY
  MAXIMUM         61    234 PM  74    1999  40     21       25
  MINIMUM         47    757 AM -15    1936  23     24       18
  AVERAGE         54                        32     22       22

PRECIPITATION (IN)
  TODAY            0.00          T    2004   0.09  -0.09     0.13
                                      2004
                                      2015
  MONTH TO DATE    3.46                      2.08   1.38     1.46
  SINCE DEC 1      8.17                      5.18   2.99     6.10
  SINCE JAN 1      3.46                      2.08   1.38     1.46

DEGREE DAYS
 HEATING
  TODAY           11                        34    -23       43
  MONTH TO DATE  581                       741   -160      805
  SINCE DEC 1   1441                      1666   -225     1348
  SINCE JUL 1   2195                      2651   -456     2110

 COOLING
  TODAY            0                         0      0        0
  MONTH TO DATE    0                         0      0        0
  SINCE DEC 1      0                         0      0        0
  SINCE JAN 1      0                         0      0        0
..................................................................


WIND (MPH)
  HIGHEST WIND SPEED     9   HIGHEST WIND DIRECTION     E (70)
  HIGHEST GUST SPEED    15   HIGHEST GUST DIRECTION     E (90)
  AVERAGE WIND SPEED     2.5


SKY COVER
  POSSIBLE SUNSHINE  MM
  AVERAGE SKY COVER 0.9


WEATHER CONDITIONS
 THE FOLLOWING WEATHER WAS RECORDED TODAY.
  FOG


RELATIVE HUMIDITY (PERCENT)
 HIGHEST    96           100 AM
 LOWEST     62           100 PM
 AVERAGE    79

..........................................................


THE PARKERSBURG WV CLIMATE NORMALS FOR TOMORROW
                         NORMAL    RECORD    YEAR
 MAXIMUM TEMPERATURE (F)   40        69      1967
 MINIMUM TEMPERATURE (F)   23       -16      1936


SUNRISE AND SUNSET
JANUARY 22 2017.......SUNRISE   740 AM EST   SUNSET   535 PM EST
JANUARY 23 2017.......SUNRISE   740 AM EST   SUNSET   536 PM EST


-  INDICATES NEGATIVE NUMBERS.
R  INDICATES RECORD WAS SET OR TIED.
MM INDICATES DATA IS MISSING.
T  INDICATES TRACE AMOUNT.




$$
