000
CDUS41 KRLX 250738
CLIPKB


CLIMATE REPORT
NATIONAL WEATHER SERVICE CHARLESTON WV
336 AM EDT SUN JUN 25 2017


...................................

...THE PARKERSBURG WV CLIMATE SUMMARY FOR JUNE 24 2017...

CLIMATE NORMAL PERIOD 1981 TO 2010
CLIMATE RECORD PERIOD 1889 TO 2017


WEATHER ITEM   OBSERVED TIME   RECORD YEAR NORMAL DEPARTURE LAST
                VALUE   (LST)  VALUE       VALUE  FROM      YEAR
                                                  NORMAL
..................................................................
TEMPERATURE (F)
 YESTERDAY
  MAXIMUM         81    421 PM  96    1930  84     -3       85
  MINIMUM         62   1140 PM  49    1961  62      0       67
  AVERAGE         72                        73     -1       76

PRECIPITATION (IN)
  YESTERDAY        0.04          1.26 1928   0.12  -0.08     0.00
  MONTH TO DATE    5.89                      3.28   2.61     3.77
  SINCE JAN 1     26.48                     20.23   6.25    20.30

SNOWFALL (IN)
  YESTERDAY       MM
  MONTH TO DATE   MM
  SINCE SEP 1     MM
  SNOW DEPTH      MM

DEGREE DAYS
 HEATING
  YESTERDAY        0                         0      0        0
  MONTH TO DATE   14                        18     -4        7
  SINCE JUN 1     14                        18     -4        7
  SINCE JUL 1   3989                      4971   -982     4148

 COOLING
  YESTERDAY        7                         8     -1       11
  MONTH TO DATE  164                       141     23      180
  SINCE JUN 1    164                       141     23      180
  SINCE JAN 1    284                       225     59      268
..................................................................


WIND (MPH)
  HIGHEST WIND SPEED    20   HIGHEST WIND DIRECTION     W (280)
  HIGHEST GUST SPEED    29   HIGHEST GUST DIRECTION     W (280)
  AVERAGE WIND SPEED     7.2


SKY COVER
  POSSIBLE SUNSHINE  MM
  AVERAGE SKY COVER 0.5


WEATHER CONDITIONS
 THE FOLLOWING WEATHER WAS RECORDED YESTERDAY.
  LIGHT RAIN
  FOG
  HAZE


RELATIVE HUMIDITY (PERCENT)
 HIGHEST    93           100 AM
 LOWEST     45           400 PM
 AVERAGE    69

..........................................................


THE PARKERSBURG WV CLIMATE NORMALS FOR TODAY
                         NORMAL    RECORD    YEAR
 MAXIMUM TEMPERATURE (F)   84       100      1988
 MINIMUM TEMPERATURE (F)   62        46      1979


SUNRISE AND SUNSET
JUNE 25 2017..........SUNRISE   600 AM EDT   SUNSET   856 PM EDT
JUNE 26 2017..........SUNRISE   601 AM EDT   SUNSET   857 PM EDT


-  INDICATES NEGATIVE NUMBERS.
R  INDICATES RECORD WAS SET OR TIED.
MM INDICATES DATA IS MISSING.
T  INDICATES TRACE AMOUNT.




$$
