000
CDUS41 KRLX 282224
CLIPKB


CLIMATE REPORT
NATIONAL WEATHER SERVICE CHARLESTON WV
524 PM EST SUN DEC 28 2014


...................................

...THE PARKERSBURG WV CLIMATE SUMMARY FOR DECEMBER 28 2014...
VALID TODAY AS OF 0500 PM LOCAL TIME.

CLIMATE NORMAL PERIOD 1981 TO 2010
CLIMATE RECORD PERIOD 1889 TO 2014


WEATHER ITEM   OBSERVED TIME   RECORD YEAR NORMAL DEPARTURE LAST
                VALUE   (LST)  VALUE       VALUE  FROM      YEAR
                                                  NORMAL
..................................................................
TEMPERATURE (F)
 TODAY
  MAXIMUM         54   1207 AM  73    1984  41     13       52
  MINIMUM         37    359 PM   1    1894  25     12       33
  AVERAGE         46                        32     14       43

PRECIPITATION (IN)
  TODAY            0.13          0.56 2005   0.09   0.04     0.00
  MONTH TO DATE    3.40                      2.82   0.58     3.79
  SINCE DEC 1      3.40                      2.82   0.58     3.79
  SINCE JAN 1     26.82                     40.91 -14.09    43.61

DEGREE DAYS
 HEATING
  TODAY           19                        33    -14       22
  MONTH TO DATE  710                       828   -118      757
  SINCE DEC 1    710                       828   -118      757
  SINCE JUL 1   1821                      1813      8     1859

 COOLING
  TODAY            0                         0      0        0
  MONTH TO DATE    0                         0      0        0
  SINCE DEC 1      0                         0      0        0
  SINCE JAN 1    597                       955   -358      955
..................................................................


WIND (MPH)
  HIGHEST WIND SPEED    17   HIGHEST WIND DIRECTION    NW (320)
  HIGHEST GUST SPEED    24   HIGHEST GUST DIRECTION     N (340)
  AVERAGE WIND SPEED     5.6


SKY COVER
  POSSIBLE SUNSHINE  MM
  AVERAGE SKY COVER 1.0


WEATHER CONDITIONS
 THE FOLLOWING WEATHER WAS RECORDED TODAY.
  LIGHT RAIN
  FOG


RELATIVE HUMIDITY (PERCENT)
 HIGHEST    93           400 AM
 LOWEST     50          1200 AM
 AVERAGE    72

..........................................................


THE PARKERSBURG WV CLIMATE NORMALS FOR TOMORROW
                         NORMAL    RECORD    YEAR
 MAXIMUM TEMPERATURE (F)   40        73      1984
 MINIMUM TEMPERATURE (F)   24        -4      1894


SUNRISE AND SUNSET
DECEMBER 28 2014......SUNRISE   745 AM EST   SUNSET   510 PM EST
DECEMBER 29 2014......SUNRISE   745 AM EST   SUNSET   511 PM EST


-  INDICATES NEGATIVE NUMBERS.
R  INDICATES RECORD WAS SET OR TIED.
MM INDICATES DATA IS MISSING.
T  INDICATES TRACE AMOUNT.




$$
