000
CDUS41 KRLX 010716
CLIPKB


CLIMATE REPORT
NATIONAL WEATHER SERVICE CHARLESTON WV
315 AM EDT SUN MAY 1 2016


...................................

...THE PARKERSBURG WV CLIMATE SUMMARY FOR APRIL 30 2016...

CLIMATE NORMAL PERIOD 1981 TO 2010
CLIMATE RECORD PERIOD 1889 TO 2016


WEATHER ITEM   OBSERVED TIME   RECORD YEAR NORMAL DEPARTURE LAST
                VALUE   (LST)  VALUE       VALUE  FROM      YEAR
                                                  NORMAL
..................................................................
TEMPERATURE (F)
 YESTERDAY
  MAXIMUM         63    206 PM  91    1942  71     -8       58
  MINIMUM         48    548 AM  30    1962  46      2       41
  AVERAGE         56                        58     -2       50

PRECIPITATION (IN)
  YESTERDAY        0.23R         T    2002   0.11   0.12     0.06
                                      2002
                                      2014
  MONTH TO DATE    4.40                      3.27   1.13     6.78
  SINCE JAN 1     12.72                     12.65   0.07    16.26

SNOWFALL (IN)
  YESTERDAY       MM
  MONTH TO DATE    0.0
  SINCE SEP 1      0.0
  SNOW DEPTH      MM

DEGREE DAYS
 HEATING
  YESTERDAY        9                         8      1       15
  MONTH TO DATE  332                       346    -14      308
  SINCE MAR 1    769                      1016   -247     1049
  SINCE JUL 1   3982                      4806   -824     5267

 COOLING
  YESTERDAY        0                         1     -1        0
  MONTH TO DATE   12                        18     -6       12
  SINCE MAR 1     20                        21     -1       12
  SINCE JAN 1     20                        21     -1       12
..................................................................


WIND (MPH)
  HIGHEST WIND SPEED    10   HIGHEST WIND DIRECTION     E (70)
  HIGHEST GUST SPEED    12   HIGHEST GUST DIRECTION    NE (60)
  AVERAGE WIND SPEED     4.2


SKY COVER
  POSSIBLE SUNSHINE  MM
  AVERAGE SKY COVER 0.6


WEATHER CONDITIONS
 THE FOLLOWING WEATHER WAS RECORDED YESTERDAY.
  HEAVY RAIN
  RAIN
  LIGHT RAIN
  FOG


RELATIVE HUMIDITY (PERCENT)
 HIGHEST    90           500 PM
 LOWEST     69          1100 AM
 AVERAGE    80

..........................................................


THE PARKERSBURG WV CLIMATE NORMALS FOR TODAY
                         NORMAL    RECORD    YEAR
 MAXIMUM TEMPERATURE (F)   71        93      1942
 MINIMUM TEMPERATURE (F)   46        30      1978


SUNRISE AND SUNSET
MAY  1 2016...........SUNRISE   626 AM EDT   SUNSET   820 PM EDT
MAY  2 2016...........SUNRISE   625 AM EDT   SUNSET   821 PM EDT


-  INDICATES NEGATIVE NUMBERS.
R  INDICATES RECORD WAS SET OR TIED.
MM INDICATES DATA IS MISSING.
T  INDICATES TRACE AMOUNT.




$$
