381
CDUS41 KRLX 190716
CLIPKB


CLIMATE REPORT
NATIONAL WEATHER SERVICE CHARLESTON WV
316 AM EDT SAT AUG 19 2017


...................................

...THE PARKERSBURG WV CLIMATE SUMMARY FOR AUGUST 18 2017...

CLIMATE NORMAL PERIOD 1981 TO 2010
CLIMATE RECORD PERIOD 1889 TO 2017


WEATHER ITEM   OBSERVED TIME   RECORD YEAR NORMAL DEPARTURE LAST
                VALUE   (LST)  VALUE       VALUE  FROM      YEAR
                                                  NORMAL
..................................................................
TEMPERATURE (F)
 YESTERDAY
  MAXIMUM         85    406 PM  94    1988  84      1       87
  MINIMUM         66   1159 PM  50    1962  63      3       70
  AVERAGE         76                        74      2       79

PRECIPITATION (IN)
  YESTERDAY        0.67          3.38 1990   0.12   0.55     0.00
  MONTH TO DATE    3.38                      2.16   1.22     1.18
  SINCE JAN 1     38.71                     27.34  11.37    25.74

SNOWFALL (IN)
  YESTERDAY       MM
  MONTH TO DATE   MM
  SINCE SEP 1     MM
  SNOW DEPTH      MM

DEGREE DAYS
 HEATING
  YESTERDAY        0                         0      0        0
  MONTH TO DATE    0                         0      0        0
  SINCE JUN 1     19                        20     -1        7
  SINCE JUL 1      0                         1     -1        0

 COOLING
  YESTERDAY       11                         9      2       14
  MONTH TO DATE  117                       162    -45      251
  SINCE JUN 1    605                       645    -40      829
  SINCE JAN 1    725                       729     -4      917
..................................................................


WIND (MPH)
  HIGHEST WIND SPEED    17   HIGHEST WIND DIRECTION     W (270)
  HIGHEST GUST SPEED    24   HIGHEST GUST DIRECTION     W (270)
  AVERAGE WIND SPEED     5.9


SKY COVER
  AVERAGE SKY COVER 0.5


WEATHER CONDITIONS
 THE FOLLOWING WEATHER WAS RECORDED YESTERDAY.
  HEAVY RAIN
  RAIN
  LIGHT RAIN
  FOG


RELATIVE HUMIDITY (PERCENT)
 HIGHEST    94           900 AM
 LOWEST     55           500 PM
 AVERAGE    75

..........................................................


THE PARKERSBURG WV CLIMATE NORMALS FOR TODAY
                         NORMAL    RECORD    YEAR
 MAXIMUM TEMPERATURE (F)   84        94      1947
                                             1937
 MINIMUM TEMPERATURE (F)   63        51      1953
                                             1943


SUNRISE AND SUNSET
AUGUST 19 2017........SUNRISE   642 AM EDT   SUNSET   815 PM EDT
AUGUST 20 2017........SUNRISE   643 AM EDT   SUNSET   814 PM EDT


-  INDICATES NEGATIVE NUMBERS.
R  INDICATES RECORD WAS SET OR TIED.
MM INDICATES DATA IS MISSING.
T  INDICATES TRACE AMOUNT.




$$
