000
CDUS41 KRLX 270717
CLIPKB


CLIMATE REPORT
NATIONAL WEATHER SERVICE CHARLESTON WV
316 AM EDT WED JUL 27 2016


...................................

...THE PARKERSBURG WV CLIMATE SUMMARY FOR JULY 26 2016...

CLIMATE NORMAL PERIOD 1981 TO 2010
CLIMATE RECORD PERIOD 1889 TO 2016


WEATHER ITEM   OBSERVED TIME   RECORD YEAR NORMAL DEPARTURE LAST
                VALUE   (LST)  VALUE       VALUE  FROM      YEAR
                                                  NORMAL
..................................................................
TEMPERATURE (F)
 YESTERDAY
  MAXIMUM         88    228 PM 103    1934  85      3       88
  MINIMUM         71    520 AM  53    1891  64      7       64
  AVERAGE         80                        74      6       76

PRECIPITATION (IN)
  YESTERDAY        0.09          0.88 2012   0.14  -0.05     0.00
  MONTH TO DATE    3.35                      3.54  -0.19     1.10
  SINCE JAN 1     23.72                     24.51  -0.79    25.18

SNOWFALL (IN)
  YESTERDAY       MM
  MONTH TO DATE   MM
  SINCE SEP 1     MM
  SNOW DEPTH      MM

DEGREE DAYS
 HEATING
  YESTERDAY        0                         0      0        0
  MONTH TO DATE    0                         0      0        0
  SINCE JUN 1      7                        19    -12       15
  SINCE JUL 1      0                         0      0        0

 COOLING
  YESTERDAY       15                         9      6       11
  MONTH TO DATE  282                       246     36      215
  SINCE JUN 1    514                       437     77      438
  SINCE JAN 1    602                       521     81      599
..................................................................


WIND (MPH)
  HIGHEST WIND SPEED    10   HIGHEST WIND DIRECTION    SE (150)
  HIGHEST GUST SPEED    13   HIGHEST GUST DIRECTION    NW (330)
  AVERAGE WIND SPEED     1.9


SKY COVER
  POSSIBLE SUNSHINE  MM
  AVERAGE SKY COVER 0.4


WEATHER CONDITIONS
 THE FOLLOWING WEATHER WAS RECORDED YESTERDAY.
  THUNDERSTORM
  LIGHT RAIN
  FOG
  FOG W/VISIBILITY <= 1/4 MILE


RELATIVE HUMIDITY (PERCENT)
 HIGHEST   100           800 PM
 LOWEST     63           100 PM
 AVERAGE    82

..........................................................


THE PARKERSBURG WV CLIMATE NORMALS FOR TODAY
                         NORMAL    RECORD    YEAR
 MAXIMUM TEMPERATURE (F)   85       102      1936
 MINIMUM TEMPERATURE (F)   64        50      1962


SUNRISE AND SUNSET
JULY 27 2016..........SUNRISE   622 AM EDT   SUNSET   842 PM EDT
JULY 28 2016..........SUNRISE   623 AM EDT   SUNSET   841 PM EDT


-  INDICATES NEGATIVE NUMBERS.
R  INDICATES RECORD WAS SET OR TIED.
MM INDICATES DATA IS MISSING.
T  INDICATES TRACE AMOUNT.




$$
