000
CDUS46 KLOX 241215
CLIPMD


CLIMATE REPORT
NATIONAL WEATHER SERVICE LOS ANGELES/OXNARD CA
515 AM PDT FRI OCT 24 2014


...................................

...THE PALMDALE AIRPORT CA CLIMATE SUMMARY FOR OCTOBER 23 2014...

CLIMATE NORMAL PERIOD 1981 TO 2010
CLIMATE RECORD PERIOD 1931 TO 2014


WEATHER ITEM   OBSERVED TIME   RECORD YEAR NORMAL DEPARTURE LAST
                VALUE   (LST)  VALUE       VALUE  FROM      YEAR
                                                  NORMAL
..................................................................
TEMPERATURE (F)
 YESTERDAY
  MAXIMUM         87    231 PM  92    1959  76     11       83
  MINIMUM         48    353 AM  30    1953  46      2       45
  AVERAGE         68                        61      7       64

PRECIPITATION (IN)
  YESTERDAY        0.00          0.58 1987   0.02  -0.02     0.00
  MONTH TO DATE    0.00                      0.41  -0.41     0.08
  SINCE JUL 1      0.16                      0.94  -0.78     0.21
  SINCE JAN 1      3.21                      6.26  -3.05     1.07

SNOWFALL (IN)
  YESTERDAY        0.0           0.0  1973  MM               0.0
  MONTH TO DATE    0.0                      MM               0.0
  SINCE SEP 1      0.0                      MM               0.0
  SINCE JUL 1      0.0                      MM               0.0
  SNOW DEPTH       0

DEGREE DAYS
 HEATING
  YESTERDAY        0                         5     -5        1
  MONTH TO DATE    4                        64    -60       97
  SINCE SEP 1      5                        76    -71      111
  SINCE JUL 1      5                        76    -71      111

 COOLING
  YESTERDAY        3                         1      2        0
  MONTH TO DATE  114                        55     59       10
  SINCE SEP 1    502                       330    172      359
  SINCE JAN 1   2215                      1812    403     2124
..................................................................


WIND (MPH)
  HIGHEST WIND SPEED    15   HIGHEST WIND DIRECTION     W (250)
  HIGHEST GUST SPEED    18   HIGHEST GUST DIRECTION     W (260)
  AVERAGE WIND SPEED     4.2


SKY COVER
  POSSIBLE SUNSHINE  MM
  AVERAGE SKY COVER 0.0


WEATHER CONDITIONS
 THE FOLLOWING WEATHER WAS RECORDED YESTERDAY.
  NO SIGNIFICANT WEATHER WAS OBSERVED.


RELATIVE HUMIDITY (PERCENT)
 HIGHEST    46           400 AM
 LOWEST     11           300 PM
 AVERAGE    29

..........................................................


THE PALMDALE AIRPORT CA CLIMATE NORMALS FOR TODAY
                         NORMAL    RECORD    YEAR
 MAXIMUM TEMPERATURE (F)   75        92      1959
 MINIMUM TEMPERATURE (F)   45        24      1975


SUNRISE AND SUNSET
OCTOBER 24 2014.......SUNRISE   706 AM PDT   SUNSET   607 PM PDT
OCTOBER 25 2014.......SUNRISE   707 AM PDT   SUNSET   606 PM PDT


-  INDICATES NEGATIVE NUMBERS.
R  INDICATES RECORD WAS SET OR TIED.
MM INDICATES DATA IS MISSING.
T  INDICATES TRACE AMOUNT.




$$
