000
CDUS46 KLOX 011907
CLIPMD


CLIMATE REPORT
NATIONAL WEATHER SERVICE LOS ANGELES/OXNARD CA
1206 PM PDT WED JUL 1 2015


...................................

...THE PALMDALE AIRPORT CA CLIMATE SUMMARY FOR JUNE 30 2015...

CLIMATE NORMAL PERIOD 1981 TO 2010
CLIMATE RECORD PERIOD 1931 TO 2015


WEATHER ITEM   OBSERVED TIME   RECORD YEAR NORMAL DEPARTURE LAST
                VALUE   (LST)  VALUE       VALUE  FROM      YEAR
                                                  NORMAL
..................................................................
TEMPERATURE (F)
 YESTERDAY
  MAXIMUM        104    115 PM 111    2013  95      9      102
                                      1994
  MINIMUM         75    446 AM  45    1952  62     13       73
  AVERAGE         90                        78     12       88

PRECIPITATION (IN)
  YESTERDAY        0.01R         0.01 2015   0.00   0.01     0.00
  MONTH TO DATE    0.03                      0.09  -0.06     0.00
  SINCE OCT 1      4.25                      7.77  -3.52     4.99
  SINCE JAN 1      1.68                      5.32  -3.64     3.05

SNOWFALL (IN)
  YESTERDAY        0.0           0.0  1973  MM               0.0
  MONTH TO DATE    0.0                      MM               0.0
  SINCE JUN 1      0.0                      MM               0.0
  SINCE JUL 1      0.0                      MM               0.0
  SNOW DEPTH       0

DEGREE DAYS
 HEATING
  YESTERDAY        0                         0      0        0
  MONTH TO DATE    0                         6     -6        0
  SINCE JUN 1      0                         7     -7        0
  SINCE JUL 1   2099                      2925   -826     2331

 COOLING
  YESTERDAY       25                        13     12       23
  MONTH TO DATE  448                       306    142      404
  SINCE JUN 1    448                       306    142      404
  SINCE JAN 1    573                       476     97      623
..................................................................


WIND (MPH)
  HIGHEST WIND SPEED    36   HIGHEST WIND DIRECTION    SW (220)
  HIGHEST GUST SPEED    41   HIGHEST GUST DIRECTION    SW (220)
  AVERAGE WIND SPEED    10.3


SKY COVER
  POSSIBLE SUNSHINE  MM
  AVERAGE SKY COVER 0.1


WEATHER CONDITIONS
 THE FOLLOWING WEATHER WAS RECORDED YESTERDAY.
  NO SIGNIFICANT WEATHER WAS OBSERVED.


RELATIVE HUMIDITY (PERCENT)
 HIGHEST    33           500 AM
 LOWEST     16          1200 PM
 AVERAGE    25

..........................................................


THE PALMDALE AIRPORT CA CLIMATE NORMALS FOR TODAY
                         NORMAL    RECORD    YEAR
 MAXIMUM TEMPERATURE (F)   95       109      1994
 MINIMUM TEMPERATURE (F)   62        47      1952


SUNRISE AND SUNSET
JULY  1 2015..........SUNRISE   543 AM PDT   SUNSET   809 PM PDT
JULY  2 2015..........SUNRISE   543 AM PDT   SUNSET   809 PM PDT


-  INDICATES NEGATIVE NUMBERS.
R  INDICATES RECORD WAS SET OR TIED.
MM INDICATES DATA IS MISSING.
T  INDICATES TRACE AMOUNT.




$$
