000
CDUS46 KLOX 090902
CLIPMD


CLIMATE REPORT
NATIONAL WEATHER SERVICE LOS ANGELES/OXNARD CA
102 AM PST TUE FEB 9 2016


...................................

...THE PALMDALE AIRPORT CA CLIMATE SUMMARY FOR FEBRUARY 8 2016...

CLIMATE NORMAL PERIOD 1981 TO 2010
CLIMATE RECORD PERIOD 1931 TO 2016


WEATHER ITEM   OBSERVED TIME   RECORD YEAR NORMAL DEPARTURE LAST
                VALUE   (LST)  VALUE       VALUE  FROM      YEAR
                                                  NORMAL
..................................................................
TEMPERATURE (F)
 YESTERDAY
  MAXIMUM         72    305 PM  80    1996  61     11       71
  MINIMUM         37    645 AM  18    1933  34      3       43
  AVERAGE         55                        47      8       57

PRECIPITATION (IN)
  YESTERDAY        0.00          1.29 1993   0.06  -0.06     0.00
  MONTH TO DATE    0.00                      0.42  -0.42     0.00
  SINCE OCT 1      3.17                      4.44  -1.27     3.30
  SINCE JAN 1      1.36                      1.99  -0.63     0.73

SNOWFALL (IN)
  YESTERDAY        0.0           0.0  1974  MM               0.0
  MONTH TO DATE    0.0                      MM               0.0
  SINCE DEC 1      T                        MM               0.0
  SINCE JUL 1      T                        MM               0.0
  SNOW DEPTH       0

DEGREE DAYS
 HEATING
  YESTERDAY       10                        18     -8        8
  MONTH TO DATE  167                       146     21       72
  SINCE DEC 1   1436                      1403     33     1126
  SINCE JUL 1   1959                      1930     29     1440

 COOLING
  YESTERDAY        0                         0      0        0
  MONTH TO DATE    0                         0      0        0
  SINCE DEC 1      0                         0      0        0
  SINCE JAN 1      0                         0      0        0
..................................................................


WIND (MPH)
  HIGHEST WIND SPEED    25   HIGHEST WIND DIRECTION     E (100)
  HIGHEST GUST SPEED    32   HIGHEST GUST DIRECTION     E (70)
  AVERAGE WIND SPEED    12.9


SKY COVER
  POSSIBLE SUNSHINE  MM
  AVERAGE SKY COVER 0.0


WEATHER CONDITIONS
 THE FOLLOWING WEATHER WAS RECORDED YESTERDAY.
  NO SIGNIFICANT WEATHER WAS OBSERVED.


RELATIVE HUMIDITY (PERCENT)
 HIGHEST    54           600 AM
 LOWEST     14           300 PM
 AVERAGE    34

..........................................................


THE PALMDALE AIRPORT CA CLIMATE NORMALS FOR TODAY
                         NORMAL    RECORD    YEAR
 MAXIMUM TEMPERATURE (F)   61        79      1996
 MINIMUM TEMPERATURE (F)   34        21      1964


SUNRISE AND SUNSET
FEBRUARY  9 2016......SUNRISE   644 AM PST   SUNSET   529 PM PST
FEBRUARY 10 2016......SUNRISE   643 AM PST   SUNSET   530 PM PST


-  INDICATES NEGATIVE NUMBERS.
R  INDICATES RECORD WAS SET OR TIED.
MM INDICATES DATA IS MISSING.
T  INDICATES TRACE AMOUNT.




$$
