000
CDUS46 KLOX 010114
CLIPMD


CLIMATE REPORT
NATIONAL WEATHER SERVICE LOS ANGELES/OXNARD CA
614 PM PDT FRI OCT 31 2014


...................................

...THE PALMDALE AIRPORT CA CLIMATE SUMMARY FOR OCTOBER 31 2014...
VALID TODAY AS OF 0600 PM LOCAL TIME.

CLIMATE NORMAL PERIOD 1981 TO 2010
CLIMATE RECORD PERIOD 1931 TO 2014


WEATHER ITEM   OBSERVED TIME   RECORD YEAR NORMAL DEPARTURE LAST
                VALUE   (LST)  VALUE       VALUE  FROM      YEAR
                                                  NORMAL
..................................................................
TEMPERATURE (F)
 TODAY
  MAXIMUM         71   1256 PM  85    1977  73     -2       70
  MINIMUM         50    548 AM  22    1935  43      7       35
  AVERAGE         61                        58      3       53

PRECIPITATION (IN)
  TODAY            0.00          1.05 1987   0.02  -0.02     0.00
  MONTH TO DATE    0.00                      0.60  -0.60     0.08
  SINCE JUL 1      0.16                      1.13  -0.97     0.21
  SINCE JAN 1      3.21                      6.45  -3.24     1.07

SNOWFALL (IN)
  TODAY            0.0           T    1959  MM               0.0
  MONTH TO DATE    0.0                      MM               0.0
  SINCE SEP 1      0.0                      MM               0.0
  SINCE JUL 1      0.0                      MM               0.0
  SNOW DEPTH       0

DEGREE DAYS
 HEATING
  TODAY            4                         7     -3       12
  MONTH TO DATE   25                       114    -89      147
  SINCE SEP 1     26                       127   -101      161
  SINCE JUL 1     26                       127   -101      161

 COOLING
  TODAY            0                         0      0        0
  MONTH TO DATE  121                        57     64       12
  SINCE SEP 1    509                       332    177      361
  SINCE JAN 1   2222                      1814    408     2126
..................................................................


WIND (MPH)
  HIGHEST WIND SPEED    35   HIGHEST WIND DIRECTION    SW (220)
  HIGHEST GUST SPEED    40   HIGHEST GUST DIRECTION    SW (220)
  AVERAGE WIND SPEED    13.7


SKY COVER
  POSSIBLE SUNSHINE  MM
  AVERAGE SKY COVER 0.0


WEATHER CONDITIONS
 THE FOLLOWING WEATHER WAS RECORDED TODAY.
  HAZE


RELATIVE HUMIDITY (PERCENT)
 HIGHEST    68           600 AM
 LOWEST     42           800 AM
 AVERAGE    55

..........................................................


THE PALMDALE AIRPORT CA CLIMATE NORMALS FOR TOMORROW
                         NORMAL    RECORD    YEAR
 MAXIMUM TEMPERATURE (F)   72        87      1997
 MINIMUM TEMPERATURE (F)   42        25      1971


SUNRISE AND SUNSET
OCTOBER 31 2014.......SUNRISE   712 AM PDT   SUNSET   600 PM PDT
NOVEMBER  1 2014......SUNRISE   713 AM PDT   SUNSET   559 PM PDT


-  INDICATES NEGATIVE NUMBERS.
R  INDICATES RECORD WAS SET OR TIED.
MM INDICATES DATA IS MISSING.
T  INDICATES TRACE AMOUNT.




$$
