463
CDUS46 KLOX 020915
CLIPMD


CLIMATE REPORT
NATIONAL WEATHER SERVICE LOS ANGELES/OXNARD CA
215 AM PDT MON MAY 2 2016


...................................

...THE PALMDALE AIRPORT CA CLIMATE SUMMARY FOR MAY 1 2016...

CLIMATE NORMAL PERIOD 1981 TO 2010
CLIMATE RECORD PERIOD 1931 TO 2016


WEATHER ITEM   OBSERVED TIME   RECORD YEAR NORMAL DEPARTURE LAST
                VALUE   (LST)  VALUE       VALUE  FROM      YEAR
                                                  NORMAL
..................................................................
TEMPERATURE (F)
 YESTERDAY
  MAXIMUM         78    329 PM  95    1996  78      0       87
  MINIMUM         47    444 AM  28    1988  48     -1       60
  AVERAGE         63                        63      0       74

PRECIPITATION (IN)
  YESTERDAY        T             0.25 1941   0.01  -0.01     0.00
  MONTH TO DATE    T                         0.01  -0.01     0.00
  SINCE OCT 1      4.28                      7.44  -3.16     4.12
  SINCE JAN 1      2.47                      4.99  -2.52     1.55

SNOWFALL (IN)
  YESTERDAY       MM             0.0  1973  MM               0.0
  MONTH TO DATE   MM                        MM               0.0
  SINCE MAR 1      0.0                      MM               0.0
  SINCE JUL 1      T                        MM               0.0
  SNOW DEPTH       0

DEGREE DAYS
 HEATING
  YESTERDAY        2                         4     -2        0
  MONTH TO DATE    2                         4     -2        0
  SINCE MAR 1    385                       609   -224      346
  SINCE JUL 1   2546                      2854   -308     2001

 COOLING
  YESTERDAY        0                         2     -2        9
  MONTH TO DATE    0                         2     -2        9
  SINCE MAR 1     20                        25     -5       44
  SINCE JAN 1     20                        25     -5       44
..................................................................


WIND (MPH)
  HIGHEST WIND SPEED    23   HIGHEST WIND DIRECTION     S (170)
  HIGHEST GUST SPEED    28   HIGHEST GUST DIRECTION     S (170)
  AVERAGE WIND SPEED     7.3


SKY COVER
  POSSIBLE SUNSHINE  MM
  AVERAGE SKY COVER 0.4


WEATHER CONDITIONS
 THE FOLLOWING WEATHER WAS RECORDED YESTERDAY.
  NO SIGNIFICANT WEATHER WAS OBSERVED.


RELATIVE HUMIDITY (PERCENT)
 HIGHEST    82           400 AM
 LOWEST     16           300 PM
 AVERAGE    49

..........................................................


THE PALMDALE AIRPORT CA CLIMATE NORMALS FOR TODAY
                         NORMAL    RECORD    YEAR
 MAXIMUM TEMPERATURE (F)   78        95      2004
                                             1966
 MINIMUM TEMPERATURE (F)   48        32      1953


SUNRISE AND SUNSET
MAY  2 2016...........SUNRISE   601 AM PDT   SUNSET   738 PM PDT
MAY  3 2016...........SUNRISE   600 AM PDT   SUNSET   739 PM PDT


-  INDICATES NEGATIVE NUMBERS.
R  INDICATES RECORD WAS SET OR TIED.
MM INDICATES DATA IS MISSING.
T  INDICATES TRACE AMOUNT.




$$
