000
CDUS46 KLOX 160910
CLIPMD


CLIMATE REPORT
NATIONAL WEATHER SERVICE LOS ANGELES/OXNARD CA
210 AM PDT WED APR 16 2014


...................................

...THE PALMDALE AIRPORT CA CLIMATE SUMMARY FOR APRIL 15 2014...

CLIMATE NORMAL PERIOD 1981 TO 2010
CLIMATE RECORD PERIOD 1931 TO 2014


WEATHER ITEM   OBSERVED TIME   RECORD YEAR NORMAL DEPARTURE LAST
                VALUE   (LST)  VALUE       VALUE  FROM      YEAR
                                                  NORMAL
..................................................................
TEMPERATURE (F)
 YESTERDAY
  MAXIMUM         83    233 PM  92    1994  72     11       64
  MINIMUM         52    547 AM  28    1970  43      9       47
  AVERAGE         68                        58     10       56

PRECIPITATION (IN)
  YESTERDAY        0.00          0.19 1943   0.02  -0.02     0.00
  MONTH TO DATE    0.11                      0.25  -0.14     0.00
  SINCE JUL 1      4.14                      7.74  -3.60     1.00
  SINCE JAN 1      2.07                      4.76  -2.69     0.71

SNOWFALL (IN)
  YESTERDAY        0.0           0.0  1973  MM               0.0
  MONTH TO DATE    0.0                      MM               0.0
  SINCE MAR 1      0.0                      MM               0.0
  SINCE JUL 1      0.0                      MM               0.0
  SNOW DEPTH      MM

DEGREE DAYS
 HEATING
  YESTERDAY        0                         8     -8        9
  MONTH TO DATE   86                       140    -54       57
  SINCE MAR 1    349                       516   -167      263
  SINCE JUL 1   2247                      2761   -514     2467

 COOLING
  YESTERDAY        3                         0      3        0
  MONTH TO DATE   22                         0     22        9
  SINCE MAR 1     22                         2     20       16
  SINCE JAN 1     23                         2     21       16
..................................................................


WIND (MPH)
  HIGHEST WIND SPEED    25   HIGHEST WIND DIRECTION     W (290)
  HIGHEST GUST SPEED    31   HIGHEST GUST DIRECTION     W (280)
  AVERAGE WIND SPEED    11.8


SKY COVER
  POSSIBLE SUNSHINE  MM
  AVERAGE SKY COVER 0.0


WEATHER CONDITIONS
 THE FOLLOWING WEATHER WAS RECORDED YESTERDAY.
  NO SIGNIFICANT WEATHER WAS OBSERVED.


RELATIVE HUMIDITY (PERCENT)
 HIGHEST    38           300 AM
 LOWEST     13          1200 PM
 AVERAGE    26

..........................................................


THE PALMDALE AIRPORT CA CLIMATE NORMALS FOR TODAY
                         NORMAL    RECORD    YEAR
 MAXIMUM TEMPERATURE (F)   72        94      1994
 MINIMUM TEMPERATURE (F)   43        27      1976


SUNRISE AND SUNSET
APRIL 16 2014.........SUNRISE   619 AM PDT   SUNSET   725 PM PDT
APRIL 17 2014.........SUNRISE   618 AM PDT   SUNSET   726 PM PDT


-  INDICATES NEGATIVE NUMBERS.
R  INDICATES RECORD WAS SET OR TIED.
MM INDICATES DATA IS MISSING.
T  INDICATES TRACE AMOUNT.




$$
