000
CDUS44 KMOB 020645
CLIPNS


CLIMATE REPORT
NATIONAL WEATHER SERVICE MOBILE AL
145 AM CDT MON MAY 2 2016


...................................

...THE PENSACOLA CLIMATE SUMMARY FOR MAY 1 2016...

CLIMATE NORMAL PERIOD 1981 TO 2010
CLIMATE RECORD PERIOD 1879 TO 2016


WEATHER ITEM   OBSERVED TIME   RECORD YEAR NORMAL DEPARTURE LAST
                VALUE   (LST)  VALUE       VALUE  FROM      YEAR
                                                  NORMAL
..................................................................
TEMPERATURE (F)
 YESTERDAY
  MAXIMUM         82    110 PM  88    1987  79      3       80
  MINIMUM         74    525 AM  48    1908  62     12       60
  AVERAGE         78                        71      7       70

PRECIPITATION (IN)
  YESTERDAY        0.00          2.80 1989   0.12  -0.12     0.00
  MONTH TO DATE    0.00                      0.12  -0.12     0.00
  SINCE MAR 1     13.65                     10.25   3.40    12.36
  SINCE JAN 1     22.30                     19.94   2.36    22.77

DEGREE DAYS
 HEATING
  YESTERDAY        0                         0      0        0
  MONTH TO DATE    0                         0      0        0
  SINCE MAR 1     83                       227   -144      101
  SINCE JUL 1    965                      1535   -570     1544

 COOLING
  YESTERDAY       13                         6      7        5
  MONTH TO DATE   13                         6      7        5
  SINCE MAR 1    240                       140    100      306
  SINCE JAN 1    258                       154    104      313
..................................................................


WIND (MPH)
  HIGHEST WIND SPEED    18   HIGHEST WIND DIRECTION    SE (150)
  HIGHEST GUST SPEED    24   HIGHEST GUST DIRECTION    SE (150)
  AVERAGE WIND SPEED     9.3


SKY COVER
  POSSIBLE SUNSHINE  MM
  AVERAGE SKY COVER 0.5


WEATHER CONDITIONS
 THE FOLLOWING WEATHER WAS RECORDED YESTERDAY.
  NO SIGNIFICANT WEATHER WAS OBSERVED.


RELATIVE HUMIDITY (PERCENT)
 HIGHEST    94          1200 AM
 LOWEST     79           800 AM
 AVERAGE    87

..........................................................


THE PENSACOLA CLIMATE NORMALS FOR TODAY
                         NORMAL    RECORD    YEAR
 MAXIMUM TEMPERATURE (F)   80        89      1901
 MINIMUM TEMPERATURE (F)   62        50      1909


SUNRISE AND SUNSET
MAY  2 2016...........SUNRISE   604 AM CDT   SUNSET   728 PM CDT
MAY  3 2016...........SUNRISE   603 AM CDT   SUNSET   729 PM CDT


-  INDICATES NEGATIVE NUMBERS.
R  INDICATES RECORD WAS SET OR TIED.
MM INDICATES DATA IS MISSING.
T  INDICATES TRACE AMOUNT.




$$
