000
CDUS44 KMOB 210645
CLIPNS


CLIMATE REPORT
NATIONAL WEATHER SERVICE MOBILE AL
1245 AM CST TUE FEB 21 2017


...................................

...THE PENSACOLA CLIMATE SUMMARY FOR FEBRUARY 20 2017...

CLIMATE NORMAL PERIOD 1981 TO 2010
CLIMATE RECORD PERIOD 1879 TO 2017


WEATHER ITEM   OBSERVED TIME   RECORD YEAR NORMAL DEPARTURE LAST
                VALUE   (LST)  VALUE       VALUE  FROM      YEAR
                                                  NORMAL
..................................................................
TEMPERATURE (F)
 YESTERDAY
  MAXIMUM         76    133 PM  80    1981  65     11       71
  MINIMUM         56    610 AM  27    1958  47      9       55
  AVERAGE         66                        56     10       63

PRECIPITATION (IN)
  YESTERDAY        0.00          3.80 1919   0.18  -0.18     0.00
  MONTH TO DATE    1.61                      3.59  -1.98     2.27
  SINCE MAR 1     69.31                     63.80   5.51    71.48
  SINCE JAN 1     13.34                      8.22   5.12     6.21

SNOWFALL (IN)
  YESTERDAY        0.0          MM      MM   0.0    0.0      0.0
  MONTH TO DATE    0.0                       0.0    0.0      0.0
  SINCE MAR 1      0.0                       0.0    0.0      0.0
  SINCE JUL 1      0.0                       0.0    0.0      0.0
  SNOW DEPTH       0

DEGREE DAYS
 HEATING
  YESTERDAY        0                        10    -10        2
  MONTH TO DATE   74                       228   -154      195
  SINCE DEC 1    457                      1027   -570      747
  SINCE JUL 1    526                      1239   -713      824

 COOLING
  YESTERDAY        1                         0      1        0
  MONTH TO DATE   29                         0     29       10
  SINCE DEC 1    140                        19    121       85
  SINCE JAN 1     93                         6     87       10
..................................................................


WIND (MPH)
  HIGHEST WIND SPEED    14   HIGHEST WIND DIRECTION    SE (130)
  HIGHEST GUST SPEED    22   HIGHEST GUST DIRECTION     E (110)
  AVERAGE WIND SPEED     7.5


SKY COVER
  POSSIBLE SUNSHINE  MM
  AVERAGE SKY COVER 0.0


WEATHER CONDITIONS
 THE FOLLOWING WEATHER WAS RECORDED YESTERDAY.
  NO SIGNIFICANT WEATHER WAS OBSERVED.


RELATIVE HUMIDITY (PERCENT)
 HIGHEST    93          1200 AM
 LOWEST     64          1100 AM
 AVERAGE    79

..........................................................


THE PENSACOLA CLIMATE NORMALS FOR TODAY
                         NORMAL    RECORD    YEAR
 MAXIMUM TEMPERATURE (F)   65        79      2005
 MINIMUM TEMPERATURE (F)   47        21      1958


SUNRISE AND SUNSET
FEBRUARY 21 2017......SUNRISE   623 AM CST   SUNSET   542 PM CST
FEBRUARY 22 2017......SUNRISE   622 AM CST   SUNSET   543 PM CST


-  INDICATES NEGATIVE NUMBERS.
R  INDICATES RECORD WAS SET OR TIED.
MM INDICATES DATA IS MISSING.
T  INDICATES TRACE AMOUNT.




$$
