000
CDUS44 KMOB 230640
CLIPNS


CLIMATE REPORT
NATIONAL WEATHER SERVICE MOBILE AL
139 AM CDT TUE SEP 23 2014


...................................

...THE PENSACOLA CLIMATE SUMMARY FOR SEPTEMBER 22 2014...

CLIMATE NORMAL PERIOD 1981 TO 2010
CLIMATE RECORD PERIOD 1879 TO 2014


WEATHER ITEM   OBSERVED TIME   RECORD YEAR NORMAL DEPARTURE LAST
                VALUE   (LST)  VALUE       VALUE  FROM      YEAR
                                                  NORMAL
..................................................................
TEMPERATURE (F)
 YESTERDAY
  MAXIMUM         89   1256 PM  96    1990  85      4       78
                                      1925
  MINIMUM         67   1159 PM  49    1983  69     -2       70
  AVERAGE         78                        77      1       74

PRECIPITATION (IN)
  YESTERDAY        0.00          3.52 1975   0.21  -0.21     0.22
  MONTH TO DATE    5.09                      4.42   0.67     2.62
  SINCE MAR 1     62.51                     39.50  23.01    44.80
  SINCE JAN 1     73.84                     49.19  24.65    59.07

DEGREE DAYS
 COOLING
  YESTERDAY       13                        12      1        9
  MONTH TO DATE  332                       316     16      375
  SINCE SEP 1    332                       316     16      375
  SINCE JAN 1   2288                      2283      5     2357
..................................................................


WIND (MPH)
  HIGHEST WIND SPEED    18   HIGHEST WIND DIRECTION     N (350)
  HIGHEST GUST SPEED    24   HIGHEST GUST DIRECTION     N (10)
  AVERAGE WIND SPEED     7.0


SKY COVER
  POSSIBLE SUNSHINE  MM
  AVERAGE SKY COVER 0.2


WEATHER CONDITIONS
 THE FOLLOWING WEATHER WAS RECORDED YESTERDAY.
  NO SIGNIFICANT WEATHER WAS OBSERVED.


RELATIVE HUMIDITY (PERCENT)
 HIGHEST    93           100 AM
 LOWEST     44           100 PM
 AVERAGE    69

..........................................................


THE PENSACOLA CLIMATE NORMALS FOR TODAY
                         NORMAL    RECORD    YEAR
 MAXIMUM TEMPERATURE (F)   85        94      1998
                                             1993
 MINIMUM TEMPERATURE (F)   68        51      1982


SUNRISE AND SUNSET
SEPTEMBER 23 2014.....SUNRISE   638 AM CDT   SUNSET   644 PM CDT
SEPTEMBER 24 2014.....SUNRISE   638 AM CDT   SUNSET   643 PM CDT


-  INDICATES NEGATIVE NUMBERS.
R  INDICATES RECORD WAS SET OR TIED.
MM INDICATES DATA IS MISSING.
T  INDICATES TRACE AMOUNT.




$$
