000
CDUS44 KMOB 230645
CLIPNS


CLIMATE REPORT
NATIONAL WEATHER SERVICE MOBILE AL
1245 AM CST SUN NOV 23 2014


...................................

...THE PENSACOLA CLIMATE SUMMARY FOR NOVEMBER 22 2014...

CLIMATE NORMAL PERIOD 1981 TO 2010
CLIMATE RECORD PERIOD 1879 TO 2014


WEATHER ITEM   OBSERVED TIME   RECORD YEAR NORMAL DEPARTURE LAST
                VALUE   (LST)  VALUE       VALUE  FROM      YEAR
                                                  NORMAL
..................................................................
TEMPERATURE (F)
 YESTERDAY
  MAXIMUM         66   1050 AM  81    2011  68     -2       71
  MINIMUM         49    705 AM  27    2000  49      0       64
  AVERAGE         58                        59     -1       68

PRECIPITATION (IN)
  YESTERDAY        0.23          2.29 1929   0.15   0.08     0.00
  MONTH TO DATE    0.73                      3.49  -2.76     2.57
  SINCE MAR 1     67.87                     49.79  18.08    53.85
  SINCE JAN 1     79.20                     59.48  19.72    68.12

SNOWFALL (IN)
  YESTERDAY       MM             0.0  2002   0.0   MM        0.0
                                      2001
                                      2000
  MONTH TO DATE    0.0                       0.0    0.0      0.0
  SINCE MAR 1      0.0                       0.0    0.0      0.0
  SINCE JUL 1      0.0                       0.0    0.0      0.0
  SNOW DEPTH       0

DEGREE DAYS
 HEATING
  YESTERDAY        7                         7      0        0
  MONTH TO DATE  249                       107    142       77
  SINCE SEP 1    261                       145    116       92
  SINCE JUL 1    261                       145    116       92

 COOLING
  YESTERDAY        0                         1     -1        3
  MONTH TO DATE    7                        38    -31       29
  SINCE SEP 1    581                       621    -40      736
  SINCE JAN 1   2537                      2588    -51     2718
..................................................................


WIND (MPH)
  HIGHEST WIND SPEED    14   HIGHEST WIND DIRECTION    SE (120)
  HIGHEST GUST SPEED    20   HIGHEST GUST DIRECTION    SE (120)
  AVERAGE WIND SPEED     6.9


SKY COVER
  POSSIBLE SUNSHINE  MM
  AVERAGE SKY COVER 0.6


WEATHER CONDITIONS
 THE FOLLOWING WEATHER WAS RECORDED YESTERDAY.
  HEAVY RAIN
  RAIN
  LIGHT RAIN
  FOG


RELATIVE HUMIDITY (PERCENT)
 HIGHEST   100           500 PM
 LOWEST     56          1000 AM
 AVERAGE    78

..........................................................


THE PENSACOLA CLIMATE NORMALS FOR TODAY
                         NORMAL    RECORD    YEAR
 MAXIMUM TEMPERATURE (F)   68        81      1955
 MINIMUM TEMPERATURE (F)   49        28      1956


SUNRISE AND SUNSET
NOVEMBER 23 2014......SUNRISE   621 AM CST   SUNSET   449 PM CST
NOVEMBER 24 2014......SUNRISE   622 AM CST   SUNSET   449 PM CST


-  INDICATES NEGATIVE NUMBERS.
R  INDICATES RECORD WAS SET OR TIED.
MM INDICATES DATA IS MISSING.
T  INDICATES TRACE AMOUNT.




$$
