000
CDUS44 KMOB 270645
CLIPNS


CLIMATE REPORT
NATIONAL WEATHER SERVICE MOBILE AL
145 AM CDT WED MAY 27 2015


...................................

...THE PENSACOLA CLIMATE SUMMARY FOR MAY 26 2015...

CLIMATE NORMAL PERIOD 1981 TO 2010
CLIMATE RECORD PERIOD 1879 TO 2015


WEATHER ITEM   OBSERVED TIME   RECORD YEAR NORMAL DEPARTURE LAST
                VALUE   (LST)  VALUE       VALUE  FROM      YEAR
                                                  NORMAL
..................................................................
TEMPERATURE (F)
 YESTERDAY
  MAXIMUM         80    827 AM  98    2012  86     -6       86
                                      1953
  MINIMUM         69    958 AM  48    1979  69      0       71
  AVERAGE         75                        77     -2       79

PRECIPITATION (IN)
  YESTERDAY        2.36          2.92 1981   0.14   2.22     0.00
  MONTH TO DATE    5.13                      3.46   1.67     2.55
  SINCE MAR 1     17.49                     13.59   3.90    41.86
  SINCE JAN 1     27.90                     23.28   4.62    53.19

DEGREE DAYS
 COOLING
  YESTERDAY       10                        12     -2       14
  MONTH TO DATE  284                       234     50      240
  SINCE MAR 1    585                       368    217      374
  SINCE JAN 1    592                       382    210      389
..................................................................


WIND (MPH)
  HIGHEST WIND SPEED    22   HIGHEST WIND DIRECTION     S (200)
  HIGHEST GUST SPEED    29   HIGHEST GUST DIRECTION     W (270)
  AVERAGE WIND SPEED     9.4


SKY COVER
  POSSIBLE SUNSHINE  MM
  AVERAGE SKY COVER 0.5


WEATHER CONDITIONS
 THE FOLLOWING WEATHER WAS RECORDED YESTERDAY.
  THUNDERSTORM
  HEAVY RAIN
  RAIN
  LIGHT RAIN
  FOG


RELATIVE HUMIDITY (PERCENT)
 HIGHEST   100           100 PM
 LOWEST     82           400 PM
 AVERAGE    91

..........................................................


THE PENSACOLA CLIMATE NORMALS FOR TODAY
                         NORMAL    RECORD    YEAR
 MAXIMUM TEMPERATURE (F)   86       102      1953
 MINIMUM TEMPERATURE (F)   69        50      1961


SUNRISE AND SUNSET
MAY 27 2015...........SUNRISE   549 AM CDT   SUNSET   743 PM CDT
MAY 28 2015...........SUNRISE   548 AM CDT   SUNSET   744 PM CDT


-  INDICATES NEGATIVE NUMBERS.
R  INDICATES RECORD WAS SET OR TIED.
MM INDICATES DATA IS MISSING.
T  INDICATES TRACE AMOUNT.




$$
