000
CDUS44 KMOB 060629
CLIPNS


CLIMATE REPORT
NATIONAL WEATHER SERVICE MOBILE AL
128 AM CDT MON JUL 6 2015


...................................

...THE PENSACOLA CLIMATE SUMMARY FOR JULY 5 2015...

CLIMATE NORMAL PERIOD 1981 TO 2010
CLIMATE RECORD PERIOD 1879 TO 2015


WEATHER ITEM   OBSERVED TIME   RECORD YEAR NORMAL DEPARTURE LAST
                VALUE   (LST)  VALUE       VALUE  FROM      YEAR
                                                  NORMAL
..................................................................
TEMPERATURE (F)
 YESTERDAY
  MAXIMUM         81    634 AM  99    1998  90     -9       90
  MINIMUM         69   1101 PM  67    1924  75     -6       69
  AVERAGE         75                        82     -7       80

PRECIPITATION (IN)
  YESTERDAY        0.26          2.59 1941   0.24   0.02     0.00
  MONTH TO DATE    0.41                      1.18  -0.77     0.00
  SINCE MAR 1     22.00                     22.09  -0.09    48.41
  SINCE JAN 1     32.41                     31.78   0.63    59.74

DEGREE DAYS
 COOLING
  YESTERDAY       10                        17     -7       15
  MONTH TO DATE   82                        85     -3       92
  SINCE JUN 1    565                       550     15      571
  SINCE JAN 1   1218                       998    220     1022
..................................................................


WIND (MPH)
  HIGHEST WIND SPEED    20   HIGHEST WIND DIRECTION    NW (320)
  HIGHEST GUST SPEED    25   HIGHEST GUST DIRECTION    NW (320)
  AVERAGE WIND SPEED     5.4


SKY COVER
  POSSIBLE SUNSHINE  MM
  AVERAGE SKY COVER 0.3


WEATHER CONDITIONS
 THE FOLLOWING WEATHER WAS RECORDED YESTERDAY.
  THUNDERSTORM
  RAIN
  LIGHT RAIN
  FOG


RELATIVE HUMIDITY (PERCENT)
 HIGHEST   100           400 AM
 LOWEST     73           800 PM
 AVERAGE    87

..........................................................


THE PENSACOLA CLIMATE NORMALS FOR TODAY
                         NORMAL    RECORD    YEAR
 MAXIMUM TEMPERATURE (F)   90        99      1998
 MINIMUM TEMPERATURE (F)   75        64      1882


SUNRISE AND SUNSET
JULY  6 2015..........SUNRISE   552 AM CDT   SUNSET   755 PM CDT
JULY  7 2015..........SUNRISE   553 AM CDT   SUNSET   755 PM CDT


-  INDICATES NEGATIVE NUMBERS.
R  INDICATES RECORD WAS SET OR TIED.
MM INDICATES DATA IS MISSING.
T  INDICATES TRACE AMOUNT.




$$
