000
CDUS44 KMOB 240645
CLIPNS


CLIMATE REPORT
NATIONAL WEATHER SERVICE MOBILE AL
145 AM CDT SAT JUN 24 2017


...................................

...THE PENSACOLA CLIMATE SUMMARY FOR JUNE 23 2017...

CLIMATE NORMAL PERIOD 1981 TO 2010
CLIMATE RECORD PERIOD 1879 TO 2017


WEATHER ITEM   OBSERVED TIME   RECORD YEAR NORMAL DEPARTURE LAST
                VALUE   (LST)  VALUE       VALUE  FROM      YEAR
                                                  NORMAL
..................................................................
TEMPERATURE (F)
 YESTERDAY
  MAXIMUM         88    204 PM 102    2009  89     -1       90
  MINIMUM         80    531 AM  66    1947  74      6       74
  AVERAGE         84                        82      2       82

PRECIPITATION (IN)
  YESTERDAY        0.00          3.06 1984   0.25  -0.25      T
  MONTH TO DATE   18.21                      4.86  13.35     4.78
  SINCE MAR 1     31.36                     19.17  12.19    20.39
  SINCE JAN 1     46.71                     28.86  17.85    29.04

DEGREE DAYS
 COOLING
  YESTERDAY       19                        16      3       17
  MONTH TO DATE  345                       346     -1      395
  SINCE JUN 1    345                       346     -1      395
  SINCE JAN 1   1141                       794    347      991
..................................................................


WIND (MPH)
  HIGHEST WIND SPEED    21   HIGHEST WIND DIRECTION     S (180)
  HIGHEST GUST SPEED    26   HIGHEST GUST DIRECTION     S (180)
  AVERAGE WIND SPEED    13.0


SKY COVER
  POSSIBLE SUNSHINE  MM
  AVERAGE SKY COVER 0.8


WEATHER CONDITIONS
 THE FOLLOWING WEATHER WAS RECORDED YESTERDAY.
  NO SIGNIFICANT WEATHER WAS OBSERVED.


RELATIVE HUMIDITY (PERCENT)
 HIGHEST    85          1200 AM
 LOWEST     68          1100 AM
 AVERAGE    77

..........................................................


THE PENSACOLA CLIMATE NORMALS FOR TODAY
                         NORMAL    RECORD    YEAR
 MAXIMUM TEMPERATURE (F)   89        99      1944
 MINIMUM TEMPERATURE (F)   74        64      1955


SUNRISE AND SUNSET
JUNE 24 2017..........SUNRISE   548 AM CDT   SUNSET   755 PM CDT
JUNE 25 2017..........SUNRISE   548 AM CDT   SUNSET   755 PM CDT


-  INDICATES NEGATIVE NUMBERS.
R  INDICATES RECORD WAS SET OR TIED.
MM INDICATES DATA IS MISSING.
T  INDICATES TRACE AMOUNT.




$$
