000
CDUS44 KMOB 110646
CLIPNS


CLIMATE REPORT
NATIONAL WEATHER SERVICE MOBILE AL
1245 AM CST THU FEB 11 2016


...................................

...THE PENSACOLA CLIMATE SUMMARY FOR FEBRUARY 10 2016...

CLIMATE NORMAL PERIOD 1981 TO 2010
CLIMATE RECORD PERIOD 1879 TO 2016


WEATHER ITEM   OBSERVED TIME   RECORD YEAR NORMAL DEPARTURE LAST
                VALUE   (LST)  VALUE       VALUE  FROM      YEAR
                                                  NORMAL
..................................................................
TEMPERATURE (F)
 YESTERDAY
  MAXIMUM         54    421 PM  80    1957  63     -9       61
  MINIMUM         29    654 AM  23    1979  45    -16       41
                                      1971
  AVERAGE         42                        54    -12       51

PRECIPITATION (IN)
  YESTERDAY        0.00          4.55 1981   0.18  -0.18     0.00
  MONTH TO DATE    1.59                      1.77  -0.18     1.45
  SINCE MAR 1     70.80                     61.98   8.82    79.76
  SINCE JAN 1      5.53                      6.40  -0.87     7.92

SNOWFALL (IN)
  YESTERDAY        0.0          MM      MM   0.0    0.0      0.0
  MONTH TO DATE    0.0                       0.0    0.0      0.0
  SINCE MAR 1      0.0                       0.0    0.0      0.0
  SINCE JUL 1      0.0                       0.0    0.0      0.0
  SNOW DEPTH       0

DEGREE DAYS
 HEATING
  YESTERDAY       23                        12     11       14
  MONTH TO DATE  124                       123      1      132
  SINCE DEC 1    676                       922   -246      830
  SINCE JUL 1    753                      1134   -381     1157

 COOLING
  YESTERDAY        0                         0      0        0
  MONTH TO DATE    8                         0      8        1
  SINCE DEC 1     83                        19     64       17
  SINCE JAN 1      8                         6      2        4
..................................................................


WIND (MPH)
  HIGHEST WIND SPEED    17   HIGHEST WIND DIRECTION    NW (320)
  HIGHEST GUST SPEED    23   HIGHEST GUST DIRECTION    NW (310)
  AVERAGE WIND SPEED     8.7


SKY COVER
  POSSIBLE SUNSHINE  MM
  AVERAGE SKY COVER 0.0


WEATHER CONDITIONS
 THE FOLLOWING WEATHER WAS RECORDED YESTERDAY.
  NO SIGNIFICANT WEATHER WAS OBSERVED.


RELATIVE HUMIDITY (PERCENT)
 HIGHEST    69           700 AM
 LOWEST     21           100 PM
 AVERAGE    45

..........................................................


THE PENSACOLA CLIMATE NORMALS FOR TODAY
                         NORMAL    RECORD    YEAR
 MAXIMUM TEMPERATURE (F)   63        79      2013
                                             1952
 MINIMUM TEMPERATURE (F)   45        24      1885


SUNRISE AND SUNSET
FEBRUARY 11 2016......SUNRISE   633 AM CST   SUNSET   533 PM CST
FEBRUARY 12 2016......SUNRISE   632 AM CST   SUNSET   534 PM CST


-  INDICATES NEGATIVE NUMBERS.
R  INDICATES RECORD WAS SET OR TIED.
MM INDICATES DATA IS MISSING.
T  INDICATES TRACE AMOUNT.




$$
