000
CDUS44 KMOB 160645
CLIPNS


CLIMATE REPORT
NATIONAL WEATHER SERVICE MOBILE AL
1245 AM CST SAT DEC 16 2017


...................................

...THE PENSACOLA CLIMATE SUMMARY FOR DECEMBER 15 2017...

CLIMATE NORMAL PERIOD 1981 TO 2010
CLIMATE RECORD PERIOD 1879 TO 2017


WEATHER ITEM   OBSERVED TIME   RECORD YEAR NORMAL DEPARTURE LAST
                VALUE   (LST)  VALUE       VALUE  FROM      YEAR
                                                  NORMAL
..................................................................
TEMPERATURE (F)
 YESTERDAY
  MAXIMUM         52    420 AM  77    1975  63    -11       61
                                      1971
                                      1948
  MINIMUM         43   1159 PM  20    1901  44     -1       45
  AVERAGE         48                        53     -5       53

PRECIPITATION (IN)
  YESTERDAY        T             3.20 2005   0.14  -0.14     0.00
  MONTH TO DATE    3.02                      2.29   0.73     7.08
  SINCE MAR 1     75.92                     53.32  22.60    53.43
  SINCE JAN 1     91.27                     63.01  28.26    62.08

SNOWFALL (IN)
  YESTERDAY       MM             0.0  2002   0.0   MM        0.0
                                      2001
                                      2000
  MONTH TO DATE    T                         0.0    0.0      0.0
  SINCE MAR 1      T                         0.0    0.0      0.0
  SINCE JUL 1      T                         0.0    0.0      0.0
  SNOW DEPTH       0

DEGREE DAYS
 HEATING
  YESTERDAY       17                        12      5       12
  MONTH TO DATE  173                       159     14      103
  SINCE DEC 1    173                       159     14      103
  SINCE JUL 1    308                       371    -63      172

 COOLING
  YESTERDAY        0                         0      0        0
  MONTH TO DATE   10                         7      3       17
  SINCE DEC 1     10                         7      3       17
  SINCE JAN 1   3343                      2603    740     3225
..................................................................


WIND (MPH)
  HIGHEST WIND SPEED    17   HIGHEST WIND DIRECTION     N (350)
  HIGHEST GUST SPEED    22   HIGHEST GUST DIRECTION     N (360)
  AVERAGE WIND SPEED     9.3


SKY COVER
  POSSIBLE SUNSHINE  MM
  AVERAGE SKY COVER 0.5


WEATHER CONDITIONS
 THE FOLLOWING WEATHER WAS RECORDED YESTERDAY.
  LIGHT RAIN


RELATIVE HUMIDITY (PERCENT)
 HIGHEST    80           200 AM
 LOWEST     56           400 PM
 AVERAGE    68

..........................................................


THE PENSACOLA CLIMATE NORMALS FOR TODAY
                         NORMAL    RECORD    YEAR
 MAXIMUM TEMPERATURE (F)   62        80      1971
                                             1948
 MINIMUM TEMPERATURE (F)   44        19      1901


SUNRISE AND SUNSET
DECEMBER 16 2017......SUNRISE   639 AM CST   SUNSET   450 PM CST
DECEMBER 17 2017......SUNRISE   640 AM CST   SUNSET   451 PM CST


-  INDICATES NEGATIVE NUMBERS.
R  INDICATES RECORD WAS SET OR TIED.
MM INDICATES DATA IS MISSING.
T  INDICATES TRACE AMOUNT.




$$
