000
CDUS44 KMOB 110645
CLIPNS


CLIMATE REPORT
NATIONAL WEATHER SERVICE MOBILE AL
1245 AM CST SUN DEC 11 2016


...................................

...THE PENSACOLA CLIMATE SUMMARY FOR DECEMBER 10 2016...

CLIMATE NORMAL PERIOD 1981 TO 2010
CLIMATE RECORD PERIOD 1879 TO 2016


WEATHER ITEM   OBSERVED TIME   RECORD YEAR NORMAL DEPARTURE LAST
                VALUE   (LST)  VALUE       VALUE  FROM      YEAR
                                                  NORMAL
..................................................................
TEMPERATURE (F)
 YESTERDAY
  MAXIMUM         57    256 PM  78    2012  64     -7       77
                                      1971
  MINIMUM         35    645 AM  25    1995  45    -10       56
  AVERAGE         46                        54     -8       67

PRECIPITATION (IN)
  YESTERDAY        0.00          2.48 2008   0.15  -0.15      T
  MONTH TO DATE    6.09                      1.58   4.51     0.59
  SINCE MAR 1     52.44                     52.61  -0.17    57.53
  SINCE JAN 1     61.09                     62.30  -1.21    67.94

SNOWFALL (IN)
  YESTERDAY        0.0           0.0  2002   0.0    0.0      0.0
                                      2001
                                      2000
  MONTH TO DATE    0.0                       0.0    0.0      0.0
  SINCE MAR 1      0.0                       0.0    0.0      0.0
  SINCE JUL 1      0.0                       0.0    0.0      0.0
  SNOW DEPTH       0

DEGREE DAYS
 HEATING
  YESTERDAY       19                        11      8        0
  MONTH TO DATE   76                       101    -25       54
  SINCE DEC 1     76                       101    -25       54
  SINCE JUL 1    145                       313   -168      131

 COOLING
  YESTERDAY        0                         0      0        2
  MONTH TO DATE    7                         7      0        8
  SINCE DEC 1      7                         7      0        8
  SINCE JAN 1   3215                      2603    612     3041
..................................................................


WIND (MPH)
  HIGHEST WIND SPEED    14   HIGHEST WIND DIRECTION     N (10)
  HIGHEST GUST SPEED    22   HIGHEST GUST DIRECTION    NE (60)
  AVERAGE WIND SPEED     6.9


SKY COVER
  POSSIBLE SUNSHINE  MM
  AVERAGE SKY COVER 0.0


WEATHER CONDITIONS
 THE FOLLOWING WEATHER WAS RECORDED YESTERDAY.
  NO SIGNIFICANT WEATHER WAS OBSERVED.


RELATIVE HUMIDITY (PERCENT)
 HIGHEST    70          1000 PM
 LOWEST     22           200 PM
 AVERAGE    46

..........................................................


THE PENSACOLA CLIMATE NORMALS FOR TODAY
                         NORMAL    RECORD    YEAR
 MAXIMUM TEMPERATURE (F)   63        77      2015
                                             1985
                                             1971
 MINIMUM TEMPERATURE (F)   45        25      1937


SUNRISE AND SUNSET
DECEMBER 11 2016......SUNRISE   636 AM CST   SUNSET   449 PM CST
DECEMBER 12 2016......SUNRISE   637 AM CST   SUNSET   449 PM CST


-  INDICATES NEGATIVE NUMBERS.
R  INDICATES RECORD WAS SET OR TIED.
MM INDICATES DATA IS MISSING.
T  INDICATES TRACE AMOUNT.




$$
