000
CDUS44 KMOB 010631
CLIPNS


CLIMATE REPORT
NATIONAL WEATHER SERVICE MOBILE AL
1229 AM CST SUN FEB 1 2015


...................................

...THE PENSACOLA CLIMATE SUMMARY FOR JANUARY 31 2015...

CLIMATE NORMAL PERIOD 1981 TO 2010
CLIMATE RECORD PERIOD 1879 TO 2015


WEATHER ITEM   OBSERVED TIME   RECORD YEAR NORMAL DEPARTURE LAST
                VALUE   (LST)  VALUE       VALUE  FROM      YEAR
                                                  NORMAL
..................................................................
TEMPERATURE (F)
 YESTERDAY
  MAXIMUM         57    423 PM  78    1957  62     -5       58
  MINIMUM         39    706 AM  22    1966  43     -4       30
                                      1909
  AVERAGE         48                        52     -4       44

PRECIPITATION (IN)
  YESTERDAY        0.00          0.88 1999   0.17  -0.17     0.00
  MONTH TO DATE    6.47                      4.63   1.84     3.45
  SINCE MAR 1     78.31                     60.21  18.10    63.79
  SINCE JAN 1      6.47                      4.63   1.84     3.45

SNOWFALL (IN)
  YESTERDAY        0.0          MM      MM   0.0    0.0      0.0
  MONTH TO DATE    0.0                       0.0    0.0      1.0
  SINCE MAR 1      0.0                       0.0    0.0      1.0
  SINCE JUL 1      0.0                       0.0    0.0      1.0
  SNOW DEPTH       0

DEGREE DAYS
 HEATING
  YESTERDAY       17                        13      4       21
  MONTH TO DATE  425                       428     -3      581
  SINCE DEC 1    698                       799   -101      871
  SINCE JUL 1   1025                      1011     14     1076

 COOLING
  YESTERDAY        0                         0      0        0
  MONTH TO DATE    3                         6     -3        0
  SINCE DEC 1     16                        19     -3       38
  SINCE JAN 1      3                         6     -3        0
..................................................................


WIND (MPH)
  HIGHEST WIND SPEED    15   HIGHEST WIND DIRECTION    SE (140)
  HIGHEST GUST SPEED    19   HIGHEST GUST DIRECTION    SE (130)
  AVERAGE WIND SPEED     7.3


SKY COVER
  POSSIBLE SUNSHINE  MM
  AVERAGE SKY COVER 0.0


WEATHER CONDITIONS
 THE FOLLOWING WEATHER WAS RECORDED YESTERDAY.
  NO SIGNIFICANT WEATHER WAS OBSERVED.


RELATIVE HUMIDITY (PERCENT)
 HIGHEST    74           900 PM
 LOWEST     41          1100 AM
 AVERAGE    58

..........................................................


THE PENSACOLA CLIMATE NORMALS FOR TODAY
                         NORMAL    RECORD    YEAR
 MAXIMUM TEMPERATURE (F)   62        79      1989
 MINIMUM TEMPERATURE (F)   43        20      1951


SUNRISE AND SUNSET
FEBRUARY  1 2015......SUNRISE   640 AM CST   SUNSET   525 PM CST
FEBRUARY  2 2015......SUNRISE   639 AM CST   SUNSET   526 PM CST


-  INDICATES NEGATIVE NUMBERS.
R  INDICATES RECORD WAS SET OR TIED.
MM INDICATES DATA IS MISSING.
T  INDICATES TRACE AMOUNT.




$$
