000
CDUS41 KALY 260622
CLIPOU


CLIMATE REPORT
NATIONAL WEATHER SERVICE ALBANY NY
221 AM EDT SUN MAR 26 2017


...................................

...THE POUGHKEEPSIE NY CLIMATE SUMMARY FOR MARCH 25 2017...

CLIMATE NORMAL PERIOD 1981 TO 2010
CLIMATE RECORD PERIOD 1949 TO 2017


WEATHER ITEM   OBSERVED TIME   RECORD YEAR NORMAL DEPARTURE LAST
                VALUE   (LST)  VALUE       VALUE  FROM      YEAR
                                                  NORMAL
..................................................................
TEMPERATURE (F)
 YESTERDAY
  MAXIMUM         44   1025 AM  76    1963  51     -7       72
  MINIMUM         34   1033 PM  13    1956  29      5       38
  AVERAGE         39                        40     -1       55

PRECIPITATION (IN)
  YESTERDAY        0.05          1.16 1969   0.12  -0.07     0.04
  MONTH TO DATE    1.11                      2.86  -1.75     0.75
  SINCE MAR 1      1.11                      2.86  -1.75     0.75
  SINCE JAN 1      5.98                      8.60  -2.62     6.43

DEGREE DAYS
 HEATING
  YESTERDAY       26                        25      1       10
  MONTH TO DATE  840                       732    108      483
  SINCE MAR 1    840                       732    108      483
  SINCE JUL 1   4882                      5303   -421     4015

 COOLING
  YESTERDAY        0                         0      0        0
  MONTH TO DATE    0                         0      0        0
  SINCE MAR 1      0                         0      0        0
  SINCE JAN 1      0                         0      0        0
..................................................................


WIND (MPH)
  HIGHEST WIND SPEED    14   HIGHEST WIND DIRECTION    NE (30)
  HIGHEST GUST SPEED    19   HIGHEST GUST DIRECTION     N (10)
  AVERAGE WIND SPEED     5.0


SKY COVER
  AVERAGE SKY COVER 0.7



RELATIVE HUMIDITY (PERCENT)
 HIGHEST   100           300 PM
 LOWEST     76           300 AM
 AVERAGE    88

..........................................................


THE POUGHKEEPSIE NY CLIMATE NORMALS FOR TODAY
                         NORMAL    RECORD    YEAR
 MAXIMUM TEMPERATURE (F)   52        73      1963
 MINIMUM TEMPERATURE (F)   29        14      1960


SUNRISE AND SUNSET
MARCH 26 2017.........SUNRISE   648 AM EDT   SUNSET   715 PM EDT
MARCH 27 2017.........SUNRISE   647 AM EDT   SUNSET   716 PM EDT


-  INDICATES NEGATIVE NUMBERS.
R  INDICATES RECORD WAS SET OR TIED.
MM INDICATES DATA IS MISSING.
T  INDICATES TRACE AMOUNT.




RECORDS FOR KPOU DATE BACK TO 1949...
HOWEVER...DATA IS MISSING FROM JANUARY 1993 - JULY 2000.
$$
