000
CDUS46 KLOX 160910
CLIPRB


CLIMATE REPORT
NATIONAL WEATHER SERVICE LOS ANGELES/OXNARD CA
210 AM PDT WED APR 16 2014


...................................

...THE PASO ROBLES AIRPORT CA CLIMATE SUMMARY FOR APRIL 15 2014...

CLIMATE NORMAL PERIOD 1981 TO 2010
CLIMATE RECORD PERIOD 1948 TO 2014


WEATHER ITEM   OBSERVED TIME   RECORD YEAR NORMAL DEPARTURE LAST
                VALUE   (LST)  VALUE       VALUE  FROM      YEAR
                                                  NORMAL
..................................................................
TEMPERATURE (F)
 YESTERDAY
  MAXIMUM         87    325 PM  94    1966  72     15       68
  MINIMUM         49    258 AM  30    1970  41      8       42
  AVERAGE         68                        56     12       55

PRECIPITATION (IN)
  YESTERDAY        0.00          1.12 1978   0.02  -0.02     0.00
  MONTH TO DATE    0.32                      0.42  -0.10     0.01
  SINCE JUL 1      4.90                     12.24  -7.34     4.62
  SINCE JAN 1      4.44                      8.25  -3.81     1.41

SNOWFALL (IN)
  YESTERDAY        0.0
  MONTH TO DATE    0.0
  SINCE MAR 1      0.0
  SINCE JUL 1      0.0

DEGREE DAYS
 HEATING
  YESTERDAY        0                         9     -9       10
  MONTH TO DATE   88                       147    -59       50
  SINCE MAR 1    318                       513   -195      290
  SINCE JUL 1   2023                      2606   -583     2299

 COOLING
  YESTERDAY        3                         0      3        0
  MONTH TO DATE    7                         0      7        1
  SINCE MAR 1      7                         0      7        1
  SINCE JAN 1      7                         0      7        1
..................................................................


WIND (MPH)
  HIGHEST WIND SPEED    20   HIGHEST WIND DIRECTION    NW (310)
  HIGHEST GUST SPEED    24   HIGHEST GUST DIRECTION    NW (310)
  AVERAGE WIND SPEED     6.7


SKY COVER
  POSSIBLE SUNSHINE  MM
  AVERAGE SKY COVER 0.1


WEATHER CONDITIONS
 THE FOLLOWING WEATHER WAS RECORDED YESTERDAY.
  FOG
  FOG W/VISIBILITY <= 1/4 MILE


RELATIVE HUMIDITY (PERCENT)
 HIGHEST    93           300 AM
 LOWEST     12           300 PM
 AVERAGE    53

..........................................................


THE PASO ROBLES AIRPORT CA CLIMATE NORMALS FOR TODAY
                         NORMAL    RECORD    YEAR
 MAXIMUM TEMPERATURE (F)   73        95      1954
 MINIMUM TEMPERATURE (F)   41        30      1975


SUNRISE AND SUNSET
APRIL 16 2014.........SUNRISE   628 AM PDT   SUNSET   737 PM PDT
APRIL 17 2014.........SUNRISE   627 AM PDT   SUNSET   738 PM PDT


-  INDICATES NEGATIVE NUMBERS.
R  INDICATES RECORD WAS SET OR TIED.
MM INDICATES DATA IS MISSING.
T  INDICATES TRACE AMOUNT.




$$
