000
CDUS46 KLOX 230902
CLIPRB


CLIMATE REPORT
NATIONAL WEATHER SERVICE LOS ANGELES/OXNARD CA
102 AM PST MON JAN 23 2017


...................................

...THE PASO ROBLES AIRPORT CA CLIMATE SUMMARY FOR JANUARY 22 2017...

CLIMATE NORMAL PERIOD 1981 TO 2010
CLIMATE RECORD PERIOD 1948 TO 2017


WEATHER ITEM   OBSERVED TIME   RECORD YEAR NORMAL DEPARTURE LAST
                VALUE   (LST)  VALUE       VALUE  FROM      YEAR
                                                  NORMAL
..................................................................
TEMPERATURE (F)
 YESTERDAY
  MAXIMUM         56    301 PM  75    1968  60     -4       65
  MINIMUM         44   1158 PM  21    2007  35      9       48
  AVERAGE         50                        48      2       57

PRECIPITATION (IN)
  YESTERDAY        1.19          1.55 1983   0.08   1.11     0.13
  MONTH TO DATE    6.65                      1.95   4.70     2.78
  SINCE OCT 1     10.33                      5.61   4.72     4.84
  SINCE JAN 1      6.65                      1.95   4.70     2.78

SNOWFALL (IN)
  YESTERDAY       MM
  MONTH TO DATE    0.0
  SINCE DEC 1      0.0
  SINCE JUL 1      0.0

DEGREE DAYS
 HEATING
  YESTERDAY       15                        17     -2        8
  MONTH TO DATE  355                       399    -44      303
  SINCE DEC 1    884                       974    -90      907
  SINCE JUL 1   1268                      1523   -255     1343

 COOLING
  YESTERDAY        0                         0      0        0
  MONTH TO DATE    0                         0      0        0
  SINCE DEC 1      0                         0      0        0
  SINCE JAN 1      0                         0      0        0
..................................................................


WIND (MPH)
  HIGHEST WIND SPEED    23   HIGHEST WIND DIRECTION     S (170)
  HIGHEST GUST SPEED    30   HIGHEST GUST DIRECTION     S (170)
  AVERAGE WIND SPEED    10.9


SKY COVER
  POSSIBLE SUNSHINE  MM
  AVERAGE SKY COVER 1.0


WEATHER CONDITIONS
 THE FOLLOWING WEATHER WAS RECORDED YESTERDAY.
  HEAVY RAIN
  RAIN
  LIGHT RAIN
  FOG


RELATIVE HUMIDITY (PERCENT)
 HIGHEST   100          1200 PM
 LOWEST     80           700 AM
 AVERAGE    90

..........................................................


THE PASO ROBLES AIRPORT CA CLIMATE NORMALS FOR TODAY
                         NORMAL    RECORD    YEAR
 MAXIMUM TEMPERATURE (F)   60        78      1968
 MINIMUM TEMPERATURE (F)   36        21      2007


SUNRISE AND SUNSET
JANUARY 23 2017.......SUNRISE   708 AM PST   SUNSET   521 PM PST
JANUARY 24 2017.......SUNRISE   708 AM PST   SUNSET   522 PM PST


-  INDICATES NEGATIVE NUMBERS.
R  INDICATES RECORD WAS SET OR TIED.
MM INDICATES DATA IS MISSING.
T  INDICATES TRACE AMOUNT.




$$
