365
CDUS46 KLOX 050915
CLIPRB


CLIMATE REPORT
NATIONAL WEATHER SERVICE LOS ANGELES/OXNARD CA
115 AM PST MON DEC 5 2016


...................................

...THE PASO ROBLES AIRPORT CA CLIMATE SUMMARY FOR DECEMBER 4 2016...

CLIMATE NORMAL PERIOD 1981 TO 2010
CLIMATE RECORD PERIOD 1948 TO 2016


WEATHER ITEM   OBSERVED TIME   RECORD YEAR NORMAL DEPARTURE LAST
                VALUE   (LST)  VALUE       VALUE  FROM      YEAR
                                                  NORMAL
..................................................................
TEMPERATURE (F)
 YESTERDAY
  MAXIMUM         66    313 PM  83    1958  61      5       61
  MINIMUM         31    702 AM  21    1990  34     -3       37
  AVERAGE         49                        47      2       49

PRECIPITATION (IN)
  YESTERDAY        0.00          0.84 1951   0.05  -0.05     0.00
  MONTH TO DATE    0.00                      0.18  -0.18     0.08
  SINCE OCT 1      2.65                      1.83   0.82     1.37
  SINCE JAN 1      8.65                     10.95  -2.30     6.68

SNOWFALL (IN)
  YESTERDAY        0.0
  MONTH TO DATE    0.0
  SINCE DEC 1      0.0
  SINCE JUL 1      0.0

DEGREE DAYS
 HEATING
  YESTERDAY       16                        18     -2       16
  MONTH TO DATE   72                        69      3       64
  SINCE DEC 1     72                        69      3       64
  SINCE JUL 1    456                       618   -162      500

 COOLING
  YESTERDAY        0                         0      0        0
  MONTH TO DATE    0                         0      0        0
  SINCE DEC 1      0                         0      0        0
  SINCE JAN 1   1073                       927    146     1315
..................................................................


WIND (MPH)
  HIGHEST WIND SPEED     8   HIGHEST WIND DIRECTION     E (90)
  HIGHEST GUST SPEED    10   HIGHEST GUST DIRECTION     E (90)
  AVERAGE WIND SPEED     3.2


SKY COVER
  POSSIBLE SUNSHINE  MM
  AVERAGE SKY COVER 0.0


WEATHER CONDITIONS
 THE FOLLOWING WEATHER WAS RECORDED YESTERDAY.
  NO SIGNIFICANT WEATHER WAS OBSERVED.


RELATIVE HUMIDITY (PERCENT)
 HIGHEST    96           400 AM
 LOWEST     36           100 PM
 AVERAGE    66

..........................................................


THE PASO ROBLES AIRPORT CA CLIMATE NORMALS FOR TODAY
                         NORMAL    RECORD    YEAR
 MAXIMUM TEMPERATURE (F)   60        77      1962
 MINIMUM TEMPERATURE (F)   34        17      2013


SUNRISE AND SUNSET
DECEMBER  5 2016......SUNRISE   658 AM PST   SUNSET   449 PM PST
DECEMBER  6 2016......SUNRISE   659 AM PST   SUNSET   449 PM PST


-  INDICATES NEGATIVE NUMBERS.
R  INDICATES RECORD WAS SET OR TIED.
MM INDICATES DATA IS MISSING.
T  INDICATES TRACE AMOUNT.




$$
