000
CDUS46 KLOX 230113
CLIPRB


CLIMATE REPORT
NATIONAL WEATHER SERVICE LOS ANGELES/OXNARD CA
612 PM PDT FRI MAY 22 2015


...................................

...THE PASO ROBLES AIRPORT CA CLIMATE SUMMARY FOR MAY 22 2015...
VALID TODAY AS OF 0600 PM LOCAL TIME.

CLIMATE NORMAL PERIOD 1981 TO 2010
CLIMATE RECORD PERIOD 1948 TO 2015


WEATHER ITEM   OBSERVED TIME   RECORD YEAR NORMAL DEPARTURE LAST
                VALUE   (LST)  VALUE       VALUE  FROM      YEAR
                                                  NORMAL
..................................................................
TEMPERATURE (F)
 TODAY
  MAXIMUM         74    229 PM 108    2000  82     -8       76
  MINIMUM         55    616 AM  37    1989  47      8       51
  AVERAGE         65                        64      1       64

PRECIPITATION (IN)
  TODAY            0.00          0.37 1958   0.00   0.00      T
  MONTH TO DATE    0.15                      0.22  -0.07      T
  SINCE OCT 1      8.63                     12.39  -3.76     4.92
  SINCE JAN 1      2.91                      8.73  -5.82     4.46

SNOWFALL (IN)
  TODAY            0.0
  MONTH TO DATE    0.0
  SINCE MAR 1      0.0
  SINCE JUL 1      0.0

DEGREE DAYS
 HEATING
  TODAY            0                         3     -3        1
  MONTH TO DATE  107                        88     19       31
  SINCE MAR 1    435                       707   -272      401
  SINCE JUL 1   1795                      2800  -1005     2106

 COOLING
  TODAY            0                         2     -2        0
  MONTH TO DATE    7                        34    -27       81
  SINCE MAR 1     47                        43      4       99
  SINCE JAN 1     47                        43      4       99
..................................................................


WIND (MPH)
  HIGHEST WIND SPEED    22   HIGHEST WIND DIRECTION    SW (210)
  HIGHEST GUST SPEED    26   HIGHEST GUST DIRECTION    SW (210)
  AVERAGE WIND SPEED     8.6


SKY COVER
  POSSIBLE SUNSHINE  MM
  AVERAGE SKY COVER 0.6


WEATHER CONDITIONS
 THE FOLLOWING WEATHER WAS RECORDED TODAY.
  NO SIGNIFICANT WEATHER WAS OBSERVED.


RELATIVE HUMIDITY (PERCENT)
 HIGHEST    77           200 AM
 LOWEST     38          1200 PM
 AVERAGE    58

..........................................................


THE PASO ROBLES AIRPORT CA CLIMATE NORMALS FOR TOMORROW
                         NORMAL    RECORD    YEAR
 MAXIMUM TEMPERATURE (F)   82       103      2000
 MINIMUM TEMPERATURE (F)   47        36      1960


SUNRISE AND SUNSET
MAY 22 2015...........SUNRISE   553 AM PDT   SUNSET   806 PM PDT
MAY 23 2015...........SUNRISE   552 AM PDT   SUNSET   807 PM PDT


-  INDICATES NEGATIVE NUMBERS.
R  INDICATES RECORD WAS SET OR TIED.
MM INDICATES DATA IS MISSING.
T  INDICATES TRACE AMOUNT.




$$
