000
CDUS46 KLOX 020915
CLIPRB


CLIMATE REPORT
NATIONAL WEATHER SERVICE LOS ANGELES/OXNARD CA
215 AM PDT MON MAY 2 2016


...................................

...THE PASO ROBLES AIRPORT CA CLIMATE SUMMARY FOR MAY 1 2016...

CLIMATE NORMAL PERIOD 1981 TO 2010
CLIMATE RECORD PERIOD 1948 TO 2016


WEATHER ITEM   OBSERVED TIME   RECORD YEAR NORMAL DEPARTURE LAST
                VALUE   (LST)  VALUE       VALUE  FROM      YEAR
                                                  NORMAL
..................................................................
TEMPERATURE (F)
 YESTERDAY
  MAXIMUM         83   1155 AM  99    1996  77      6       90
  MINIMUM         43    525 AM  34    2011  44     -1       48
                                      2008
  AVERAGE         63                        60      3       69

PRECIPITATION (IN)
  YESTERDAY        0.00          0.08 1977   0.02  -0.02     0.00
  MONTH TO DATE    0.00                      0.02  -0.02     0.00
  SINCE OCT 1      8.06                     12.19  -4.13     8.48
  SINCE JAN 1      6.00                      8.53  -2.53     2.76

SNOWFALL (IN)
  YESTERDAY        0.0
  MONTH TO DATE    0.0
  SINCE MAR 1      0.0
  SINCE JUL 1      0.0

DEGREE DAYS
 HEATING
  YESTERDAY        2                         6     -4        0
  MONTH TO DATE    2                         6     -4        0
  SINCE MAR 1    404                       625   -221      328
  SINCE JUL 1   2191                      2718   -527     1688

 COOLING
  YESTERDAY        0                         1     -1        4
  MONTH TO DATE    0                         1     -1        4
  SINCE MAR 1      5                        10     -5       44
  SINCE JAN 1      5                        10     -5       44
..................................................................


WIND (MPH)
  HIGHEST WIND SPEED    20   HIGHEST WIND DIRECTION     S (190)
  HIGHEST GUST SPEED    24   HIGHEST GUST DIRECTION     S (200)
  AVERAGE WIND SPEED     7.0


SKY COVER
  POSSIBLE SUNSHINE  MM
  AVERAGE SKY COVER 0.0


WEATHER CONDITIONS
 THE FOLLOWING WEATHER WAS RECORDED YESTERDAY.
  NO SIGNIFICANT WEATHER WAS OBSERVED.


RELATIVE HUMIDITY (PERCENT)
 HIGHEST    83          1100 PM
 LOWEST     21           200 PM
 AVERAGE    52

..........................................................


THE PASO ROBLES AIRPORT CA CLIMATE NORMALS FOR TODAY
                         NORMAL    RECORD    YEAR
 MAXIMUM TEMPERATURE (F)   77       101      1966
 MINIMUM TEMPERATURE (F)   44        32      1991


SUNRISE AND SUNSET
MAY  2 2016...........SUNRISE   609 AM PDT   SUNSET   751 PM PDT
MAY  3 2016...........SUNRISE   608 AM PDT   SUNSET   751 PM PDT


-  INDICATES NEGATIVE NUMBERS.
R  INDICATES RECORD WAS SET OR TIED.
MM INDICATES DATA IS MISSING.
T  INDICATES TRACE AMOUNT.




$$
