000
CDUS46 KLOX 260905
CLIPRB


CLIMATE REPORT
NATIONAL WEATHER SERVICE LOS ANGELES/OXNARD CA
205 AM PDT TUE JUL 26 2016


...................................

...THE PASO ROBLES AIRPORT CA CLIMATE SUMMARY FOR JULY 25 2016...

CLIMATE NORMAL PERIOD 1981 TO 2010
CLIMATE RECORD PERIOD 1948 TO 2016


WEATHER ITEM   OBSERVED TIME   RECORD YEAR NORMAL DEPARTURE LAST
                VALUE   (LST)  VALUE       VALUE  FROM      YEAR
                                                  NORMAL
..................................................................
TEMPERATURE (F)
 YESTERDAY
  MAXIMUM         97    220 PM 112    2006  94      3       95
                                      1959
  MINIMUM         50    512 AM  46    2012  55     -5       56
                                      1953
  AVERAGE         74                        74      0       76

PRECIPITATION (IN)
  YESTERDAY        0.00          0.00   MM   0.00   0.00     0.00
  MONTH TO DATE    0.00                      0.00   0.00     2.17
  SINCE OCT 1      8.06                     12.45  -4.39    10.98
  SINCE JAN 1      6.00                      8.79  -2.79     5.26

SNOWFALL (IN)
  YESTERDAY        0.0
  MONTH TO DATE    0.0
  SINCE JUN 1      0.0
  SINCE JUL 1      0.0

DEGREE DAYS
 HEATING
  YESTERDAY        0                         0      0        0
  MONTH TO DATE    0                         0      0        0
  SINCE JUN 1      8                        27    -19        8
  SINCE JUL 1      0                         0      0        0

 COOLING
  YESTERDAY        9                         9      0       11
  MONTH TO DATE  198                       211    -13      209
  SINCE JUN 1    488                       354    134      472
  SINCE JAN 1    549                       422    127      543
..................................................................


WIND (MPH)
  HIGHEST WIND SPEED    17   HIGHEST WIND DIRECTION     S (200)
  HIGHEST GUST SPEED    22   HIGHEST GUST DIRECTION    SW (230)
  AVERAGE WIND SPEED     5.8


SKY COVER
  POSSIBLE SUNSHINE  MM
  AVERAGE SKY COVER 0.0


WEATHER CONDITIONS
 THE FOLLOWING WEATHER WAS RECORDED YESTERDAY.
  HAZE


RELATIVE HUMIDITY (PERCENT)
 HIGHEST    77           100 AM
 LOWEST     14           300 PM
 AVERAGE    46

..........................................................


THE PASO ROBLES AIRPORT CA CLIMATE NORMALS FOR TODAY
                         NORMAL    RECORD    YEAR
 MAXIMUM TEMPERATURE (F)   94       109      1959
 MINIMUM TEMPERATURE (F)   55        45      1955


SUNRISE AND SUNSET
JULY 26 2016..........SUNRISE   606 AM PDT   SUNSET   811 PM PDT
JULY 27 2016..........SUNRISE   607 AM PDT   SUNSET   810 PM PDT


-  INDICATES NEGATIVE NUMBERS.
R  INDICATES RECORD WAS SET OR TIED.
MM INDICATES DATA IS MISSING.
T  INDICATES TRACE AMOUNT.




$$
