000
CDUS45 KFGZ 250748
CLIPRC
CLIMATE REPORT
NATIONAL WEATHER SERVICE FLAGSTAFF, AZ
1247 AM MST MON JUL 25 2016


...................................

...THE PRESCOTT AZ AIRPORT CLIMATE SUMMARY FOR JULY 24 2016...

CLIMATE NORMAL PERIOD 1981 TO 2010
CLIMATE RECORD PERIOD 1948 TO 2016


WEATHER ITEM   OBSERVED TIME   RECORD YEAR NORMAL DEPARTURE LAST
                VALUE   (LST)  VALUE       VALUE  FROM      YEAR
                                                  NORMAL
..................................................................
TEMPERATURE (F)
 YESTERDAY
  MAXIMUM         93    454 PM 101    1996  89      4       87
  MINIMUM         67    554 AM  54    1995  63      4       62
  AVERAGE         80                        76      4

PRECIPITATION (IN)
  YESTERDAY        0.00          1.52 1970   0.09  -0.09     0.00
  MONTH TO DATE    0.62                      1.48  -0.86     3.17
  SINCE SEP 1      8.26                     10.72  -2.46    15.14
  SINCE JAN 1      4.77                      6.41  -1.64    10.46

DEGREE DAYS
 HEATING
  YESTERDAY        0                                0
  MONTH TO DATE    0                                0
  SINCE JUL 1      0                                0

 COOLING
  YESTERDAY       15                                4
  MONTH TO DATE  302                               45
  SINCE JAN 1    665                              180
..................................................................


WIND (MPH)
  HIGHEST WIND SPEED    17   HIGHEST WIND DIRECTION    SW (230)
  HIGHEST GUST SPEED    22   HIGHEST GUST DIRECTION     W (260)
  AVERAGE WIND SPEED     7.5


SKY COVER
  AVERAGE SKY COVER 0.0


WEATHER CONDITIONS
 THE FOLLOWING WEATHER WAS RECORDED YESTERDAY.
  NO SIGNIFICANT WEATHER WAS OBSERVED.


RELATIVE HUMIDITY (PERCENT)
 HIGHEST    68
 LOWEST     22

..........................................................


THE PRESCOTT AZ AIRPORT CLIMATE NORMALS FOR TODAY
                         NORMAL    RECORD    YEAR
 MAXIMUM TEMPERATURE (F)   89        99      1995
 MINIMUM TEMPERATURE (F)   63        55      1986


SUNRISE AND SUNSET
JULY 25 2016..........SUNRISE   535 AM MST   SUNSET   737 PM MST
JULY 26 2016..........SUNRISE   536 AM MST   SUNSET   736 PM MST


-  INDICATES NEGATIVE NUMBERS.
R  INDICATES RECORD WAS SET OR TIED.
MM INDICATES DATA IS MISSING.
T  INDICATES TRACE AMOUNT.




$$
