048
CDUS45 KFGZ 270838
CLIPRC
CLIMATE REPORT
NATIONAL WEATHER SERVICE FLAGSTAFF, AZ
137 AM MST MON FEB 27 2017


...................................

...THE PRESCOTT AZ AIRPORT CLIMATE SUMMARY FOR FEBRUARY 26 2017...

CLIMATE NORMAL PERIOD 1981 TO 2010
CLIMATE RECORD PERIOD 1948 TO 2017


WEATHER ITEM   OBSERVED TIME   RECORD YEAR NORMAL DEPARTURE LAST
                VALUE   (LST)  VALUE       VALUE  FROM      YEAR
                                                  NORMAL
..................................................................
TEMPERATURE (F)
 YESTERDAY
  MAXIMUM         48    328 PM  78    1986  57     -9       74
  MINIMUM         34    704 AM  17    1996  30      4       33
  AVERAGE         41                        43     -2

PRECIPITATION (IN)
  YESTERDAY        T             0.52 2003   0.05  -0.05     0.00
  MONTH TO DATE    0.48                      1.29  -0.81     0.09
  SINCE SEP 1      9.16                      6.72   2.44     4.97
  SINCE JAN 1      2.41                      2.41   0.00     1.48

DEGREE DAYS
 HEATING
  YESTERDAY       24                                2
  MONTH TO DATE  478                             -135
  SINCE JUL 1   2661                             -469

 COOLING
  YESTERDAY        0                                0
  MONTH TO DATE    0                                0
  SINCE JAN 1      0                                0
..................................................................


WIND (MPH)
  HIGHEST WIND SPEED    17   HIGHEST WIND DIRECTION    SW (230)
  HIGHEST GUST SPEED    24   HIGHEST GUST DIRECTION     W (270)
  AVERAGE WIND SPEED     5.5


SKY COVER
  AVERAGE SKY COVER 0.9


WEATHER CONDITIONS
 THE FOLLOWING WEATHER WAS RECORDED YESTERDAY.
  HAZE


RELATIVE HUMIDITY (PERCENT)
 HIGHEST    64
 LOWEST     37

..........................................................


THE PRESCOTT AZ AIRPORT CLIMATE NORMALS FOR TODAY
                         NORMAL    RECORD    YEAR
 MAXIMUM TEMPERATURE (F)   57        76      1986
 MINIMUM TEMPERATURE (F)   30         3      1996


SUNRISE AND SUNSET
FEBRUARY 27 2017......SUNRISE   701 AM MST   SUNSET   624 PM MST
FEBRUARY 28 2017......SUNRISE   700 AM MST   SUNSET   625 PM MST


-  INDICATES NEGATIVE NUMBERS.
R  INDICATES RECORD WAS SET OR TIED.
MM INDICATES DATA IS MISSING.
T  INDICATES TRACE AMOUNT.




$$
