000
CDUS45 KFGZ 210824
CLIPRC
CLIMATE REPORT
NATIONAL WEATHER SERVICE FLAGSTAFF, AZ
123 AM MST THU SEP 21 2017


...................................

...THE PRESCOTT AZ AIRPORT CLIMATE SUMMARY FOR SEPTEMBER 20 2017...

CLIMATE NORMAL PERIOD 1981 TO 2010
CLIMATE RECORD PERIOD 1948 TO 2017


WEATHER ITEM   OBSERVED TIME   RECORD YEAR NORMAL DEPARTURE LAST
                VALUE   (LST)  VALUE       VALUE  FROM      YEAR
                                                  NORMAL
..................................................................
TEMPERATURE (F)
 YESTERDAY
  MAXIMUM         80    307 PM  90    2015  81     -1       74
                                      2010
  MINIMUM         50    522 AM  32    1978  52     -2       58
  AVERAGE         65                        66     -1

PRECIPITATION (IN)
  YESTERDAY        0.00          1.13 1952   0.05  -0.05     1.03
  MONTH TO DATE    0.53                      1.07  -0.54     1.96
  SINCE SEP 1      0.53                      1.07  -0.54     1.96
  SINCE JAN 1     12.38                     10.73   1.65    12.72

DEGREE DAYS
 HEATING
  YESTERDAY        0                               -1
  MONTH TO DATE    1                               -8
  SINCE JUL 1      1                               -9

 COOLING
  YESTERDAY        0                               -3
  MONTH TO DATE  123                               26
  SINCE JAN 1   1141                              223
..................................................................


WIND (MPH)
  HIGHEST WIND SPEED    23   HIGHEST WIND DIRECTION     S (200)
  HIGHEST GUST SPEED    31   HIGHEST GUST DIRECTION     S (200)
  AVERAGE WIND SPEED    10.2


SKY COVER
  AVERAGE SKY COVER 0.0


WEATHER CONDITIONS
 THE FOLLOWING WEATHER WAS RECORDED YESTERDAY.
  NO SIGNIFICANT WEATHER WAS OBSERVED.


RELATIVE HUMIDITY (PERCENT)
 HIGHEST    59
 LOWEST     16

..........................................................


THE PRESCOTT AZ AIRPORT CLIMATE NORMALS FOR TODAY
                         NORMAL    RECORD    YEAR
 MAXIMUM TEMPERATURE (F)   81        92      1954
 MINIMUM TEMPERATURE (F)   51        35      1978


SUNRISE AND SUNSET
SEPTEMBER 21 2017.....SUNRISE   617 AM MST   SUNSET   627 PM MST
SEPTEMBER 22 2017.....SUNRISE   618 AM MST   SUNSET   626 PM MST


-  INDICATES NEGATIVE NUMBERS.
R  INDICATES RECORD WAS SET OR TIED.
MM INDICATES DATA IS MISSING.
T  INDICATES TRACE AMOUNT.




$$
