000
CDUS45 KFGZ 240751
CLIPRC
CLIMATE REPORT
NATIONAL WEATHER SERVICE FLAGSTAFF, AZ
1250 AM MST MON APR 24 2017


...................................

...THE PRESCOTT AZ AIRPORT CLIMATE SUMMARY FOR APRIL 23 2017...

CLIMATE NORMAL PERIOD 1981 TO 2010
CLIMATE RECORD PERIOD 1948 TO 2017


WEATHER ITEM   OBSERVED TIME   RECORD YEAR NORMAL DEPARTURE LAST
                VALUE   (LST)  VALUE       VALUE  FROM      YEAR
                                                  NORMAL
..................................................................
TEMPERATURE (F)
 YESTERDAY
  MAXIMUM         78    402 PM  87    1949  69      9       69
  MINIMUM         44    535 AM  25    1982  40      4       48
  AVERAGE         61                        55      6

PRECIPITATION (IN)
  YESTERDAY        0.00          0.36 2005   0.01  -0.01     0.00
  MONTH TO DATE    0.11                      0.41  -0.30     0.99
  SINCE SEP 1     11.00                      8.30   2.70     6.12
  SINCE JAN 1      4.25                      3.99   0.26     2.63

DEGREE DAYS
 HEATING
  YESTERDAY        4                               -6
  MONTH TO DATE  221                              -85
  SINCE JUL 1   3323                             -730

 COOLING
  YESTERDAY        0                                0
  MONTH TO DATE    0                                0
  SINCE JAN 1      0                                0
..................................................................


WIND (MPH)
  HIGHEST WIND SPEED    26   HIGHEST WIND DIRECTION    SW (230)
  HIGHEST GUST SPEED    34   HIGHEST GUST DIRECTION    SW (230)
  AVERAGE WIND SPEED    10.6


SKY COVER
  AVERAGE SKY COVER 0.0


WEATHER CONDITIONS
 THE FOLLOWING WEATHER WAS RECORDED YESTERDAY.
  NO SIGNIFICANT WEATHER WAS OBSERVED.


RELATIVE HUMIDITY (PERCENT)
 HIGHEST    49
 LOWEST     11

..........................................................


THE PRESCOTT AZ AIRPORT CLIMATE NORMALS FOR TODAY
                         NORMAL    RECORD    YEAR
 MAXIMUM TEMPERATURE (F)   70        85      1949
 MINIMUM TEMPERATURE (F)   40        27      1960


SUNRISE AND SUNSET
APRIL 24 2017.........SUNRISE   547 AM MST   SUNSET   709 PM MST
APRIL 25 2017.........SUNRISE   546 AM MST   SUNSET   710 PM MST


-  INDICATES NEGATIVE NUMBERS.
R  INDICATES RECORD WAS SET OR TIED.
MM INDICATES DATA IS MISSING.
T  INDICATES TRACE AMOUNT.




$$
