000
CDUS45 KFGZ 210734
CLIPRC
CLIMATE REPORT
NATIONAL WEATHER SERVICE FLAGSTAFF, AZ
1232 AM MST FRI JUL 21 2017


...................................

...THE PRESCOTT AZ AIRPORT CLIMATE SUMMARY FOR JULY 20 2017...

CLIMATE NORMAL PERIOD 1981 TO 2010
CLIMATE RECORD PERIOD 1948 TO 2017


WEATHER ITEM   OBSERVED TIME   RECORD YEAR NORMAL DEPARTURE LAST
                VALUE   (LST)  VALUE       VALUE  FROM      YEAR
                                                  NORMAL
..................................................................
TEMPERATURE (F)
 YESTERDAY
  MAXIMUM         82   1150 AM  97    2000  89     -7       86
  MINIMUM         62    437 AM  55    1958  63     -1       65
  AVERAGE         72                        76     -4

PRECIPITATION (IN)
  YESTERDAY        0.00          0.66 1991   0.08  -0.08     0.02
  MONTH TO DATE    2.66                      1.15   1.51     0.47
  SINCE SEP 1     14.31                     10.39   3.92     8.11
  SINCE JAN 1      7.56                      6.08   1.48     4.62

DEGREE DAYS
 HEATING
  YESTERDAY        0                                0
  MONTH TO DATE    0                                0
  SINCE JUL 1      0                                0

 COOLING
  YESTERDAY        7                               -4
  MONTH TO DATE  273                               60
  SINCE JAN 1    630                              189
..................................................................


WIND (MPH)
  HIGHEST WIND SPEED    20   HIGHEST WIND DIRECTION    SW (240)
  HIGHEST GUST SPEED    25   HIGHEST GUST DIRECTION    SW (240)
  AVERAGE WIND SPEED     4.8


SKY COVER
  AVERAGE SKY COVER 0.3


WEATHER CONDITIONS
 THE FOLLOWING WEATHER WAS RECORDED YESTERDAY.
  THUNDERSTORM


RELATIVE HUMIDITY (PERCENT)
 HIGHEST    93
 LOWEST     49

..........................................................


THE PRESCOTT AZ AIRPORT CLIMATE NORMALS FOR TODAY
                         NORMAL    RECORD    YEAR
 MAXIMUM TEMPERATURE (F)   89        99      2006
 MINIMUM TEMPERATURE (F)   63        54      1973


SUNRISE AND SUNSET
JULY 21 2017..........SUNRISE   532 AM MST   SUNSET   740 PM MST
JULY 22 2017..........SUNRISE   533 AM MST   SUNSET   739 PM MST


-  INDICATES NEGATIVE NUMBERS.
R  INDICATES RECORD WAS SET OR TIED.
MM INDICATES DATA IS MISSING.
T  INDICATES TRACE AMOUNT.




$$
