000
CDUS45 KFGZ 130841
CLIPRC
CLIMATE REPORT
NATIONAL WEATHER SERVICE FLAGSTAFF, AZ
140 AM MST SUN JUL 13 2014


...................................

...THE PRESCOTT AZ AIRPORT CLIMATE SUMMARY FOR JULY 12 2014...

CLIMATE NORMAL PERIOD 1981 TO 2010
CLIMATE RECORD PERIOD 1948 TO 2014


WEATHER ITEM   OBSERVED TIME   RECORD YEAR NORMAL DEPARTURE LAST
                VALUE   (LST)  VALUE       VALUE  FROM      YEAR
                                                  NORMAL
..................................................................
TEMPERATURE (F)
 YESTERDAY
  MAXIMUM         94    229 PM 100    2005  90      4       83
  MINIMUM         62    532 AM  55    2000  62      0       61
  AVERAGE         78                        76      2

PRECIPITATION (IN)
  YESTERDAY        T             0.64 2008   0.06  -0.06     0.03
  MONTH TO DATE    0.90                      0.57   0.33     0.15
  SINCE SEP 1      6.59                      9.81  -3.22     4.63
  SINCE JAN 1      1.87                      5.50  -3.63     2.67

DEGREE DAYS
 HEATING
  YESTERDAY        0                                0
  MONTH TO DATE    0                                0
  SINCE JUL 1      0                                0

 COOLING
  YESTERDAY       13                                2
  MONTH TO DATE  134                                9
  SINCE JAN 1    440                               87
..................................................................


WIND (MPH)
  HIGHEST WIND SPEED    22   HIGHEST WIND DIRECTION    SE (130)
  HIGHEST GUST SPEED    31   HIGHEST GUST DIRECTION    SE (130)
  AVERAGE WIND SPEED     6.9


SKY COVER
  AVERAGE SKY COVER 0.3


WEATHER CONDITIONS
 THE FOLLOWING WEATHER WAS RECORDED YESTERDAY.
  NO SIGNIFICANT WEATHER WAS OBSERVED.


RELATIVE HUMIDITY (PERCENT)
 HIGHEST    52
 LOWEST     18

..........................................................


THE PRESCOTT AZ AIRPORT CLIMATE NORMALS FOR TODAY
                         NORMAL    RECORD    YEAR
 MAXIMUM TEMPERATURE (F)   90       100      2005
 MINIMUM TEMPERATURE (F)   62        51      1952


SUNRISE AND SUNSET
JULY 13 2014..........SUNRISE   527 AM MST   SUNSET   744 PM MST
JULY 14 2014..........SUNRISE   527 AM MST   SUNSET   744 PM MST


-  INDICATES NEGATIVE NUMBERS.
R  INDICATES RECORD WAS SET OR TIED.
MM INDICATES DATA IS MISSING.
T  INDICATES TRACE AMOUNT.




$$
