000
CDUS45 KFGZ 160746
CLIPRC
CLIMATE REPORT
NATIONAL WEATHER SERVICE FLAGSTAFF, AZ
557 PM MST SUN JAN 15 2017


...................................

...THE PRESCOTT AZ AIRPORT CLIMATE SUMMARY FOR JANUARY 15 2017...
VALID TODAY AS OF 0500 PM LOCAL TIME.

CLIMATE NORMAL PERIOD 1981 TO 2010
CLIMATE RECORD PERIOD 1948 TO 2017


WEATHER ITEM   OBSERVED TIME   RECORD YEAR NORMAL DEPARTURE LAST
                VALUE   (LST)  VALUE       VALUE  FROM      YEAR
                                                  NORMAL
..................................................................
TEMPERATURE (F)
 TODAY
  MAXIMUM         50    205 PM  67    1975  52     -2       45
  MINIMUM         32    553 AM   5    1962  26      6       27
  AVERAGE         41                        39      2

PRECIPITATION (IN)
  TODAY            0.11          0.26 1978   0.03   0.08
  MONTH TO DATE    0.59                      0.58   0.01
  SINCE SEP 1      7.34                      4.89   2.45
  SINCE JAN 1      0.59                      0.58   0.01

DEGREE DAYS
 HEATING
  TODAY           24                        26     -2
  SINCE JUL 1   1723                      2105   -382

 COOLING
  TODAY            0                         0      0
  SINCE JAN 1      0                         0      0
..................................................................


WIND (MPH)
  HIGHEST WIND SPEED    12   HIGHEST WIND DIRECTION    NW (310)
  HIGHEST GUST SPEED    16   HIGHEST GUST DIRECTION    NW (300)
  AVERAGE WIND SPEED     4.4


SKY COVER
  POSSIBLE SUNSHINE  MM
  AVERAGE SKY COVER 0.8


WEATHER CONDITIONS
 THE FOLLOWING WEATHER WAS RECORDED TODAY.
  LIGHT RAIN
  FOG
  FOG W/VISIBILITY <= 1/4 MILE


RELATIVE HUMIDITY (PERCENT)
 HIGHEST   100          1200 AM
 LOWEST     66           200 PM

..........................................................


THE PRESCOTT AZ AIRPORT CLIMATE NORMALS FOR TOMORROW
                         NORMAL    RECORD    YEAR
 MAXIMUM TEMPERATURE (F)   52        68      1974
 MINIMUM TEMPERATURE (F)   26         8      2007


SUNRISE AND SUNSET
JANUARY 15 2017.......SUNRISE   736 AM MST   SUNSET   543 PM MST
JANUARY 16 2017.......SUNRISE   736 AM MST   SUNSET   544 PM MST


-  INDICATES NEGATIVE NUMBERS.
R  INDICATES RECORD WAS SET OR TIED.
MM INDICATES DATA IS MISSING.
T  INDICATES TRACE AMOUNT.




$$
