000
CDUS46 KPDT 210052
CLIPSC

CLIMATE REPORT
NATIONAL WEATHER SERVICE PENDLETON OR
537 PM PDT THU JUL 20 2017


...................................

...THE PASCO WA CLIMATE SUMMARY FOR JULY 20 2017...
VALID TODAY AS OF 0500 PM LOCAL TIME.

CLIMATE NORMAL PERIOD 1981 TO 2010
CLIMATE RECORD PERIOD 1948 TO 2017


WEATHER ITEM   OBSERVED TIME   RECORD YEAR NORMAL DEPARTURE LAST
                VALUE   (LST)  VALUE       VALUE  FROM      YEAR
                                                  NORMAL
..................................................................
TEMPERATURE (F)
 TODAY
  MAXIMUM         87    356 PM 108    1913  93     -6       90
  MINIMUM         66    443 AM  48    1909  57      9       52
  AVERAGE         77                        74      3       71

PRECIPITATION (IN)
  TODAY            0.00          0.06 1993   0.01  -0.01     0.00
  MONTH TO DATE    T                         0.23  -0.23     0.33
  SINCE OCT 1      9.94                      8.11   1.83     8.10
  SINCE JAN 1      6.17                      5.16   1.01     5.34

SNOWFALL (IN)
  TODAY            0.0
  SNOW DEPTH       0

DEGREE DAYS
 HEATING
  TODAY            0                         0      0        0
  MONTH TO DATE    0                         1     -1        0
  SINCE JUN 1     26                        33     -7       30
  SINCE JUL 1      0                         1     -1        0

 COOLING
  TODAY           12                        10      2        6
  MONTH TO DATE  231                       157     74      133
  SINCE JUN 1    377                       266    111      309
  SINCE JAN 1    426                       299    127      342
..................................................................


WIND (MPH)
  RESULTANT WIND SPEED  11   RESULTANT WIND DIRECTION  SW (220)
  HIGHEST WIND SPEED    21   HIGHEST WIND DIRECTION    SW (220)
  HIGHEST GUST SPEED    25   HIGHEST GUST DIRECTION     S (200)


SKY COVER
  POSSIBLE SUNSHINE  MM
  AVERAGE SKY COVER 0.0


WEATHER CONDITIONS
THE FOLLOWING WEATHER WAS RECORDED TODAY.
  NO SIGNIFICANT WEATHER WAS OBSERVED.


RELATIVE HUMIDITY (PERCENT)
 HIGHEST    56
 LOWEST     22
 AVERAGE    39

..........................................................


THE PASCO WA CLIMATE NORMALS FOR TOMORROW
                         NORMAL    RECORD    YEAR
 MAXIMUM TEMPERATURE (F)   93       110      1908
                                             1905
 MINIMUM TEMPERATURE (F)   57        46      1926


SUNRISE AND SUNSET
JULY 20 2017..........SUNRISE   525 AM PDT   SUNSET   840 PM PDT
JULY 21 2017..........SUNRISE   526 AM PDT   SUNSET   839 PM PDT


-  INDICATES NEGATIVE NUMBERS.
R  INDICATES RECORD WAS SET OR TIED.
MM INDICATES DATA IS MISSING.
T  INDICATES TRACE AMOUNT.




$$
