000
CDUS46 KPDT 180842
CLIPSC

CLIMATE REPORT
NATIONAL WEATHER SERVICE PENDLETON OR
1241 AM PST THU DEC 18 2014


...................................

...THE PASCO WA CLIMATE SUMMARY FOR DECEMBER 17 2014...

CLIMATE NORMAL PERIOD 1981 TO 2010
CLIMATE RECORD PERIOD 1948 TO 2014


WEATHER ITEM   OBSERVED TIME   RECORD YEAR NORMAL DEPARTURE LAST
                VALUE   (LST)  VALUE       VALUE  FROM      YEAR
                                                  NORMAL
..................................................................
TEMPERATURE (F)
 YESTERDAY
  MAXIMUM         40   1139 PM  58    2001  39      1       37
  MINIMUM         35    833 AM   4    2008  26      9       20
  AVERAGE         38                        32      6       29

PRECIPITATION (IN)
  YESTERDAY        T             0.52 1973   0.04  -0.04     0.00
  MONTH TO DATE    0.43                      0.54  -0.11     0.05
  SINCE OCT 1      1.65                      2.28  -0.63     0.49
  SINCE JAN 1      4.76                      8.16  -3.40     4.80

SNOWFALL (IN)
  YESTERDAY       MM
  SNOW DEPTH       0

DEGREE DAYS
 HEATING
  YESTERDAY       27                        33     -6       36
  MONTH TO DATE  498                       528    -30      681
  SINCE DEC 1    498                       528    -30      681
  SINCE JUL 1   1563                      1757   -194     2031

 COOLING
  YESTERDAY        0                         0      0        0
  MONTH TO DATE    0                         0      0        0
  SINCE DEC 1      0                         0      0        0
  SINCE JAN 1    991                       710    281      995
..................................................................


WIND (MPH)
  RESULTANT WIND SPEED   1   RESULTANT WIND DIRECTION  NE (40)
  HIGHEST WIND SPEED    10   HIGHEST WIND DIRECTION     N (10)
  HIGHEST GUST SPEED    13   HIGHEST GUST DIRECTION     N (10)


SKY COVER
  POSSIBLE SUNSHINE  MM
  AVERAGE SKY COVER 1.0


WEATHER CONDITIONS
 THE FOLLOWING WEATHER WAS RECORDED YESTERDAY.
  LIGHT RAIN
  FOG


RELATIVE HUMIDITY (PERCENT)
 HIGHEST   100
 LOWEST     85
 AVERAGE    93

..........................................................


THE PASCO WA CLIMATE NORMALS FOR TODAY
                         NORMAL    RECORD    YEAR
 MAXIMUM TEMPERATURE (F)   39        55      1999
 MINIMUM TEMPERATURE (F)   26         5      2005


SUNRISE AND SUNSET
DECEMBER 18 2014......SUNRISE   735 AM PST   SUNSET   412 PM PST
DECEMBER 19 2014......SUNRISE   735 AM PST   SUNSET   412 PM PST


-  INDICATES NEGATIVE NUMBERS.
R  INDICATES RECORD WAS SET OR TIED.
MM INDICATES DATA IS MISSING.
T  INDICATES TRACE AMOUNT.




$$
