000
CDUS46 KPDT 200834
CLIPSC

CLIMATE REPORT
NATIONAL WEATHER SERVICE PENDLETON OR
134 AM PDT SUN APR 20 2014


...................................

...THE PASCO WA CLIMATE SUMMARY FOR APRIL 19 2014...

CLIMATE NORMAL PERIOD 1981 TO 2010
CLIMATE RECORD PERIOD 1948 TO 2014


WEATHER ITEM   OBSERVED TIME   RECORD YEAR NORMAL DEPARTURE LAST
                VALUE   (LST)  VALUE       VALUE  FROM      YEAR
                                                  NORMAL
..................................................................
TEMPERATURE (F)
 YESTERDAY
  MAXIMUM         73    212 PM  83    2010  68      5       65
  MINIMUM         30    521 AM  28    2011  39     -9       51
  AVERAGE         52                        53     -1       58

PRECIPITATION (IN)
  YESTERDAY        0.00          0.91 1970   0.02  -0.02     0.11
  MONTH TO DATE    0.12                      0.44  -0.32     0.55
  SINCE OCT 1      2.44                      6.26  -3.82     4.62
  SINCE JAN 1      1.86                      3.31  -1.45     1.26

SNOWFALL (IN)
  YESTERDAY        0.0
  SNOW DEPTH       0

DEGREE DAYS
 HEATING
  YESTERDAY       13                        12      1        7
  MONTH TO DATE  198                       249    -51      256
  SINCE MAR 1    757                       827    -70      821
  SINCE JUL 1   4986                      4710    276     4439

 COOLING
  YESTERDAY        0                         0      0        0
  MONTH TO DATE    0                         0      0        0
  SINCE MAR 1      0                         0      0        0
  SINCE JAN 1      0                         0      0        0
..................................................................


WIND (MPH)
  RESULTANT WIND SPEED   9   RESULTANT WIND DIRECTION   W (260)
  HIGHEST WIND SPEED    33   HIGHEST WIND DIRECTION     W (280)
  HIGHEST GUST SPEED    40   HIGHEST GUST DIRECTION     W (250)


SKY COVER
  POSSIBLE SUNSHINE  MM
  AVERAGE SKY COVER 0.2


WEATHER CONDITIONS
 THE FOLLOWING WEATHER WAS RECORDED YESTERDAY.
  NO SIGNIFICANT WEATHER WAS OBSERVED.


RELATIVE HUMIDITY (PERCENT)
 HIGHEST   100
 LOWEST     25
 AVERAGE    63

..........................................................


THE PASCO WA CLIMATE NORMALS FOR TODAY
                         NORMAL    RECORD    YEAR
 MAXIMUM TEMPERATURE (F)   69        85      2009
 MINIMUM TEMPERATURE (F)   39        25      2011


SUNRISE AND SUNSET
APRIL 20 2014.........SUNRISE   601 AM PDT   SUNSET   751 PM PDT
APRIL 21 2014.........SUNRISE   559 AM PDT   SUNSET   752 PM PDT


-  INDICATES NEGATIVE NUMBERS.
R  INDICATES RECORD WAS SET OR TIED.
MM INDICATES DATA IS MISSING.
T  INDICATES TRACE AMOUNT.


$$
