000
CDUS46 KPDT 290050 RRA
CLIPSC

CLIMATE REPORT
NATIONAL WEATHER SERVICE PENDLETON OR
537 PM PDT SUN MAY 28 2017


...................................

...THE PASCO WA CLIMATE SUMMARY FOR MAY 28 2017...
VALID TODAY AS OF 0500 PM LOCAL TIME.

CLIMATE NORMAL PERIOD 1981 TO 2010
CLIMATE RECORD PERIOD 1948 TO 2017


WEATHER ITEM   OBSERVED TIME   RECORD YEAR NORMAL DEPARTURE LAST
                VALUE   (LST)  VALUE       VALUE  FROM      YEAR
                                                  NORMAL
..................................................................
TEMPERATURE (F)
 TODAY
  MAXIMUM         92    359 PM  96    2005  78     14       75
                                      1983
                                      1972
  MINIMUM         49    439 AM  37    1998  50     -1       47
  AVERAGE         71                        64      7       61

PRECIPITATION (IN)
  TODAY            0.00          0.31 2010   0.04  -0.04     0.00
  MONTH TO DATE    0.48                      0.64  -0.16     1.52
  SINCE OCT 1      9.44                      7.11   2.33     7.31
  SINCE JAN 1      5.67                      4.16   1.51     4.55

SNOWFALL (IN)
  TODAY            0.0
  SNOW DEPTH       0

DEGREE DAYS
 HEATING
  TODAY            0                         3     -3        4
  MONTH TO DATE  154                       157     -3       70
  SINCE MAR 1   1059                      1098    -39      791
  SINCE JUL 1   5381                      4981    400     4309

 COOLING
  TODAY            6                         2      4        0
  MONTH TO DATE   29                        26      3       28
  SINCE MAR 1     29                        27      2       32
  SINCE JAN 1     29                        27      2       32
..................................................................


WIND (MPH)
  RESULTANT WIND SPEED   2   RESULTANT WIND DIRECTION   N (340)
  HIGHEST WIND SPEED    12   HIGHEST WIND DIRECTION    NW (320)
  HIGHEST GUST SPEED    14   HIGHEST GUST DIRECTION    NW (320)


SKY COVER
  POSSIBLE SUNSHINE  MM
  AVERAGE SKY COVER 0.0


WEATHER CONDITIONS
THE FOLLOWING WEATHER WAS RECORDED TODAY.
  NO SIGNIFICANT WEATHER WAS OBSERVED.


RELATIVE HUMIDITY (PERCENT)
 HIGHEST    89
 LOWEST     21
 AVERAGE    55

..........................................................


THE PASCO WA CLIMATE NORMALS FOR TOMORROW
                         NORMAL    RECORD    YEAR
 MAXIMUM TEMPERATURE (F)   79       103      1983
 MINIMUM TEMPERATURE (F)   50        32      1922


SUNRISE AND SUNSET
MAY 28 2017...........SUNRISE   511 AM PDT   SUNSET   837 PM PDT
MAY 29 2017...........SUNRISE   510 AM PDT   SUNSET   838 PM PDT


-  INDICATES NEGATIVE NUMBERS.
R  INDICATES RECORD WAS SET OR TIED.
MM INDICATES DATA IS MISSING.
T  INDICATES TRACE AMOUNT.




$$
