000
CDUS46 KPDT 250033
CLIPSC

CLIMATE REPORT
NATIONAL WEATHER SERVICE PENDLETON OR
431 PM PST FRI FEB 24 2017


...................................

...THE PASCO WA CLIMATE SUMMARY FOR FEBRUARY 24 2017...
VALID TODAY AS OF 0400 PM LOCAL TIME.

CLIMATE NORMAL PERIOD 1981 TO 2010
CLIMATE RECORD PERIOD 1948 TO 2017


WEATHER ITEM   OBSERVED TIME   RECORD YEAR NORMAL DEPARTURE LAST
                VALUE   (LST)  VALUE       VALUE  FROM      YEAR
                                                  NORMAL
..................................................................
TEMPERATURE (F)
 TODAY
  MAXIMUM         46    345 PM  70    1995  52     -6       57
  MINIMUM         23    605 AM  11    1993  29     -6       29
  AVERAGE         35                        40     -5       43

PRECIPITATION (IN)
  TODAY            0.00          0.57 1994   0.02  -0.02     0.00
  MONTH TO DATE    1.50                      0.74   0.76     0.33
  SINCE OCT 1      6.22                      4.91   1.31     4.28
  SINCE JAN 1      2.45                      1.96   0.49     1.52

SNOWFALL (IN)
  TODAY            0.0
  SNOW DEPTH       0

DEGREE DAYS
 HEATING
  TODAY           30                        24      6       22
  MONTH TO DATE  786                       637    149      525
  SINCE DEC 1   3267                      2559    708     2324
  SINCE JUL 1   4213                      3788    425     3426

 COOLING
  TODAY            0                         0      0        0
  MONTH TO DATE    0                         0      0        0
  SINCE DEC 1      0                         0      0        0
  SINCE JAN 1      0                         0      0        0
..................................................................


WIND (MPH)
  RESULTANT WIND SPEED   2   RESULTANT WIND DIRECTION   S (180)
  HIGHEST WIND SPEED    12   HIGHEST WIND DIRECTION    SW (240)
  HIGHEST GUST SPEED    14   HIGHEST GUST DIRECTION     W (250)


SKY COVER
  POSSIBLE SUNSHINE  MM
  AVERAGE SKY COVER 0.1


WEATHER CONDITIONS
 THE FOLLOWING WEATHER WAS RECORDED TODAY.
  NO SIGNIFICANT WEATHER WAS OBSERVED.


RELATIVE HUMIDITY (PERCENT)
 HIGHEST    88
 LOWEST     40
 AVERAGE    64

..........................................................


THE PASCO WA CLIMATE NORMALS FOR TOMORROW
                         NORMAL    RECORD    YEAR
 MAXIMUM TEMPERATURE (F)   53        62      1995
 MINIMUM TEMPERATURE (F)   29         7      2011
                                             1993


SUNRISE AND SUNSET
FEBRUARY 24 2017......SUNRISE   644 AM PST   SUNSET   536 PM PST
FEBRUARY 25 2017......SUNRISE   642 AM PST   SUNSET   537 PM PST


-  INDICATES NEGATIVE NUMBERS.
R  INDICATES RECORD WAS SET OR TIED.
MM INDICATES DATA IS MISSING.
T  INDICATES TRACE AMOUNT.




$$
