000
CDUS46 KPDT 030908
CLIPSC

CLIMATE REPORT
NATIONAL WEATHER SERVICE PENDLETON OR
108 AM PST TUE MAR 3 2015


...................................

...THE PASCO WA CLIMATE SUMMARY FOR MARCH 2 2015...

CLIMATE NORMAL PERIOD 1981 TO 2010
CLIMATE RECORD PERIOD 1948 TO 2015


WEATHER ITEM   OBSERVED TIME   RECORD YEAR NORMAL DEPARTURE LAST
                VALUE   (LST)  VALUE       VALUE  FROM      YEAR
                                                  NORMAL
..................................................................
TEMPERATURE (F)
 YESTERDAY
  MAXIMUM         51   1157 AM  66    2010  54     -3       27
  MINIMUM         26    509 AM  11    1993  30     -4       25
  AVERAGE         39                        42     -3       26

PRECIPITATION (IN)
  YESTERDAY        0.00          0.29 1957   0.03  -0.03     0.11
  MONTH TO DATE    0.00                      0.06  -0.06     0.11
  SINCE OCT 1      3.60                      5.09  -1.49     1.67
  SINCE JAN 1      1.23                      2.14  -0.91     1.09

SNOWFALL (IN)
  YESTERDAY        0.0
  SNOW DEPTH       0

DEGREE DAYS
 HEATING
  YESTERDAY       26                        23      3       39
  MONTH TO DATE   56                        46     10       72
  SINCE MAR 1     56                        46     10       72
  SINCE JUL 1   3512                      3929   -417     4301

 COOLING
  YESTERDAY        0                         0      0        0
  MONTH TO DATE    0                         0      0        0
  SINCE MAR 1      0                         0      0        0
  SINCE JAN 1      0                         0      0        0
..................................................................


WIND (MPH)
  RESULTANT WIND SPEED   7   RESULTANT WIND DIRECTION   N (340)
  HIGHEST WIND SPEED    22   HIGHEST WIND DIRECTION     N (350)
  HIGHEST GUST SPEED    27   HIGHEST GUST DIRECTION     N (350)


SKY COVER
  POSSIBLE SUNSHINE  MM
  AVERAGE SKY COVER 0.6


WEATHER CONDITIONS
THE FOLLOWING WEATHER WAS RECORDED YESTERDAY.
  NO SIGNIFICANT WEATHER WAS OBSERVED.


RELATIVE HUMIDITY (PERCENT)
 HIGHEST    85
 LOWEST     33
 AVERAGE    59

..........................................................


THE PASCO WA CLIMATE NORMALS FOR TODAY
                         NORMAL    RECORD    YEAR
 MAXIMUM TEMPERATURE (F)   55        67      1994
 MINIMUM TEMPERATURE (F)   30        11      1989


SUNRISE AND SUNSET
MARCH  3 2015.........SUNRISE   632 AM PST   SUNSET   545 PM PST
MARCH  4 2015.........SUNRISE   630 AM PST   SUNSET   547 PM PST


-  INDICATES NEGATIVE NUMBERS.
R  INDICATES RECORD WAS SET OR TIED.
MM INDICATES DATA IS MISSING.
T  INDICATES TRACE AMOUNT.

$$
