749
CDUS46 KPDT 290833
CLIPSC

CLIMATE REPORT
NATIONAL WEATHER SERVICE PENDLETON OR
131 AM PDT SUN MAY 29 2016


...................................

...THE PASCO WA CLIMATE SUMMARY FOR MAY 28 2016...

CLIMATE NORMAL PERIOD 1981 TO 2010
CLIMATE RECORD PERIOD 1948 TO 2016


WEATHER ITEM   OBSERVED TIME   RECORD YEAR NORMAL DEPARTURE LAST
                VALUE   (LST)  VALUE       VALUE  FROM      YEAR
                                                  NORMAL
..................................................................
TEMPERATURE (F)
 YESTERDAY
  MAXIMUM         75    549 PM  96    2005  78     -3       89
  MINIMUM         47    134 AM  40    1998  50     -3       52
  AVERAGE         61                        64     -3       71

PRECIPITATION (IN)
  YESTERDAY        0.00          0.31 2010   0.04  -0.04     0.00
  MONTH TO DATE    1.52                      0.64   0.88     1.28
  SINCE OCT 1      7.31                      7.11   0.20     5.57
  SINCE JAN 1      4.55                      4.16   0.39     3.20

SNOWFALL (IN)
  YESTERDAY        0.0
  SNOW DEPTH       0

DEGREE DAYS
 HEATING
  YESTERDAY        4                         3      1        0
  MONTH TO DATE   70                       157    -87      107
  SINCE MAR 1    791                      1098   -307      935
  SINCE JUL 1   4309                      4981   -672     4391

 COOLING
  YESTERDAY        0                         2     -2        6
  MONTH TO DATE   28                        26      2       51
  SINCE MAR 1     32                        27      5       51
  SINCE JAN 1     32                        27      5       51
..................................................................


WIND (MPH)
  RESULTANT WIND SPEED   3   RESULTANT WIND DIRECTION   S (180)
  HIGHEST WIND SPEED    14   HIGHEST WIND DIRECTION    SW (220)
  HIGHEST GUST SPEED    17   HIGHEST GUST DIRECTION     S (190)


SKY COVER
  POSSIBLE SUNSHINE  MM
  AVERAGE SKY COVER 0.0


WEATHER CONDITIONS
 THE FOLLOWING WEATHER WAS RECORDED YESTERDAY.
  NO SIGNIFICANT WEATHER WAS OBSERVED.


RELATIVE HUMIDITY (PERCENT)
 HIGHEST    66
 LOWEST     25
 AVERAGE    46

..........................................................


THE PASCO WA CLIMATE NORMALS FOR TODAY
                         NORMAL    RECORD    YEAR
 MAXIMUM TEMPERATURE (F)   79        96      2009
 MINIMUM TEMPERATURE (F)   50        39      2007
                                             2001


SUNRISE AND SUNSET
MAY 29 2016...........SUNRISE   510 AM PDT   SUNSET   839 PM PDT
MAY 30 2016...........SUNRISE   509 AM PDT   SUNSET   840 PM PDT


-  INDICATES NEGATIVE NUMBERS.
R  INDICATES RECORD WAS SET OR TIED.
MM INDICATES DATA IS MISSING.
T  INDICATES TRACE AMOUNT.

$$
