000
CDUS41 KALY 190627
CLIPSF


CLIMATE REPORT
NATIONAL WEATHER SERVICE ALBANY NY
127 AM EST FRI DEC 19 2014


...................................

...THE PITTSFIELD MA CLIMATE SUMMARY FOR DECEMBER 18 2014...

CLIMATE NORMAL PERIOD 1981 TO 2010
CLIMATE RECORD PERIOD 9999 TO 9999


WEATHER ITEM   OBSERVED TIME   NORMAL DEPARTURE LAST
                VALUE   (LST)  VALUE  FROM      YEAR
                                      NORMAL
......................................................
TEMPERATURE (F)
 YESTERDAY
  MAXIMUM         32    211 PM  33     -1       26
  MINIMUM         29   1159 PM  19     10       15
  AVERAGE         31            26      5       21

PRECIPITATION (IN)
  YESTERDAY        0.02          0.08  -0.06      T
  MONTH TO DATE    2.53          1.76   0.77     1.13
  SINCE DEC 1      2.53          1.76   0.77     1.13
  SINCE JAN 1     42.95         44.14  -1.19    37.94

DEGREE DAYS
 HEATING
  YESTERDAY       34            39     -5       44
  MONTH TO DATE  636           648    -12      717
  SINCE DEC 1    636           648    -12      717
  SINCE JUL 1   2258          2299    -41     2397

 COOLING
  YESTERDAY        0             0      0        0
  MONTH TO DATE    0             0      0        0
  SINCE DEC 1      0             0      0        0
  SINCE JAN 1    238           290    -52      433
......................................................


WIND (MPH)
  HIGHEST WIND SPEED    28   HIGHEST WIND DIRECTION     W (290)
  HIGHEST GUST SPEED    36   HIGHEST GUST DIRECTION    NW (300)
  AVERAGE WIND SPEED    15.3


SKY COVER
  AVERAGE SKY COVER 0.9



RELATIVE HUMIDITY (PERCENT)
 HIGHEST    92
 LOWEST     78
 AVERAGE    85

..........................................................


THE PITTSFIELD MA CLIMATE NORMALS FOR TODAY
                         NORMAL
 MAXIMUM TEMPERATURE (F)   33
 MINIMUM TEMPERATURE (F)   18


SUNRISE AND SUNSET
DECEMBER 19 2014......SUNRISE   718 AM EST   SUNSET   422 PM EST
DECEMBER 20 2014......SUNRISE   719 AM EST   SUNSET   423 PM EST


-  INDICATES NEGATIVE NUMBERS.
R  INDICATES RECORD WAS SET OR TIED.
MM INDICATES DATA IS MISSING.
T  INDICATES TRACE AMOUNT.




$$
