000
CDUS41 KALY 282039
CLIPSF


CLIMATE REPORT
NATIONAL WEATHER SERVICE ALBANY NY
439 PM EDT WED SEP 28 2016


...................................

...THE PITTSFIELD MA CLIMATE SUMMARY FOR SEPTEMBER 28 2016...
VALID TODAY AS OF 0400 PM LOCAL TIME.

CLIMATE NORMAL PERIOD 1981 TO 2010
CLIMATE RECORD PERIOD 9999 TO 9999


WEATHER ITEM   OBSERVED TIME   NORMAL DEPARTURE LAST
                VALUE   (LST)  VALUE  FROM      YEAR
                                      NORMAL
......................................................
TEMPERATURE (F)
 TODAY
  MAXIMUM         60   1127 AM  64     -4       74
  MINIMUM         43    445 AM  43      0       46
  AVERAGE         52            54     -2       60

PRECIPITATION (IN)
  TODAY            0.00          0.17  -0.17     0.00
  MONTH TO DATE    1.83          3.61  -1.78     2.07
  SINCE SEP 1      1.83          3.61  -1.78     2.07
  SINCE JAN 1     25.20         33.39  -8.19    29.31

DEGREE DAYS
 HEATING
  TODAY           13            12      1        5
  MONTH TO DATE  108           190    -82       91
  SINCE SEP 1    108           190    -82       91
  SINCE JUL 1    132           268   -136      119

 COOLING
  TODAY            0             0      0        0
  MONTH TO DATE   50            16     34       50
  SINCE SEP 1     50            16     34       50
  SINCE JAN 1    431           286    145      358
......................................................


WIND (MPH)
  HIGHEST WIND SPEED    15   HIGHEST WIND DIRECTION    NE (60)
  HIGHEST GUST SPEED    21   HIGHEST GUST DIRECTION    NE (50)
  AVERAGE WIND SPEED     3.9


SKY COVER
  AVERAGE SKY COVER 0.8



RELATIVE HUMIDITY (PERCENT)
 HIGHEST   100
 LOWEST     72
 AVERAGE    86

..........................................................


THE PITTSFIELD MA CLIMATE NORMALS FOR TOMORROW
                         NORMAL
 MAXIMUM TEMPERATURE (F)   64
 MINIMUM TEMPERATURE (F)   43


SUNRISE AND SUNSET
SEPTEMBER 28 2016.....SUNRISE   647 AM EDT   SUNSET   639 PM EDT
SEPTEMBER 29 2016.....SUNRISE   649 AM EDT   SUNSET   637 PM EDT


-  INDICATES NEGATIVE NUMBERS.
R  INDICATES RECORD WAS SET OR TIED.
MM INDICATES DATA IS MISSING.
T  INDICATES TRACE AMOUNT.




$$
