036
CDUS41 KALY 190633
CLIPSF


CLIMATE REPORT
NATIONAL WEATHER SERVICE ALBANY NY
233 AM EDT SAT AUG 19 2017


...................................

...THE PITTSFIELD MA CLIMATE SUMMARY FOR AUGUST 18 2017...

CLIMATE NORMAL PERIOD 1981 TO 2010
CLIMATE RECORD PERIOD 9999 TO 9999


WEATHER ITEM   OBSERVED TIME   NORMAL DEPARTURE LAST
                VALUE   (LST)  VALUE  FROM      YEAR
                                      NORMAL
......................................................
TEMPERATURE (F)
 YESTERDAY
  MAXIMUM         75    620 PM  77     -2       82
  MINIMUM         62    311 AM  56      6       59
  AVERAGE         69            67      2       71

PRECIPITATION (IN)
  YESTERDAY        0.13          0.13   0.00     0.00
  MONTH TO DATE    2.77          2.44   0.33     1.83
  SINCE JUN 1     10.19         11.09  -0.90     8.48
  SINCE JAN 1     28.97         28.13   0.84    22.58

DEGREE DAYS
 HEATING
  YESTERDAY        0             1     -1        0
  MONTH TO DATE   12            18     -6        0
  SINCE JUN 1    141           150     -9       87
  SINCE JUL 1     35            49    -14       11

 COOLING
  YESTERDAY        4             3      1        6
  MONTH TO DATE   48            66    -18      107
  SINCE JUN 1    236           230      6      301
  SINCE JAN 1    250           243      7      342
......................................................


WIND (MPH)
  HIGHEST WIND SPEED    15   HIGHEST WIND DIRECTION     S (170)
  HIGHEST GUST SPEED    21   HIGHEST GUST DIRECTION     S (180)
  AVERAGE WIND SPEED     6.2


SKY COVER
  AVERAGE SKY COVER 0.8



RELATIVE HUMIDITY (PERCENT)
 HIGHEST    93
 LOWEST     84
 AVERAGE    89

..........................................................


THE PITTSFIELD MA CLIMATE NORMALS FOR TODAY
                         NORMAL
 MAXIMUM TEMPERATURE (F)   77
 MINIMUM TEMPERATURE (F)   56


SUNRISE AND SUNSET
AUGUST 19 2017........SUNRISE   605 AM EDT   SUNSET   748 PM EDT
AUGUST 20 2017........SUNRISE   606 AM EDT   SUNSET   746 PM EDT


-  INDICATES NEGATIVE NUMBERS.
R  INDICATES RECORD WAS SET OR TIED.
MM INDICATES DATA IS MISSING.
T  INDICATES TRACE AMOUNT.




$$
