000
CDUS46 KSGX 281417
CLIPSP


CLIMATE REPORT
NATIONAL WEATHER SERVICE SAN DIEGO, CA
617 AM PST FRI NOV 28 2014


...................................

...THE PALM SPRINGS INTL AIRPORT CA CLIMATE SUMMARY FOR NOVEMBER 27 2014...

CLIMATE NORMAL PERIOD 1981 TO 2010
CLIMATE RECORD PERIOD 1893 TO 2014


WEATHER ITEM   OBSERVED TIME   RECORD YEAR NORMAL DEPARTURE LAST
                VALUE   (LST)  VALUE       VALUE  FROM      YEAR
                                                  NORMAL
..................................................................
TEMPERATURE (F)
 YESTERDAY
  MAXIMUM         84    214 PM  92    1954  72     12       73
  MINIMUM         46    625 AM  34    1983  48     -2       53
  AVERAGE         65                        60      5       63

PRECIPITATION (IN)
  YESTERDAY        0.00          0.67 1926   0.02  -0.02     0.00
  MONTH TO DATE    0.07                      0.46  -0.39     0.10
  SINCE JUL 1      1.26                      1.85  -0.59     1.25
  SINCE JAN 1      2.01                      4.79  -2.78     2.22

SNOWFALL (IN)
  YESTERDAY        0.0
  MONTH TO DATE    0.0
  SINCE JAN 1      0.0
  SINCE JUL 1      0.0
  SNOW DEPTH       0

DEGREE DAYS
 HEATING
  YESTERDAY        0                         6     -6        2
  MONTH TO DATE   26                        73    -47       41
  SINCE SEP 1     26                        77    -51       51
  SINCE JUL 1     26                        77    -51       51

 COOLING
  YESTERDAY        0                         1     -1        0
  MONTH TO DATE   68                        75     -7       69
  SINCE SEP 1   1323                      1053    270     1010
  SINCE JAN 1   4920                      4137    783     4506
..................................................................


WIND (MPH)
  RESULTANT WIND SPEED   2   RESULTANT WIND DIRECTION   N (340)
  HIGHEST WIND SPEED    10   HIGHEST WIND DIRECTION     N (340)
  HIGHEST GUST SPEED    11   HIGHEST GUST DIRECTION    NW (330)
  AVERAGE WIND SPEED     3.7


SKY COVER
  POSSIBLE SUNSHINE  MM
  AVERAGE SKY COVER 0.0


WEATHER CONDITIONS
 THE FOLLOWING WEATHER WAS RECORDED YESTERDAY.
  NO SIGNIFICANT WEATHER WAS OBSERVED.


RELATIVE HUMIDITY (PERCENT)
 HIGHEST    54           500 AM
 LOWEST      9          1200 PM
 AVERAGE    32

..........................................................


THE PALM SPRINGS INTL AIRPORT CA CLIMATE NORMALS FOR TODAY
                         NORMAL    RECORD    YEAR
 MAXIMUM TEMPERATURE (F)   71        90      1953
 MINIMUM TEMPERATURE (F)   47        33      1952


SUNRISE AND SUNSET
NOVEMBER 28 2014......SUNRISE   630 AM PST   SUNSET   438 PM PST
NOVEMBER 29 2014......SUNRISE   631 AM PST   SUNSET   437 PM PST


-  INDICATES NEGATIVE NUMBERS.
R  INDICATES RECORD WAS SET OR TIED.
MM INDICATES DATA IS MISSING.
T  INDICATES TRACE AMOUNT.




$$
