000
CDUS46 KSGX 251440
CLIPSP


CLIMATE REPORT
NATIONAL WEATHER SERVICE SAN DIEGO, CA
740 AM PDT MON JUL 25 2016


...................................

...THE PALM SPRINGS INTL AIRPORT CA CLIMATE SUMMARY FOR JULY 24 2016...

CLIMATE NORMAL PERIOD 1981 TO 2010
CLIMATE RECORD PERIOD 1893 TO 2016


WEATHER ITEM   OBSERVED TIME   RECORD YEAR NORMAL DEPARTURE LAST
                VALUE   (LST)  VALUE       VALUE  FROM      YEAR
                                                  NORMAL
..................................................................
TEMPERATURE (F)
 YESTERDAY
  MAXIMUM        108    402 PM 120    1928 108      0      107
  MINIMUM         86    604 AM  62    1958  78      8       74
  AVERAGE         97                        93      4       91

PRECIPITATION (IN)
  YESTERDAY        0.00          0.15 1952   0.01  -0.01     0.00
  MONTH TO DATE    0.00                      0.13  -0.13     0.42
  SINCE OCT 1      2.63                      4.92  -2.29     2.63
  SINCE JAN 1      2.44                      3.07  -0.63     1.76

DEGREE DAYS
 HEATING
  YESTERDAY        0                         0      0        0
  MONTH TO DATE    0                         0      0        0
  SINCE JUN 1      0                         0      0        0
  SINCE JUL 1      0                         0      0        0

 COOLING
  YESTERDAY       32                        28      4       26
  MONTH TO DATE  709                       652     57      603
  SINCE JUN 1   1512                      1299    213     1389
  SINCE JAN 1   2509                      2058    451     2454
..................................................................


WIND (MPH)
  RESULTANT WIND SPEED   5   RESULTANT WIND DIRECTION   E (100)
  HIGHEST WIND SPEED    20   HIGHEST WIND DIRECTION     E (110)
  HIGHEST GUST SPEED    25   HIGHEST GUST DIRECTION     E (100)
  AVERAGE WIND SPEED     6.8


SKY COVER
  POSSIBLE SUNSHINE  MM
  AVERAGE SKY COVER 0.0


WEATHER CONDITIONS
 THE FOLLOWING WEATHER WAS RECORDED YESTERDAY.
  NO SIGNIFICANT WEATHER WAS OBSERVED.


RELATIVE HUMIDITY (PERCENT)
 HIGHEST    52           800 AM
 LOWEST     18           800 PM
 AVERAGE    35

..........................................................


THE PALM SPRINGS INTL AIRPORT CA CLIMATE NORMALS FOR TODAY
                         NORMAL    RECORD    YEAR
 MAXIMUM TEMPERATURE (F)  108       119      1943
 MINIMUM TEMPERATURE (F)   78        65      1958
                                             1935


SUNRISE AND SUNSET
JULY 25 2016..........SUNRISE   553 AM PDT   SUNSET   751 PM PDT
JULY 26 2016..........SUNRISE   554 AM PDT   SUNSET   751 PM PDT


-  INDICATES NEGATIVE NUMBERS.
R  INDICATES RECORD WAS SET OR TIED.
MM INDICATES DATA IS MISSING.
T  INDICATES TRACE AMOUNT.




$$
