000
CDUS46 KSGX 240017
CLIPSP


CLIMATE REPORT
NATIONAL WEATHER SERVICE SAN DIEGO, CA
517 PM PDT SAT SEP 23 2017


...................................

...THE PALM SPRINGS INTL AIRPORT CA CLIMATE SUMMARY FOR SEPTEMBER 23 2017...
VALID TODAY AS OF 0500 PM LOCAL TIME.

CLIMATE NORMAL PERIOD 1981 TO 2010
CLIMATE RECORD PERIOD 1893 TO 2017


WEATHER ITEM   OBSERVED TIME   RECORD YEAR NORMAL DEPARTURE LAST
                VALUE   (LST)  VALUE       VALUE  FROM      YEAR
                                                  NORMAL
..................................................................
TEMPERATURE (F)
 TODAY
  MAXIMUM         87    310 PM 113    1966  98    -11       88
  MINIMUM         62    540 AM  47    1941  70     -8       63
  AVERAGE         75                        84     -9       76

PRECIPITATION (IN)
  TODAY            0.00          0.28 1976   0.00   0.00     0.00
  MONTH TO DATE    1.20                      0.33   0.87     0.92
  SINCE OCT 1      8.96                      5.71   3.25     3.55
  SINCE JAN 1      7.17                      3.86   3.31     3.36

DEGREE DAYS
 HEATING
  TODAY            0                         0      0        0
  MONTH TO DATE    0                         0      0        0
  SINCE SEP 1      0                         0      0        0
  SINCE JUL 1      0                         0      0        0

 COOLING
  TODAY           10                        19     -9       11
  MONTH TO DATE  511                       520     -9      446
  SINCE SEP 1    511                       520     -9      446
  SINCE JAN 1   4394                      3604    790     4101
..................................................................


WIND (MPH)
  RESULTANT WIND SPEED   5   RESULTANT WIND DIRECTION  NW (310)
  HIGHEST WIND SPEED    20   HIGHEST WIND DIRECTION    NW (310)
  HIGHEST GUST SPEED    26   HIGHEST GUST DIRECTION    NW (310)
  AVERAGE WIND SPEED     8.5


SKY COVER
  POSSIBLE SUNSHINE  MM
  AVERAGE SKY COVER 0.0


WEATHER CONDITIONS
 THE FOLLOWING WEATHER WAS RECORDED TODAY.
  NO SIGNIFICANT WEATHER WAS OBSERVED.


RELATIVE HUMIDITY (PERCENT)
 HIGHEST    56           500 AM
 LOWEST     12           200 PM
 AVERAGE    34

..........................................................


THE PALM SPRINGS INTL AIRPORT CA CLIMATE NORMALS FOR TOMORROW
                         NORMAL    RECORD    YEAR
 MAXIMUM TEMPERATURE (F)   97       113      1947
 MINIMUM TEMPERATURE (F)   70        48      1941


SUNRISE AND SUNSET
SEPTEMBER 23 2017.....SUNRISE   635 AM PDT   SUNSET   641 PM PDT
SEPTEMBER 24 2017.....SUNRISE   636 AM PDT   SUNSET   639 PM PDT


-  INDICATES NEGATIVE NUMBERS.
R  INDICATES RECORD WAS SET OR TIED.
MM INDICATES DATA IS MISSING.
T  INDICATES TRACE AMOUNT.




$$
