000
CDUS46 KSGX 241427
CLIPSP


CLIMATE REPORT
NATIONAL WEATHER SERVICE SAN DIEGO, CA
726 AM PDT FRI MAR 24 2017


...................................

...THE PALM SPRINGS INTL AIRPORT CA CLIMATE SUMMARY FOR MARCH 23 2017...

CLIMATE NORMAL PERIOD 1981 TO 2010
CLIMATE RECORD PERIOD 1893 TO 2017


WEATHER ITEM   OBSERVED TIME   RECORD YEAR NORMAL DEPARTURE LAST
                VALUE   (LST)  VALUE       VALUE  FROM      YEAR
                                                  NORMAL
..................................................................
TEMPERATURE (F)
 YESTERDAY
  MAXIMUM         78    316 PM  98    1956  80     -2       77
  MINIMUM         58    603 AM  36    1935  54      4       59
  AVERAGE         68                        67      1       68

PRECIPITATION (IN)
  YESTERDAY        0.00          0.65 1964   0.00   0.00     0.00
  MONTH TO DATE    0.00                      0.56  -0.56     0.02
  SINCE OCT 1      6.97                      4.44   2.53     2.47
  SINCE JAN 1      5.18                      2.59   2.59     2.28

DEGREE DAYS
 HEATING
  YESTERDAY        0                         2     -2        0
  MONTH TO DATE   19                        62    -43       16
  SINCE MAR 1     19                        62    -43       16
  SINCE JUL 1    679                       840   -161      726

 COOLING
  YESTERDAY        3                         4     -1        3
  MONTH TO DATE  193                        59    134      155
  SINCE MAR 1    193                        59    134      155
  SINCE JAN 1    238                        86    152      305
..................................................................


WIND (MPH)
  RESULTANT WIND SPEED   7   RESULTANT WIND DIRECTION  NW (310)
  HIGHEST WIND SPEED    24   HIGHEST WIND DIRECTION    NW (320)
  HIGHEST GUST SPEED    33   HIGHEST GUST DIRECTION    NW (300)
  AVERAGE WIND SPEED    11.6


SKY COVER
  POSSIBLE SUNSHINE  MM
  AVERAGE SKY COVER 0.0


WEATHER CONDITIONS
 THE FOLLOWING WEATHER WAS RECORDED YESTERDAY.
  NO SIGNIFICANT WEATHER WAS OBSERVED.


RELATIVE HUMIDITY (PERCENT)
 HIGHEST    47           700 AM
 LOWEST     20           100 PM
 AVERAGE    34

..........................................................


THE PALM SPRINGS INTL AIRPORT CA CLIMATE NORMALS FOR TODAY
                         NORMAL    RECORD    YEAR
 MAXIMUM TEMPERATURE (F)   80       100      1940
 MINIMUM TEMPERATURE (F)   54        34      1933
                                             1929


SUNRISE AND SUNSET
MARCH 24 2017.........SUNRISE   644 AM PDT   SUNSET   701 PM PDT
MARCH 25 2017.........SUNRISE   642 AM PDT   SUNSET   702 PM PDT


-  INDICATES NEGATIVE NUMBERS.
R  INDICATES RECORD WAS SET OR TIED.
MM INDICATES DATA IS MISSING.
T  INDICATES TRACE AMOUNT.




$$
