000
CDUS45 KPUB 231043
CLIPUB


CLIMATE REPORT
NATIONAL WEATHER SERVICE PUEBLO
443 AM MDT TUE MAY 23 2017


...................................

...THE PUEBLO CO CLIMATE SUMMARY FOR MAY 22 2017...

CLIMATE NORMAL PERIOD 1981 TO 2010
CLIMATE RECORD PERIOD 1888 TO 2017


WEATHER ITEM   OBSERVED TIME   RECORD YEAR NORMAL DEPARTURE LAST
                VALUE   (LST)  VALUE       VALUE  FROM      YEAR
                                                  NORMAL
..................................................................
TEMPERATURE (F)
 YESTERDAY
  MAXIMUM         71    440 PM  95    2012  79     -8       88
  MINIMUM         47   1018 PM  32    1931  46      1       59
  AVERAGE         59                        62     -3       74

PRECIPITATION (IN)
  YESTERDAY        0.23          0.92 1938   0.04   0.19     0.00
  MONTH TO DATE    2.93                      1.07   1.86     0.78
  SINCE MAR 1      8.07                      3.40   4.67     4.33
  SINCE JAN 1      8.99                      4.05   4.94     5.19

SNOWFALL (IN)
  YESTERDAY        0.0           0.0  2002   0.0    0.0      0.0
                                      2001
  MONTH TO DATE    T                         0.5   -0.5      0.0
  SINCE MAR 1     14.0                      10.0    4.0      7.2
  SINCE JUL 1     28.2                      31.8   -3.6     31.4
  SNOW DEPTH       0

DEGREE DAYS
 HEATING
  YESTERDAY        6                         4      2        0
  MONTH TO DATE  168                       145     23      132
  SINCE MAR 1   1012                      1282   -270     1096
  SINCE JUL 1   4512                      5585  -1073     4605

 COOLING
  YESTERDAY        0                         1     -1        9
  MONTH TO DATE    4                        13     -9       22
  SINCE MAR 1      4                        15    -11       22
  SINCE JAN 1      4                        15    -11       22
..................................................................


WIND (MPH)
  HIGHEST WIND SPEED    43   HIGHEST WIND DIRECTION     N (10)
  HIGHEST GUST SPEED    53   HIGHEST GUST DIRECTION     N (20)
  AVERAGE WIND SPEED    12.1


SKY COVER
  POSSIBLE SUNSHINE  MM
  AVERAGE SKY COVER 0.7


WEATHER CONDITIONS
 THE FOLLOWING WEATHER WAS RECORDED YESTERDAY.
  LIGHT RAIN


RELATIVE HUMIDITY (PERCENT)
 HIGHEST    86           600 AM
 LOWEST     31           500 PM
 AVERAGE    59

..........................................................


THE PUEBLO CO CLIMATE NORMALS FOR TODAY
                         NORMAL    RECORD    YEAR
 MAXIMUM TEMPERATURE (F)   79       100      2000
 MINIMUM TEMPERATURE (F)   46        32      1893


SUNRISE AND SUNSET
MAY 23 2017...........SUNRISE   541 AM MDT   SUNSET   809 PM MDT
MAY 24 2017...........SUNRISE   540 AM MDT   SUNSET   810 PM MDT


-  INDICATES NEGATIVE NUMBERS.
R  INDICATES RECORD WAS SET OR TIED.
MM INDICATES DATA IS MISSING.
T  INDICATES TRACE AMOUNT.




$$
