000
CDUS45 KPUB 310019
CLIPUB


CLIMATE REPORT
NATIONAL WEATHER SERVICE PUEBLO
619 PM MDT SUN AUG 30 2015


...................................

...THE PUEBLO CO CLIMATE SUMMARY FOR AUGUST 30 2015...
VALID TODAY AS OF 0500 PM LOCAL TIME.

CLIMATE NORMAL PERIOD 1981 TO 2010
CLIMATE RECORD PERIOD 1888 TO 2015


WEATHER ITEM   OBSERVED TIME   RECORD YEAR NORMAL DEPARTURE LAST
                VALUE   (LST)  VALUE       VALUE  FROM      YEAR
                                                  NORMAL
..................................................................
TEMPERATURE (F)
 TODAY
  MAXIMUM         98    148 PM 102    1990  87     11       91
  MINIMUM         57    541 AM  43    1944  55      2       53
  AVERAGE         78                        71      7       72

PRECIPITATION (IN)
  TODAY            0.00          0.73 1974   0.06  -0.06     0.00
  MONTH TO DATE    4.24                      2.26   1.98     1.26
  SINCE JUN 1      6.10                      5.68   0.42     5.40
  SINCE JAN 1     15.02                     10.17   4.85     9.60

SNOWFALL (IN)
  TODAY            0.0           0.0  2002   0.0    0.0      0.0
  MONTH TO DATE    0.0                       0.0    0.0       T
  SINCE JUN 1      0.0                       0.0    0.0       T
  SINCE JUL 1      0.0                       0.0    0.0       T
  SNOW DEPTH       0

DEGREE DAYS
 HEATING
  TODAY            0                         0      0        0
  MONTH TO DATE    0                         0      0        0
  SINCE JUN 1      0                        26    -26        4
  SINCE JUL 1      0                         1     -1        1

 COOLING
  TODAY           13                         6      7        7
  MONTH TO DATE  386                       259    127      252
  SINCE JUN 1   1029                       770    259      813
  SINCE JAN 1   1033                       804    229      865
..................................................................


WIND (MPH)
  HIGHEST WIND SPEED    22   HIGHEST WIND DIRECTION    SE (130)
  HIGHEST GUST SPEED    25   HIGHEST GUST DIRECTION    SE (130)
  AVERAGE WIND SPEED     6.4


SKY COVER
  POSSIBLE SUNSHINE  MM
  AVERAGE SKY COVER 0.0


WEATHER CONDITIONS
 THE FOLLOWING WEATHER WAS RECORDED TODAY.
  NO SIGNIFICANT WEATHER WAS OBSERVED.


RELATIVE HUMIDITY (PERCENT)
 HIGHEST    62           600 AM
 LOWEST     14           200 PM
 AVERAGE    38

..........................................................


THE PUEBLO CO CLIMATE NORMALS FOR TOMORROW
                         NORMAL    RECORD    YEAR
 MAXIMUM TEMPERATURE (F)   87       101      1985
 MINIMUM TEMPERATURE (F)   54        42      1993


SUNRISE AND SUNSET
AUGUST 30 2015........SUNRISE   626 AM MDT   SUNSET   731 PM MDT
AUGUST 31 2015........SUNRISE   627 AM MDT   SUNSET   730 PM MDT


-  INDICATES NEGATIVE NUMBERS.
R  INDICATES RECORD WAS SET OR TIED.
MM INDICATES DATA IS MISSING.
T  INDICATES TRACE AMOUNT.




$$
