000
CDUS45 KPUB 231052
CLIPUB


CLIMATE REPORT
NATIONAL WEATHER SERVICE PUEBLO
451 AM MDT WED AUG 23 2017


...................................

...THE PUEBLO CO CLIMATE SUMMARY FOR AUGUST 22 2017...

CLIMATE NORMAL PERIOD 1981 TO 2010
CLIMATE RECORD PERIOD 1888 TO 2017


WEATHER ITEM   OBSERVED TIME   RECORD YEAR NORMAL DEPARTURE LAST
                VALUE   (LST)  VALUE       VALUE  FROM      YEAR
                                                  NORMAL
..................................................................
TEMPERATURE (F)
 YESTERDAY
  MAXIMUM         83    338 PM 100    2015  89     -6       94
                                      2003
  MINIMUM         59   1159 PM  47    1920  57      2       56
  AVERAGE         71                        73     -2       75

PRECIPITATION (IN)
  YESTERDAY        0.00          1.00 1896   0.07  -0.07     0.00
  MONTH TO DATE    0.34                      1.77  -1.43     1.17
  SINCE JUN 1      4.99                      5.19  -0.20     3.00
  SINCE JAN 1     14.05                      9.68   4.37    10.17

SNOWFALL (IN)
  YESTERDAY        0.0           0.0  2002   0.0    0.0      0.0
  MONTH TO DATE    0.0                       0.0    0.0       T
  SINCE JUN 1      0.0                       0.0    0.0       T
  SINCE JUL 1      0.0                       0.0    0.0       T
  SNOW DEPTH       0

DEGREE DAYS
 HEATING
  YESTERDAY        0                         0      0        0
  MONTH TO DATE    0                         0      0        0
  SINCE JUN 1      5                        26    -21        1
  SINCE JUL 1      0                         1     -1        0

 COOLING
  YESTERDAY        6                         8     -2       10
  MONTH TO DATE  171                       202    -31      254
  SINCE JUN 1    806                       713     93     1077
  SINCE JAN 1    816                       747     69     1107
..................................................................


WIND (MPH)
  HIGHEST WIND SPEED    18   HIGHEST WIND DIRECTION     S (190)
  HIGHEST GUST SPEED    25   HIGHEST GUST DIRECTION     S (170)
  AVERAGE WIND SPEED     6.7


SKY COVER
  POSSIBLE SUNSHINE  MM
  AVERAGE SKY COVER 0.3


WEATHER CONDITIONS
 THE FOLLOWING WEATHER WAS RECORDED YESTERDAY.
  NO SIGNIFICANT WEATHER WAS OBSERVED.


RELATIVE HUMIDITY (PERCENT)
 HIGHEST    81           700 AM
 LOWEST     39           300 PM
 AVERAGE    60

..........................................................


THE PUEBLO CO CLIMATE NORMALS FOR TODAY
                         NORMAL    RECORD    YEAR
 MAXIMUM TEMPERATURE (F)   89       101      2009
 MINIMUM TEMPERATURE (F)   57        47      1993
                                             1891
                                             1888


SUNRISE AND SUNSET
AUGUST 23 2017........SUNRISE   620 AM MDT   SUNSET   740 PM MDT
AUGUST 24 2017........SUNRISE   621 AM MDT   SUNSET   739 PM MDT


-  INDICATES NEGATIVE NUMBERS.
R  INDICATES RECORD WAS SET OR TIED.
MM INDICATES DATA IS MISSING.
T  INDICATES TRACE AMOUNT.




$$
