779
CDUS45 KPUB 211133
CLIPUB


CLIMATE REPORT
NATIONAL WEATHER SERVICE PUEBLO
433 AM MST SAT JAN 21 2017


...................................

...THE PUEBLO CO CLIMATE SUMMARY FOR JANUARY 20 2017...

CLIMATE NORMAL PERIOD 1981 TO 2010
CLIMATE RECORD PERIOD 1888 TO 2017


WEATHER ITEM   OBSERVED TIME   RECORD YEAR NORMAL DEPARTURE LAST
                VALUE   (LST)  VALUE       VALUE  FROM      YEAR
                                                  NORMAL
..................................................................
TEMPERATURE (F)
 YESTERDAY
  MAXIMUM         47    135 AM  78    1971  47      0       59
  MINIMUM         27   1157 PM -13    1984  14     13       23
  AVERAGE         37                        31      6       41

PRECIPITATION (IN)
  YESTERDAY        T             0.58 1945   0.01  -0.01      T
  MONTH TO DATE    0.73                      0.22   0.51     0.41
  SINCE DEC 1      1.49                      0.60   0.89     0.81
  SINCE JAN 1      0.73                      0.22   0.51     0.41

SNOWFALL (IN)
  YESTERDAY        0.0           6.4  1966   0.2   -0.2      0.0
  MONTH TO DATE    8.7                       4.2    4.5      5.0
  SINCE DEC 1     13.1                       9.7    3.4     10.5
  SINCE JUL 1     13.1                      15.7   -2.6     16.9
  SNOW DEPTH       0

DEGREE DAYS
 HEATING
  YESTERDAY       28                        34     -6       24
  MONTH TO DATE  696                       694      2      711
  SINCE DEC 1   1771                      1776     -5     1658
  SINCE JUL 1   2553                      3057   -504     2532

 COOLING
  YESTERDAY        0                         0      0        0
  MONTH TO DATE    0                         0      0        0
  SINCE DEC 1      0                         0      0        0
  SINCE JAN 1      0                         0      0        0
..................................................................


WIND (MPH)
  HIGHEST WIND SPEED    29   HIGHEST WIND DIRECTION     W (280)
  HIGHEST GUST SPEED    36   HIGHEST GUST DIRECTION     W (280)
  AVERAGE WIND SPEED     6.1


SKY COVER
  POSSIBLE SUNSHINE  MM
  AVERAGE SKY COVER 0.6


WEATHER CONDITIONS
 THE FOLLOWING WEATHER WAS RECORDED YESTERDAY.
  FOG
  FOG W/VISIBILITY <= 1/4 MILE


RELATIVE HUMIDITY (PERCENT)
 HIGHEST   100          1100 PM
 LOWEST     49          1200 AM
 AVERAGE    75

..........................................................


THE PUEBLO CO CLIMATE NORMALS FOR TODAY
                         NORMAL    RECORD    YEAR
 MAXIMUM TEMPERATURE (F)   47        75      2009
 MINIMUM TEMPERATURE (F)   14       -16      1930


SUNRISE AND SUNSET
JANUARY 21 2017.......SUNRISE   711 AM MST   SUNSET   509 PM MST
JANUARY 22 2017.......SUNRISE   710 AM MST   SUNSET   510 PM MST


-  INDICATES NEGATIVE NUMBERS.
R  INDICATES RECORD WAS SET OR TIED.
MM INDICATES DATA IS MISSING.
T  INDICATES TRACE AMOUNT.




$$
