000
CDUS45 KPUB 011101
CLIPUB


CLIMATE REPORT
NATIONAL WEATHER SERVICE PUEBLO
501 AM MDT FRI AUG 1 2014


...................................

...THE PUEBLO CO CLIMATE SUMMARY FOR JULY 31 2014...

CLIMATE NORMAL PERIOD 1981 TO 2010
CLIMATE RECORD PERIOD 1888 TO 2014


WEATHER ITEM   OBSERVED TIME   RECORD YEAR NORMAL DEPARTURE LAST
                VALUE   (LST)  VALUE       VALUE  FROM      YEAR
                                                  NORMAL
..................................................................
TEMPERATURE (F)
 YESTERDAY
  MAXIMUM         75    502 PM 104    2002  92    -17       93
  MINIMUM         59    546 AM  49    2004  59      0       63
  AVERAGE         67                        76     -9       78

PRECIPITATION (IN)
  YESTERDAY        0.00          1.21 1933   0.08  -0.08     0.00
  MONTH TO DATE    3.28                      2.06   1.22     1.68
  SINCE JUN 1      4.14                      3.42   0.72     1.95
  SINCE JAN 1      8.34                      7.91   0.43     3.88

SNOWFALL (IN)
  YESTERDAY        0.0           0.0  2002   0.0    0.0      0.0
                                      2001
  MONTH TO DATE    0.0                       0.0    0.0       T
  SINCE JUN 1      T                         0.0    0.0       T
  SINCE JUL 1      0.0                       0.0    0.0       T
  SNOW DEPTH       0

DEGREE DAYS
 HEATING
  YESTERDAY        0                         0      0        0
  MONTH TO DATE    1                         0      1        0
  SINCE JUN 1      4                        26    -22       17
  SINCE JUL 1      1                         1      0        0

 COOLING
  YESTERDAY        2                        11     -9       13
  MONTH TO DATE  321                       336    -15      363
  SINCE JUN 1    561                       511     50      666
  SINCE JAN 1    613                       545     68      739
..................................................................


WIND (MPH)
  HIGHEST WIND SPEED    10   HIGHEST WIND DIRECTION     E (100)
  HIGHEST GUST SPEED    15   HIGHEST GUST DIRECTION     E (100)
  AVERAGE WIND SPEED     4.2


SKY COVER
  POSSIBLE SUNSHINE  MM
  AVERAGE SKY COVER 0.7


WEATHER CONDITIONS
 THE FOLLOWING WEATHER WAS RECORDED YESTERDAY.
  FOG


RELATIVE HUMIDITY (PERCENT)
 HIGHEST    97           300 AM
 LOWEST     46           300 PM
 AVERAGE    72

..........................................................


THE PUEBLO CO CLIMATE NORMALS FOR TODAY
                         NORMAL    RECORD    YEAR
 MAXIMUM TEMPERATURE (F)   91       103      1938
 MINIMUM TEMPERATURE (F)   59        46      1995


SUNRISE AND SUNSET
AUGUST  1 2014........SUNRISE   600 AM MDT   SUNSET   808 PM MDT
AUGUST  2 2014........SUNRISE   601 AM MDT   SUNSET   807 PM MDT


-  INDICATES NEGATIVE NUMBERS.
R  INDICATES RECORD WAS SET OR TIED.
MM INDICATES DATA IS MISSING.
T  INDICATES TRACE AMOUNT.




$$
