000
CDUS45 KPUB 181035
CLIPUB


CLIMATE REPORT
NATIONAL WEATHER SERVICE PUEBLO
435 AM MDT FRI APR 18 2014


...................................

...THE PUEBLO CO CLIMATE SUMMARY FOR APRIL 17 2014...

CLIMATE NORMAL PERIOD 1981 TO 2010
CLIMATE RECORD PERIOD 1888 TO 2014


WEATHER ITEM   OBSERVED TIME   RECORD YEAR NORMAL DEPARTURE LAST
                VALUE   (LST)  VALUE       VALUE  FROM      YEAR
                                                  NORMAL
..................................................................
TEMPERATURE (F)
 YESTERDAY
  MAXIMUM         62    441 PM  88    2006  68     -6       36
                                      1954
  MINIMUM         37    435 AM  17    1901  34      3       25
  AVERAGE         50                        51     -1       31

PRECIPITATION (IN)
  YESTERDAY        T             0.88 1970   0.05  -0.05     0.13
  MONTH TO DATE    1.09                      0.70   0.39     0.17
  SINCE MAR 1      1.85                      1.63   0.22     0.38
  SINCE JAN 1      2.58                      2.28   0.30     1.07

SNOWFALL (IN)
  YESTERDAY        0.0           4.3  1968   0.1   -0.1      0.7
  MONTH TO DATE    8.3                       2.5    5.8      1.5
  SINCE MAR 1     10.7                       8.2    2.5      7.2
  SINCE JUL 1     29.3                      30.0   -0.7     21.9
  SNOW DEPTH       0

DEGREE DAYS
 HEATING
  YESTERDAY       15                        14      1       34
  MONTH TO DATE  271                       280     -9      328
  SINCE MAR 1    943                       982    -39     1063
  SINCE JUL 1   5148                      5285   -137     5300

 COOLING
  YESTERDAY        0                         0      0        0
  MONTH TO DATE    2                         0      2        0
  SINCE MAR 1      2                         0      2        0
  SINCE JAN 1      2                         0      2        0
..................................................................


WIND (MPH)
  HIGHEST WIND SPEED    18   HIGHEST WIND DIRECTION    SE (130)
  HIGHEST GUST SPEED    22   HIGHEST GUST DIRECTION    SE (150)
  AVERAGE WIND SPEED     8.0


SKY COVER
  POSSIBLE SUNSHINE  MM
  AVERAGE SKY COVER 0.5


WEATHER CONDITIONS
 THE FOLLOWING WEATHER WAS RECORDED YESTERDAY.
  LIGHT RAIN


RELATIVE HUMIDITY (PERCENT)
 HIGHEST   100           300 AM
 LOWEST     32           600 PM
 AVERAGE    66

..........................................................


THE PUEBLO CO CLIMATE NORMALS FOR TODAY
                         NORMAL    RECORD    YEAR
 MAXIMUM TEMPERATURE (F)   68        88      2000
                                             1987
 MINIMUM TEMPERATURE (F)   35        20      1922


SUNRISE AND SUNSET
APRIL 18 2014.........SUNRISE   618 AM MDT   SUNSET   737 PM MDT
APRIL 19 2014.........SUNRISE   617 AM MDT   SUNSET   738 PM MDT


-  INDICATES NEGATIVE NUMBERS.
R  INDICATES RECORD WAS SET OR TIED.
MM INDICATES DATA IS MISSING.
T  INDICATES TRACE AMOUNT.




$$
