000
CDUS46 KOTX 240824
CLIPUW


CLIMATE REPORT
NATIONAL WEATHER SERVICE SPOKANE, WA
1221 AM PST WED DEC 24 2014


...................................

...THE PULLMAN-MOSCOW  AIRPORT CLIMATE SUMMARY FOR DECEMBER 23 2014...

CLIMATE NORMAL PERIOD 1981 TO 2010
CLIMATE RECORD PERIOD 9999 TO 9999


WEATHER ITEM   OBSERVED TIME   RECORD YEAR NORMAL DEPARTURE LAST
                VALUE   (LST)  VALUE       VALUE  FROM      YEAR
                                                  NORMAL
..................................................................
TEMPERATURE (F)
 YESTERDAY
  MAXIMUM         41   1002 PM  53    1964  35      6       44
  MINIMUM         32    516 AM -15    1983  24      8       35
  AVERAGE         37                        30      7       40

PRECIPITATION (IN)
  YESTERDAY        T           0.83   1964  0.05  -0.05     0.18
  MONTH TO DATE    2.40                     1.22   1.18     1.38
  SINCE OCT 1      6.20                     4.85   1.35     3.31
  SINCE JAN 1     18.08                    16.54   1.54    14.85

SNOWFALL (IN)
  YESTERDAY       MM

DEGREE DAYS
 HEATING
  YESTERDAY       28                        35     -7       25
  MONTH TO DATE  615                       797   -182      904
  SINCE DEC 1    615                       797   -182      904
  SINCE JUL 1   1952                      2541   -589     2593

 COOLING
  YESTERDAY        0                         0      0        0
  MONTH TO DATE    0                         0      0        0
  SINCE DEC 1      0                         0      0        0
  SINCE JAN 1    346                       213    133      334
..................................................................


WIND (MPH)
  HIGHEST WIND SPEED    18   HIGHEST WIND DIRECTION    SE (130)
  HIGHEST GUST SPEED    23   HIGHEST GUST DIRECTION     E (110)
  AVERAGE WIND SPEED    12.2


SKY COVER
  POSSIBLE SUNSHINE  MM
  AVERAGE SKY COVER 0.8


WEATHER CONDITIONS
 THE FOLLOWING WEATHER WAS RECORDED YESTERDAY.
  LIGHT RAIN
  FOG
  HAZE


RELATIVE HUMIDITY (PERCENT)
 HIGHEST    82          1200 AM
 LOWEST     64           100 PM
 AVERAGE    73

..........................................................


THE PULLMAN-MOSCOW  AIRPORT CLIMATE NORMALS FOR TODAY
                         NORMAL    RECORD    YEAR
 MAXIMUM TEMPERATURE (F)   35        52      2005
 MINIMUM TEMPERATURE (F)   24        -9      1983


SUNRISE AND SUNSET
DECEMBER 24 2014......SUNRISE   732 AM PST   SUNSET   405 PM PST
DECEMBER 25 2014......SUNRISE   732 AM PST   SUNSET   405 PM PST


-  INDICATES NEGATIVE NUMBERS.
R  INDICATES RECORD WAS SET OR TIED.
MM INDICATES DATA IS MISSING.
T  INDICATES TRACE AMOUNT.

$$
