000
CDUS46 KOTX 260908
CLIPUW


CLIMATE REPORT
NATIONAL WEATHER SERVICE SPOKANE, WA
208 AM PDT SUN MAR 26 2017


...................................

...THE PULLMAN-MOSCOW  AIRPORT CLIMATE SUMMARY FOR MARCH 25 2017...

CLIMATE NORMAL PERIOD 1981 TO 2010
CLIMATE RECORD PERIOD 9999 TO 9999


WEATHER ITEM   OBSERVED TIME   RECORD YEAR NORMAL DEPARTURE LAST
                VALUE   (LST)  VALUE       VALUE  FROM      YEAR
                                                  NORMAL
..................................................................
TEMPERATURE (F)
 YESTERDAY
  MAXIMUM         47    459 PM  73    1960  51     -4       46
  MINIMUM         36   1159 PM  12    1955  33      3       33
  AVERAGE         42                        42      0       40

PRECIPITATION (IN)
  YESTERDAY        0.07                      0.07   0.00      T
  MONTH TO DATE    4.51                      1.66   2.85     3.35
  SINCE OCT 1     17.60                     10.20   7.40    15.36
  SINCE JAN 1      9.19                      5.00   4.19     7.37

SNOWFALL (IN)
  YESTERDAY       MM

DEGREE DAYS
 HEATING
  YESTERDAY       23                        23      0       25
  MONTH TO DATE  575                       623    -48      557
  SINCE MAR 1    575                       623    -48      557
  SINCE JUL 1   5352                      5326     26     4655

 COOLING
  YESTERDAY        0                         0      0        0
  MONTH TO DATE    0                         0      0        0
  SINCE MAR 1      0                         0      0        0
  SINCE JAN 1      0                         0      0        0
..................................................................


WIND (MPH)
  HIGHEST WIND SPEED    21   HIGHEST WIND DIRECTION     W (250)
  HIGHEST GUST SPEED    25   HIGHEST GUST DIRECTION     W (270)
  AVERAGE WIND SPEED     7.7


SKY COVER
  POSSIBLE SUNSHINE  MM
  AVERAGE SKY COVER 0.6


WEATHER CONDITIONS
 THE FOLLOWING WEATHER WAS RECORDED YESTERDAY.
  RAIN
  LIGHT RAIN
  FOG


RELATIVE HUMIDITY (PERCENT)
 HIGHEST    92          1100 PM
 LOWEST     60           500 PM
 AVERAGE    76

..........................................................


THE PULLMAN-MOSCOW  AIRPORT CLIMATE NORMALS FOR TODAY
                         NORMAL    RECORD    YEAR
 MAXIMUM TEMPERATURE (F)   51        65      1946
 MINIMUM TEMPERATURE (F)   34        18      1955


SUNRISE AND SUNSET
MARCH 26 2017.........SUNRISE   639 AM PDT   SUNSET   710 PM PDT
MARCH 27 2017.........SUNRISE   637 AM PDT   SUNSET   711 PM PDT


-  INDICATES NEGATIVE NUMBERS.
R  INDICATES RECORD WAS SET OR TIED.
MM INDICATES DATA IS MISSING.
T  INDICATES TRACE AMOUNT.




$$
