000
CDUS46 KOTX 260828
CLIPUW


CLIMATE REPORT
NATIONAL WEATHER SERVICE SPOKANE, WA
1228 AM PST WED NOV 26 2014


...................................

...THE PULLMAN-MOSCOW  AIRPORT CLIMATE SUMMARY FOR NOVEMBER 25 2014...

CLIMATE NORMAL PERIOD 1981 TO 2010
CLIMATE RECORD PERIOD 9999 TO 9999


WEATHER ITEM   OBSERVED TIME   RECORD YEAR NORMAL DEPARTURE LAST
                VALUE   (LST)  VALUE       VALUE  FROM      YEAR
                                                  NORMAL
..................................................................
TEMPERATURE (F)
 YESTERDAY
  MAXIMUM         49    344 AM  55    1995  39     10       47
  MINIMUM         38   1016 PM  -5    1993  29      9       19
  AVERAGE         44                        34     10       33

PRECIPITATION (IN)
  YESTERDAY        0.78          0.97 1990   0.07   0.71     0.00
  MONTH TO DATE    2.22                      1.91   0.31     1.77
  SINCE OCT 1      3.24                      3.25  -0.01     1.92
  SINCE JAN 1     15.12                     14.94   0.18    13.46

SNOWFALL (IN)
  YESTERDAY       MM

DEGREE DAYS
 HEATING
  YESTERDAY       21                        31    -10       32
  MONTH TO DATE  709                       678     31      695
  SINCE SEP 1   1173                      1451   -278     1492
  SINCE JUL 1   1198                      1584   -386     1532

 COOLING
  YESTERDAY        0                         0      0        0
  MONTH TO DATE    0                         0      0        0
  SINCE SEP 1     19                        23     -4       72
  SINCE JAN 1    346                       213    133      334
..................................................................


WIND (MPH)
  HIGHEST WIND SPEED    26   HIGHEST WIND DIRECTION     W (250)
  HIGHEST GUST SPEED    33   HIGHEST GUST DIRECTION    SW (240)
  AVERAGE WIND SPEED    10.7


SKY COVER
  POSSIBLE SUNSHINE  MM
  AVERAGE SKY COVER 1.0


WEATHER CONDITIONS
 THE FOLLOWING WEATHER WAS RECORDED YESTERDAY.
  RAIN
  LIGHT RAIN
  FOG


RELATIVE HUMIDITY (PERCENT)
 HIGHEST   100           900 PM
 LOWEST     80           200 AM
 AVERAGE    90

..........................................................


THE PULLMAN-MOSCOW  AIRPORT CLIMATE NORMALS FOR TODAY
                         NORMAL    RECORD    YEAR
 MAXIMUM TEMPERATURE (F)   39        60      1949
 MINIMUM TEMPERATURE (F)   28         1      1985


SUNRISE AND SUNSET
NOVEMBER 26 2014......SUNRISE   706 AM PST   SUNSET   405 PM PST
NOVEMBER 27 2014......SUNRISE   708 AM PST   SUNSET   404 PM PST


-  INDICATES NEGATIVE NUMBERS.
R  INDICATES RECORD WAS SET OR TIED.
MM INDICATES DATA IS MISSING.
T  INDICATES TRACE AMOUNT.




$$
