000
CDUS46 KOTX 240831
CLIPUW


CLIMATE REPORT
NATIONAL WEATHER SERVICE SPOKANE, WA
130 AM PDT THU JUL 24 2014


...................................

...THE PULLMAN-MOSCOW  AIRPORT CLIMATE SUMMARY FOR JULY 23 2014...

CLIMATE NORMAL PERIOD 1981 TO 2010
CLIMATE RECORD PERIOD 9999 TO 9999


WEATHER ITEM   OBSERVED TIME   RECORD YEAR NORMAL DEPARTURE LAST
                VALUE   (LST)  VALUE       VALUE  FROM      YEAR
                                                  NORMAL
..................................................................
TEMPERATURE (F)
 YESTERDAY
  MAXIMUM         86    148 PM 102    1959  84      2       94
  MINIMUM         55   1159 PM  35    1963  51      4       49
  AVERAGE         71                        67      4       72

PRECIPITATION (IN)
  YESTERDAY        0.11          0.42 1992   0.02   0.09     0.00
  MONTH TO DATE    0.33                      0.53  -0.20     0.12
  SINCE OCT 1     14.28                     15.32  -1.04    15.97
  SINCE JAN 1     10.94                     10.12   0.82     8.43

SNOWFALL (IN)
  YESTERDAY       MM            MM      MM  MM     MM       MM
  MONTH TO DATE   MM                        MM     MM       MM
  SINCE JUN 1     MM                        MM     MM       MM
  SINCE JUL 1     MM                        MM     MM       MM
  SNOW DEPTH      MM

DEGREE DAYS
 HEATING
  YESTERDAY        0                         1     -1        0
  MONTH TO DATE    0                        54    -54       21
  SINCE JUN 1    204                       260    -56      211
  SINCE JUL 1      0                        54    -54       21

 COOLING
  YESTERDAY        6                         3      3        7
  MONTH TO DATE  139                        52     87       82
  SINCE JUN 1    140                        65     75      115
  SINCE JAN 1    141                        70     71      127
..................................................................


WIND (MPH)
  HIGHEST WIND SPEED    38   HIGHEST WIND DIRECTION     W (250)
  HIGHEST GUST SPEED    49   HIGHEST GUST DIRECTION     W (250)
  AVERAGE WIND SPEED    10.9


SKY COVER
  POSSIBLE SUNSHINE  MM
  AVERAGE SKY COVER 0.3


WEATHER CONDITIONS
 THE FOLLOWING WEATHER WAS RECORDED YESTERDAY.
  THUNDERSTORM
  LIGHT RAIN
  HAZE


RELATIVE HUMIDITY (PERCENT)
 HIGHEST    90          1200 AM
 LOWEST     34          1200 PM
 AVERAGE    62

..........................................................


THE PULLMAN-MOSCOW  AIRPORT CLIMATE NORMALS FOR TODAY
                         NORMAL    RECORD    YEAR
 MAXIMUM TEMPERATURE (F)   84        98      2006
                                             1994
 MINIMUM TEMPERATURE (F)   51        35      1953


SUNRISE AND SUNSET
JULY 24 2014..........SUNRISE   519 AM PDT   SUNSET   830 PM PDT
JULY 25 2014..........SUNRISE   520 AM PDT   SUNSET   829 PM PDT


-  INDICATES NEGATIVE NUMBERS.
R  INDICATES RECORD WAS SET OR TIED.
MM INDICATES DATA IS MISSING.
T  INDICATES TRACE AMOUNT.




$$
