000
CDUS46 KOTX 010835
CLIPUW


CLIMATE REPORT
NATIONAL WEATHER SERVICE SPOKANE, WA
135 AM PDT MON JUN 1 2015


...................................

...THE PULLMAN-MOSCOW  AIRPORT CLIMATE SUMMARY FOR MAY 31 2015...

CLIMATE NORMAL PERIOD 1981 TO 2010
CLIMATE RECORD PERIOD 9999 TO 9999


WEATHER ITEM   OBSERVED TIME   RECORD YEAR NORMAL DEPARTURE LAST
                VALUE   (LST)  VALUE       VALUE  FROM      YEAR
                                                  NORMAL
..................................................................
TEMPERATURE (F)
 YESTERDAY
  MAXIMUM         81    340 PM  89    1986  68     13       75
  MINIMUM         57    140 AM  32    1955  44     13       44
  AVERAGE         69                        56     13       60

PRECIPITATION (IN)
  YESTERDAY        0.07          0.75 2000   0.04   0.03     0.00
  MONTH TO DATE    1.96                      1.56   0.40     0.97
  SINCE OCT 1     15.64                     13.71   1.93    13.02
  SINCE JAN 1      8.79                      8.51   0.28     9.68

SNOWFALL (IN)
  YESTERDAY       MM

DEGREE DAYS
 HEATING
  YESTERDAY        0                         9     -9        5
  MONTH TO DATE  271                       372   -101      316
  SINCE MAR 1   1441                      1697   -256     1589
  SINCE JUL 1   5272                      6400  -1128     6440

 COOLING
  YESTERDAY        4                         0      4        0
  MONTH TO DATE   12                         5      7        1
  SINCE MAR 1     12                         5      7        1
  SINCE JAN 1     12                         5      7        1
..................................................................


WIND (MPH)
  HIGHEST WIND SPEED    30   HIGHEST WIND DIRECTION    SW (220)
  HIGHEST GUST SPEED    38   HIGHEST GUST DIRECTION     S (200)
  AVERAGE WIND SPEED     5.0


SKY COVER
  POSSIBLE SUNSHINE  MM
  AVERAGE SKY COVER 0.1


WEATHER CONDITIONS
 THE FOLLOWING WEATHER WAS RECORDED YESTERDAY.
  THUNDERSTORM
  RAIN
  LIGHT RAIN
  FOG


RELATIVE HUMIDITY (PERCENT)
 HIGHEST    75           500 AM
 LOWEST     37          1200 PM
 AVERAGE    56

..........................................................


THE PULLMAN-MOSCOW  AIRPORT CLIMATE NORMALS FOR TODAY
                         NORMAL    RECORD    YEAR
 MAXIMUM TEMPERATURE (F)   68        92      1986
 MINIMUM TEMPERATURE (F)   44        34      1976


SUNRISE AND SUNSET
JUNE  1 2015..........SUNRISE   458 AM PDT   SUNSET   835 PM PDT
JUNE  2 2015..........SUNRISE   458 AM PDT   SUNSET   835 PM PDT


-  INDICATES NEGATIVE NUMBERS.
R  INDICATES RECORD WAS SET OR TIED.
MM INDICATES DATA IS MISSING.
T  INDICATES TRACE AMOUNT.




$$
