264
CDUS46 KOTX 251245
CLIPUW


CLIMATE REPORT
NATIONAL WEATHER SERVICE SPOKANE, WA
545 AM PDT THU AUG 25 2016


...................................

...THE PULLMAN-MOSCOW  AIRPORT CLIMATE SUMMARY FOR AUGUST 24 2016...

CLIMATE NORMAL PERIOD 1981 TO 2010
CLIMATE RECORD PERIOD 9999 TO 9999


WEATHER ITEM   OBSERVED TIME   RECORD YEAR NORMAL DEPARTURE LAST
                VALUE   (LST)  VALUE       VALUE  FROM      YEAR
                                                  NORMAL
..................................................................
TEMPERATURE (F)
 YESTERDAY
  MAXIMUM         83   1259 PM 100    1966  81      2       84
  MINIMUM         44    412 AM  34    1992  48     -4       45
  AVERAGE         64                        64      0       65

PRECIPITATION (IN)
  YESTERDAY        0.00                      0.02  -0.02     0.00
  MONTH TO DATE    0.24                      0.49  -0.25      T
  SINCE OCT 1     19.95                     15.97   3.98    16.63
  SINCE JAN 1     11.96                     10.77   1.19     9.78

SNOWFALL (IN)
  YESTERDAY       MM

DEGREE DAYS
 HEATING
  YESTERDAY        1                         3     -2        0
  MONTH TO DATE   33                        42     -9       26
  SINCE JUN 1    266                       312    -46      124
  SINCE JUL 1     98                       106     -8       45

 COOLING
  YESTERDAY        0                         2     -2        0
  MONTH TO DATE   73                        77     -4      111
  SINCE JUN 1    174                       172      2      373
  SINCE JAN 1    175                       177     -2      385
..................................................................


WIND (MPH)
  HIGHEST WIND SPEED    20   HIGHEST WIND DIRECTION    NE (30)
  HIGHEST GUST SPEED    22   HIGHEST GUST DIRECTION    NE (30)
  AVERAGE WIND SPEED     2.4


SKY COVER
  POSSIBLE SUNSHINE  MM
  AVERAGE SKY COVER 0.1


WEATHER CONDITIONS
 THE FOLLOWING WEATHER WAS RECORDED YESTERDAY.
  HAZE


RELATIVE HUMIDITY (PERCENT)
 HIGHEST    71           500 AM
 LOWEST     23           100 PM
 AVERAGE    47

..........................................................


THE PULLMAN-MOSCOW  AIRPORT CLIMATE NORMALS FOR TODAY
                         NORMAL    RECORD    YEAR
 MAXIMUM TEMPERATURE (F)   81       100      1958
 MINIMUM TEMPERATURE (F)   48        33      1980


SUNRISE AND SUNSET
AUGUST 25 2016........SUNRISE   600 AM PDT   SUNSET   740 PM PDT
AUGUST 26 2016........SUNRISE   601 AM PDT   SUNSET   738 PM PDT


-  INDICATES NEGATIVE NUMBERS.
R  INDICATES RECORD WAS SET OR TIED.
MM INDICATES DATA IS MISSING.
T  INDICATES TRACE AMOUNT.




$$
