330
CDUS41 KBOX 030527
CLIPVD


CLIMATE REPORT
NATIONAL WEATHER SERVICE TAUNTON MA
127 AM EDT TUE MAY 3 2016


...................................

...THE PROVIDENCE RI CLIMATE SUMMARY FOR MAY 2 2016...

CLIMATE NORMAL PERIOD 1981 TO 2010
CLIMATE RECORD PERIOD 1904 TO 2016


WEATHER ITEM   OBSERVED TIME   RECORD YEAR NORMAL DEPARTURE LAST
                VALUE   (LST)  VALUE       VALUE  FROM      YEAR
                                                  NORMAL
..................................................................
TEMPERATURE (F)
 YESTERDAY
  MAXIMUM         57    606 PM  92    2001  64     -7       60
  MINIMUM         43   1253 AM  34    1978  45     -2       37
                                      1943
                                      1905
  AVERAGE         50                        54     -4       49

PRECIPITATION (IN)
  YESTERDAY        0.15          1.40 1989   0.12   0.03     0.00
  MONTH TO DATE    0.25                      0.23   0.02     0.00
  SINCE MAR 1      6.84                      9.60  -2.76     6.91
  SINCE JAN 1     15.19                     16.75  -1.56    13.26

SNOWFALL (IN)
  YESTERDAY        0.0           0.1  1953   0.0    0.0      0.0
  MONTH TO DATE    0.0                       0.0    0.0      0.0
  SINCE MAR 1      9.3                       6.1    3.2     16.3
  SINCE JUL 1     28.7                      33.8   -5.1     76.2
  SNOW DEPTH       0

DEGREE DAYS
 HEATING
  YESTERDAY       15                        11      4       16
  MONTH TO DATE   34                        22     12       32
  SINCE MAR 1   1190                      1310   -120     1496
  SINCE JUL 1   4561                      5372   -811     5858

 COOLING
  YESTERDAY        0                         0      0        0
  MONTH TO DATE    0                         0      0        0
  SINCE MAR 1      0                         2     -2        0
  SINCE JAN 1      0                         2     -2        0
..................................................................


WIND (MPH)
  RESULTANT WIND SPEED   4   RESULTANT WIND DIRECTION   N (350)
  HIGHEST WIND SPEED    20   HIGHEST WIND DIRECTION     W (290)
  HIGHEST GUST SPEED    24   HIGHEST GUST DIRECTION    NW (300)
  AVERAGE WIND SPEED     7.1


SKY COVER
  POSSIBLE SUNSHINE  MM
  AVERAGE SKY COVER 0.9


WEATHER CONDITIONS
 THE FOLLOWING WEATHER WAS RECORDED YESTERDAY.
  HEAVY RAIN
  RAIN
  LIGHT RAIN
  FOG


RELATIVE HUMIDITY (PERCENT)
 HIGHEST   100           100 AM
 LOWEST     77           200 PM
 AVERAGE    89

..........................................................


THE PROVIDENCE RI CLIMATE NORMALS FOR TODAY
                         NORMAL    RECORD    YEAR
 MAXIMUM TEMPERATURE (F)   65        91      2001
 MINIMUM TEMPERATURE (F)   45        33      1964


SUNRISE AND SUNSET
MAY  3 2016...........SUNRISE   539 AM EDT   SUNSET   747 PM EDT
MAY  4 2016...........SUNRISE   538 AM EDT   SUNSET   748 PM EDT


-  INDICATES NEGATIVE NUMBERS.
R  INDICATES RECORD WAS SET OR TIED.
MM INDICATES DATA IS MISSING.
T  INDICATES TRACE AMOUNT.




$$
