000
CDUS41 KBOX 020549
CLIPVD


CLIMATE REPORT
NATIONAL WEATHER SERVICE TAUNTON MA
1244 AM EST MON MAR 2 2015


...................................

...THE PROVIDENCE RI CLIMATE SUMMARY FOR MARCH 1 2015...

CLIMATE NORMAL PERIOD 1981 TO 2010
CLIMATE RECORD PERIOD 1904 TO 2015


WEATHER ITEM   OBSERVED TIME   RECORD YEAR NORMAL DEPARTURE LAST
                VALUE   (LST)  VALUE       VALUE  FROM      YEAR
                                                  NORMAL
..................................................................
TEMPERATURE (F)
 YESTERDAY
  MAXIMUM         29   1159 PM  66    1972  43    -14       36
  MINIMUM          6    447 AM   4    1980  26    -20        8
  AVERAGE         18                        35    -17       22

PRECIPITATION (IN)
  YESTERDAY        0.42          1.60 1987   0.15   0.27     0.00
  MONTH TO DATE    0.42                      0.15   0.27     0.00
  SINCE MAR 1      0.42                      0.15   0.27     0.00
  SINCE JAN 1      6.77                      7.30  -0.53     8.40

SNOWFALL (IN)
  YESTERDAY        4.5           5.9  1941   0.2    4.3      0.0
  MONTH TO DATE    4.5                       0.2    4.3      0.0
  SINCE MAR 1      4.5                       0.2    4.3      0.0
  SINCE JUL 1     64.4                      27.9   36.5     42.1
  SNOW DEPTH      13

DEGREE DAYS
 HEATING
  YESTERDAY       47                        30     17       43
  MONTH TO DATE   47                        30     17       43
  SINCE MAR 1     47                        30     17       43
  SINCE JUL 1   4409                      4092    317     4315

 COOLING
  YESTERDAY        0                         0      0        0
  MONTH TO DATE    0                         0      0        0
  SINCE MAR 1      0                         0      0        0
  SINCE JAN 1      0                         0      0        0
..................................................................


WIND (MPH)
  RESULTANT WIND SPEED   4   RESULTANT WIND DIRECTION   S (190)
  HIGHEST WIND SPEED    14   HIGHEST WIND DIRECTION     S (190)
  HIGHEST GUST SPEED    19   HIGHEST GUST DIRECTION     S (190)
  AVERAGE WIND SPEED     4.7


SKY COVER
  POSSIBLE SUNSHINE  MM
  AVERAGE SKY COVER 0.7


WEATHER CONDITIONS
 THE FOLLOWING WEATHER WAS RECORDED YESTERDAY.
  SNOW
  LIGHT SNOW
  SLEET
  FOG


RELATIVE HUMIDITY (PERCENT)
 HIGHEST   100          1100 PM
 LOWEST     42          1000 AM
 AVERAGE    71

..........................................................


THE PROVIDENCE RI CLIMATE NORMALS FOR TODAY
                         NORMAL    RECORD    YEAR
 MAXIMUM TEMPERATURE (F)   44        64      1972
 MINIMUM TEMPERATURE (F)   26         8      1962


SUNRISE AND SUNSET
MARCH  2 2015.........SUNRISE   619 AM EST   SUNSET   537 PM EST
MARCH  3 2015.........SUNRISE   618 AM EST   SUNSET   538 PM EST


-  INDICATES NEGATIVE NUMBERS.
R  INDICATES RECORD WAS SET OR TIED.
MM INDICATES DATA IS MISSING.
T  INDICATES TRACE AMOUNT.




$$
