000
CDUS41 KBOX 280547
CLIPVD


CLIMATE REPORT
NATIONAL WEATHER SERVICE TAUNTON MA
137 AM EDT SAT MAY 28 2016


...................................

...THE PROVIDENCE RI CLIMATE SUMMARY FOR MAY 27 2016...

CLIMATE NORMAL PERIOD 1981 TO 2010
CLIMATE RECORD PERIOD 1904 TO 2016


WEATHER ITEM   OBSERVED TIME   RECORD YEAR NORMAL DEPARTURE LAST
                VALUE   (LST)  VALUE       VALUE  FROM      YEAR
                                                  NORMAL
..................................................................
TEMPERATURE (F)
 YESTERDAY
  MAXIMUM         82    433 PM  90    1981  72     10       80
                                      1914
  MINIMUM         59    201 AM  35    1972  52      7       62
  AVERAGE         71                        62      9       71

PRECIPITATION (IN)
  YESTERDAY        0.00          1.38 1961   0.12  -0.12     0.00
  MONTH TO DATE    1.68                      3.05  -1.37     0.51
  SINCE MAR 1      8.27                     12.42  -4.15     7.42
  SINCE JAN 1     16.62                     19.57  -2.95    13.77

SNOWFALL (IN)
  YESTERDAY        0.0           0.0  2002   0.0    0.0      0.0
                                      2001
                                      2000
  MONTH TO DATE    0.0                       0.0    0.0      0.0
  SINCE MAR 1      9.3                       6.1    3.2     16.3
  SINCE JUL 1     28.7                      33.8   -5.1     76.2
  SNOW DEPTH       0

DEGREE DAYS
 HEATING
  YESTERDAY        0                         5     -5        0
  MONTH TO DATE  218                       209      9      122
  SINCE MAR 1   1374                      1497   -123     1586
  SINCE JUL 1   4745                      5559   -814     5948

 COOLING
  YESTERDAY        6                         1      5        6
  MONTH TO DATE   23                        14      9       44
  SINCE MAR 1     23                        16      7       44
  SINCE JAN 1     23                        16      7       44
..................................................................


WIND (MPH)
  RESULTANT WIND SPEED   8   RESULTANT WIND DIRECTION   S (180)
  HIGHEST WIND SPEED    20   HIGHEST WIND DIRECTION    SW (210)
  HIGHEST GUST SPEED    25   HIGHEST GUST DIRECTION     S (200)
  AVERAGE WIND SPEED     9.0


SKY COVER
  POSSIBLE SUNSHINE  MM
  AVERAGE SKY COVER 0.5


WEATHER CONDITIONS
 THE FOLLOWING WEATHER WAS RECORDED YESTERDAY.
  FOG


RELATIVE HUMIDITY (PERCENT)
 HIGHEST    90           400 AM
 LOWEST     51           400 PM
 AVERAGE    71

..........................................................


THE PROVIDENCE RI CLIMATE NORMALS FOR TODAY
                         NORMAL    RECORD    YEAR
 MAXIMUM TEMPERATURE (F)   72        91      1931
 MINIMUM TEMPERATURE (F)   52        40      1994


SUNRISE AND SUNSET
MAY 28 2016...........SUNRISE   515 AM EDT   SUNSET   811 PM EDT
MAY 29 2016...........SUNRISE   515 AM EDT   SUNSET   812 PM EDT


-  INDICATES NEGATIVE NUMBERS.
R  INDICATES RECORD WAS SET OR TIED.
MM INDICATES DATA IS MISSING.
T  INDICATES TRACE AMOUNT.




$$
