000
CDUS41 KBOX 090534
CLIPVD


CLIMATE REPORT
NATIONAL WEATHER SERVICE TAUNTON MA
1232 AM EST TUE FEB 9 2016


...................................

...THE PROVIDENCE RI CLIMATE SUMMARY FOR FEBRUARY 8 2016...

CLIMATE NORMAL PERIOD 1981 TO 2010
CLIMATE RECORD PERIOD 1904 TO 2016


WEATHER ITEM   OBSERVED TIME   RECORD YEAR NORMAL DEPARTURE LAST
                VALUE   (LST)  VALUE       VALUE  FROM      YEAR
                                                  NORMAL
..................................................................
TEMPERATURE (F)
 YESTERDAY
  MAXIMUM         37    345 AM  60    1933  39     -2       33
  MINIMUM         20    149 PM  -9    1934  23     -3       16
  AVERAGE         29                        31     -2       25

PRECIPITATION (IN)
  YESTERDAY        0.29          1.57 1945   0.11   0.18     0.23
  MONTH TO DATE    2.35                      0.91   1.44     1.10
  SINCE DEC 1     10.18                      8.99   1.19    10.97
  SINCE JAN 1      5.38                      4.77   0.61     4.72

SNOWFALL (IN)
  YESTERDAY        5.6          14.4  1945   0.3    5.3      2.6
  MONTH TO DATE   10.7                       2.5    8.2     11.0
  SINCE DEC 1     18.6                      20.2   -1.6     37.5
  SINCE JUL 1     18.6                      21.7   -3.1     39.1
  SNOW DEPTH       2

DEGREE DAYS
 HEATING
  YESTERDAY       36                        34      2       40
  MONTH TO DATE  208                       277    -69      357
  SINCE DEC 1   1801                      2339   -538     2387
  SINCE JUL 1   2682                      3414   -732     3423

 COOLING
  YESTERDAY        0                         0      0        0
  MONTH TO DATE    0                         0      0        0
  SINCE DEC 1      0                         0      0        0
  SINCE JAN 1      0                         0      0        0
..................................................................


WIND (MPH)
  RESULTANT WIND SPEED  18   RESULTANT WIND DIRECTION   N (20)
  HIGHEST WIND SPEED    36   HIGHEST WIND DIRECTION    NE (50)
  HIGHEST GUST SPEED    47   HIGHEST GUST DIRECTION    NE (50)
  AVERAGE WIND SPEED    20.9


SKY COVER
  POSSIBLE SUNSHINE  MM
  AVERAGE SKY COVER 0.9


WEATHER CONDITIONS
 THE FOLLOWING WEATHER WAS RECORDED YESTERDAY.
  HEAVY SNOW
  SNOW
  LIGHT SNOW
  FOG
  FOG W/VISIBILITY <= 1/4 MILE


RELATIVE HUMIDITY (PERCENT)
 HIGHEST    92           900 AM
 LOWEST     70           300 AM
 AVERAGE    81

..........................................................


THE PROVIDENCE RI CLIMATE NORMALS FOR TODAY
                         NORMAL    RECORD    YEAR
 MAXIMUM TEMPERATURE (F)   39        60      1937
 MINIMUM TEMPERATURE (F)   23       -17      1934


SUNRISE AND SUNSET
FEBRUARY  9 2016......SUNRISE   650 AM EST   SUNSET   511 PM EST
FEBRUARY 10 2016......SUNRISE   648 AM EST   SUNSET   512 PM EST


-  INDICATES NEGATIVE NUMBERS.
R  INDICATES RECORD WAS SET OR TIED.
MM INDICATES DATA IS MISSING.
T  INDICATES TRACE AMOUNT.




$$
