000
CDUS41 KBOX 222150
CLIPVD


CLIMATE REPORT
NATIONAL WEATHER SERVICE TAUNTON MA
440 PM EST MON JAN 22 2018


...................................

...THE PROVIDENCE RI CLIMATE SUMMARY FOR JANUARY 22 2018...
VALID AS OF 0400 PM LOCAL TIME.

CLIMATE NORMAL PERIOD 1981 TO 2010
CLIMATE RECORD PERIOD 1904 TO 2018


WEATHER ITEM   OBSERVED TIME   RECORD YEAR NORMAL DEPARTURE LAST
                VALUE   (LST)  VALUE       VALUE  FROM      YEAR
                                                  NORMAL
..................................................................
TEMPERATURE (F)
 TODAY
  MAXIMUM         40    158 PM  61    1916  37      3       52
  MINIMUM         33   1202 AM -10    1976  21     12       34
  AVERAGE         37                        29      8       43

PRECIPITATION (IN)
  TODAY            0.06          1.26 1958   0.13  -0.07      T
  MONTH TO DATE    4.62                      2.76   1.86     2.71
  SINCE DEC 1      7.19                      6.98   0.21     5.85
  SINCE JAN 1      4.62                      2.76   1.86     2.71

SNOWFALL (IN)
  TODAY            0.0           7.0  2005   0.3   -0.3      0.0
  MONTH TO DATE   15.6                       6.4    9.2     14.1
  SINCE DEC 1     22.7                      15.1    7.6     18.5
  SINCE JUL 1     22.7                      16.6    6.1     18.5
  SNOW DEPTH       0

DEGREE DAYS
 HEATING
  TODAY           28                        36     -8       22
  MONTH TO DATE  827                       788     39      673
  SINCE DEC 1   1868                      1740    128     1601
  SINCE JUL 1   2682                      2815   -133     2488

 COOLING
  TODAY            0                         0      0        0
  MONTH TO DATE    0                         0      0        0
  SINCE DEC 1      0                         0      0        0
  SINCE JAN 1      0                         0      0        0
..................................................................


WIND (MPH)
  HIGHEST WIND SPEED    13   HIGHEST WIND DIRECTION    NE (40)
  HIGHEST GUST SPEED    15   HIGHEST GUST DIRECTION    NE (40)
  AVERAGE WIND SPEED     4.1


SKY COVER
  POSSIBLE SUNSHINE  MM
  AVERAGE SKY COVER 1.0


WEATHER CONDITIONS
 THE FOLLOWING WEATHER WAS RECORDED TODAY.
  LIGHT RAIN
  FOG


RELATIVE HUMIDITY (PERCENT)
 HIGHEST   100           600 AM
 LOWEST     89          1200 AM
 AVERAGE    95

..........................................................


THE PROVIDENCE RI CLIMATE NORMALS FOR TOMORROW
                         NORMAL    RECORD    YEAR
 MAXIMUM TEMPERATURE (F)   37        64      1906
 MINIMUM TEMPERATURE (F)   21       -13      1976


SUNRISE AND SUNSET
JANUARY 22 2018.......SUNRISE   706 AM EST   SUNSET   449 PM EST
JANUARY 23 2018.......SUNRISE   706 AM EST   SUNSET   450 PM EST


-  INDICATES NEGATIVE NUMBERS.
R  INDICATES RECORD WAS SET OR TIED.
MM INDICATES DATA IS MISSING.
T  INDICATES TRACE AMOUNT.




$$
