000
CDUS43 KLOT 260634
CLIPWK


CLIMATE REPORT
NATIONAL WEATHER SERVICE CHICAGO IL
133 AM CDT TUE MAY 26 2015


...................................

...THE CHICAGO EXECUTIVE CLIMATE SUMMARY FOR MAY 25 2015...

CLIMATE NORMAL PERIOD 1981 TO 2010
CLIMATE RECORD PERIOD 1996 TO 2015


WEATHER ITEM   OBSERVED TIME   RECORD YEAR NORMAL DEPARTURE LAST
                VALUE   (LST)  VALUE       VALUE  FROM      YEAR
                                                  NORMAL
..................................................................
TEMPERATURE (F)
 YESTERDAY
  MAXIMUM         79    346 PM  86    2010  72      7       82
  MINIMUM         65   1033 PM  41    2002  50     15       49
  AVERAGE         72                        61     11       66

PRECIPITATION (IN)
  YESTERDAY        0.07          0.26 2008   0.11  -0.04     0.00
  MONTH TO DATE    2.81                      3.07  -0.26     3.23
  SINCE MAR 1      6.28                      8.29  -2.01     6.66
  SINCE JAN 1      6.97                     10.87  -3.90     8.79

DEGREE DAYS
 HEATING
  YESTERDAY        0                         6     -6        0
  MONTH TO DATE  189                       218    -29      205
  SINCE MAR 1   1607                      1593     14     1760
  SINCE JUL 1   6735                      6331    404     7119

 COOLING
  YESTERDAY        7                         2      5        1
  MONTH TO DATE   35                        25     10       36
  SINCE MAR 1     35                        29      6       36
  SINCE JAN 1     35                        29      6       36
..................................................................


WIND (MPH)
  RESULTANT WIND SPEED  12   RESULTANT WIND DIRECTION   S (200)
  HIGHEST WIND SPEED    25   HIGHEST WIND DIRECTION     S (200)
  HIGHEST GUST SPEED    34   HIGHEST GUST DIRECTION     S (190)
  AVERAGE WIND SPEED    13.2



WEATHER CONDITIONS
 THE FOLLOWING WEATHER WAS RECORDED YESTERDAY.
  LIGHT RAIN
  FOG
  HAZE


..........................................................


THE CHICAGO EXECUTIVE CLIMATE NORMALS FOR TODAY
                         NORMAL    RECORD    YEAR
 MAXIMUM TEMPERATURE (F)   72        88      2014
 MINIMUM TEMPERATURE (F)   51        40      2002
                                             2001


SUNRISE AND SUNSET
MAY 26 2015...........SUNRISE   522 AM CDT   SUNSET   816 PM CDT
MAY 27 2015...........SUNRISE   521 AM CDT   SUNSET   817 PM CDT


-  INDICATES NEGATIVE NUMBERS.
R  INDICATES RECORD WAS SET OR TIED.
MM INDICATES DATA IS MISSING.
T  INDICATES TRACE AMOUNT.




$$
