000
CDUS43 KLOT 200637
CLIPWK


CLIMATE REPORT
NATIONAL WEATHER SERVICE CHICAGO IL
136 AM CDT WED AUG 20 2014


...................................

...THE CHICAGO EXECUTIVE CLIMATE SUMMARY FOR AUGUST 19 2014...

CLIMATE NORMAL PERIOD 1981 TO 2010
CLIMATE RECORD PERIOD 1996 TO 2014


WEATHER ITEM   OBSERVED TIME   RECORD YEAR NORMAL DEPARTURE LAST
                VALUE   (LST)  VALUE       VALUE  FROM      YEAR
                                                  NORMAL
..................................................................
TEMPERATURE (F)
 YESTERDAY
  MAXIMUM         87    354 PM  89    2005  81      6       86
  MINIMUM         69   1145 PM  56    1997  63      6       59
  AVERAGE         78                        72      6       73

PRECIPITATION (IN)
  YESTERDAY        0.32          2.00 2007   0.13   0.19     0.00
  MONTH TO DATE    3.83                      2.36   1.47     0.74
  SINCE JUN 1     13.19                      9.69   3.50    10.28
  SINCE JAN 1     22.39                     21.18   1.21    20.24

DEGREE DAYS
 HEATING
  YESTERDAY        0                         0      0        0
  MONTH TO DATE    1                         0      1        3
  SINCE JUN 1     24                        56    -32       67
  SINCE JUL 1      4                         4      0       10

 COOLING
  YESTERDAY       13                         7      6        8
  MONTH TO DATE  125                       154    -29      105
  SINCE JUN 1    487                       577    -90      528
  SINCE JAN 1    545                       619    -74      609
..................................................................


WIND (MPH)
  RESULTANT WIND SPEED   7   RESULTANT WIND DIRECTION  SW (240)
  HIGHEST WIND SPEED    20   HIGHEST WIND DIRECTION    SW (240)
  HIGHEST GUST SPEED    27   HIGHEST GUST DIRECTION     W (260)
  AVERAGE WIND SPEED     8.3



WEATHER CONDITIONS
 THE FOLLOWING WEATHER WAS RECORDED YESTERDAY.
  THUNDERSTORM
  HEAVY RAIN
  LIGHT RAIN
  FOG
  HAZE


..........................................................


THE CHICAGO EXECUTIVE CLIMATE NORMALS FOR TODAY
                         NORMAL    RECORD    YEAR
 MAXIMUM TEMPERATURE (F)   81        93      2010
 MINIMUM TEMPERATURE (F)   63        57      2012
                                             2002
                                             2001


SUNRISE AND SUNSET
AUGUST 20 2014........SUNRISE   604 AM CDT   SUNSET   745 PM CDT
AUGUST 21 2014........SUNRISE   606 AM CDT   SUNSET   743 PM CDT


-  INDICATES NEGATIVE NUMBERS.
R  INDICATES RECORD WAS SET OR TIED.
MM INDICATES DATA IS MISSING.
T  INDICATES TRACE AMOUNT.




$$
