000
CDUS43 KLOT 250635
CLIPWK


CLIMATE REPORT
NATIONAL WEATHER SERVICE CHICAGO IL
135 AM CDT TUE APR 25 2017


...................................

...THE CHICAGO EXECUTIVE CLIMATE SUMMARY FOR APRIL 24 2017...

CLIMATE NORMAL PERIOD 1981 TO 2010
CLIMATE RECORD PERIOD 1996 TO 2017


WEATHER ITEM   OBSERVED TIME   RECORD YEAR NORMAL DEPARTURE LAST
                VALUE   (LST)  VALUE       VALUE  FROM      YEAR
                                                  NORMAL
..................................................................
TEMPERATURE (F)
 YESTERDAY
  MAXIMUM         71    157 PM  84    2009  61     10       76
  MINIMUM         37    510 AM  28    2015  40     -3       39
  AVERAGE         54                        51      3       58

PRECIPITATION (IN)
  YESTERDAY        0.00          0.47 2004   0.10  -0.10     0.00
  MONTH TO DATE    3.35                      2.09   1.26     1.18
  SINCE MAR 1      6.56                      4.34   2.22     3.83
  SINCE JAN 1     10.01                      6.92   3.09     5.49

DEGREE DAYS
 HEATING
  YESTERDAY       11                        14     -3        7
  MONTH TO DATE  318                       442   -124      457
  SINCE MAR 1   1160                      1295   -135     1147
  SINCE JUL 1   5149                      6033   -884     5210

 COOLING
  YESTERDAY        0                         0      0        0
  MONTH TO DATE    6                         0      6        0
  SINCE MAR 1      6                         0      6        0
  SINCE JAN 1      6                         0      6        0
..................................................................


WIND (MPH)
  RESULTANT WIND SPEED   4   RESULTANT WIND DIRECTION   E (110)
  HIGHEST WIND SPEED    16   HIGHEST WIND DIRECTION    SE (120)
  HIGHEST GUST SPEED    24   HIGHEST GUST DIRECTION     E (110)
  AVERAGE WIND SPEED     4.8



WEATHER CONDITIONS
 THE FOLLOWING WEATHER WAS RECORDED YESTERDAY.
  NO SIGNIFICANT WEATHER WAS OBSERVED.


..........................................................


THE CHICAGO EXECUTIVE CLIMATE NORMALS FOR TODAY
                         NORMAL    RECORD    YEAR
 MAXIMUM TEMPERATURE (F)   62        83      2016
 MINIMUM TEMPERATURE (F)   41        33      1999


SUNRISE AND SUNSET
APRIL 25 2017.........SUNRISE   555 AM CDT   SUNSET   744 PM CDT
APRIL 26 2017.........SUNRISE   554 AM CDT   SUNSET   745 PM CDT


-  INDICATES NEGATIVE NUMBERS.
R  INDICATES RECORD WAS SET OR TIED.
MM INDICATES DATA IS MISSING.
T  INDICATES TRACE AMOUNT.




$$
