000
CDUS43 KLOT 250641
CLIPWK


CLIMATE REPORT
NATIONAL WEATHER SERVICE CHICAGO IL
134 AM CDT MON JUL 25 2016


...................................

...THE CHICAGO EXECUTIVE CLIMATE SUMMARY FOR JULY 24 2016...

CLIMATE NORMAL PERIOD 1981 TO 2010
CLIMATE RECORD PERIOD 1996 TO 2016


WEATHER ITEM   OBSERVED TIME   RECORD YEAR NORMAL DEPARTURE LAST
                VALUE   (LST)  VALUE       VALUE  FROM      YEAR
                                                  NORMAL
..................................................................
TEMPERATURE (F)
 YESTERDAY
  MAXIMUM         94    156 PM 102    2005  83     11       85
  MINIMUM         71    423 AM  50    2000  64      7       63
  AVERAGE         83                        74      9       74

PRECIPITATION (IN)
  YESTERDAY        0.08          2.31 2010   0.14  -0.06     0.00
  MONTH TO DATE    4.47                      2.59   1.88     3.23
  SINCE JUN 1      8.65                      6.30   2.35     9.33
  SINCE JAN 1     21.01                     17.79   3.22    17.46

DEGREE DAYS
 HEATING
  YESTERDAY        0                         0      0        0
  MONTH TO DATE    2                         0      2       20
  SINCE JUN 1     20                        52    -32       76
  SINCE JUL 1      2                         0      2       20

 COOLING
  YESTERDAY       18                         9      9        9
  MONTH TO DATE  244                       210     34      149
  SINCE JUN 1    430                       364     66      260
  SINCE JAN 1    499                       406     93      311
..................................................................


WIND (MPH)
  RESULTANT WIND SPEED  10   RESULTANT WIND DIRECTION   S (190)
  HIGHEST WIND SPEED    22   HIGHEST WIND DIRECTION    SW (230)
  HIGHEST GUST SPEED    30   HIGHEST GUST DIRECTION    SW (230)
  AVERAGE WIND SPEED    10.8



WEATHER CONDITIONS
 THE FOLLOWING WEATHER WAS RECORDED YESTERDAY.
  THUNDERSTORM
  LIGHT RAIN


..........................................................


THE CHICAGO EXECUTIVE CLIMATE NORMALS FOR TODAY
                         NORMAL    RECORD    YEAR
 MAXIMUM TEMPERATURE (F)   83        98      2012
 MINIMUM TEMPERATURE (F)   64        56      2013
                                             2000


SUNRISE AND SUNSET
JULY 25 2016..........SUNRISE   538 AM CDT   SUNSET   817 PM CDT
JULY 26 2016..........SUNRISE   539 AM CDT   SUNSET   816 PM CDT


-  INDICATES NEGATIVE NUMBERS.
R  INDICATES RECORD WAS SET OR TIED.
MM INDICATES DATA IS MISSING.
T  INDICATES TRACE AMOUNT.




$$
