000
CDUS43 KLOT 060634
CLIPWK


CLIMATE REPORT
NATIONAL WEATHER SERVICE CHICAGO IL
1233 AM CST FRI MAR 6 2015


...................................

...THE CHICAGO EXECUTIVE CLIMATE SUMMARY FOR MARCH 5 2015...

CLIMATE NORMAL PERIOD 1981 TO 2010
CLIMATE RECORD PERIOD 1996 TO 2015


WEATHER ITEM   OBSERVED TIME   RECORD YEAR NORMAL DEPARTURE LAST
                VALUE   (LST)  VALUE       VALUE  FROM      YEAR
                                                  NORMAL
..................................................................
TEMPERATURE (F)
 YESTERDAY
  MAXIMUM         17    356 PM  68    2000  42    -25       21
  MINIMUM          3R   624 AM  13    2002  26    -23       17
  AVERAGE         10                        34    -24       19

PRECIPITATION (IN)
  YESTERDAY        0.00          0.28 2004   0.06  -0.06    MM
  MONTH TO DATE    0.00                      0.31  -0.31      T
  SINCE MAR 1      0.00                      0.31  -0.31      T
  SINCE JAN 1      0.69                      2.89  -2.20     2.13

DEGREE DAYS
 HEATING
  YESTERDAY       55                        31     24       46
  MONTH TO DATE  224                       159     65      253
  SINCE MAR 1    224                       159     65      253
  SINCE JUL 1   5352                      4897    455     5612

 COOLING
  YESTERDAY        0                         0      0        0
  MONTH TO DATE    0                         0      0        0
  SINCE MAR 1      0                         0      0        0
  SINCE JAN 1      0                         0      0        0
..................................................................


WIND (MPH)
  RESULTANT WIND SPEED   7   RESULTANT WIND DIRECTION  NW (310)
  HIGHEST WIND SPEED    16   HIGHEST WIND DIRECTION    NW (320)
  HIGHEST GUST SPEED    21   HIGHEST GUST DIRECTION    NW (310)
  AVERAGE WIND SPEED     7.9



WEATHER CONDITIONS
 THE FOLLOWING WEATHER WAS RECORDED YESTERDAY.
  NO SIGNIFICANT WEATHER WAS OBSERVED.


..........................................................


THE CHICAGO EXECUTIVE CLIMATE NORMALS FOR TODAY
                         NORMAL    RECORD    YEAR
 MAXIMUM TEMPERATURE (F)   42        69      2012
                                             2000
 MINIMUM TEMPERATURE (F)   26        14      2003


SUNRISE AND SUNSET
MARCH  6 2015.........SUNRISE   619 AM CST   SUNSET   547 PM CST
MARCH  7 2015.........SUNRISE   617 AM CST   SUNSET   549 PM CST


-  INDICATES NEGATIVE NUMBERS.
R  INDICATES RECORD WAS SET OR TIED.
MM INDICATES DATA IS MISSING.
T  INDICATES TRACE AMOUNT.




$$
