000
CDUS43 KLOT 300635
CLIPWK


CLIMATE REPORT
NATIONAL WEATHER SERVICE CHICAGO IL
1234 AM CST FRI JAN 30 2015


...................................

...THE CHICAGO EXECUTIVE CLIMATE SUMMARY FOR JANUARY 29 2015...

CLIMATE NORMAL PERIOD 1981 TO 2010
CLIMATE RECORD PERIOD 1996 TO 2015


WEATHER ITEM   OBSERVED TIME   RECORD YEAR NORMAL DEPARTURE LAST
                VALUE   (LST)  VALUE       VALUE  FROM      YEAR
                                                  NORMAL
..................................................................
TEMPERATURE (F)
 YESTERDAY
  MAXIMUM         36    244 AM  63    2013  31      5       23
  MINIMUM         29   1159 PM  -3    1997  17     12        1
  AVERAGE         33                        24      9       12

PRECIPITATION (IN)
  YESTERDAY        T             1.50 2013   0.05  -0.05     0.00
  MONTH TO DATE    0.69                      1.53  -0.84     1.21
  SINCE DEC 1      1.40                      3.36  -1.96     2.08
  SINCE JAN 1      0.69                      1.53  -0.84     1.21

DEGREE DAYS
 HEATING
  YESTERDAY       32                        41     -9       53
  MONTH TO DATE 1236                      1201     35     1388
  SINCE DEC 1   2254                      2348    -94     2681
  SINCE JUL 1   3657                      3618     39     3952

 COOLING
  YESTERDAY        0                         0      0        0
  MONTH TO DATE    0                         0      0        0
  SINCE DEC 1      0                         0      0        0
  SINCE JAN 1      0                         0      0        0
..................................................................


WIND (MPH)
  RESULTANT WIND SPEED   8   RESULTANT WIND DIRECTION  NW (320)
  HIGHEST WIND SPEED    23   HIGHEST WIND DIRECTION     N (340)
  HIGHEST GUST SPEED    30   HIGHEST GUST DIRECTION    NW (330)
  AVERAGE WIND SPEED    12.7



WEATHER CONDITIONS
 THE FOLLOWING WEATHER WAS RECORDED YESTERDAY.
  LIGHT SNOW
  FOG
  HAZE


..........................................................


THE CHICAGO EXECUTIVE CLIMATE NORMALS FOR TODAY
                         NORMAL    RECORD    YEAR
 MAXIMUM TEMPERATURE (F)   31        53      2012
 MINIMUM TEMPERATURE (F)   17        -7      2004


SUNRISE AND SUNSET
JANUARY 30 2015.......SUNRISE   707 AM CST   SUNSET   503 PM CST
JANUARY 31 2015.......SUNRISE   706 AM CST   SUNSET   505 PM CST


-  INDICATES NEGATIVE NUMBERS.
R  INDICATES RECORD WAS SET OR TIED.
MM INDICATES DATA IS MISSING.
T  INDICATES TRACE AMOUNT.




$$
