000
CDUS41 KGYX 232145
CLIPWM


CLIMATE REPORT
NATIONAL WEATHER SERVICE GRAY ME
445 PM EST TUE JAN 23 2018


...................................

...THE PORTLAND ME CLIMATE SUMMARY FOR JANUARY 23 2018...
VALID TODAY AS OF 0400 PM LOCAL TIME.

CLIMATE NORMAL PERIOD 1981 TO 2010
CLIMATE RECORD PERIOD 1941 TO 2018


WEATHER ITEM   OBSERVED TIME   RECORD YEAR NORMAL DEPARTURE LAST
                VALUE   (LST)  VALUE       VALUE  FROM      YEAR
                                                  NORMAL
..................................................................
TEMPERATURE (F)
 TODAY
  MAXIMUM         33    259 PM  53    1957  31      2       33
  MINIMUM         22    601 AM -15    1976  13      9       30
  AVERAGE         28                        22      6       32

PRECIPITATION (IN)
  TODAY            0.66          1.95 1992   0.11   0.55     0.00
  MONTH TO DATE    3.19                      2.53   0.66     2.28
  SINCE DEC 1      6.65                      6.55   0.10     7.59
  SINCE JAN 1      3.19                      2.53   0.66     2.28

SNOWFALL (IN)
  TODAY            T            15.3  2005   0.6   -0.6      0.0
  MONTH TO DATE   19.3                      14.5    4.8      6.3
  SINCE DEC 1     40.7                      27.7   13.0     25.2
  SINCE JUL 1     40.8                      29.6   11.2     25.7
  SNOW DEPTH       3

DEGREE DAYS
 HEATING
  TODAY           37                        43     -6       33
  MONTH TO DATE 1016                       979     37      822
  SINCE DEC 1   2299                      2100    199     1957
  SINCE JUL 1   3464                      3591   -127     3209

 COOLING
  TODAY            0                         0      0        0
  MONTH TO DATE    0                         0      0        0
  SINCE DEC 1      0                         0      0        0
  SINCE JAN 1      0                         0      0        0
..................................................................


WIND (MPH)
  HIGHEST WIND SPEED    14   HIGHEST WIND DIRECTION     E (80)
  HIGHEST GUST SPEED    18   HIGHEST GUST DIRECTION     N (360)
  AVERAGE WIND SPEED     8.0


SKY COVER
  POSSIBLE SUNSHINE  MM
  AVERAGE SKY COVER 1.0


WEATHER CONDITIONS
 THE FOLLOWING WEATHER WAS RECORDED TODAY.
  LIGHT RAIN
  FREEZING RAIN
  LT FREEZING RAIN
  LIGHT SNOW
  FOG


RELATIVE HUMIDITY (PERCENT)
 HIGHEST   100           100 AM
 LOWEST     96          1200 AM
 AVERAGE    98

..........................................................


THE PORTLAND ME CLIMATE NORMALS FOR TOMORROW
                         NORMAL    RECORD    YEAR
 MAXIMUM TEMPERATURE (F)   31        52      1999
 MINIMUM TEMPERATURE (F)   13       -21      1948


SUNRISE AND SUNSET
JANUARY 23 2018.......SUNRISE   706 AM EST   SUNSET   440 PM EST
JANUARY 24 2018.......SUNRISE   706 AM EST   SUNSET   442 PM EST


-  INDICATES NEGATIVE NUMBERS.
R  INDICATES RECORD WAS SET OR TIED.
MM INDICATES DATA IS MISSING.
T  INDICATES TRACE AMOUNT.




$$
