000
CDUS41 KGYX 270809
CLIPWM


CLIMATE REPORT
NATIONAL WEATHER SERVICE GRAY ME
409 AM EDT SAT MAY 27 2017


...................................

...THE PORTLAND ME CLIMATE SUMMARY FOR MAY 26 2017...

CLIMATE NORMAL PERIOD 1981 TO 2010
CLIMATE RECORD PERIOD 1941 TO 2017


WEATHER ITEM   OBSERVED TIME   RECORD YEAR NORMAL DEPARTURE LAST
                VALUE   (LST)  VALUE       VALUE  FROM      YEAR
                                                  NORMAL
..................................................................
TEMPERATURE (F)
 YESTERDAY
  MAXIMUM         56    304 PM  91    2015  67    -11       79
                                      2010
  MINIMUM         48    518 AM  30    1949  47      1       54
  AVERAGE         52                        57     -5       67

PRECIPITATION (IN)
  YESTERDAY        1.74R         1.74 1973   0.13   1.61     0.00
  MONTH TO DATE    5.40                      3.37   2.03     1.84
  SINCE MAR 1     15.30                     11.93   3.37     7.77
  SINCE JAN 1     23.50                     18.56   4.94    15.31

SNOWFALL (IN)
  YESTERDAY        0.0           T    1967   0.0    0.0      0.0
  MONTH TO DATE    0.0                       0.1   -0.1      0.0
  SINCE MAR 1     29.1                      15.6   13.5     10.8
  SINCE JUL 1     95.3                      62.0   33.3     51.8
  SNOW DEPTH       0

DEGREE DAYS
 HEATING
  YESTERDAY       13                         9      4        0
  MONTH TO DATE  322                       315      7      303
  SINCE MAR 1   1980                      1921     59     1804
  SINCE JUL 1   6458                      6963   -505     6095

 COOLING
  YESTERDAY        0                         0      0        2
  MONTH TO DATE   15                         0     15        2
  SINCE MAR 1     17                         0     17        2
  SINCE JAN 1     17                         0     17        2
..................................................................


WIND (MPH)
  RESULTANT WIND SPEED   8   RESULTANT WIND DIRECTION   N (20)
  HIGHEST WIND SPEED    26   HIGHEST WIND DIRECTION    NE (60)
  HIGHEST GUST SPEED    41   HIGHEST GUST DIRECTION    NE (60)
  AVERAGE WIND SPEED    10.4


SKY COVER
  AVERAGE SKY COVER 0.9


WEATHER CONDITIONS
 THE FOLLOWING WEATHER WAS RECORDED YESTERDAY.
  HEAVY RAIN
  RAIN
  LIGHT RAIN
  FOG
  HAZE


RELATIVE HUMIDITY (PERCENT)
 HIGHEST    93           300 AM
 LOWEST     83           400 PM
 AVERAGE    88

..........................................................


THE PORTLAND ME CLIMATE NORMALS FOR TODAY
                         NORMAL    RECORD    YEAR
 MAXIMUM TEMPERATURE (F)   67        85      2008
                                             1959
 MINIMUM TEMPERATURE (F)   48        32      1969


SUNRISE AND SUNSET
MAY 27 2017...........SUNRISE   506 AM EDT   SUNSET   812 PM EDT
MAY 28 2017...........SUNRISE   505 AM EDT   SUNSET   813 PM EDT


-  INDICATES NEGATIVE NUMBERS.
R  INDICATES RECORD WAS SET OR TIED.
MM INDICATES DATA IS MISSING.
T  INDICATES TRACE AMOUNT.




$$
