000
CDUS41 KGYX 280811
CLIPWM


CLIMATE REPORT
NATIONAL WEATHER SERVICE GRAY ME
411 AM EDT TUE JUL 28 2015


...................................

...THE PORTLAND ME CLIMATE SUMMARY FOR JULY 27 2015...

CLIMATE NORMAL PERIOD 1981 TO 2010
CLIMATE RECORD PERIOD 1941 TO 2015


WEATHER ITEM   OBSERVED TIME   RECORD YEAR NORMAL DEPARTURE LAST
                VALUE   (LST)  VALUE       VALUE  FROM      YEAR
                                                  NORMAL
..................................................................
TEMPERATURE (F)
 YESTERDAY
  MAXIMUM         77    250 PM  96    1949  79     -2       73
  MINIMUM         63   1159 PM  44    1977  60      3       60
  AVERAGE         70                        70      0       67

PRECIPITATION (IN)
  YESTERDAY        0.00          1.88 1930   0.11  -0.11     0.32
  MONTH TO DATE    1.16                      3.15  -1.99     5.21
  SINCE JUN 1      7.56                      6.94   0.62     9.51
  SINCE JAN 1     24.17                     26.14  -1.97    28.73

SNOWFALL (IN)
  YESTERDAY        0.0           0.0  2002   0.0    0.0      0.0
                                      2001
                                      2000
  MONTH TO DATE    0.0                       0.0    0.0      0.0
  SINCE JUN 1      0.0                       0.0    0.0      0.0
  SINCE JUL 1      0.0                       0.0    0.0      0.0
  SNOW DEPTH       0

DEGREE DAYS
 HEATING
  YESTERDAY        0                         0      0        0
  MONTH TO DATE   10                        12     -2        0
  SINCE JUN 1    154                       118     36       77
  SINCE JUL 1     10                        12     -2        0

 COOLING
  YESTERDAY        5                         5      0        2
  MONTH TO DATE  101                       125    -24      150
  SINCE JUN 1    144                       182    -38      206
  SINCE JAN 1    184                       189     -5      206
..................................................................


WIND (MPH)
  RESULTANT WIND SPEED   3   RESULTANT WIND DIRECTION   E (100)
  HIGHEST WIND SPEED    12   HIGHEST WIND DIRECTION     S (170)
  HIGHEST GUST SPEED    20   HIGHEST GUST DIRECTION    SE (130)
  AVERAGE WIND SPEED     4.5


SKY COVER
  AVERAGE SKY COVER 0.7


WEATHER CONDITIONS
 THE FOLLOWING WEATHER WAS RECORDED YESTERDAY.
  FOG
  FOG W/VISIBILITY <= 1/4 MILE


RELATIVE HUMIDITY (PERCENT)
 HIGHEST   100          1200 AM
 LOWEST     74           300 PM
 AVERAGE    87

..........................................................


THE PORTLAND ME CLIMATE NORMALS FOR TODAY
                         NORMAL    RECORD    YEAR
 MAXIMUM TEMPERATURE (F)   79        94      1963
 MINIMUM TEMPERATURE (F)   60        45      1977


SUNRISE AND SUNSET
JULY 28 2015..........SUNRISE   526 AM EDT   SUNSET   809 PM EDT
JULY 29 2015..........SUNRISE   527 AM EDT   SUNSET   808 PM EDT


-  INDICATES NEGATIVE NUMBERS.
R  INDICATES RECORD WAS SET OR TIED.
MM INDICATES DATA IS MISSING.
T  INDICATES TRACE AMOUNT.




$$
