000
CDUS46 KSGX 110117
CLIRAL


CLIMATE REPORT
NATIONAL WEATHER SERVICE SAN DIEGO, CA
517 PM PST SAT DEC 10 2016


...................................

...THE RIVERSIDE MUNI AIRPORT CA CLIMATE SUMMARY FOR DECEMBER 10 2016...
VALID TODAY AS OF 0500 PM LOCAL TIME.

CLIMATE NORMAL PERIOD 1981 TO 2010
CLIMATE RECORD PERIOD 1893 TO 2016


WEATHER ITEM   OBSERVED TIME   RECORD YEAR NORMAL DEPARTURE LAST
                VALUE   (LST)  VALUE       VALUE  FROM      YEAR
                                                  NORMAL
..................................................................
TEMPERATURE (F)
 TODAY
  MAXIMUM         66    324 PM  87    1958  67     -1       72
  MINIMUM         44    709 AM  27    1956  43      1       45
                                      1919
  AVERAGE         55                        55      0       59

PRECIPITATION (IN)
  TODAY            0.00          1.23 1941   0.04  -0.04      T
  MONTH TO DATE    0.00                      0.37  -0.37      T
  SINCE OCT 1      1.92                      1.65   0.27     0.51
  SINCE JAN 1      6.20                     11.24  -5.04     6.85

DEGREE DAYS
 HEATING
  TODAY           10                        10      0        6
  MONTH TO DATE   85                        96    -11       42
  SINCE DEC 1     85                        96    -11       42
  SINCE JUL 1    189                       296   -107      204

 COOLING
  TODAY            0                         0      0        0
  MONTH TO DATE    0                         0      0        2
  SINCE DEC 1      0                         0      0        2
  SINCE JAN 1   2298                      1754    544     2424
..................................................................


WIND (MPH)
  RESULTANT WIND SPEED   0   RESULTANT WIND DIRECTION   N (360)
  HIGHEST WIND SPEED     8   HIGHEST WIND DIRECTION     W (270)
  HIGHEST GUST SPEED    11   HIGHEST GUST DIRECTION     W (270)
  AVERAGE WIND SPEED     2.4


SKY COVER
  POSSIBLE SUNSHINE  MM
  AVERAGE SKY COVER 0.3


WEATHER CONDITIONS
 THE FOLLOWING WEATHER WAS RECORDED TODAY.
  FOG
  HAZE


RELATIVE HUMIDITY (PERCENT)
 HIGHEST    93           100 AM
 LOWEST     63           200 PM
 AVERAGE    78

..........................................................


THE RIVERSIDE MUNI AIRPORT CA CLIMATE NORMALS FOR TOMORROW
                         NORMAL    RECORD    YEAR
 MAXIMUM TEMPERATURE (F)   67        90      1958
 MINIMUM TEMPERATURE (F)   42        23      1949


SUNRISE AND SUNSET
DECEMBER 10 2016......SUNRISE   645 AM PST   SUNSET   441 PM PST
DECEMBER 11 2016......SUNRISE   645 AM PST   SUNSET   441 PM PST


-  INDICATES NEGATIVE NUMBERS.
R  INDICATES RECORD WAS SET OR TIED.
MM INDICATES DATA IS MISSING.
T  INDICATES TRACE AMOUNT.




$$
