848
CDUS46 KSGX 050017
CLIRAL


CLIMATE REPORT
NATIONAL WEATHER SERVICE SAN DIEGO, CA
517 PM PDT WED MAY 4 2016


...................................

...THE RIVERSIDE MUNI AIRPORT CA CLIMATE SUMMARY FOR MAY 4 2016...
VALID TODAY AS OF 0500 PM LOCAL TIME.

CLIMATE NORMAL PERIOD 1981 TO 2010
CLIMATE RECORD PERIOD 1893 TO 2016


WEATHER ITEM   OBSERVED TIME   RECORD YEAR NORMAL DEPARTURE LAST
                VALUE   (LST)  VALUE       VALUE  FROM      YEAR
                                                  NORMAL
..................................................................
TEMPERATURE (F)
 TODAY
  MAXIMUM         81    124 PM 100    1987  79      2       76
  MINIMUM         56    619 AM  36    1950  54      2       54
  AVERAGE         69                        66      3       65

PRECIPITATION (IN)
  TODAY            0.00          0.61 1930   0.03  -0.03     0.00
  MONTH TO DATE    0.00                      0.10  -0.10     0.00
  SINCE OCT 1      5.27                     11.70  -6.43     5.15
  SINCE JAN 1      4.10                      8.89  -4.79     1.92

DEGREE DAYS
 HEATING
  TODAY            0                         2     -2        0
  MONTH TO DATE    1                         8     -7        0
  SINCE MAR 1    136                       320   -184      107
  SINCE JUL 1   1013                      1428   -415      714

 COOLING
  TODAY            4                         3      1        0
  MONTH TO DATE   20                        12      8       26
  SINCE MAR 1    133                        66     67      233
  SINCE JAN 1    209                        75    134      257
..................................................................


WIND (MPH)
  RESULTANT WIND SPEED   4   RESULTANT WIND DIRECTION   W (270)
  HIGHEST WIND SPEED    23   HIGHEST WIND DIRECTION     W (260)
  HIGHEST GUST SPEED    29   HIGHEST GUST DIRECTION     W (250)
  AVERAGE WIND SPEED     6.1


SKY COVER
  POSSIBLE SUNSHINE  MM
  AVERAGE SKY COVER 0.3


WEATHER CONDITIONS
 THE FOLLOWING WEATHER WAS RECORDED TODAY.
  FOG
  HAZE


RELATIVE HUMIDITY (PERCENT)
 HIGHEST    86           600 AM
 LOWEST     39           100 PM
 AVERAGE    63

..........................................................


THE RIVERSIDE MUNI AIRPORT CA CLIMATE NORMALS FOR TOMORROW
                         NORMAL    RECORD    YEAR
 MAXIMUM TEMPERATURE (F)   79       103      1990
 MINIMUM TEMPERATURE (F)   54        34      1950


SUNRISE AND SUNSET
MAY  4 2016...........SUNRISE   557 AM PDT   SUNSET   736 PM PDT
MAY  5 2016...........SUNRISE   556 AM PDT   SUNSET   737 PM PDT


-  INDICATES NEGATIVE NUMBERS.
R  INDICATES RECORD WAS SET OR TIED.
MM INDICATES DATA IS MISSING.
T  INDICATES TRACE AMOUNT.




$$
