000
CDUS46 KSGX 010021
CLIRAL


CLIMATE REPORT
NATIONAL WEATHER SERVICE SAN DIEGO, CA
520 PM PDT TUE SEP 30 2014


...................................

...THE RIVERSIDE MUNI AIRPORT CA CLIMATE SUMMARY FOR SEPTEMBER 30 2014...
VALID TODAY AS OF 0500 PM LOCAL TIME.

CLIMATE NORMAL PERIOD 1981 TO 2010
CLIMATE RECORD PERIOD 1893 TO 2014


WEATHER ITEM   OBSERVED TIME   RECORD YEAR NORMAL DEPARTURE LAST
                VALUE   (LST)  VALUE       VALUE  FROM      YEAR
                                                  NORMAL
..................................................................
TEMPERATURE (F)
 TODAY
  MAXIMUM         90    219 PM 108    2001  86      4       90
                                      1980
  MINIMUM         59    608 AM  42    1948  59      0       54
                                      1915
  AVERAGE         75                        73      2       72

PRECIPITATION (IN)
  TODAY            0.00          1.72 1921   0.01  -0.01     0.00
  MONTH TO DATE    0.23                      0.25  -0.02     0.00
  SINCE JUL 1      0.37                      0.40  -0.03     0.16
  SINCE JAN 1      2.09                      9.59  -7.50     2.37

SNOWFALL (IN)
  TODAY            0.0
  MONTH TO DATE    0.0
  SINCE JAN 1      0.0
  SINCE JUL 1      0.0
  SNOW DEPTH       0

DEGREE DAYS
 HEATING
  TODAY            0                         0      0        0
  MONTH TO DATE    0                         0      0        0
  SINCE SEP 1      0                         2     -2        0
  SINCE JUL 1      0                         2     -2        0

 COOLING
  TODAY           10                         8      2        7
  MONTH TO DATE  452                       334    118      393
  SINCE SEP 1    452                       334    118      393
  SINCE JAN 1   2043                      1592    451     1862
..................................................................


WIND (MPH)
  RESULTANT WIND SPEED   2   RESULTANT WIND DIRECTION   W (270)
  HIGHEST WIND SPEED    17   HIGHEST WIND DIRECTION     W (260)
  HIGHEST GUST SPEED    22   HIGHEST GUST DIRECTION     W (250)
  AVERAGE WIND SPEED     4.2


SKY COVER
  POSSIBLE SUNSHINE  MM
  AVERAGE SKY COVER 0.0


WEATHER CONDITIONS
 THE FOLLOWING WEATHER WAS RECORDED TODAY.
  NO SIGNIFICANT WEATHER WAS OBSERVED.


RELATIVE HUMIDITY (PERCENT)
 HIGHEST    78           200 AM
 LOWEST     19           200 PM
 AVERAGE    49

..........................................................


THE RIVERSIDE MUNI AIRPORT CA CLIMATE NORMALS FOR TOMORROW
                         NORMAL    RECORD    YEAR
 MAXIMUM TEMPERATURE (F)   86       109      1980
 MINIMUM TEMPERATURE (F)   59        39      1930


SUNRISE AND SUNSET
SEPTEMBER 30 2014.....SUNRISE   644 AM PDT   SUNSET   635 PM PDT
OCTOBER  1 2014.......SUNRISE   644 AM PDT   SUNSET   634 PM PDT


-  INDICATES NEGATIVE NUMBERS.
R  INDICATES RECORD WAS SET OR TIED.
MM INDICATES DATA IS MISSING.
T  INDICATES TRACE AMOUNT.




$$
