000
CDUS46 KSGX 161517
CLIRAL


CLIMATE REPORT
NATIONAL WEATHER SERVICE SAN DIEGO, CA
717 AM PST MON JAN 16 2017


...................................

...THE RIVERSIDE MUNI AIRPORT CA CLIMATE SUMMARY FOR JANUARY 15 2017...

CLIMATE NORMAL PERIOD 1981 TO 2010
CLIMATE RECORD PERIOD 1893 TO 2017


WEATHER ITEM   OBSERVED TIME   RECORD YEAR NORMAL DEPARTURE LAST
                VALUE   (LST)  VALUE       VALUE  FROM      YEAR
                                                  NORMAL
..................................................................
TEMPERATURE (F)
 YESTERDAY
  MAXIMUM         56    354 PM  84    2011  67    -11       61
                                      2000
  MINIMUM         38    649 AM  27    1949  43     -5       47
  AVERAGE         47                        55     -8       54

PRECIPITATION (IN)
  YESTERDAY        0.00          1.66 1914   0.11  -0.11     0.00
  MONTH TO DATE    1.68                      1.73  -0.05     2.46
  SINCE OCT 1      6.94                      4.54   2.40     3.63
  SINCE JAN 1      1.68                      1.73  -0.05     2.46

DEGREE DAYS
 HEATING
  YESTERDAY       18                        10      8       11
  MONTH TO DATE  159                       154      5      183
  SINCE DEC 1    420                       480    -60      514
  SINCE JUL 1    524                       680   -156      676

 COOLING
  YESTERDAY        0                         0      0        0
  MONTH TO DATE    0                         0      0        0
  SINCE DEC 1      0                         2     -2        2
  SINCE JAN 1      0                         0      0        0
..................................................................


WIND (MPH)
  RESULTANT WIND SPEED   1   RESULTANT WIND DIRECTION   E (90)
  HIGHEST WIND SPEED     8   HIGHEST WIND DIRECTION     S (160)
  HIGHEST GUST SPEED     9   HIGHEST GUST DIRECTION    SE (150)
  AVERAGE WIND SPEED     1.7


SKY COVER
  POSSIBLE SUNSHINE  MM
  AVERAGE SKY COVER 0.4


WEATHER CONDITIONS
 THE FOLLOWING WEATHER WAS RECORDED YESTERDAY.
  NO SIGNIFICANT WEATHER WAS OBSERVED.


RELATIVE HUMIDITY (PERCENT)
 HIGHEST   100           400 AM
 LOWEST     71          1200 AM
 AVERAGE    86

..........................................................


THE RIVERSIDE MUNI AIRPORT CA CLIMATE NORMALS FOR TODAY
                         NORMAL    RECORD    YEAR
 MAXIMUM TEMPERATURE (F)   67        86      1961
 MINIMUM TEMPERATURE (F)   43        28      1963
                                             1950
                                             1935


SUNRISE AND SUNSET
JANUARY 16 2017.......SUNRISE   655 AM PST   SUNSET   505 PM PST
JANUARY 17 2017.......SUNRISE   654 AM PST   SUNSET   506 PM PST


-  INDICATES NEGATIVE NUMBERS.
R  INDICATES RECORD WAS SET OR TIED.
MM INDICATES DATA IS MISSING.
T  INDICATES TRACE AMOUNT.




$$
