000
CDUS46 KSGX 240639
CLIRAL


CLIMATE REPORT
NATIONAL WEATHER SERVICE SAN DIEGO, CA
1138 PM PDT MON MAY 23 2016


...................................

...THE RIVERSIDE MUNI AIRPORT CA CLIMATE SUMMARY FOR MAY 21 2016...

CLIMATE NORMAL PERIOD 1981 TO 2010
CLIMATE RECORD PERIOD 1893 TO 2016


WEATHER ITEM   OBSERVED TIME   RECORD YEAR NORMAL DEPARTURE LAST
                VALUE   (LST)  VALUE       VALUE  FROM      YEAR
                                                  NORMAL
..................................................................
TEMPERATURE (F)
 YESTERDAY
  MAXIMUM         73    148 PM 105    2000  81     -8       71
  MINIMUM         54    529 AM  36    1948  56     -2       58
  AVERAGE         64                        69     -5       65

PRECIPITATION (IN)
  YESTERDAY        0.00          0.63 1920   0.00   0.00     0.00
  MONTH TO DATE    0.18                      0.29  -0.11     0.60
  SINCE OCT 1      5.45                     11.89  -6.44     5.75
  SINCE JAN 1      4.28                      9.08  -4.80     2.52

DEGREE DAYS
 HEATING
  YESTERDAY        1                         0      1        0
  MONTH TO DATE   16                        22     -6       43
  SINCE MAR 1    151                       334   -183      150
  SINCE JUL 1   1028                      1442   -414      757

 COOLING
  YESTERDAY        0                         4     -4        0
  MONTH TO DATE   70                        71     -1       38
  SINCE MAR 1    183                       125     58      245
  SINCE JAN 1    259                       134    125      269
..................................................................


WIND (MPH)
  RESULTANT WIND SPEED   3   RESULTANT WIND DIRECTION   W (260)
  HIGHEST WIND SPEED    21   HIGHEST WIND DIRECTION     W (260)
  HIGHEST GUST SPEED    28   HIGHEST GUST DIRECTION     W (250)
  AVERAGE WIND SPEED     4.7


SKY COVER
  POSSIBLE SUNSHINE  MM
  AVERAGE SKY COVER 0.5


WEATHER CONDITIONS
 THE FOLLOWING WEATHER WAS RECORDED YESTERDAY.
  NO SIGNIFICANT WEATHER WAS OBSERVED.


RELATIVE HUMIDITY (PERCENT)
 HIGHEST    77           500 AM
 LOWEST     31          1200 PM
 AVERAGE    54

..........................................................


THE RIVERSIDE MUNI AIRPORT CA CLIMATE NORMALS FOR TODAY
                         NORMAL    RECORD    YEAR
 MAXIMUM TEMPERATURE (F)   81        99      1967
 MINIMUM TEMPERATURE (F)   57        38      1927
                                             1903


SUNRISE AND SUNSET
MAY 22 2016...........SUNRISE   544 AM PDT   SUNSET   750 PM PDT
MAY 23 2016...........SUNRISE   543 AM PDT   SUNSET   750 PM PDT


-  INDICATES NEGATIVE NUMBERS.
R  INDICATES RECORD WAS SET OR TIED.
MM INDICATES DATA IS MISSING.
T  INDICATES TRACE AMOUNT.




$$
