000
CDUS43 KUNR 300039
CLIRAP


CLIMATE REPORT
NATIONAL WEATHER SERVICE RAPID CITY SD
639 PM MDT MON SEP 29 2014


...................................

...THE RAPID CITY AIRPORT SD CLIMATE SUMMARY FOR SEPTEMBER 29 2014...
VALID TODAY AS OF 0500 PM LOCAL TIME.

CLIMATE NORMAL PERIOD 1981 TO 2010
CLIMATE RECORD PERIOD 1942 TO 2014


WEATHER ITEM   OBSERVED TIME   RECORD YEAR NORMAL DEPARTURE LAST
                VALUE   (LST)  VALUE       VALUE  FROM      YEAR
                                                  NORMAL
..................................................................
TEMPERATURE (F)
 TODAY
  MAXIMUM         52    349 PM  90    2007  69    -17       81
  MINIMUM         48    942 AM  21    1984  40      8       37
  AVERAGE         50                        55     -5       59

PRECIPITATION (IN)
  TODAY            0.92R         0.44 1965   0.05   0.87     0.00
  MONTH TO DATE    1.48                      1.25   0.23     1.18
  SINCE SEP 1      1.48                      1.25   0.23     1.18
  SINCE JAN 1     18.08                     13.88   4.20    15.24

SNOWFALL (IN)
  TODAY            0.0                       0.0    0.0      0.0
  MONTH TO DATE    T                         0.2   -0.2      0.0
  SINCE SEP 1      T                         0.2   -0.2      0.0
  SINCE JUL 1      T                         0.2   -0.2      0.0
  SNOW DEPTH       0

DEGREE DAYS
 HEATING
  TODAY           15                        11      4        6
  MONTH TO DATE  198                       175     23      102
  SINCE SEP 1    198                       175     23      102
  SINCE JUL 1    234                       212     22      107

 COOLING
  TODAY            0                         0      0        0
  MONTH TO DATE   61                        60      1      131
  SINCE SEP 1     61                        60      1      131
  SINCE JAN 1    424                       632   -208      722
..................................................................


WIND (MPH)
  HIGHEST WIND SPEED    16   HIGHEST WIND DIRECTION    SE (150)
  HIGHEST GUST SPEED    21   HIGHEST GUST DIRECTION    SE (150)
  AVERAGE WIND SPEED     8.1


SKY COVER
  AVERAGE SKY COVER 0.6


WEATHER CONDITIONS
 THE FOLLOWING WEATHER WAS RECORDED TODAY.
  THUNDERSTORM
  HEAVY RAIN
  RAIN
  LIGHT RAIN
  FOG


RELATIVE HUMIDITY (PERCENT)
 HIGHEST   100           900 AM
 LOWEST     89           400 PM
 AVERAGE    95

..........................................................


THE RAPID CITY AIRPORT SD CLIMATE NORMALS FOR TOMORROW
                         NORMAL    RECORD    YEAR
 MAXIMUM TEMPERATURE (F)   68        93      1989
                                             1967
 MINIMUM TEMPERATURE (F)   40        25      1985
                                             1974
                                             1959


SUNRISE AND SUNSET
SEPTEMBER 29 2014.....SUNRISE   648 AM MDT   SUNSET   637 PM MDT
SEPTEMBER 30 2014.....SUNRISE   649 AM MDT   SUNSET   635 PM MDT


-  INDICATES NEGATIVE NUMBERS.
R  INDICATES RECORD WAS SET OR TIED.
MM INDICATES DATA IS MISSING.
T  INDICATES TRACE AMOUNT.




$$
