000
CDUS43 KUNR 230035
CLIRAP


CLIMATE REPORT
NATIONAL WEATHER SERVICE RAPID CITY SD
635 PM MDT TUE AUG 22 2017


...................................

...THE RAPID CITY AIRPORT SD CLIMATE SUMMARY FOR AUGUST 22 2017...
VALID TODAY AS OF 0500 PM LOCAL TIME.

CLIMATE NORMAL PERIOD 1981 TO 2010
CLIMATE RECORD PERIOD 1942 TO 2017


WEATHER ITEM   OBSERVED TIME   RECORD YEAR NORMAL DEPARTURE LAST
                VALUE   (LST)  VALUE       VALUE  FROM      YEAR
                                                  NORMAL
..................................................................
TEMPERATURE (F)
 TODAY
  MAXIMUM         85    417 PM 104    1960  86     -1      101
                                      1949
  MINIMUM         47    401 AM  38    1966  56     -9       53
  AVERAGE         66                        70     -4       77

PRECIPITATION (IN)
  TODAY            0.00          1.06 1983   0.05  -0.05     0.00
  MONTH TO DATE    2.02                      1.18   0.84     1.31
  SINCE JUN 1      4.84                      5.56  -0.72     5.36
  SINCE JAN 1      9.11                     12.25  -3.14    10.00

SNOWFALL (IN)
  TODAY            0.0           0.0    MM   0.0    0.0      0.0
  MONTH TO DATE    0.0                       0.0    0.0      0.0
  SINCE JUN 1      0.0                       0.0    0.0      0.0
  SINCE JUL 1      0.0                       0.0    0.0      0.0
  SNOW DEPTH       0

DEGREE DAYS
 HEATING
  TODAY            0                         1     -1        0
  MONTH TO DATE    7                         6      1       18
  SINCE JUN 1     40                       120    -80       31
  SINCE JUL 1      7                        21    -14       21

 COOLING
  TODAY            1                         6     -5       12
  MONTH TO DATE   65                       176   -111      146
  SINCE JUN 1    550                       510     40      587
  SINCE JAN 1    562                       525     37      587
..................................................................


WIND (MPH)
  HIGHEST WIND SPEED    21   HIGHEST WIND DIRECTION     S (170)
  HIGHEST GUST SPEED    24   HIGHEST GUST DIRECTION    SE (150)
  AVERAGE WIND SPEED     9.2


SKY COVER
  AVERAGE SKY COVER 0.0


WEATHER CONDITIONS
 THE FOLLOWING WEATHER WAS RECORDED TODAY.
  NO SIGNIFICANT WEATHER WAS OBSERVED.


RELATIVE HUMIDITY (PERCENT)
 HIGHEST    77           200 AM
 LOWEST     26           100 PM
 AVERAGE    52

..........................................................


THE RAPID CITY AIRPORT SD CLIMATE NORMALS FOR TOMORROW
                         NORMAL    RECORD    YEAR
 MAXIMUM TEMPERATURE (F)   85       104      1949
 MINIMUM TEMPERATURE (F)   55        38      2015


SUNRISE AND SUNSET
AUGUST 22 2017........SUNRISE   604 AM MDT   SUNSET   745 PM MDT
AUGUST 23 2017........SUNRISE   605 AM MDT   SUNSET   743 PM MDT


-  INDICATES NEGATIVE NUMBERS.
R  INDICATES RECORD WAS SET OR TIED.
MM INDICATES DATA IS MISSING.
T  INDICATES TRACE AMOUNT.




$$
