000
CDUS43 KUNR 080106
CLIRAP


CLIMATE REPORT
NATIONAL WEATHER SERVICE RAPID CITY SD
706 PM MDT TUE JUL 7 2015


...................................

...THE RAPID CITY AIRPORT SD CLIMATE SUMMARY FOR JULY 7 2015...
VALID TODAY AS OF 0500 PM LOCAL TIME.

CLIMATE NORMAL PERIOD 1981 TO 2010
CLIMATE RECORD PERIOD 1942 TO 2015


WEATHER ITEM   OBSERVED TIME   RECORD YEAR NORMAL DEPARTURE LAST
                VALUE   (LST)  VALUE       VALUE  FROM      YEAR
                                                  NORMAL
..................................................................
TEMPERATURE (F)
 TODAY
  MAXIMUM         75    346 PM 109    2007  86    -11       80
                                      1989
  MINIMUM         53    406 AM  44    1993  57     -4       56
  AVERAGE         64                        71     -7       68

PRECIPITATION (IN)
  TODAY            0.00          0.76 1984   0.06  -0.06     0.13
  MONTH TO DATE    0.74                      0.37   0.37     0.14
  SINCE JUN 1      7.86                      2.90   4.96     5.39
  SINCE JAN 1     15.91                      9.59   6.32    10.78

SNOWFALL (IN)
  TODAY            0.0           0.0    MM   0.0    0.0      0.0
  MONTH TO DATE    0.0                       0.0    0.0      0.0
  SINCE JUN 1      0.0                       0.0    0.0      0.0
  SINCE JUL 1      0.0                       0.0    0.0      0.0
  SNOW DEPTH       0

DEGREE DAYS
 HEATING
  TODAY            1                         1      0        0
  MONTH TO DATE    1                         7     -6        7
  SINCE JUN 1     28                       106    -78      135
  SINCE JUL 1      1                         7     -6        7

 COOLING
  TODAY            0                         7     -7        3
  MONTH TO DATE   35                        45    -10       36
  SINCE JUN 1    131                       129      2       58
  SINCE JAN 1    131                       144    -13       78
..................................................................


WIND (MPH)
  HIGHEST WIND SPEED    24   HIGHEST WIND DIRECTION     S (160)
  HIGHEST GUST SPEED    30   HIGHEST GUST DIRECTION     S (180)
  AVERAGE WIND SPEED    11.4


SKY COVER
  AVERAGE SKY COVER 0.3


WEATHER CONDITIONS
 THE FOLLOWING WEATHER WAS RECORDED TODAY.
  FOG
  HAZE


RELATIVE HUMIDITY (PERCENT)
 HIGHEST   100           400 AM
 LOWEST     57           300 PM
 AVERAGE    79

..........................................................


THE RAPID CITY AIRPORT SD CLIMATE NORMALS FOR TOMORROW
                         NORMAL    RECORD    YEAR
 MAXIMUM TEMPERATURE (F)   86       110      1989
 MINIMUM TEMPERATURE (F)   57        47      1944


SUNRISE AND SUNSET
JULY  7 2015..........SUNRISE   517 AM MDT   SUNSET   837 PM MDT
JULY  8 2015..........SUNRISE   517 AM MDT   SUNSET   837 PM MDT


-  INDICATES NEGATIVE NUMBERS.
R  INDICATES RECORD WAS SET OR TIED.
MM INDICATES DATA IS MISSING.
T  INDICATES TRACE AMOUNT.




$$
