000
CDUS43 KUNR 020832
CLIRAP


CLIMATE REPORT
NATIONAL WEATHER SERVICE RAPID CITY SD
231 AM MDT SUN AUG 2 2015


...................................

...THE RAPID CITY AIRPORT SD CLIMATE SUMMARY FOR AUGUST 1 2015...

CLIMATE NORMAL PERIOD 1981 TO 2010
CLIMATE RECORD PERIOD 1942 TO 2015


WEATHER ITEM   OBSERVED TIME   RECORD YEAR NORMAL DEPARTURE LAST
                VALUE   (LST)  VALUE       VALUE  FROM      YEAR
                                                  NORMAL
..................................................................
TEMPERATURE (F)
 YESTERDAY
  MAXIMUM         93    406 PM 102    1964  89      4       89
                                      1955
  MINIMUM         60    509 AM  42    2009  59      1       54
  AVERAGE         77                        74      3       72

PRECIPITATION (IN)
  YESTERDAY        0.01          0.71 1945   0.06  -0.05      T
  MONTH TO DATE    0.01                      0.06  -0.05      T
  SINCE JUN 1     11.14                      4.44   6.70     7.19
  SINCE JAN 1     19.19                     11.13   8.06    12.58

SNOWFALL (IN)
  YESTERDAY        0.0           0.0    MM   0.0    0.0      0.0
  MONTH TO DATE    0.0                       0.0    0.0      0.0
  SINCE JUN 1      0.0                       0.0    0.0      0.0
  SINCE JUL 1      0.0                       0.0    0.0      0.0
  SNOW DEPTH       0

DEGREE DAYS
 HEATING
  YESTERDAY        0                         0      0        0
  MONTH TO DATE    0                         0      0        0
  SINCE JUN 1     28                       114    -86      150
  SINCE JUL 1      1                        15    -14       22

 COOLING
  YESTERDAY       12                         9      3        7
  MONTH TO DATE   12                         9      3        7
  SINCE JUN 1    301                       343    -42      196
  SINCE JAN 1    301                       358    -57      216
..................................................................


WIND (MPH)
  HIGHEST WIND SPEED    12   HIGHEST WIND DIRECTION    SW (220)
  HIGHEST GUST SPEED    15   HIGHEST GUST DIRECTION    SW (220)
  AVERAGE WIND SPEED     5.4


SKY COVER
  AVERAGE SKY COVER 0.0


WEATHER CONDITIONS
 THE FOLLOWING WEATHER WAS RECORDED YESTERDAY.
  THUNDERSTORM
  LIGHT RAIN


RELATIVE HUMIDITY (PERCENT)
 HIGHEST    84           600 AM
 LOWEST     21           400 PM
 AVERAGE    53

..........................................................


THE RAPID CITY AIRPORT SD CLIMATE NORMALS FOR TODAY
                         NORMAL    RECORD    YEAR
 MAXIMUM TEMPERATURE (F)   88       100      2005
                                             1996
 MINIMUM TEMPERATURE (F)   59        47      1971


SUNRISE AND SUNSET
AUGUST  2 2015........SUNRISE   541 AM MDT   SUNSET   815 PM MDT
AUGUST  3 2015........SUNRISE   542 AM MDT   SUNSET   814 PM MDT


-  INDICATES NEGATIVE NUMBERS.
R  INDICATES RECORD WAS SET OR TIED.
MM INDICATES DATA IS MISSING.
T  INDICATES TRACE AMOUNT.




$$
