000
CDUS43 KUNR 300038
CLIRAP


CLIMATE REPORT
NATIONAL WEATHER SERVICE RAPID CITY SD
637 PM MDT FRI JUL 29 2016


...................................

...THE RAPID CITY AIRPORT SD CLIMATE SUMMARY FOR JULY 29 2016...
VALID TODAY AS OF 0500 PM LOCAL TIME.

CLIMATE NORMAL PERIOD 1981 TO 2010
CLIMATE RECORD PERIOD 1942 TO 2016


WEATHER ITEM   OBSERVED TIME   RECORD YEAR NORMAL DEPARTURE LAST
                VALUE   (LST)  VALUE       VALUE  FROM      YEAR
                                                  NORMAL
..................................................................
TEMPERATURE (F)
 TODAY
  MAXIMUM         83   1216 PM 108    2006  89     -6       84
  MINIMUM         52    503 AM  41    1971  59     -7       48
  AVERAGE         68                        74     -6       66

PRECIPITATION (IN)
  TODAY            0.00          2.50 1944   0.06  -0.06     0.00
  MONTH TO DATE    1.90                      1.71   0.19     4.01
  SINCE JUN 1      3.12                      4.24  -1.12    11.13
  SINCE JAN 1      7.76                     10.93  -3.17    19.18

SNOWFALL (IN)
  TODAY            0.0           0.0    MM   0.0    0.0      0.0
  MONTH TO DATE    0.0                       0.0    0.0      0.0
  SINCE JUN 1      0.0                       0.0    0.0      0.0
  SINCE JUL 1      0.0                       0.0    0.0      0.0
  SNOW DEPTH       0

DEGREE DAYS
 HEATING
  TODAY            0                         0      0        0
  MONTH TO DATE    3                        10     -7        1
  SINCE JUN 1     13                       109    -96       28
  SINCE JUL 1      3                        10     -7        1

 COOLING
  TODAY            3                         9     -6        1
  MONTH TO DATE  236                       232      4      181
  SINCE JUN 1    422                       316    106      277
  SINCE JAN 1    422                       331     91      277
..................................................................


WIND (MPH)
  HIGHEST WIND SPEED    17   HIGHEST WIND DIRECTION     S (200)
  HIGHEST GUST SPEED    21   HIGHEST GUST DIRECTION    SW (210)
  AVERAGE WIND SPEED     4.5


SKY COVER
  AVERAGE SKY COVER 0.4


WEATHER CONDITIONS
 THE FOLLOWING WEATHER WAS RECORDED TODAY.
  THUNDERSTORM
  FOG
  FOG W/VISIBILITY <= 1/4 MILE


RELATIVE HUMIDITY (PERCENT)
 HIGHEST   100          1200 AM
 LOWEST     42           200 PM
 AVERAGE    71

..........................................................


THE RAPID CITY AIRPORT SD CLIMATE NORMALS FOR TOMORROW
                         NORMAL    RECORD    YEAR
 MAXIMUM TEMPERATURE (F)   89       109      2006
 MINIMUM TEMPERATURE (F)   59        43      1971


SUNRISE AND SUNSET
JULY 29 2016..........SUNRISE   538 AM MDT   SUNSET   819 PM MDT
JULY 30 2016..........SUNRISE   539 AM MDT   SUNSET   818 PM MDT


-  INDICATES NEGATIVE NUMBERS.
R  INDICATES RECORD WAS SET OR TIED.
MM INDICATES DATA IS MISSING.
T  INDICATES TRACE AMOUNT.




$$
