000
CDUS46 KMFR 280837
CLIRBG


CLIMATE REPORT
NATIONAL WEATHER SERVICE MEDFORD, OR
136 AM PDT WED SEP 28 2016


...................................

...THE ROSEBURG OR CLIMATE SUMMARY FOR SEPTEMBER 27 2016...

CLIMATE NORMAL PERIOD 1981 TO 2010
CLIMATE RECORD PERIOD 1931 TO 2016


WEATHER ITEM   OBSERVED TIME   RECORD YEAR NORMAL DEPARTURE LAST
                VALUE   (LST)  VALUE       VALUE  FROM      YEAR
                                                  NORMAL
..................................................................
TEMPERATURE (F)
 YESTERDAY
  MAXIMUM         82    333 PM  98    2003  75      7       72
  MINIMUM         55    628 AM  36    1961  49      6       43
  AVERAGE         69                        62      7       58

PRECIPITATION (IN)
  YESTERDAY        0.00          1.45 1940   0.05  -0.05     0.00
  MONTH TO DATE    0.07                      0.83  -0.76     0.37
  SINCE OCT 1     38.52                     36.13   2.39    25.55
  SINCE JAN 1     19.33                     20.48  -1.15    11.27

SNOWFALL (IN)
  YESTERDAY       MM                        MM     MM       MM
  MONTH TO DATE   MM                        MM     MM       MM
  SINCE JUL 1     MM                        MM     MM        0.0
  SNOW DEPTH      MM

DEGREE DAYS
 HEATING
  YESTERDAY        0                         4     -4        7
  MONTH TO DATE   27                        53    -26       54
  SINCE SEP 1     27                        53    -26       54
  SINCE JUL 1     30                        74    -44       54

 COOLING
  YESTERDAY        4                         1      3        0
  MONTH TO DATE   64                        63      1       79
  SINCE SEP 1     64                        63      1       79
  SINCE JAN 1    725                       474    251      968
..................................................................


WIND (MPH)
  RESULTANT WIND SPEED   6   RESULTANT WIND DIRECTION   N (0)
  HIGHEST WIND SPEED    17   HIGHEST WIND DIRECTION     N (10)
  HIGHEST GUST SPEED    21   HIGHEST GUST DIRECTION     N (20)
  AVERAGE WIND SPEED     6.6


SKY COVER
  POSSIBLE SUNSHINE  MM
  AVERAGE SKY COVER 0.0


WEATHER CONDITIONS
 THE FOLLOWING WEATHER WAS RECORDED YESTERDAY.
  NO SIGNIFICANT WEATHER WAS OBSERVED.


RELATIVE HUMIDITY (PERCENT)
 HIGHEST    83           700 AM
 LOWEST     36           300 PM
 AVERAGE    60

..........................................................


THE ROSEBURG OR CLIMATE NORMALS FOR TODAY
                         NORMAL    RECORD    YEAR
 MAXIMUM TEMPERATURE (F)   75        95      1935
 MINIMUM TEMPERATURE (F)   49        36      1954


SUNRISE AND SUNSET
SEPTEMBER 28 2016.....SUNRISE   708 AM PDT   SUNSET   659 PM PDT
SEPTEMBER 29 2016.....SUNRISE   709 AM PDT   SUNSET   657 PM PDT


-  INDICATES NEGATIVE NUMBERS.
R  INDICATES RECORD WAS SET OR TIED.
MM INDICATES DATA IS MISSING.
T  INDICATES TRACE AMOUNT.




$$
