000
CDUS46 KMFR 280835
CLIRBG


CLIMATE REPORT
NATIONAL WEATHER SERVICE MEDFORD, OR
135 AM PDT SUN AUG 28 2016


...................................

...THE ROSEBURG OR CLIMATE SUMMARY FOR AUGUST 27 2016...

CLIMATE NORMAL PERIOD 1981 TO 2010
CLIMATE RECORD PERIOD 1931 TO 2016


WEATHER ITEM   OBSERVED TIME   RECORD YEAR NORMAL DEPARTURE LAST
                VALUE   (LST)  VALUE       VALUE  FROM      YEAR
                                                  NORMAL
..................................................................
TEMPERATURE (F)
 YESTERDAY
  MAXIMUM         93    327 PM  99    2006  83     10       92
  MINIMUM         57    611 AM  42    1960  54      3       57
  AVERAGE         75                        69      6       75

PRECIPITATION (IN)
  YESTERDAY        0.00          0.28 1954   0.03  -0.03     0.00
  MONTH TO DATE    0.00                      0.36  -0.36     0.01
  SINCE OCT 1     38.45                     35.19   3.26    24.96
  SINCE JAN 1     19.26                     19.54  -0.28    10.68

SNOWFALL (IN)
  YESTERDAY       MM                        MM     MM       MM
  MONTH TO DATE   MM                        MM     MM       MM
  SINCE JUL 1     MM                        MM     MM        0.0
  SNOW DEPTH      MM

DEGREE DAYS
 HEATING
  YESTERDAY        0                         1     -1        0
  MONTH TO DATE    0                         2     -2        0
  SINCE JUN 1     67                        96    -29       12
  SINCE JUL 1      3                        13    -10        0

 COOLING
  YESTERDAY       10                         4      6       10
  MONTH TO DATE  268                       151    117      254
  SINCE JUN 1    598                       374    224      835
  SINCE JAN 1    641                       394    247      865
..................................................................


WIND (MPH)
  RESULTANT WIND SPEED   3   RESULTANT WIND DIRECTION   N (0)
  HIGHEST WIND SPEED    15   HIGHEST WIND DIRECTION     N (20)
  HIGHEST GUST SPEED    20   HIGHEST GUST DIRECTION     N (10)
  AVERAGE WIND SPEED     4.4


SKY COVER
  POSSIBLE SUNSHINE  MM
  AVERAGE SKY COVER 0.0


WEATHER CONDITIONS
 THE FOLLOWING WEATHER WAS RECORDED YESTERDAY.
  NO SIGNIFICANT WEATHER WAS OBSERVED.


RELATIVE HUMIDITY (PERCENT)
 HIGHEST    67           500 AM
 LOWEST     20           300 PM
 AVERAGE    44

..........................................................


THE ROSEBURG OR CLIMATE NORMALS FOR TODAY
                         NORMAL    RECORD    YEAR
 MAXIMUM TEMPERATURE (F)   83        98      1931
 MINIMUM TEMPERATURE (F)   54        42      1965
                                             1960


SUNRISE AND SUNSET
AUGUST 28 2016........SUNRISE   634 AM PDT   SUNSET   754 PM PDT
AUGUST 29 2016........SUNRISE   635 AM PDT   SUNSET   753 PM PDT


-  INDICATES NEGATIVE NUMBERS.
R  INDICATES RECORD WAS SET OR TIED.
MM INDICATES DATA IS MISSING.
T  INDICATES TRACE AMOUNT.




$$
