000
CDUS46 KMFR 010837
CLIRBG


CLIMATE REPORT
NATIONAL WEATHER SERVICE MEDFORD, OR
1237 AM PST SUN MAR 1 2015


...................................

...THE ROSEBURG OR CLIMATE SUMMARY FOR FEBRUARY 28 2015...

CLIMATE NORMAL PERIOD 1981 TO 2010
CLIMATE RECORD PERIOD 1931 TO 2015


WEATHER ITEM   OBSERVED TIME   RECORD YEAR NORMAL DEPARTURE LAST
                VALUE   (LST)  VALUE       VALUE  FROM      YEAR
                                                  NORMAL
..................................................................
TEMPERATURE (F)
 YESTERDAY
  MAXIMUM         59    413 PM  71    1994  56      3       54
  MINIMUM         36   1159 PM  16    1960  38     -2       45
  AVERAGE         48                        47      1       50

PRECIPITATION (IN)
  YESTERDAY        0.00          1.86 1940   0.13  -0.13     0.01
  MONTH TO DATE    4.80                      3.95   0.85     5.69
  SINCE OCT 1     20.46                     24.69  -4.23    11.15
  SINCE JAN 1      6.18                      9.04  -2.86     7.45

SNOWFALL (IN)
  YESTERDAY       MM                        MM     MM       MM
  MONTH TO DATE   MM                        MM     MM       MM
  SINCE JUL 1     MM                        MM     MM        0.0
  SNOW DEPTH      MM

DEGREE DAYS
 HEATING
  YESTERDAY       17                        18     -1       15
  MONTH TO DATE  411                       551   -140      476
  SINCE DEC 1   1467                      1940   -473     1968
  SINCE JUL 1   2057                      2869   -812     2927

 COOLING
  YESTERDAY        0                         0      0        0
  MONTH TO DATE    0                         0      0        0
  SINCE DEC 1      0                         0      0        0
  SINCE JAN 1      0                         0      0        0
..................................................................


WIND (MPH)
  RESULTANT WIND SPEED   5   RESULTANT WIND DIRECTION   N (10)
  HIGHEST WIND SPEED    20   HIGHEST WIND DIRECTION     N (360)
  HIGHEST GUST SPEED    26   HIGHEST GUST DIRECTION     N (10)
  AVERAGE WIND SPEED     5.8


SKY COVER
  POSSIBLE SUNSHINE  MM
  AVERAGE SKY COVER 0.4


WEATHER CONDITIONS
 THE FOLLOWING WEATHER WAS RECORDED YESTERDAY.
  NO SIGNIFICANT WEATHER WAS OBSERVED.


RELATIVE HUMIDITY (PERCENT)
 HIGHEST    96           300 AM
 LOWEST     28           400 PM
 AVERAGE    62

..........................................................


THE ROSEBURG OR CLIMATE NORMALS FOR TODAY
                         NORMAL    RECORD    YEAR
 MAXIMUM TEMPERATURE (F)   56        75      1968
 MINIMUM TEMPERATURE (F)   38        25      1960
                                             1993


SUNRISE AND SUNSET
MARCH  1 2015.........SUNRISE   650 AM PST   SUNSET   602 PM PST
MARCH  2 2015.........SUNRISE   648 AM PST   SUNSET   604 PM PST


-  INDICATES NEGATIVE NUMBERS.
R  INDICATES RECORD WAS SET OR TIED.
MM INDICATES DATA IS MISSING.
T  INDICATES TRACE AMOUNT.




$$
