000
CDUS46 KMFR 190836
CLIRBG


CLIMATE REPORT
NATIONAL WEATHER SERVICE MEDFORD, OR
136 AM PDT THU OCT 19 2017


...................................

...THE ROSEBURG OR CLIMATE SUMMARY FOR OCTOBER 18 2017...

CLIMATE NORMAL PERIOD 1981 TO 2010
CLIMATE RECORD PERIOD 1931 TO 2017


WEATHER ITEM   OBSERVED TIME   RECORD YEAR NORMAL DEPARTURE LAST
                VALUE   (LST)  VALUE       VALUE  FROM      YEAR
                                                  NORMAL
..................................................................
TEMPERATURE (F)
 YESTERDAY
  MAXIMUM         76    351 PM  89    1940  65     11       63
  MINIMUM         44    756 AM  32    1949  44      0       46
  AVERAGE         60                        55      5       55

PRECIPITATION (IN)
  YESTERDAY        0.00          0.77 2007   0.07  -0.07     0.19
  MONTH TO DATE    0.43                      1.13  -0.70     6.47
  SINCE OCT 1      0.43                      1.13  -0.70     6.47
  SINCE JAN 1     24.81                     21.74   3.07    25.80

SNOWFALL (IN)
  YESTERDAY       MM                        MM     MM       MM
  MONTH TO DATE   MM                        MM     MM       MM
  SINCE JUL 1     MM                        MM     MM       MM
  SNOW DEPTH      MM

DEGREE DAYS
 HEATING
  YESTERDAY        5                        10     -5       10
  MONTH TO DATE  185                       136     49      110
  SINCE SEP 1    251                       204     47      145
  SINCE JUL 1    251                       225     26      148

 COOLING
  YESTERDAY        0                         0      0        0
  MONTH TO DATE    0                         2     -2        6
  SINCE SEP 1    138                        67     71       71
  SINCE JAN 1    863                       478    385      732
..................................................................


WIND (MPH)
  RESULTANT WIND SPEED   1   RESULTANT WIND DIRECTION   N (340)
  HIGHEST WIND SPEED     8   HIGHEST WIND DIRECTION     N (340)
  HIGHEST GUST SPEED    12   HIGHEST GUST DIRECTION     W (290)
  AVERAGE WIND SPEED     1.0


SKY COVER
  POSSIBLE SUNSHINE  MM
  AVERAGE SKY COVER 0.1


WEATHER CONDITIONS
 THE FOLLOWING WEATHER WAS RECORDED YESTERDAY.
  FOG
  FOG W/VISIBILITY <= 1/4 MILE


RELATIVE HUMIDITY (PERCENT)
 HIGHEST   100           600 AM
 LOWEST     35           200 PM
 AVERAGE    68

..........................................................


THE ROSEBURG OR CLIMATE NORMALS FOR TODAY
                         NORMAL    RECORD    YEAR
 MAXIMUM TEMPERATURE (F)   65        89      1940
 MINIMUM TEMPERATURE (F)   44        27      1949


SUNRISE AND SUNSET
OCTOBER 19 2017.......SUNRISE   733 AM PDT   SUNSET   623 PM PDT
OCTOBER 20 2017.......SUNRISE   734 AM PDT   SUNSET   622 PM PDT


-  INDICATES NEGATIVE NUMBERS.
R  INDICATES RECORD WAS SET OR TIED.
MM INDICATES DATA IS MISSING.
T  INDICATES TRACE AMOUNT.




$$
