186
CDUS46 KMFR 230837
CLIRBG


CLIMATE REPORT
NATIONAL WEATHER SERVICE MEDFORD, OR
137 AM PDT SUN APR 23 2017


...................................

...THE ROSEBURG OR CLIMATE SUMMARY FOR APRIL 22 2017...

CLIMATE NORMAL PERIOD 1981 TO 2010
CLIMATE RECORD PERIOD 1931 TO 2017


WEATHER ITEM   OBSERVED TIME   RECORD YEAR NORMAL DEPARTURE LAST
                VALUE   (LST)  VALUE       VALUE  FROM      YEAR
                                                  NORMAL
..................................................................
TEMPERATURE (F)
 YESTERDAY
  MAXIMUM         66    111 PM  87    2012  64      2       63
  MINIMUM         49   1159 PM  32    2011  43      6       50
  AVERAGE         58                        53      5       57

PRECIPITATION (IN)
  YESTERDAY        0.02          0.36 1979   0.08  -0.06     0.21
  MONTH TO DATE    1.67                      2.16  -0.49     1.72
  SINCE OCT 1     39.30                     30.35   8.95    35.37
  SINCE JAN 1     20.38                     14.70   5.68    16.18

SNOWFALL (IN)
  YESTERDAY       MM                        MM     MM       MM
  MONTH TO DATE   MM                        MM     MM        0.0
  SINCE JUL 1     MM                        MM     MM        0.0
  SNOW DEPTH      MM

DEGREE DAYS
 HEATING
  YESTERDAY        7                        12     -5        8
  MONTH TO DATE  256                       299    -43      121
  SINCE MAR 1    710                       809    -99      531
  SINCE JUL 1   3426                      3678   -252     2884

 COOLING
  YESTERDAY        0                         0      0        0
  MONTH TO DATE    0                         0      0       18
  SINCE MAR 1      0                         0      0       18
  SINCE JAN 1      0                         0      0       18
..................................................................


WIND (MPH)
  RESULTANT WIND SPEED   1   RESULTANT WIND DIRECTION  SW (210)
  HIGHEST WIND SPEED    16   HIGHEST WIND DIRECTION     W (250)
  HIGHEST GUST SPEED    26   HIGHEST GUST DIRECTION    SW (230)
  AVERAGE WIND SPEED     4.7


SKY COVER
  POSSIBLE SUNSHINE  MM
  AVERAGE SKY COVER 0.4


WEATHER CONDITIONS
 THE FOLLOWING WEATHER WAS RECORDED YESTERDAY.
  LIGHT RAIN


RELATIVE HUMIDITY (PERCENT)
 HIGHEST    89           200 AM
 LOWEST     40           100 PM
 AVERAGE    65

..........................................................


THE ROSEBURG OR CLIMATE NORMALS FOR TODAY
                         NORMAL    RECORD    YEAR
 MAXIMUM TEMPERATURE (F)   64        85      2012
 MINIMUM TEMPERATURE (F)   43        32      1961


SUNRISE AND SUNSET
APRIL 23 2017.........SUNRISE   618 AM PDT   SUNSET   806 PM PDT
APRIL 24 2017.........SUNRISE   616 AM PDT   SUNSET   807 PM PDT


-  INDICATES NEGATIVE NUMBERS.
R  INDICATES RECORD WAS SET OR TIED.
MM INDICATES DATA IS MISSING.
T  INDICATES TRACE AMOUNT.




$$
