000
CDUS46 KMFR 300837
CLIRBG


CLIMATE REPORT
NATIONAL WEATHER SERVICE MEDFORD, OR
137 AM PDT SAT AUG 30 2014


...................................

...THE ROSEBURG OR CLIMATE SUMMARY FOR AUGUST 29 2014...

CLIMATE NORMAL PERIOD 1981 TO 2010
CLIMATE RECORD PERIOD 1931 TO 2014


WEATHER ITEM   OBSERVED TIME   RECORD YEAR NORMAL DEPARTURE LAST
                VALUE   (LST)  VALUE       VALUE  FROM      YEAR
                                                  NORMAL
..................................................................
TEMPERATURE (F)
 YESTERDAY
  MAXIMUM         86    222 PM 101    1934  83      3       84
  MINIMUM         58    612 AM  42    1957  54      4       65
  AVERAGE         72                        68      4       75

PRECIPITATION (IN)
  YESTERDAY        0.00          0.81 1943   0.02  -0.02     0.04
  MONTH TO DATE    0.03                      0.41  -0.38     0.66
  SINCE SEP 1     24.19                     36.20 -12.01    27.21
  SINCE JAN 1     16.65                     19.59  -2.94     8.54

SNOWFALL (IN)
  YESTERDAY       MM                        MM     MM       MM
  MONTH TO DATE   MM                        MM     MM       MM
  SINCE JUL 1     MM                        MM     MM       MM
  SNOW DEPTH      MM

DEGREE DAYS
 HEATING
  YESTERDAY        0                         1     -1        0
  MONTH TO DATE    0                         4     -4        1
  SINCE JUN 1     42                        98    -56       36
  SINCE JUL 1      7                        15     -8        1

 COOLING
  YESTERDAY        7                         4      3       10
  MONTH TO DATE  305                       159    146      230
  SINCE JUN 1    684                       382    302      647
  SINCE JAN 1    729                       402    327      681
..................................................................


WIND (MPH)
  RESULTANT WIND SPEED   4   RESULTANT WIND DIRECTION   N (340)
  HIGHEST WIND SPEED    20   HIGHEST WIND DIRECTION     N (10)
  HIGHEST GUST SPEED    25   HIGHEST GUST DIRECTION     N (20)
  AVERAGE WIND SPEED     4.7


SKY COVER
  POSSIBLE SUNSHINE  MM
  AVERAGE SKY COVER 0.0


WEATHER CONDITIONS
 THE FOLLOWING WEATHER WAS RECORDED YESTERDAY.
  NO SIGNIFICANT WEATHER WAS OBSERVED.


RELATIVE HUMIDITY (PERCENT)
 HIGHEST    77           600 AM
 LOWEST     29           200 PM
 AVERAGE    53

..........................................................


THE ROSEBURG OR CLIMATE NORMALS FOR TODAY
                         NORMAL    RECORD    YEAR
 MAXIMUM TEMPERATURE (F)   83       101      1987
 MINIMUM TEMPERATURE (F)   54        42      1961


SUNRISE AND SUNSET
AUGUST 30 2014........SUNRISE   636 AM PDT   SUNSET   752 PM PDT
AUGUST 31 2014........SUNRISE   637 AM PDT   SUNSET   750 PM PDT


-  INDICATES NEGATIVE NUMBERS.
R  INDICATES RECORD WAS SET OR TIED.
MM INDICATES DATA IS MISSING.
T  INDICATES TRACE AMOUNT.




$$
