000
CDUS46 KMFR 240836
CLIRBG


CLIMATE REPORT
NATIONAL WEATHER SERVICE MEDFORD, OR
136 AM PDT FRI OCT 24 2014


...................................

...THE ROSEBURG OR CLIMATE SUMMARY FOR OCTOBER 23 2014...

CLIMATE NORMAL PERIOD 1981 TO 2010
CLIMATE RECORD PERIOD 1931 TO 2014


WEATHER ITEM   OBSERVED TIME   RECORD YEAR NORMAL DEPARTURE LAST
                VALUE   (LST)  VALUE       VALUE  FROM      YEAR
                                                  NORMAL
..................................................................
TEMPERATURE (F)
 YESTERDAY
  MAXIMUM         63    352 PM  80    1992  63      0       74
  MINIMUM         54   1159 PM  31    1953  44     10       46
  AVERAGE         59                        53      6       60

PRECIPITATION (IN)
  YESTERDAY        0.18          2.02 1982   0.10   0.08     0.00
  MONTH TO DATE    2.51                      1.61   0.90     0.37
  SINCE SEP 1      4.03                      2.57   1.46     4.21
  SINCE JAN 1     20.68                     22.22  -1.54    12.75

SNOWFALL (IN)
  YESTERDAY       MM                        MM     MM       MM
  MONTH TO DATE   MM                        MM     MM       MM
  SINCE JUL 1     MM                        MM     MM       MM
  SNOW DEPTH      MM

DEGREE DAYS
 HEATING
  YESTERDAY        6                        12     -6        5
  MONTH TO DATE   52                       193   -141      220
  SINCE SEP 1     65                       261   -196      297
  SINCE JUL 1     72                       282   -210      298

 COOLING
  YESTERDAY        0                         0      0        0
  MONTH TO DATE   34                         2     32        0
  SINCE SEP 1    181                        67    114      121
  SINCE JAN 1    914                       478    436      823
..................................................................


WIND (MPH)
  RESULTANT WIND SPEED   1   RESULTANT WIND DIRECTION  SE (140)
  HIGHEST WIND SPEED     8   HIGHEST WIND DIRECTION    NE (30)
  HIGHEST GUST SPEED    10   HIGHEST GUST DIRECTION     S (160)
  AVERAGE WIND SPEED     2.1


SKY COVER
  POSSIBLE SUNSHINE  MM
  AVERAGE SKY COVER 0.6


WEATHER CONDITIONS
 THE FOLLOWING WEATHER WAS RECORDED YESTERDAY.
  RAIN
  LIGHT RAIN
  FOG


RELATIVE HUMIDITY (PERCENT)
 HIGHEST    93           100 AM
 LOWEST     60           400 PM
 AVERAGE    77

..........................................................


THE ROSEBURG OR CLIMATE NORMALS FOR TODAY
                         NORMAL    RECORD    YEAR
 MAXIMUM TEMPERATURE (F)   63        76      1937
 MINIMUM TEMPERATURE (F)   43        26      1954


SUNRISE AND SUNSET
OCTOBER 24 2014.......SUNRISE   738 AM PDT   SUNSET   616 PM PDT
OCTOBER 25 2014.......SUNRISE   740 AM PDT   SUNSET   615 PM PDT


-  INDICATES NEGATIVE NUMBERS.
R  INDICATES RECORD WAS SET OR TIED.
MM INDICATES DATA IS MISSING.
T  INDICATES TRACE AMOUNT.




$$
