000
CDUS46 KMFR 230838
CLIRBG


CLIMATE REPORT
NATIONAL WEATHER SERVICE MEDFORD, OR
137 AM PDT TUE MAY 23 2017


...................................

...THE ROSEBURG OR CLIMATE SUMMARY FOR MAY 22 2017...

CLIMATE NORMAL PERIOD 1981 TO 2010
CLIMATE RECORD PERIOD 1931 TO 2017


WEATHER ITEM   OBSERVED TIME   RECORD YEAR NORMAL DEPARTURE LAST
                VALUE   (LST)  VALUE       VALUE  FROM      YEAR
                                                  NORMAL
..................................................................
TEMPERATURE (F)
 YESTERDAY
  MAXIMUM         94    524 PM  99    2001  71     23       62
  MINIMUM         56    540 AM  34    1960  48      8       48
  AVERAGE         75                        60     15       55

PRECIPITATION (IN)
  YESTERDAY        0.00          0.60 1996   0.08  -0.08     0.09
  MONTH TO DATE    1.14                      1.69  -0.55     0.84
  SINCE OCT 1     41.55                     32.70   8.85    36.81
  SINCE JAN 1     22.63                     17.05   5.58    17.62

SNOWFALL (IN)
  YESTERDAY       MM                        MM     MM       MM
  MONTH TO DATE   MM                        MM     MM       MM
  SINCE JUL 1     MM                        MM     MM        0.0
  SNOW DEPTH      MM

DEGREE DAYS
 HEATING
  YESTERDAY        0                         6     -6       10
  MONTH TO DATE  145                       169    -24       89
  SINCE MAR 1    958                      1064   -106      707
  SINCE JUL 1   3674                      3933   -259     3060

 COOLING
  YESTERDAY       10                         1      9        0
  MONTH TO DATE   25                        10     15       19
  SINCE MAR 1     25                        11     14       37
  SINCE JAN 1     25                        11     14       37
..................................................................


WIND (MPH)
  RESULTANT WIND SPEED   2   RESULTANT WIND DIRECTION  NE (30)
  HIGHEST WIND SPEED    13   HIGHEST WIND DIRECTION     N (10)
  HIGHEST GUST SPEED    15   HIGHEST GUST DIRECTION     N (20)
  AVERAGE WIND SPEED     2.4


SKY COVER
  POSSIBLE SUNSHINE  MM
  AVERAGE SKY COVER 0.0


WEATHER CONDITIONS
 THE FOLLOWING WEATHER WAS RECORDED YESTERDAY.
  FOG
  HAZE


RELATIVE HUMIDITY (PERCENT)
 HIGHEST    93           500 AM
 LOWEST     22           600 PM
 AVERAGE    58

..........................................................


THE ROSEBURG OR CLIMATE NORMALS FOR TODAY
                         NORMAL    RECORD    YEAR
 MAXIMUM TEMPERATURE (F)   71        94      1997
 MINIMUM TEMPERATURE (F)   48        36      1964
                                             1955


SUNRISE AND SUNSET
MAY 23 2017...........SUNRISE   542 AM PDT   SUNSET   839 PM PDT
MAY 24 2017...........SUNRISE   541 AM PDT   SUNSET   840 PM PDT


-  INDICATES NEGATIVE NUMBERS.
R  INDICATES RECORD WAS SET OR TIED.
MM INDICATES DATA IS MISSING.
T  INDICATES TRACE AMOUNT.




$$
