000
CDUS46 KMFR 250837
CLIRBG


CLIMATE REPORT
NATIONAL WEATHER SERVICE MEDFORD, OR
137 AM PDT FRI JUL 25 2014


...................................

...THE ROSEBURG OR CLIMATE SUMMARY FOR JULY 24 2014...

CLIMATE NORMAL PERIOD 1981 TO 2010
CLIMATE RECORD PERIOD 1931 TO 2014


WEATHER ITEM   OBSERVED TIME   RECORD YEAR NORMAL DEPARTURE LAST
                VALUE   (LST)  VALUE       VALUE  FROM      YEAR
                                                  NORMAL
..................................................................
TEMPERATURE (F)
 YESTERDAY
  MAXIMUM         77    406 PM 104    2004  86     -9       98
  MINIMUM         50    517 AM  48    1957  57     -7       65
  AVERAGE         64                        72     -8       82

PRECIPITATION (IN)
  YESTERDAY        0.00          0.02 1947   0.01  -0.01     0.00
  MONTH TO DATE    0.20                      0.35  -0.15      T
  SINCE SEP 1     24.16                     35.72 -11.56    26.55
  SINCE JAN 1     16.62                     19.11  -2.49     7.88

SNOWFALL (IN)
  YESTERDAY       MM                        MM     MM       MM
  MONTH TO DATE   MM                        MM     MM       MM
  SINCE JUL 1     MM                        MM     MM       MM
  SNOW DEPTH      MM

DEGREE DAYS
 HEATING
  YESTERDAY        1                         0      1        0
  MONTH TO DATE    7                         8     -1        0
  SINCE JUN 1     42                        91    -49       35
  SINCE JUL 1      7                         8     -1        0

 COOLING
  YESTERDAY        0                         7     -7       17
  MONTH TO DATE  224                       127     97      241
  SINCE JUN 1    295                       177    118      352
  SINCE JAN 1    340                       197    143      386
..................................................................


WIND (MPH)
  RESULTANT WIND SPEED   4   RESULTANT WIND DIRECTION   N (350)
  HIGHEST WIND SPEED    18   HIGHEST WIND DIRECTION     N (10)
  HIGHEST GUST SPEED    25   HIGHEST GUST DIRECTION     N (10)
  AVERAGE WIND SPEED     5.1


SKY COVER
  POSSIBLE SUNSHINE  MM
  AVERAGE SKY COVER 0.3


WEATHER CONDITIONS
 THE FOLLOWING WEATHER WAS RECORDED YESTERDAY.
  NO SIGNIFICANT WEATHER WAS OBSERVED.


RELATIVE HUMIDITY (PERCENT)
 HIGHEST    89           600 AM
 LOWEST     36           300 PM
 AVERAGE    63

..........................................................


THE ROSEBURG OR CLIMATE NORMALS FOR TODAY
                         NORMAL    RECORD    YEAR
 MAXIMUM TEMPERATURE (F)   86       103      1978
 MINIMUM TEMPERATURE (F)   57        46      1966


SUNRISE AND SUNSET
JULY 25 2014..........SUNRISE   557 AM PDT   SUNSET   843 PM PDT
JULY 26 2014..........SUNRISE   558 AM PDT   SUNSET   842 PM PDT


-  INDICATES NEGATIVE NUMBERS.
R  INDICATES RECORD WAS SET OR TIED.
MM INDICATES DATA IS MISSING.
T  INDICATES TRACE AMOUNT.




$$
