000
CDUS46 KSTO 200855
CLIRDD

CLIMATE REPORT
NATIONAL WEATHER SERVICE SACRAMENTO, CA
1252 AM PST MON FEB 20 2017


...................................

...THE REDDING AIRPORT CA CLIMATE SUMMARY FOR FEBRUARY 19 2017...

CLIMATE NORMAL PERIOD 1981 TO 2010
CLIMATE RECORD PERIOD 1986 TO 2017


WEATHER ITEM   OBSERVED RECORD YEAR NORMAL DEPARTURE LAST
                VALUE   VALUE       VALUE  FROM      YEAR
                                           NORMAL
...........................................................
TEMPERATURE (F)
 YESTERDAY
  MAXIMUM         53     76    1995  61     -8       56
  MINIMUM         47     25    2006  40      7       44
  AVERAGE         50

PRECIPITATION (IN)
  YESTERDAY        T      1.34 2002   0.20  -0.20     0.38
  MONTH TO DATE    6.99               3.78   3.21     0.84
  SINCE OCT 1     37.17              22.59  14.58    23.38
  SINCE JAN 1     18.44               9.74   8.70    13.52

SNOWFALL (IN)
  YESTERDAY       MM     MM      MM  MM              MM
  MONTH TO DATE    0.0               MM               0.0
  SINCE DEC 1      3.0               MM               0.0
  SINCE JUL 1      3.0               MM               0.0

DEGREE DAYS
 HEATING
  YESTERDAY       15

 COOLING
  YESTERDAY        0
...........................................................


WIND (MPH)
  RESULTANT WIND SPEED  24   RESULTANT WIND DIRECTION   S (170)
  HIGHEST WIND SPEED    37   HIGHEST WIND DIRECTION     S (170)
  HIGHEST GUST SPEED    48   HIGHEST GUST DIRECTION     S (170)


SKY COVER
  POSSIBLE SUNSHINE  MM
  AVERAGE SKY COVER 0.9


WEATHER CONDITIONS
 THE FOLLOWING WEATHER WAS RECORDED YESTERDAY.
  LIGHT RAIN
  FOG


RELATIVE HUMIDITY (PERCENT)
 HIGHEST   100
 LOWEST     71
 AVERAGE    86

..........................................................


THE REDDING AIRPORT CA CLIMATE NORMALS FOR TODAY
                         NORMAL    RECORD    YEAR
 MAXIMUM TEMPERATURE (F)   61        80      1988
 MINIMUM TEMPERATURE (F)   40        25      2006


SUNRISE AND SUNSET
FEBRUARY 20 2017......SUNRISE   655 AM PST   SUNSET   551 PM PST
FEBRUARY 21 2017......SUNRISE   654 AM PST   SUNSET   552 PM PST


-  INDICATES NEGATIVE NUMBERS.
R  INDICATES RECORD WAS SET OR TIED.
MM INDICATES DATA IS MISSING.
T  INDICATES TRACE AMOUNT.

&&
....................................................................

REDDING CITY CLIMATE DATA FOR FEBRUARY 19

CLIMATE RECORD PERIOD 1897-1986

RECORD HIGH..............     80 IN 1943
RECORD LOW...............     30 IN 1953

RECORD RAINFALL..........   2.34 IN 1894

$$

NNNN
