000
CDUS46 KSTO 080053
CLIRDD

CLIMATE REPORT
NATIONAL WEATHER SERVICE SACRAMENTO, CA
548 PM PDT TUE JUL 7 2015


...................................

...THE REDDING AIRPORT CA CLIMATE SUMMARY FOR JULY 7 2015...
VALID TODAY AS OF 0500 PM LOCAL TIME.

CLIMATE NORMAL PERIOD 1981 TO 2010
CLIMATE RECORD PERIOD 1986 TO 2015


WEATHER ITEM   OBSERVED RECORD YEAR NORMAL DEPARTURE LAST
                VALUE   VALUE       VALUE  FROM      YEAR
                                           NORMAL
...........................................................
TEMPERATURE (F)
 TODAY
  MAXIMUM         99    112    2008  97      2      106
  MINIMUM         71     55    1992  66      5       67
  AVERAGE         85

PRECIPITATION (IN)
  TODAY            0.00   0.00 2014   0.00   0.00     0.00
                               2013
                               2012
  MONTH TO DATE    0.00               0.02  -0.02     0.00
  SINCE OCT 1     23.04              33.73 -10.69    16.38
  SINCE JAN 1      6.79              20.88 -14.09    14.27

SNOWFALL (IN)
  TODAY            0.0   MM      MM  MM               0.0
  MONTH TO DATE    0.0               MM               0.0
  SINCE JUN 1      0.0               MM               0.0
  SINCE JUL 1      0.0               MM               0.0

DEGREE DAYS
 HEATING
  TODAY            0

 COOLING
  TODAY           20
...........................................................


WIND (MPH)
  RESULTANT WIND SPEED   5   RESULTANT WIND DIRECTION   S (170)
  HIGHEST WIND SPEED    17   HIGHEST WIND DIRECTION     S (160)
  HIGHEST GUST SPEED    21   HIGHEST GUST DIRECTION    SE (150)


SKY COVER
  POSSIBLE SUNSHINE  MM
  AVERAGE SKY COVER 0.0


WEATHER CONDITIONS
 THE FOLLOWING WEATHER WAS RECORDED TODAY.
  NO SIGNIFICANT WEATHER WAS OBSERVED.


RELATIVE HUMIDITY (PERCENT)
 HIGHEST    64
 LOWEST     23
 AVERAGE    44

..........................................................


THE REDDING AIRPORT CA CLIMATE NORMALS FOR TOMORROW
                         NORMAL    RECORD    YEAR
 MAXIMUM TEMPERATURE (F)   97       112      2007
 MINIMUM TEMPERATURE (F)   66        53      2000


SUNRISE AND SUNSET
JULY  7 2015..........SUNRISE   546 AM PDT   SUNSET   842 PM PDT
JULY  8 2015..........SUNRISE   546 AM PDT   SUNSET   842 PM PDT


-  INDICATES NEGATIVE NUMBERS.
R  INDICATES RECORD WAS SET OR TIED.
MM INDICATES DATA IS MISSING.
T  INDICATES TRACE AMOUNT.




&&
....................................................................

REDDING CITY CLIMATE DATA FOR JULY 07

CLIMATE RECORD PERIOD 1897-1986

RECORD HIGH..............    108 IN 1905
RECORD LOW...............     52 IN 1980

RECORD RAINFALL..........   0.09 IN 1904

$$

NNNN
