000
CDUS46 KSTO 310042
CLIRDD

CLIMATE REPORT
NATIONAL WEATHER SERVICE SACRAMENTO, CA
530 PM PDT WED JUL 30 2014

...........................................................

...THE REDDING AIRPORT CA CLIMATE SUMMARY FOR JULY 30 2014...
VALID TODAY AS OF 0500 PM LOCAL TIME.

CLIMATE NORMAL PERIOD 1981 TO 2010
CLIMATE RECORD PERIOD 1986 TO 2014


WEATHER ITEM   OBSERVED RECORD YEAR NORMAL DEPARTURE LAST
                VALUE   VALUE       VALUE  FROM      YEAR
                                           NORMAL
...........................................................
TEMPERATURE (F)
 TODAY
  MAXIMUM        106    110    1991  99      7       95
  MINIMUM         70     58    1987  66      4       62
  AVERAGE         88

PRECIPITATION (IN)
  TODAY            0.00   0.00 2007   0.01  -0.01     0.00
                               2006
                               2005
  MONTH TO DATE    0.09               0.09   0.00      T
  SINCE JUL 1      0.09               0.09   0.00      T
  SINCE JAN 1     14.36              20.95  -6.59     9.30

SNOWFALL (IN)
  TODAY            0.0   MM      MM  MM               0.0
  MONTH TO DATE    0.0               MM               0.0
  SINCE JUN 1      0.0               MM               0.0
  SINCE JUL 1      0.0               MM               0.0

DEGREE DAYS
 HEATING
  TODAY            0

 COOLING
  TODAY           23
...........................................................


WIND (MPH)
  RESULTANT WIND SPEED   1   RESULTANT WIND DIRECTION   S (160)
  HIGHEST WIND SPEED    18   HIGHEST WIND DIRECTION     S (160)
  HIGHEST GUST SPEED    25   HIGHEST GUST DIRECTION     S (160)


SKY COVER
  POSSIBLE SUNSHINE  MM
  AVERAGE SKY COVER 0.0


WEATHER CONDITIONS
 THE FOLLOWING WEATHER WAS RECORDED TODAY.
  NO SIGNIFICANT WEATHER WAS OBSERVED.


RELATIVE HUMIDITY (PERCENT)
 HIGHEST    44
 LOWEST     14
 AVERAGE    29

..........................................................


THE REDDING AIRPORT CA CLIMATE NORMALS FOR TOMORROW
                         NORMAL    RECORD    YEAR
 MAXIMUM TEMPERATURE (F)   99       110      2000
 MINIMUM TEMPERATURE (F)   65        57      1992


SUNRISE AND SUNSET
JULY 30 2014..........SUNRISE   605 AM PDT   SUNSET   826 PM PDT
JULY 31 2014..........SUNRISE   606 AM PDT   SUNSET   825 PM PDT


-  INDICATES NEGATIVE NUMBERS.
R  INDICATES RECORD WAS SET OR TIED.
MM INDICATES DATA IS MISSING.
T  INDICATES TRACE AMOUNT.

&&
....................................................................

REDDING CITY CLIMATE DATA FOR JULY 30

CLIMATE RECORD PERIOD 1897-1986

RECORD HIGH..............    113 IN 1977
RECORD LOW...............     56 IN 1950

RECORD RAINFALL..........   0.03 IN 1985

$$
POWELL
