000
CDUS46 KSTO 260845
CLIRDD

CLIMATE REPORT
NATIONAL WEATHER SERVICE SACRAMENTO, CA
1235 AM PST FRI DEC 26 2014


...................................

...THE REDDING AIRPORT CA CLIMATE SUMMARY FOR DECEMBER 25 2014...

CLIMATE NORMAL PERIOD 1981 TO 2010
CLIMATE RECORD PERIOD 1986 TO 2014


WEATHER ITEM   OBSERVED RECORD YEAR NORMAL DEPARTURE LAST
                VALUE   VALUE       VALUE  FROM      YEAR
                                           NORMAL
...........................................................
TEMPERATURE (F)
 YESTERDAY
  MAXIMUM         57     72    1999  54      3       71
  MINIMUM         32     25    2011  36     -4       31
  AVERAGE         45

PRECIPITATION (IN)
  YESTERDAY        0.00   1.00 2010   0.22  -0.22     0.00
  MONTH TO DATE   10.37               4.97   5.40     0.38
  SINCE JUL 1     19.67              12.46   7.21     3.50
  SINCE JAN 1     33.94              33.32   0.62    12.80

SNOWFALL (IN)
  YESTERDAY        0.0   MM      MM  MM               0.0
  MONTH TO DATE    0.0               MM               5.0
  SINCE DEC 1      0.0               MM               5.0
  SINCE JUL 1      0.0               MM               5.0

DEGREE DAYS
 HEATING
  YESTERDAY       20

 COOLING
  YESTERDAY        0
...........................................................


WIND (MPH)
  RESULTANT WIND SPEED   4   RESULTANT WIND DIRECTION   N (360)
  HIGHEST WIND SPEED    13   HIGHEST WIND DIRECTION     N (10)
  HIGHEST GUST SPEED    16   HIGHEST GUST DIRECTION    NW (320)


SKY COVER
  POSSIBLE SUNSHINE  MM
  AVERAGE SKY COVER 0.0


WEATHER CONDITIONS
 THE FOLLOWING WEATHER WAS RECORDED YESTERDAY.
  NO SIGNIFICANT WEATHER WAS OBSERVED.


RELATIVE HUMIDITY (PERCENT)
 HIGHEST    96
 LOWEST     33
 AVERAGE    65

..........................................................


THE REDDING AIRPORT CA CLIMATE NORMALS FOR TODAY
                         NORMAL    RECORD    YEAR
 MAXIMUM TEMPERATURE (F)   54        70      1999
 MINIMUM TEMPERATURE (F)   36        24      2011
                                             2008


SUNRISE AND SUNSET
DECEMBER 26 2014......SUNRISE   731 AM PST   SUNSET   449 PM PST
DECEMBER 27 2014......SUNRISE   732 AM PST   SUNSET   449 PM PST


-  INDICATES NEGATIVE NUMBERS.
R  INDICATES RECORD WAS SET OR TIED.
MM INDICATES DATA IS MISSING.
T  INDICATES TRACE AMOUNT.






&&
....................................................................

REDDING CITY CLIMATE DATA FOR DECEMBER 25

CLIMATE RECORD PERIOD 1897-1986

RECORD HIGH..............     78 IN 1985
RECORD LOW...............     18 IN 1924

RECORD RAINFALL..........   2.20 IN 1940

$$
