000
CDUS46 KSTO 020836
CLIRDD

CLIMATE REPORT
NATIONAL WEATHER SERVICE SACRAMENTO, CA
136 AM PDT MON MAY 2 2016


...................................

...THE REDDING AIRPORT CA CLIMATE SUMMARY FOR MAY 1 2016...

CLIMATE NORMAL PERIOD 1981 TO 2010
CLIMATE RECORD PERIOD 1986 TO 2016


WEATHER ITEM   OBSERVED RECORD YEAR NORMAL DEPARTURE LAST
                VALUE   VALUE       VALUE  FROM      YEAR
                                           NORMAL
...........................................................
TEMPERATURE (F)
 YESTERDAY
  MAXIMUM         85     95    2015  76      9       95
  MINIMUM         59     36    1988  50      9       61
  AVERAGE         72

PRECIPITATION (IN)
  YESTERDAY        0.00   1.00 2009   0.06  -0.06     0.00
  MONTH TO DATE    0.00               0.06  -0.06     0.00
  SINCE OCT 1     37.06              31.23   5.83    22.13
  SINCE JAN 1     27.20              18.38   8.82     5.88

SNOWFALL (IN)
  YESTERDAY        0.0   MM      MM  MM               0.0
  MONTH TO DATE    0.0               MM               0.0
  SINCE MAR 1      0.0               MM               0.0
  SINCE JUL 1      0.0               MM               0.0

DEGREE DAYS
 HEATING
  YESTERDAY        0

 COOLING
  YESTERDAY        7
...........................................................


WIND (MPH)
  RESULTANT WIND SPEED   6   RESULTANT WIND DIRECTION   N (360)
  HIGHEST WIND SPEED    21   HIGHEST WIND DIRECTION     N (10)
  HIGHEST GUST SPEED    25   HIGHEST GUST DIRECTION     N (360)


SKY COVER
  POSSIBLE SUNSHINE  MM
  AVERAGE SKY COVER 0.0


WEATHER CONDITIONS
 THE FOLLOWING WEATHER WAS RECORDED YESTERDAY.
  NO SIGNIFICANT WEATHER WAS OBSERVED.


RELATIVE HUMIDITY (PERCENT)
 HIGHEST    60
 LOWEST     19
 AVERAGE    40

..........................................................


THE REDDING AIRPORT CA CLIMATE NORMALS FOR TODAY
                         NORMAL    RECORD    YEAR
 MAXIMUM TEMPERATURE (F)   76        93      2004
 MINIMUM TEMPERATURE (F)   50        42      2012


SUNRISE AND SUNSET
MAY  2 2016...........SUNRISE   606 AM PDT   SUNSET   807 PM PDT
MAY  3 2016...........SUNRISE   605 AM PDT   SUNSET   808 PM PDT


-  INDICATES NEGATIVE NUMBERS.
R  INDICATES RECORD WAS SET OR TIED.
MM INDICATES DATA IS MISSING.
T  INDICATES TRACE AMOUNT.




&&
....................................................................

REDDING CITY CLIMATE DATA FOR MAY 01

CLIMATE RECORD PERIOD 1897-1986

RECORD HIGH..............     93 IN 1947
RECORD LOW...............     31 IN 1948

RECORD RAINFALL..........   1.14 IN 1908

$$

NNNN
