000
CDUS46 KSTO 230838
CLIRDD

CLIMATE REPORT
NATIONAL WEATHER SERVICE SACRAMENTO, CA
137 AM PDT SAT MAY 23 2015


...................................

...THE REDDING AIRPORT CA CLIMATE SUMMARY FOR MAY 22 2015...

CLIMATE NORMAL PERIOD 1981 TO 2010
CLIMATE RECORD PERIOD 1986 TO 2015


WEATHER ITEM   OBSERVED RECORD YEAR NORMAL DEPARTURE LAST
                VALUE   VALUE       VALUE  FROM      YEAR
                                           NORMAL
...........................................................
TEMPERATURE (F)
 YESTERDAY
  MAXIMUM         80    100    2001  83     -3       93
  MINIMUM         60     34    2010  56      4       56
  AVERAGE         70

PRECIPITATION (IN)
  YESTERDAY        0.00   1.09 1990   0.06  -0.06     0.00
  MONTH TO DATE    0.34               1.33  -0.99     0.15
  SINCE OCT 1     22.47              32.50 -10.03    16.38
  SINCE JAN 1      6.22              19.65 -13.43    14.27

SNOWFALL (IN)
  YESTERDAY        0.0   MM      MM  MM               0.0
  MONTH TO DATE    0.0               MM               0.0
  SINCE MAR 1      0.0               MM               0.0
  SINCE JUL 1      0.0               MM               5.0

DEGREE DAYS
 HEATING
  YESTERDAY        0

 COOLING
  YESTERDAY        5
...........................................................


WIND (MPH)
  RESULTANT WIND SPEED   3   RESULTANT WIND DIRECTION   S (190)
  HIGHEST WIND SPEED    12   HIGHEST WIND DIRECTION     W (270)
  HIGHEST GUST SPEED    17   HIGHEST GUST DIRECTION    SE (140)


SKY COVER
  POSSIBLE SUNSHINE  MM
  AVERAGE SKY COVER 0.7


WEATHER CONDITIONS
 THE FOLLOWING WEATHER WAS RECORDED YESTERDAY.
  NO SIGNIFICANT WEATHER WAS OBSERVED.


RELATIVE HUMIDITY (PERCENT)
 HIGHEST    69
 LOWEST     37
 AVERAGE    53

..........................................................


THE REDDING AIRPORT CA CLIMATE NORMALS FOR TODAY
                         NORMAL    RECORD    YEAR
 MAXIMUM TEMPERATURE (F)   83       101      2000
 MINIMUM TEMPERATURE (F)   56        40      2010


SUNRISE AND SUNSET
MAY 23 2015...........SUNRISE   546 AM PDT   SUNSET   826 PM PDT
MAY 24 2015...........SUNRISE   545 AM PDT   SUNSET   827 PM PDT


-  INDICATES NEGATIVE NUMBERS.
R  INDICATES RECORD WAS SET OR TIED.
MM INDICATES DATA IS MISSING.
T  INDICATES TRACE AMOUNT.

&&
....................................................................

REDDING CITY CLIMATE DATA FOR MAY 22

CLIMATE RECORD PERIOD 1897-1986

RECORD HIGH..............    102 IN 1941
RECORD LOW...............     39 IN 1960

RECORD RAINFALL..........   2.52 IN 1896

$$
