000
CDUS46 KSTO 190841
CLIRDD

CLIMATE REPORT
NATIONAL WEATHER SERVICE SACRAMENTO, CA
1240 AM PST SUN NOV 19 2017


...................................

...THE REDDING AIRPORT CA CLIMATE SUMMARY FOR NOVEMBER 18 2017...

CLIMATE NORMAL PERIOD 1981 TO 2010
CLIMATE RECORD PERIOD 1986 TO 2017


WEATHER ITEM   OBSERVED RECORD YEAR NORMAL DEPARTURE LAST
                VALUE   VALUE       VALUE  FROM      YEAR
                                           NORMAL
...........................................................
TEMPERATURE (F)
 YESTERDAY
  MAXIMUM         65     77    2005  61      4       60
  MINIMUM         33     27    2000  40     -7       36
  AVERAGE         49

PRECIPITATION (IN)
  YESTERDAY        0.00   0.64 1997   0.15  -0.15      T
  MONTH TO DATE    3.81               2.35   1.46     0.29
  SINCE OCT 1      4.14               4.45  -0.31     8.07
  SINCE JAN 1     33.15              26.22   6.93    38.70

SNOWFALL (IN)
  YESTERDAY        0.0    0.0  2002  MM               0.0
                               2001
  MONTH TO DATE    0.0               MM               0.0
  SINCE SEP 1      0.0               MM               0.0
  SINCE JUL 1      0.0               MM               0.0

DEGREE DAYS
 HEATING
  YESTERDAY       16

 COOLING
  YESTERDAY        0
...........................................................


WIND (MPH)
  RESULTANT WIND SPEED   2   RESULTANT WIND DIRECTION   N (360)
  HIGHEST WIND SPEED    10   HIGHEST WIND DIRECTION     N (350)
  HIGHEST GUST SPEED    15   HIGHEST GUST DIRECTION     N (350)


SKY COVER
  POSSIBLE SUNSHINE  MM
  AVERAGE SKY COVER 0.0


WEATHER CONDITIONS
 THE FOLLOWING WEATHER WAS RECORDED YESTERDAY.
  NO SIGNIFICANT WEATHER WAS OBSERVED.


RELATIVE HUMIDITY (PERCENT)
 HIGHEST    92
 LOWEST     25
 AVERAGE    59

..........................................................


THE REDDING AIRPORT CA CLIMATE NORMALS FOR TODAY
                         NORMAL    RECORD    YEAR
 MAXIMUM TEMPERATURE (F)   61        80      2002
 MINIMUM TEMPERATURE (F)   40        27      2011


SUNRISE AND SUNSET
NOVEMBER 19 2017......SUNRISE   701 AM PST   SUNSET   448 PM PST
NOVEMBER 20 2017......SUNRISE   702 AM PST   SUNSET   448 PM PST


-  INDICATES NEGATIVE NUMBERS.
R  INDICATES RECORD WAS SET OR TIED.
MM INDICATES DATA IS MISSING.
T  INDICATES TRACE AMOUNT.

&&
....................................................................

REDDING CITY CLIMATE DATA FOR NOVEMBER 18

CLIMATE RECORD PERIOD 1897-1986

RECORD HIGH..............     88 IN 1936
RECORD LOW...............     24 IN 1985
RECORD RAINFALL..........   2.47 IN 1973

$$
