000
CDUS46 KSTO 270044 RRA
CLIRDD

CLIMATE REPORT
NATIONAL WEATHER SERVICE SACRAMENTO, CA
543 PM PDT FRI MAY 26 2017


...................................

...THE REDDING AIRPORT CA CLIMATE SUMMARY FOR MAY 26 2017...
VALID TODAY AS OF 0500 PM LOCAL TIME.

CLIMATE NORMAL PERIOD 1981 TO 2010
CLIMATE RECORD PERIOD 1986 TO 2017


WEATHER ITEM   OBSERVED RECORD YEAR NORMAL DEPARTURE LAST
                VALUE   VALUE       VALUE  FROM      YEAR
                                           NORMAL
...........................................................
TEMPERATURE (F)
 TODAY
  MAXIMUM         81     98    2009  84     -3       86
  MINIMUM         57     44    2012  57      0       54
                               1998
  AVERAGE         69

PRECIPITATION (IN)
  TODAY            0.00   0.86 1993   0.06  -0.06     0.00
  MONTH TO DATE    0.02               1.57  -1.55     0.97
  SINCE OCT 1     46.21              32.74  13.47    38.03
  SINCE JAN 1     27.48              19.89   7.59    28.17

SNOWFALL (IN)
  TODAY            0.0   MM      MM  MM               0.0
  MONTH TO DATE    0.0               MM               0.0
  SINCE MAR 1      0.0               MM               0.0
  SINCE JUL 1      3.0               MM               0.0

DEGREE DAYS
 HEATING
  TODAY            0

 COOLING
  TODAY            4
...........................................................


WIND (MPH)
  RESULTANT WIND SPEED   4   RESULTANT WIND DIRECTION   S (160)
  HIGHEST WIND SPEED    13   HIGHEST WIND DIRECTION     S (160)
  HIGHEST GUST SPEED    20   HIGHEST GUST DIRECTION     S (180)


SKY COVER
  POSSIBLE SUNSHINE  MM
  AVERAGE SKY COVER 0.3


WEATHER CONDITIONS
 THE FOLLOWING WEATHER WAS RECORDED TODAY.
  NO SIGNIFICANT WEATHER WAS OBSERVED.


RELATIVE HUMIDITY (PERCENT)
 HIGHEST    72
 LOWEST     30
 AVERAGE    51

..........................................................


THE REDDING AIRPORT CA CLIMATE NORMALS FOR TOMORROW
                         NORMAL    RECORD    YEAR
 MAXIMUM TEMPERATURE (F)   84       100      2009
 MINIMUM TEMPERATURE (F)   57        44      1998


SUNRISE AND SUNSET
MAY 26 2017...........SUNRISE   544 AM PDT   SUNSET   829 PM PDT
MAY 27 2017...........SUNRISE   543 AM PDT   SUNSET   830 PM PDT


-  INDICATES NEGATIVE NUMBERS.
R  INDICATES RECORD WAS SET OR TIED.
MM INDICATES DATA IS MISSING.
T  INDICATES TRACE AMOUNT.




&&
....................................................................

REDDING CITY CLIMATE DATA FOR MAY 26

CLIMATE RECORD PERIOD 1897-1986

RECORD HIGH..............    102 IN 1982
RECORD LOW...............     37 IN 1980

RECORD RAINFALL..........   2.62 IN 1960

$$

NNNN
