000
CDUS41 KPHI 190629
CLIRDG


CLIMATE REPORT
NATIONAL WEATHER SERVICE MOUNT HOLLY NJ
127 AM EST SUN FEB 19 2017


...................................

...THE READING PA CLIMATE SUMMARY FOR FEBRUARY 18 2017...

CLIMATE NORMAL PERIOD 1981 TO 2010
CLIMATE RECORD PERIOD 1869 TO 2017


WEATHER ITEM   OBSERVED TIME   RECORD YEAR NORMAL DEPARTURE LAST
                VALUE   (LST)  VALUE       VALUE  FROM      YEAR
                                                  NORMAL
..................................................................
TEMPERATURE (F)
 YESTERDAY
  MAXIMUM         69    351 PM  71    2011  42     27       35
  MINIMUM         25    715 AM  -8    1979  24      1       21
  AVERAGE         47                        33     14       28

PRECIPITATION (IN)
  YESTERDAY        0.00          3.50 1871   0.09  -0.09     0.00
  MONTH TO DATE    0.75                      1.58  -0.83     1.94
  SINCE DEC 1      5.24                      7.92  -2.68     9.03
  SINCE JAN 1      3.11                      4.63  -1.52     5.47

DEGREE DAYS
 HEATING
  YESTERDAY       18                        32    -14       37
  MONTH TO DATE  530                       610    -80      615
  SINCE DEC 1   2357                      2668   -311     2267
  SINCE JUL 1   3211                      3735   -524     3086

 COOLING
  YESTERDAY        0                         0      0        0
  MONTH TO DATE    0                         0      0        0
  SINCE DEC 1      0                         0      0        0
  SINCE JAN 1      0                         0      0        0
..................................................................


WIND (MPH)
  HIGHEST WIND SPEED    21   HIGHEST WIND DIRECTION    SW (240)
  HIGHEST GUST SPEED    29   HIGHEST GUST DIRECTION     W (250)
  AVERAGE WIND SPEED     4.1


SKY COVER
  POSSIBLE SUNSHINE  MM
  AVERAGE SKY COVER 0.0


WEATHER CONDITIONS
 THE FOLLOWING WEATHER WAS RECORDED YESTERDAY.
  NO SIGNIFICANT WEATHER WAS OBSERVED.


RELATIVE HUMIDITY (PERCENT)
 HIGHEST    88           600 AM
 LOWEST     26           300 PM
 AVERAGE    57

..........................................................


THE READING PA CLIMATE NORMALS FOR TODAY
                         NORMAL    RECORD    YEAR
 MAXIMUM TEMPERATURE (F)   42        67      1997
 MINIMUM TEMPERATURE (F)   24        -2      1903


SUNRISE AND SUNSET
FEBRUARY 19 2017......SUNRISE   652 AM EST   SUNSET   544 PM EST
FEBRUARY 20 2017......SUNRISE   650 AM EST   SUNSET   545 PM EST


-  INDICATES NEGATIVE NUMBERS.
R  INDICATES RECORD WAS SET OR TIED.
MM INDICATES DATA IS MISSING.
T  INDICATES TRACE AMOUNT.




$$
