000
CDUS41 KPHI 230546
CLIRDG


CLIMATE REPORT
NATIONAL WEATHER SERVICE MOUNT HOLLY NJ
146 AM EDT MON OCT 23 2017


...................................

...THE READING PA CLIMATE SUMMARY FOR OCTOBER 22 2017...

CLIMATE NORMAL PERIOD 1981 TO 2010
CLIMATE RECORD PERIOD 1869 TO 2017


WEATHER ITEM   OBSERVED TIME   RECORD YEAR NORMAL DEPARTURE LAST
                VALUE   (LST)  VALUE       VALUE  FROM      YEAR
                                                  NORMAL
..................................................................
TEMPERATURE (F)
 YESTERDAY
  MAXIMUM         76    145 PM  88    1979  62     14       55
  MINIMUM         43    626 AM  24    1972  41      2       47
  AVERAGE         60                        52      8       51

PRECIPITATION (IN)
  YESTERDAY        0.00          2.03 1988   0.09  -0.09     0.01
  MONTH TO DATE    1.54                      2.52  -0.98     0.32
  SINCE SEP 1      5.16                      6.86  -1.70     4.97
  SINCE JAN 1     38.60                     35.82   2.78    29.48

DEGREE DAYS
 HEATING
  YESTERDAY        5                        13     -8       14
  MONTH TO DATE   96                       227   -131      132
  SINCE SEP 1    152                       301   -149      164
  SINCE JUL 1    156                       306   -150      164

 COOLING
  YESTERDAY        0                         0      0        0
  MONTH TO DATE   53                         5     48       22
  SINCE SEP 1    196                        89    107      213
  SINCE JAN 1   1085                       892    193     1355
..................................................................


WIND (MPH)
  HIGHEST WIND SPEED    13   HIGHEST WIND DIRECTION    SE (150)
  HIGHEST GUST SPEED    16   HIGHEST GUST DIRECTION     S (160)
  AVERAGE WIND SPEED     2.7


SKY COVER
  POSSIBLE SUNSHINE  MM
  AVERAGE SKY COVER 0.0


WEATHER CONDITIONS
 THE FOLLOWING WEATHER WAS RECORDED YESTERDAY.
  FOG
  HAZE


RELATIVE HUMIDITY (PERCENT)
 HIGHEST   100          1200 AM
 LOWEST     37           500 PM
 AVERAGE    69

..........................................................


THE READING PA CLIMATE NORMALS FOR TODAY
                         NORMAL    RECORD    YEAR
 MAXIMUM TEMPERATURE (F)   62        86      1947
 MINIMUM TEMPERATURE (F)   41        24      1976


SUNRISE AND SUNSET
OCTOBER 23 2017.......SUNRISE   724 AM EDT   SUNSET   612 PM EDT
OCTOBER 24 2017.......SUNRISE   725 AM EDT   SUNSET   611 PM EDT


-  INDICATES NEGATIVE NUMBERS.
R  INDICATES RECORD WAS SET OR TIED.
MM INDICATES DATA IS MISSING.
T  INDICATES TRACE AMOUNT.




$$
