000
CDUS41 KPHI 270629
CLIRDG


CLIMATE REPORT
NATIONAL WEATHER SERVICE MOUNT HOLLY NJ
227 AM EDT WED MAY 27 2015


...................................

...THE READING PA CLIMATE SUMMARY FOR MAY 26 2015...

CLIMATE NORMAL PERIOD 1981 TO 2010
CLIMATE RECORD PERIOD 1869 TO 2015


WEATHER ITEM   OBSERVED TIME   RECORD YEAR NORMAL DEPARTURE LAST
                VALUE   (LST)  VALUE       VALUE  FROM      YEAR
                                                  NORMAL
..................................................................
TEMPERATURE (F)
 YESTERDAY
  MAXIMUM         90    218 PM  94    1914  75     15       85
  MINIMUM         62    351 AM  38    1972  53      9       56
  AVERAGE         76                        64     12       71

PRECIPITATION (IN)
  YESTERDAY        0.00          1.84 1997   0.18  -0.18     0.00
  MONTH TO DATE    0.44                      3.42  -2.98     3.06
  SINCE MAR 1      6.95                     10.67  -3.72    11.70
  SINCE JAN 1     10.69                     16.20  -5.51    18.38

SNOWFALL (IN)
  YESTERDAY       MM            MM      MM  MM     MM       MM
  MONTH TO DATE   MM                        MM     MM       MM
  SINCE MAR 1     MM                        MM     MM       MM
  SINCE JUL 1     MM                        MM     MM       MM
  SNOW DEPTH      MM

DEGREE DAYS
 HEATING
  YESTERDAY        0                         3     -3        0
  MONTH TO DATE   68                       156    -88       96
  SINCE MAR 1   1357                      1312     45     1426
  SINCE JUL 1   5662                      5354    308     5736

 COOLING
  YESTERDAY       11                         3      8        6
  MONTH TO DATE   98                        38     60       38
  SINCE MAR 1     98                        47     51       47
  SINCE JAN 1     98                        47     51       47
..................................................................


WIND (MPH)
  HIGHEST WIND SPEED    15   HIGHEST WIND DIRECTION     S (190)
  HIGHEST GUST SPEED    21   HIGHEST GUST DIRECTION     S (190)
  AVERAGE WIND SPEED     6.2


SKY COVER
  POSSIBLE SUNSHINE  MM
  AVERAGE SKY COVER 0.1


WEATHER CONDITIONS
 THE FOLLOWING WEATHER WAS RECORDED YESTERDAY.
  NO SIGNIFICANT WEATHER WAS OBSERVED.


RELATIVE HUMIDITY (PERCENT)
 HIGHEST    84           400 AM
 LOWEST     38           200 PM
 AVERAGE    61

..........................................................


THE READING PA CLIMATE NORMALS FOR TODAY
                         NORMAL    RECORD    YEAR
 MAXIMUM TEMPERATURE (F)   76        93      1914
 MINIMUM TEMPERATURE (F)   54        35      1972


SUNRISE AND SUNSET
MAY 27 2015...........SUNRISE   539 AM EDT   SUNSET   824 PM EDT
MAY 28 2015...........SUNRISE   538 AM EDT   SUNSET   825 PM EDT


-  INDICATES NEGATIVE NUMBERS.
R  INDICATES RECORD WAS SET OR TIED.
MM INDICATES DATA IS MISSING.
T  INDICATES TRACE AMOUNT.




$$
