000
CDUS41 KPHI 020628
CLIRDG


CLIMATE REPORT
NATIONAL WEATHER SERVICE MOUNT HOLLY NJ
127 AM EST MON MAR 2 2015


...................................

...THE READING PA CLIMATE SUMMARY FOR MARCH 1 2015...

CLIMATE NORMAL PERIOD 1981 TO 2010
CLIMATE RECORD PERIOD 1869 TO 2015


WEATHER ITEM   OBSERVED TIME   RECORD YEAR NORMAL DEPARTURE LAST
                VALUE   (LST)  VALUE       VALUE  FROM      YEAR
                                                  NORMAL
..................................................................
TEMPERATURE (F)
 YESTERDAY
  MAXIMUM         25   1159 PM  74    1972  45    -20       34
  MINIMUM         11    150 AM   6    1980  27    -16        8
  AVERAGE         18                        36    -18       21

PRECIPITATION (IN)
  YESTERDAY        0.35          1.68 1954   0.08   0.27     0.00
  MONTH TO DATE    0.35                      0.08   0.27     0.00
  SINCE MAR 1      0.35                      0.08   0.27     0.00
  SINCE JAN 1      4.09                      5.61  -1.52     6.68

SNOWFALL (IN)
  YESTERDAY       MM            MM      MM  MM     MM       MM
  MONTH TO DATE   MM                        MM     MM       MM
  SINCE MAR 1     MM                        MM     MM       MM
  SINCE JUL 1     MM                        MM     MM       MM
  SNOW DEPTH      MM

DEGREE DAYS
 HEATING
  YESTERDAY       47                        29     18       44
  MONTH TO DATE   47                        29     18       44
  SINCE MAR 1     47                        29     18       44
  SINCE JUL 1   4352                      4071    281     4354

 COOLING
  YESTERDAY        0                         0      0        0
  MONTH TO DATE    0                         0      0        0
  SINCE MAR 1      0                         0      0        0
  SINCE JAN 1      0                         0      0        0
..................................................................


WIND (MPH)
  HIGHEST WIND SPEED     8   HIGHEST WIND DIRECTION     N (360)
  HIGHEST GUST SPEED     9   HIGHEST GUST DIRECTION     S (190)
  AVERAGE WIND SPEED     2.3


SKY COVER
  POSSIBLE SUNSHINE  MM
  AVERAGE SKY COVER 0.9


WEATHER CONDITIONS
 THE FOLLOWING WEATHER WAS RECORDED YESTERDAY.
  FREEZING RAIN
  LT FREEZING RAIN
  SNOW
  LIGHT SNOW
  FOG


RELATIVE HUMIDITY (PERCENT)
 HIGHEST    88          1200 PM
 LOWEST     61           400 AM
 AVERAGE    75

..........................................................


THE READING PA CLIMATE NORMALS FOR TODAY
                         NORMAL    RECORD    YEAR
 MAXIMUM TEMPERATURE (F)   46        72      1972
 MINIMUM TEMPERATURE (F)   27         9      1980


SUNRISE AND SUNSET
MARCH  2 2015.........SUNRISE   636 AM EST   SUNSET   556 PM EST
MARCH  3 2015.........SUNRISE   635 AM EST   SUNSET   557 PM EST


-  INDICATES NEGATIVE NUMBERS.
R  INDICATES RECORD WAS SET OR TIED.
MM INDICATES DATA IS MISSING.
T  INDICATES TRACE AMOUNT.




$$
