000
CDUS41 KPHI 230546
CLIRDG


CLIMATE REPORT
NATIONAL WEATHER SERVICE MOUNT HOLLY NJ
145 AM EDT WED AUG 23 2017


...................................

...THE READING PA CLIMATE SUMMARY FOR AUGUST 22 2017...

CLIMATE NORMAL PERIOD 1981 TO 2010
CLIMATE RECORD PERIOD 1869 TO 2017


WEATHER ITEM   OBSERVED TIME   RECORD YEAR NORMAL DEPARTURE LAST
                VALUE   (LST)  VALUE       VALUE  FROM      YEAR
                                                  NORMAL
..................................................................
TEMPERATURE (F)
 YESTERDAY
  MAXIMUM         91    154 PM  98    1916  83      8       80
  MINIMUM         67    545 AM  45    1982  62      5       59
  AVERAGE         79                        72      7       70

PRECIPITATION (IN)
  YESTERDAY        0.75          4.52 1888   0.13   0.62     0.00
  MONTH TO DATE    5.91                      2.59   3.32     4.61
  SINCE JUN 1     19.63                     10.89   8.74    10.40
  SINCE JAN 1     33.05                     27.91   5.14    24.40

DEGREE DAYS
 HEATING
  YESTERDAY        0                         0      0        0
  MONTH TO DATE    0                         0      0        0
  SINCE JUN 1     16                        25     -9        9
  SINCE JUL 1      0                         1     -1        0

 COOLING
  YESTERDAY       14                         8      6        5
  MONTH TO DATE  193                       190      3      299
  SINCE JUN 1    790                       682    108      954
  SINCE JAN 1    865                       742    123     1048
..................................................................


WIND (MPH)
  HIGHEST WIND SPEED    25   HIGHEST WIND DIRECTION    NW (310)
  HIGHEST GUST SPEED    32   HIGHEST GUST DIRECTION    NW (320)
  AVERAGE WIND SPEED     6.2


SKY COVER
  POSSIBLE SUNSHINE  MM
  AVERAGE SKY COVER 0.1


WEATHER CONDITIONS
 THE FOLLOWING WEATHER WAS RECORDED YESTERDAY.
  THUNDERSTORM
  HEAVY RAIN
  RAIN
  LIGHT RAIN
  FOG
  HAZE


RELATIVE HUMIDITY (PERCENT)
 HIGHEST   100          1200 AM
 LOWEST     60           200 PM
 AVERAGE    80

..........................................................


THE READING PA CLIMATE NORMALS FOR TODAY
                         NORMAL    RECORD    YEAR
 MAXIMUM TEMPERATURE (F)   83        96      1937
 MINIMUM TEMPERATURE (F)   62        48      1973
                                             1923


SUNRISE AND SUNSET
AUGUST 23 2017........SUNRISE   623 AM EDT   SUNSET   749 PM EDT
AUGUST 24 2017........SUNRISE   624 AM EDT   SUNSET   748 PM EDT


-  INDICATES NEGATIVE NUMBERS.
R  INDICATES RECORD WAS SET OR TIED.
MM INDICATES DATA IS MISSING.
T  INDICATES TRACE AMOUNT.




$$
