494
CDUS41 KPHI 230627
CLIRDG


CLIMATE REPORT
NATIONAL WEATHER SERVICE MOUNT HOLLY NJ
227 AM EDT FRI JUN 23 2017


...................................

...THE READING PA CLIMATE SUMMARY FOR JUNE 22 2017...

CLIMATE NORMAL PERIOD 1981 TO 2010
CLIMATE RECORD PERIOD 1869 TO 2017


WEATHER ITEM   OBSERVED TIME   RECORD YEAR NORMAL DEPARTURE LAST
                VALUE   (LST)  VALUE       VALUE  FROM      YEAR
                                                  NORMAL
..................................................................
TEMPERATURE (F)
 YESTERDAY
  MAXIMUM         89    311 PM  96    1921  83      6       85
  MINIMUM         61    516 AM  47    1992  62     -1       62
  AVERAGE         75                        72      3       74

PRECIPITATION (IN)
  YESTERDAY        0.01          2.90 2001   0.10  -0.09     0.00
  MONTH TO DATE    2.41                      2.92  -0.51     1.48
  SINCE JUN 1      2.41                      2.92  -0.51     1.48
  SINCE JAN 1     15.83                     19.94  -4.11    15.48

DEGREE DAYS
 HEATING
  YESTERDAY        0                         0      0        0
  MONTH TO DATE   16                        23     -7        9
  SINCE JUN 1     16                        23     -7        9
  SINCE JUL 1   4581                      5391   -810     4503

 COOLING
  YESTERDAY       10                         8      2        9
  MONTH TO DATE  161                       121     40      152
  SINCE JUN 1    161                       121     40      152
  SINCE JAN 1    236                       181     55      246
..................................................................


WIND (MPH)
  HIGHEST WIND SPEED    13   HIGHEST WIND DIRECTION    SW (230)
  HIGHEST GUST SPEED    17   HIGHEST GUST DIRECTION    SW (230)
  AVERAGE WIND SPEED     3.8


SKY COVER
  POSSIBLE SUNSHINE  MM
  AVERAGE SKY COVER 0.2


WEATHER CONDITIONS
 THE FOLLOWING WEATHER WAS RECORDED YESTERDAY.
  LIGHT RAIN
  FOG


RELATIVE HUMIDITY (PERCENT)
 HIGHEST   100           200 AM
 LOWEST     49          1000 AM
 AVERAGE    75

..........................................................


THE READING PA CLIMATE NORMALS FOR TODAY
                         NORMAL    RECORD    YEAR
 MAXIMUM TEMPERATURE (F)   83        96      1908
 MINIMUM TEMPERATURE (F)   62        44      1992


SUNRISE AND SUNSET
JUNE 23 2017..........SUNRISE   535 AM EDT   SUNSET   838 PM EDT
JUNE 24 2017..........SUNRISE   535 AM EDT   SUNSET   838 PM EDT


-  INDICATES NEGATIVE NUMBERS.
R  INDICATES RECORD WAS SET OR TIED.
MM INDICATES DATA IS MISSING.
T  INDICATES TRACE AMOUNT.




$$
