000
CDUS46 KPDT 140828
CLIRDM

CLIMATE REPORT
NATIONAL WEATHER SERVICE PENDLETON OR
127 AM PDT MON JUL 14 2014


...................................

...THE REDMOND OR CLIMATE SUMMARY FOR JULY 13 2014...

CLIMATE NORMAL PERIOD 1981 TO 2010
CLIMATE RECORD PERIOD 1949 TO 2014


WEATHER ITEM   OBSERVED TIME   RECORD YEAR NORMAL DEPARTURE LAST
                VALUE   (LST)  VALUE       VALUE  FROM      YEAR
                                                  NORMAL
..................................................................
TEMPERATURE (F)
 YESTERDAY
  MAXIMUM         92    333 PM 102    2002  86      6       82
  MINIMUM         59    510 AM  32    2010  46     13       39
  AVERAGE         76                        66     10       61

PRECIPITATION (IN)
  YESTERDAY        0.01          0.27 1964   0.02  -0.01     0.00
  MONTH TO DATE    0.07                      0.24  -0.17     0.00
  SINCE OCT 1      4.53                      7.68  -3.15     5.83
  SINCE JAN 1      3.82                      4.92  -1.10     1.92

DEGREE DAYS
 HEATING
  YESTERDAY        0                         2     -2        4
  MONTH TO DATE    0                        41    -41       16
  SINCE JUN 1    223                       258    -35      201
  SINCE JUL 1      0                        41    -41       16

 COOLING
  YESTERDAY       11                         3      8        0
  MONTH TO DATE   95                        32     63       63
  SINCE JUN 1     96                        56     40      102
  SINCE JAN 1     96                        61     35      111
..................................................................


WIND (MPH)
  RESULTANT WIND SPEED   6   RESULTANT WIND DIRECTION  NW (320)
  HIGHEST WIND SPEED    24   HIGHEST WIND DIRECTION    NW (330)
  HIGHEST GUST SPEED    30   HIGHEST GUST DIRECTION    NW (310)
  AVERAGE WIND SPEED     9.0


SKY COVER
  POSSIBLE SUNSHINE  MM
  AVERAGE SKY COVER 0.1


WEATHER CONDITIONS
 THE FOLLOWING WEATHER WAS RECORDED YESTERDAY.
  THUNDERSTORM
  LIGHT RAIN


RELATIVE HUMIDITY (PERCENT)
 HIGHEST    62           500 AM
 LOWEST     18           400 PM
 AVERAGE    40

..........................................................


THE REDMOND OR CLIMATE NORMALS FOR TODAY
                         NORMAL    RECORD    YEAR
 MAXIMUM TEMPERATURE (F)   86       101      1987
 MINIMUM TEMPERATURE (F)   46        28      1962


SUNRISE AND SUNSET
JULY 14 2014..........SUNRISE   534 AM PDT   SUNSET   846 PM PDT
JULY 15 2014..........SUNRISE   535 AM PDT   SUNSET   846 PM PDT


-  INDICATES NEGATIVE NUMBERS.
R  INDICATES RECORD WAS SET OR TIED.
MM INDICATES DATA IS MISSING.
T  INDICATES TRACE AMOUNT.




$$
