000
CDUS46 KPDT 280826
CLIRDM

CLIMATE REPORT
NATIONAL WEATHER SERVICE PENDLETON OR
1225 AM PST SUN DEC 28 2014


...................................

...THE REDMOND OR CLIMATE SUMMARY FOR DECEMBER 27 2014...

CLIMATE NORMAL PERIOD 1981 TO 2010
CLIMATE RECORD PERIOD 1949 TO 2014


WEATHER ITEM   OBSERVED TIME   RECORD YEAR NORMAL DEPARTURE LAST
                VALUE   (LST)  VALUE       VALUE  FROM      YEAR
                                                  NORMAL
..................................................................
TEMPERATURE (F)
 YESTERDAY
  MAXIMUM         38    939 PM  59    1967  40     -2       48
  MINIMUM         22    424 AM   7    1954  21      1       23
  AVERAGE         30                        30      0       36

PRECIPITATION (IN)
  YESTERDAY        0.00          0.28 1951   0.04  -0.04     0.00
  MONTH TO DATE    1.40                      1.03   0.37     0.37
  SINCE OCT 1      4.10                      2.63   1.47     0.71
  SINCE JAN 1      9.52                      8.77   0.75     4.80

DEGREE DAYS
 HEATING
  YESTERDAY       35                        35      0       29
  MONTH TO DATE  727                       931   -204      995
  SINCE DEC 1    727                       931   -204      995
  SINCE JUL 1   2314                      2705   -391     2781

 COOLING
  YESTERDAY        0                         0      0        0
  MONTH TO DATE    0                         0      0        0
  SINCE DEC 1      0                         0      0        0
  SINCE JAN 1    311                       222     89      350
..................................................................


WIND (MPH)
  RESULTANT WIND SPEED   3   RESULTANT WIND DIRECTION   E (80)
  HIGHEST WIND SPEED    15   HIGHEST WIND DIRECTION    NW (310)
  HIGHEST GUST SPEED    20   HIGHEST GUST DIRECTION    NW (300)
  AVERAGE WIND SPEED     4.7


SKY COVER
  POSSIBLE SUNSHINE  MM
  AVERAGE SKY COVER 0.5


WEATHER CONDITIONS
THE FOLLOWING WEATHER WAS RECORDED YESTERDAY.
  NO SIGNIFICANT WEATHER WAS OBSERVED.


RELATIVE HUMIDITY (PERCENT)
 HIGHEST    92           200 AM
 LOWEST     64           100 PM
 AVERAGE    78

..........................................................


THE REDMOND OR CLIMATE NORMALS FOR TODAY
                         NORMAL    RECORD    YEAR
 MAXIMUM TEMPERATURE (F)   40        58      1997
 MINIMUM TEMPERATURE (F)   21        -3      1983


SUNRISE AND SUNSET
DECEMBER 28 2014......SUNRISE   740 AM PST   SUNSET   433 PM PST
DECEMBER 29 2014......SUNRISE   740 AM PST   SUNSET   434 PM PST


-  INDICATES NEGATIVE NUMBERS.
R  INDICATES RECORD WAS SET OR TIED.
MM INDICATES DATA IS MISSING.
T  INDICATES TRACE AMOUNT.




$$
