000
CDUS46 KPDT 240837
CLIRDM

CLIMATE REPORT
NATIONAL WEATHER SERVICE PENDLETON OR
126 AM PDT SUN SEP 24 2017


...................................

...THE REDMOND OR CLIMATE SUMMARY FOR SEPTEMBER 23 2017...

CLIMATE NORMAL PERIOD 1981 TO 2010
CLIMATE RECORD PERIOD 1949 TO 2017


WEATHER ITEM   OBSERVED TIME   RECORD YEAR NORMAL DEPARTURE LAST
                VALUE   (LST)  VALUE       VALUE  FROM      YEAR
                                                  NORMAL
..................................................................
TEMPERATURE (F)
 YESTERDAY
  MAXIMUM         65    312 PM  94    2011  74     -9       62
  MINIMUM         36    532 AM  23    2008  36      0       28
  AVERAGE         51                        55     -4       45

PRECIPITATION (IN)
  YESTERDAY        0.00          0.16 1986   0.01  -0.01     0.01
  MONTH TO DATE    0.43                      0.31   0.12     0.04
  SINCE OCT 1      9.22                      8.80   0.42     9.10
  SINCE JAN 1      5.47                      6.04  -0.57     5.53

DEGREE DAYS
 HEATING
  YESTERDAY       14                        10      4       20
  MONTH TO DATE  149                       170    -21      232
  SINCE SEP 1    149                       170    -21      232
  SINCE JUL 1    172                       319   -147      321

 COOLING
  YESTERDAY        0                         0      0        0
  MONTH TO DATE   56                        14     42        0
  SINCE SEP 1     56                        14     42        0
  SINCE JAN 1    434                       220    214      239
..................................................................


WIND (MPH)
  RESULTANT WIND SPEED   1   RESULTANT WIND DIRECTION   N (350)
  HIGHEST WIND SPEED    14   HIGHEST WIND DIRECTION     N (360)
  HIGHEST GUST SPEED    18   HIGHEST GUST DIRECTION     N (350)
  AVERAGE WIND SPEED     4.3


SKY COVER
  POSSIBLE SUNSHINE  MM
  AVERAGE SKY COVER 0.2


WEATHER CONDITIONS
 THE FOLLOWING WEATHER WAS RECORDED YESTERDAY.
  NO SIGNIFICANT WEATHER WAS OBSERVED.


RELATIVE HUMIDITY (PERCENT)
 HIGHEST    85           200 AM
 LOWEST     25           500 PM
 AVERAGE    55

..........................................................


THE REDMOND OR CLIMATE NORMALS FOR TODAY
                         NORMAL    RECORD    YEAR
 MAXIMUM TEMPERATURE (F)   73        94      2011
 MINIMUM TEMPERATURE (F)   36        16      1961


SUNRISE AND SUNSET
SEPTEMBER 24 2017.....SUNRISE   654 AM PDT   SUNSET   658 PM PDT
SEPTEMBER 25 2017.....SUNRISE   656 AM PDT   SUNSET   656 PM PDT


-  INDICATES NEGATIVE NUMBERS.
R  INDICATES RECORD WAS SET OR TIED.
MM INDICATES DATA IS MISSING.
T  INDICATES TRACE AMOUNT.

$$
