000
CDUS46 KPDT 270855
CLIRDM

CLIMATE REPORT
NATIONAL WEATHER SERVICE PENDLETON OR

143 AM PDT WED JUL 27 2016


...................................

...THE REDMOND OR CLIMATE SUMMARY FOR JULY 26 2016...

CLIMATE NORMAL PERIOD 1981 TO 2010
CLIMATE RECORD PERIOD 1949 TO 2016


WEATHER ITEM   OBSERVED TIME   RECORD YEAR NORMAL DEPARTURE LAST
                VALUE   (LST)  VALUE       VALUE  FROM      YEAR
                                                  NORMAL
..................................................................
TEMPERATURE (F)
 YESTERDAY
  MAXIMUM         92    423 PM 101    1998  88      4       72
  MINIMUM         51    340 AM  38    1963  47      4       46
  AVERAGE         72                        68      4       59

PRECIPITATION (IN)
  YESTERDAY        0.00          0.20 1978   0.01  -0.01      T
  MONTH TO DATE    0.64                      0.46   0.18     0.44
  SINCE OCT 1      9.04                      7.90   1.14     8.75
  SINCE JAN 1      5.47                      5.14   0.33     4.47

DEGREE DAYS
 HEATING
  YESTERDAY        0                         1     -1        6
  MONTH TO DATE   49                        63    -14       34
  SINCE JUN 1    226                       280    -54      111
  SINCE JUL 1     49                        63    -14       34

 COOLING
  YESTERDAY        7                         4      3        0
  MONTH TO DATE   38                        80    -42      108
  SINCE JUN 1    102                       104     -2      215
  SINCE JAN 1    105                       109     -4      224
..................................................................


WIND (MPH)
  RESULTANT WIND SPEED   1   RESULTANT WIND DIRECTION   N (20)
  HIGHEST WIND SPEED    17   HIGHEST WIND DIRECTION     N (20)
  HIGHEST GUST SPEED    21   HIGHEST GUST DIRECTION    NE (30)
  AVERAGE WIND SPEED     5.4


SKY COVER
  POSSIBLE SUNSHINE  MM
  AVERAGE SKY COVER 0.0


WEATHER CONDITIONS
 THE FOLLOWING WEATHER WAS RECORDED YESTERDAY.
  NO SIGNIFICANT WEATHER WAS OBSERVED.


RELATIVE HUMIDITY (PERCENT)
 HIGHEST    83           400 AM
 LOWEST     16           500 PM
 AVERAGE    50

..........................................................


THE REDMOND OR CLIMATE NORMALS FOR TODAY
                         NORMAL    RECORD    YEAR
 MAXIMUM TEMPERATURE (F)   88       103      1968
 MINIMUM TEMPERATURE (F)   47        38      2015
                                             1986


SUNRISE AND SUNSET
JULY 27 2016..........SUNRISE   547 AM PDT   SUNSET   834 PM PDT
JULY 28 2016..........SUNRISE   548 AM PDT   SUNSET   833 PM PDT


-  INDICATES NEGATIVE NUMBERS.
R  INDICATES RECORD WAS SET OR TIED.
MM INDICATES DATA IS MISSING.
T  INDICATES TRACE AMOUNT.




$$
