000
CDUS46 KPDT 240904
CLIRDM

CLIMATE REPORT
NATIONAL WEATHER SERVICE PENDLETON OR
140 AM PDT THU JUL 24 2014


...................................

...THE REDMOND OR CLIMATE SUMMARY FOR JULY 23 2014...

CLIMATE NORMAL PERIOD 1981 TO 2010
CLIMATE RECORD PERIOD 1949 TO 2014


WEATHER ITEM   OBSERVED TIME   RECORD YEAR NORMAL DEPARTURE LAST
                VALUE   (LST)  VALUE       VALUE  FROM      YEAR
                                                  NORMAL
..................................................................
TEMPERATURE (F)
 YESTERDAY
  MAXIMUM         66    250 PM 104    2006  87    -21       98
  MINIMUM         38   1140 PM  32    1963  47     -9       44
  AVERAGE         52                        67    -15       71

PRECIPITATION (IN)
  YESTERDAY        0.18          0.42 1994   0.01   0.17     0.00
  MONTH TO DATE    0.29                      0.41  -0.12     0.00
  SINCE OCT 1      4.75                      7.85  -3.10     5.83
  SINCE JAN 1      4.04                      5.09  -1.05     1.92

DEGREE DAYS
 HEATING
  YESTERDAY       13                         1     12        0
  MONTH TO DATE   14                        60    -46       16
  SINCE JUN 1    237                       277    -40      201
  SINCE JUL 1     14                        60    -46       16

 COOLING
  YESTERDAY        0                         4     -4        6
  MONTH TO DATE  144                        68     76      125
  SINCE JUN 1    145                        92     53      164
  SINCE JAN 1    145                        97     48      173
..................................................................


WIND (MPH)
  RESULTANT WIND SPEED   3   RESULTANT WIND DIRECTION   W (290)
  HIGHEST WIND SPEED    22   HIGHEST WIND DIRECTION    NW (300)
  HIGHEST GUST SPEED    28   HIGHEST GUST DIRECTION    NW (300)
  AVERAGE WIND SPEED     7.0


SKY COVER
  POSSIBLE SUNSHINE  MM
  AVERAGE SKY COVER 0.5


WEATHER CONDITIONS
 THE FOLLOWING WEATHER WAS RECORDED YESTERDAY.
  RAIN
  LIGHT RAIN
  FOG


RELATIVE HUMIDITY (PERCENT)
 HIGHEST    96           500 AM
 LOWEST     56          1000 AM
 AVERAGE    76

..........................................................


THE REDMOND OR CLIMATE NORMALS FOR TODAY
                         NORMAL    RECORD    YEAR
 MAXIMUM TEMPERATURE (F)   88       101      2004
 MINIMUM TEMPERATURE (F)   47        34      1964


SUNRISE AND SUNSET
JULY 24 2014..........SUNRISE   544 AM PDT   SUNSET   838 PM PDT
JULY 25 2014..........SUNRISE   545 AM PDT   SUNSET   837 PM PDT


-  INDICATES NEGATIVE NUMBERS.
R  INDICATES RECORD WAS SET OR TIED.
MM INDICATES DATA IS MISSING.
T  INDICATES TRACE AMOUNT.




$$
