715
CDUS46 KPDT 250914
CLIRDM

CLIMATE REPORT
NATIONAL WEATHER SERVICE PENDLETON OR
111 AM PST SAT FEB 25 2017


...................................

...THE REDMOND OR CLIMATE SUMMARY FOR FEBRUARY 24 2017...

CLIMATE NORMAL PERIOD 1981 TO 2010
CLIMATE RECORD PERIOD 1949 TO 2017


WEATHER ITEM   OBSERVED TIME   RECORD YEAR NORMAL DEPARTURE LAST
                VALUE   (LST)  VALUE       VALUE  FROM      YEAR
                                                  NORMAL
..................................................................
TEMPERATURE (F)
 YESTERDAY
  MAXIMUM         39    251 PM  72    1986  49    -10       61
  MINIMUM         16    504 AM   8    1993  24     -8       25
  AVERAGE         28                        36     -8       43

PRECIPITATION (IN)
  YESTERDAY        T             0.17 2004   0.02  -0.02     0.00
  MONTH TO DATE    1.14                      0.56   0.58     0.04
  SINCE OCT 1      6.51                      4.29   2.22     4.83
  SINCE JAN 1      2.76                      1.53   1.23     1.26

DEGREE DAYS
 HEATING
  YESTERDAY       37                        29      8       22
  MONTH TO DATE  701                       721    -20      572
  SINCE DEC 1   3280                      2787    493     2299
  SINCE JUL 1   4744                      4561    183     4017

 COOLING
  YESTERDAY        0                         0      0        0
  MONTH TO DATE    0                         0      0        0
  SINCE DEC 1      0                         0      0        0
  SINCE JAN 1      0                         0      0        0
..................................................................


WIND (MPH)
  RESULTANT WIND SPEED   4   RESULTANT WIND DIRECTION   S (180)
  HIGHEST WIND SPEED    15   HIGHEST WIND DIRECTION    SW (240)
  HIGHEST GUST SPEED    20   HIGHEST GUST DIRECTION     S (190)
  AVERAGE WIND SPEED     4.9


SKY COVER
  POSSIBLE SUNSHINE  MM
  AVERAGE SKY COVER 0.6


WEATHER CONDITIONS
 THE FOLLOWING WEATHER WAS RECORDED YESTERDAY.
  LIGHT SNOW


RELATIVE HUMIDITY (PERCENT)
 HIGHEST    84          1100 PM
 LOWEST     29           300 PM
 AVERAGE    57

..........................................................


THE REDMOND OR CLIMATE NORMALS FOR TODAY
                         NORMAL    RECORD    YEAR
 MAXIMUM TEMPERATURE (F)   49        69      1963
 MINIMUM TEMPERATURE (F)   24        -2      2011


SUNRISE AND SUNSET
FEBRUARY 25 2017......SUNRISE   648 AM PST   SUNSET   548 PM PST
FEBRUARY 26 2017......SUNRISE   646 AM PST   SUNSET   549 PM PST


-  INDICATES NEGATIVE NUMBERS.
R  INDICATES RECORD WAS SET OR TIED.
MM INDICATES DATA IS MISSING.
T  INDICATES TRACE AMOUNT.




$$
