692
CDUS46 KPDT 240833 RRA
CLIRDM

CLIMATE REPORT
NATIONAL WEATHER SERVICE PENDLETON OR
133 AM PDT MON JUL 24 2017


...................................

...THE REDMOND OR CLIMATE SUMMARY FOR JULY 23 2017...

CLIMATE NORMAL PERIOD 1981 TO 2010
CLIMATE RECORD PERIOD 1949 TO 2017


WEATHER ITEM   OBSERVED TIME   RECORD YEAR NORMAL DEPARTURE LAST
                VALUE   (LST)  VALUE       VALUE  FROM      YEAR
                                                  NORMAL
..................................................................
TEMPERATURE (F)
 YESTERDAY
  MAXIMUM         96    506 PM 104    2006  87      9       86
  MINIMUM         55    449 AM  32    1963  47      8       41
  AVERAGE         76                        67      9       64

PRECIPITATION (IN)
  YESTERDAY        0.00          0.42 1994   0.01  -0.01     0.00
  MONTH TO DATE    0.00                      0.41  -0.41     0.64
  SINCE OCT 1      8.50                      7.85   0.65     9.04
  SINCE JAN 1      4.75                      5.09  -0.34     5.47

DEGREE DAYS
 HEATING
  YESTERDAY        0                         1     -1        1
  MONTH TO DATE    6                        60    -54       49
  SINCE JUN 1    171                       277   -106      226
  SINCE JUL 1      6                        60    -54       49

 COOLING
  YESTERDAY       11                         4      7        0
  MONTH TO DATE  114                        68     46       18
  SINCE JUN 1    155                        92     63       82
  SINCE JAN 1    165                        97     68       85
..................................................................


WIND (MPH)
  RESULTANT WIND SPEED   3   RESULTANT WIND DIRECTION   N (0)
  HIGHEST WIND SPEED    22   HIGHEST WIND DIRECTION     N (360)
  HIGHEST GUST SPEED    25   HIGHEST GUST DIRECTION     N (360)
  AVERAGE WIND SPEED     6.0


SKY COVER
  POSSIBLE SUNSHINE  MM
  AVERAGE SKY COVER 0.0


WEATHER CONDITIONS
 THE FOLLOWING WEATHER WAS RECORDED YESTERDAY.
  NO SIGNIFICANT WEATHER WAS OBSERVED.


RELATIVE HUMIDITY (PERCENT)
 HIGHEST    72           300 AM
 LOWEST     14           100 PM
 AVERAGE    43

..........................................................


THE REDMOND OR CLIMATE NORMALS FOR TODAY
                         NORMAL    RECORD    YEAR
 MAXIMUM TEMPERATURE (F)   88       101      2004
 MINIMUM TEMPERATURE (F)   47        33      2014


SUNRISE AND SUNSET
JULY 24 2017..........SUNRISE   544 AM PDT   SUNSET   838 PM PDT
JULY 25 2017..........SUNRISE   545 AM PDT   SUNSET   837 PM PDT


-  INDICATES NEGATIVE NUMBERS.
R  INDICATES RECORD WAS SET OR TIED.
MM INDICATES DATA IS MISSING.
T  INDICATES TRACE AMOUNT.

$$
