000
CDUS46 KPDT 180144
CLIRDM

CLIMATE REPORT
NATIONAL WEATHER SERVICE PENDLETON OR
543 PM PST WED JAN 17 2018


...................................

...THE REDMOND OR CLIMATE SUMMARY FOR JANUARY 17 2018...
VALID TODAY AS OF 0500 PM LOCAL TIME.

CLIMATE NORMAL PERIOD 1981 TO 2010
CLIMATE RECORD PERIOD 1949 TO 2018


WEATHER ITEM   OBSERVED TIME   RECORD YEAR NORMAL DEPARTURE LAST
                VALUE   (LST)  VALUE       VALUE  FROM      YEAR
                                                  NORMAL
..................................................................
TEMPERATURE (F)
 TODAY
  MAXIMUM         59    342 PM  63    1959  43     16       44
  MINIMUM         29    126 AM  -6    1957  24      5        9
  AVERAGE         44                        33     11       27

PRECIPITATION (IN)
  TODAY            0.00          0.82 1971   0.03  -0.03     0.00
  MONTH TO DATE    0.12                      0.58  -0.46     1.47
  SINCE OCT 1      1.23                      3.34  -2.11     5.22
  SINCE JAN 1      0.12                      0.58  -0.46     1.47

DEGREE DAYS
 HEATING
  TODAY           21                        32    -11       38
  MONTH TO DATE  504                       561    -57      866
  SINCE DEC 1   1636                      1627      9     2125
  SINCE JUL 1   3215                      3401   -186     3589

 COOLING
  TODAY            0                         0      0        0
  MONTH TO DATE    0                         0      0        0
  SINCE DEC 1      0                         0      0        0
  SINCE JAN 1      0                         0      0        0
..................................................................


WIND (MPH)
  RESULTANT WIND SPEED   7   RESULTANT WIND DIRECTION   S (170)
  HIGHEST WIND SPEED    20   HIGHEST WIND DIRECTION    SE (130)
  HIGHEST GUST SPEED    26   HIGHEST GUST DIRECTION    SE (130)
  AVERAGE WIND SPEED     7.3


SKY COVER
  POSSIBLE SUNSHINE  MM
  AVERAGE SKY COVER 0.2


WEATHER CONDITIONS
 THE FOLLOWING WEATHER WAS RECORDED TODAY.
  NO SIGNIFICANT WEATHER WAS OBSERVED.


RELATIVE HUMIDITY (PERCENT)
 HIGHEST   100           100 AM
 LOWEST     51           200 PM
 AVERAGE    76

..........................................................


THE REDMOND OR CLIMATE NORMALS FOR TOMORROW
                         NORMAL    RECORD    YEAR
 MAXIMUM TEMPERATURE (F)   43        61      1994
 MINIMUM TEMPERATURE (F)   24        -3      1957


SUNRISE AND SUNSET
JANUARY 17 2018.......SUNRISE   736 AM PST   SUNSET   454 PM PST
JANUARY 18 2018.......SUNRISE   735 AM PST   SUNSET   456 PM PST


-  INDICATES NEGATIVE NUMBERS.
R  INDICATES RECORD WAS SET OR TIED.
MM INDICATES DATA IS MISSING.
T  INDICATES TRACE AMOUNT.




$$
