000
CDUS42 KRAH 282057
CLIRDU


CLIMATE REPORT
NATIONAL WEATHER SERVICE RALEIGH NC
455 PM EDT FRI APR 28 2017


...................................

...THE RALEIGH-DURHAM INTL AIRPORT NC CLIMATE SUMMARY FOR APRIL 28 2017...
VALID TODAY AS OF 0455 PM LOCAL TIME.

CLIMATE NORMAL PERIOD 1981 TO 2010
CLIMATE RECORD PERIOD 1887 TO 2017


WEATHER ITEM   OBSERVED TIME   RECORD YEAR NORMAL DEPARTURE LAST
                VALUE   (LST)  VALUE       VALUE  FROM      YEAR
                                                  NORMAL
..................................................................
TEMPERATURE (F)
 TODAY
  MAXIMUM         88    330 PM  90    1957  76     12       85
                                      1943
  MINIMUM         69    604 AM  32    1976  51     18       64
  AVERAGE         79                        63     16       75

PRECIPITATION (IN)
  TODAY            T             2.02 1958   0.09  -0.09     0.24
  MONTH TO DATE    8.64                      2.75   5.89     2.98
  SINCE MAR 1     11.77                      6.86   4.91     7.02
  SINCE JAN 1     16.20                     13.59   2.61    13.43

SNOWFALL (IN)
  TODAY            0.0           0.0  2002   0.0    0.0      0.0
                                      2001
  MONTH TO DATE    0.0                       0.1   -0.1      0.0
  SINCE MAR 1      0.3                       0.6   -0.3       T
  SINCE JUL 1      0.8                       6.1   -5.3      1.4
  SNOW DEPTH       0

DEGREE DAYS
 HEATING
  TODAY            0                         4     -4        0
  MONTH TO DATE   74                       184   -110      177
  SINCE MAR 1    488                       608   -120      411
  SINCE JUL 1   2461                      3180   -719     2554

 COOLING
  TODAY           14                         2     12       10
  MONTH TO DATE   97                        43     54       53
  SINCE MAR 1    115                        54     61       91
  SINCE JAN 1    123                        55     68       91
..................................................................


WIND (MPH)
  HIGHEST WIND SPEED    17   HIGHEST WIND DIRECTION    SW (220)
  HIGHEST GUST SPEED    22   HIGHEST GUST DIRECTION    SW (230)
  AVERAGE WIND SPEED     8.7


SKY COVER
  POSSIBLE SUNSHINE  MM
  AVERAGE SKY COVER 0.6


WEATHER CONDITIONS
 THE FOLLOWING WEATHER WAS RECORDED TODAY.
  LIGHT RAIN


RELATIVE HUMIDITY (PERCENT)
 HIGHEST    90           500 AM
 LOWEST     55           300 PM
 AVERAGE    73

..........................................................


THE RALEIGH-DURHAM INTL AIRPORT NC CLIMATE NORMALS FOR TOMORROW
                         NORMAL    RECORD    YEAR
 MAXIMUM TEMPERATURE (F)   76        91      1914
 MINIMUM TEMPERATURE (F)   52        35      1973
                                             1967


SUNRISE AND SUNSET
APRIL 28 2017.........SUNRISE   626 AM EDT   SUNSET   800 PM EDT
APRIL 29 2017.........SUNRISE   625 AM EDT   SUNSET   801 PM EDT


-  INDICATES NEGATIVE NUMBERS.
R  INDICATES RECORD WAS SET OR TIED.
MM INDICATES DATA IS MISSING.
T  INDICATES TRACE AMOUNT.

&&

CLIMATE REPORT
NWS FORECAST OFFICE
NCSU CENTENNIAL CAMPUS
RALEIGH NC

MAXIMUM TEMPERATURE... 87

MINIMUM TEMPERATURE... 68

PRECIPITATION... T

$$
