000
CDUS42 KRAH 182037
CLIRDU


CLIMATE REPORT
NATIONAL WEATHER SERVICE RALEIGH NC
434 PM EDT THU SEP 18 2014


...................................

...THE RALEIGH-DURHAM INTL AIRPORT NC CLIMATE SUMMARY FOR SEPTEMBER 18 2014...
VALID TODAY AS OF 0400 PM LOCAL TIME.

CLIMATE NORMAL PERIOD 1981 TO 2010
CLIMATE RECORD PERIOD 1887 TO 2014


WEATHER ITEM   OBSERVED TIME   RECORD YEAR NORMAL DEPARTURE LAST
                VALUE   (LST)  VALUE       VALUE  FROM      YEAR
                                                  NORMAL
..................................................................
TEMPERATURE (F)
 TODAY
  MAXIMUM         81    323 PM  98    1896  82     -1       74
  MINIMUM         59    530 AM  46    1990  61     -2       51
  AVERAGE         70                        71     -1       63

PRECIPITATION (IN)
  TODAY            0.00          3.32 1928   0.15  -0.15     0.00
  MONTH TO DATE    2.41                      2.83  -0.42     1.52
  SINCE SEP 1      2.41                      2.83  -0.42     1.52
  SINCE JAN 1     40.82                     32.37   8.45    38.99

DEGREE DAYS
 HEATING
  TODAY            0                         1     -1        2
  MONTH TO DATE    0                         2     -2        2
  SINCE SEP 1      0                         2     -2        2
  SINCE JUL 1      0                         3     -3        2

 COOLING
  TODAY            5                         7     -2        0
  MONTH TO DATE  195                       165     30      176
  SINCE SEP 1    195                       165     30      176
  SINCE JAN 1   1553                      1606    -53     1482
..................................................................


WIND (MPH)
  HIGHEST WIND SPEED     8   HIGHEST WIND DIRECTION     E (80)
  HIGHEST GUST SPEED    18   HIGHEST GUST DIRECTION    SE (130)
  AVERAGE WIND SPEED     2.2


SKY COVER
  POSSIBLE SUNSHINE  MM
  AVERAGE SKY COVER 0.5


WEATHER CONDITIONS
 THE FOLLOWING WEATHER WAS RECORDED TODAY.
  FOG


RELATIVE HUMIDITY (PERCENT)
 HIGHEST    90           300 AM
 LOWEST     45           300 PM
 AVERAGE    68

..........................................................


THE RALEIGH-DURHAM INTL AIRPORT NC CLIMATE NORMALS FOR TOMORROW
                         NORMAL    RECORD    YEAR
 MAXIMUM TEMPERATURE (F)   81        98      1895
 MINIMUM TEMPERATURE (F)   61        43      1959


SUNRISE AND SUNSET
SEPTEMBER 18 2014.....SUNRISE   700 AM EDT   SUNSET   718 PM EDT
SEPTEMBER 19 2014.....SUNRISE   701 AM EDT   SUNSET   716 PM EDT


-  INDICATES NEGATIVE NUMBERS.
R  INDICATES RECORD WAS SET OR TIED.
MM INDICATES DATA IS MISSING.
T  INDICATES TRACE AMOUNT.

&&

CLIMATE REPORT NWS FORECAST OFFICE
NCSU CENTENNIAL CAMPUS
RALEIGH, NC

MAXIMUM TEMPERATURE...80

MINIMUM TEMPERATURE...62

PRECIPITATION...0.00


$$
