000
CDUS42 KRAH 020646
CLIRDU


CLIMATE REPORT
NATIONAL WEATHER SERVICE RALEIGH NC
245 AM EDT THU OCT 2 2014


...................................

...THE RALEIGH-DURHAM INTL AIRPORT NC CLIMATE SUMMARY FOR OCTOBER 1 2014...

CLIMATE NORMAL PERIOD 1981 TO 2010
CLIMATE RECORD PERIOD 1887 TO 2014


WEATHER ITEM   OBSERVED TIME   RECORD YEAR NORMAL DEPARTURE LAST
                VALUE   (LST)  VALUE       VALUE  FROM      YEAR
                                                  NORMAL
..................................................................
TEMPERATURE (F)
 YESTERDAY
  MAXIMUM         79    401 PM  90    1986  77      2       82
                                      1954
  MINIMUM         56    147 AM  37    1993  56      0       51
                                      1947
                                      1946
  AVERAGE         68                        66      2       67

PRECIPITATION (IN)
  YESTERDAY        0.00          5.96 1929   0.11  -0.11     0.00
  MONTH TO DATE    0.00                      0.11  -0.11     0.00
  SINCE SEP 1      5.91                      4.47   1.44     2.91
  SINCE JAN 1     44.32                     34.01  10.31    40.38

DEGREE DAYS
 HEATING
  YESTERDAY        0                         2     -2        0
  MONTH TO DATE    0                         2     -2        0
  SINCE SEP 1     10                        22    -12       11
  SINCE JUL 1     10                        23    -13       11

 COOLING
  YESTERDAY        3                         4     -1        2
  MONTH TO DATE    3                         4     -1        2
  SINCE SEP 1    237                       231      6      191
  SINCE JAN 1   1595                      1672    -77     1497
..................................................................


WIND (MPH)
  HIGHEST WIND SPEED     8   HIGHEST WIND DIRECTION    NE (40)
  HIGHEST GUST SPEED    13   HIGHEST GUST DIRECTION    NE (30)
  AVERAGE WIND SPEED     0.8


SKY COVER
  POSSIBLE SUNSHINE  MM
  AVERAGE SKY COVER 0.5


WEATHER CONDITIONS
 THE FOLLOWING WEATHER WAS RECORDED YESTERDAY.
  FOG
  FOG W/VISIBILITY <= 1/4 MILE
  HAZE


RELATIVE HUMIDITY (PERCENT)
 HIGHEST    93           100 AM
 LOWEST     54           300 PM
 AVERAGE    74

..........................................................


THE RALEIGH-DURHAM INTL AIRPORT NC CLIMATE NORMALS FOR TODAY
                         NORMAL    RECORD    YEAR
 MAXIMUM TEMPERATURE (F)   77        91      1986
                                             1954
 MINIMUM TEMPERATURE (F)   55        32      1947


SUNRISE AND SUNSET
OCTOBER  2 2014.......SUNRISE   711 AM EDT   SUNSET   657 PM EDT
OCTOBER  3 2014.......SUNRISE   712 AM EDT   SUNSET   656 PM EDT


-  INDICATES NEGATIVE NUMBERS.
R  INDICATES RECORD WAS SET OR TIED.
MM INDICATES DATA IS MISSING.
T  INDICATES TRACE AMOUNT.

&&

CLIMATE REPORT NWS FORECAST OFFICE
NCSU CENTENNIAL CAMPUS
RALEIGH, NC

MAXIMUM TEMPERATURE... 78

MINIMUM TEMPERATURE... 58

PRECIPITATION... 0.00


$$
