000
CDUS42 KRAH 252046
CLIRDU


CLIMATE REPORT
NATIONAL WEATHER SERVICE RALEIGH NC
444 PM EDT THU AUG 25 2016


...................................

...THE RALEIGH-DURHAM INTL AIRPORT NC CLIMATE SUMMARY FOR AUGUST 25 2016...
VALID TODAY AS OF 0444 PM LOCAL TIME.

CLIMATE NORMAL PERIOD 1981 TO 2010
CLIMATE RECORD PERIOD 1887 TO 2016


WEATHER ITEM   OBSERVED TIME   RECORD YEAR NORMAL DEPARTURE LAST
                VALUE   (LST)  VALUE       VALUE  FROM      YEAR
                                                  NORMAL
..................................................................
TEMPERATURE (F)
 TODAY
  MAXIMUM         92    334 PM  99    2007  88      4       89
                                      1903
  MINIMUM         65    409 AM  53    1952  68     -3       72
  AVERAGE         79                        78      1       81

PRECIPITATION (IN)
  TODAY            0.00          2.08 1927   0.15  -0.15     0.00
  MONTH TO DATE    2.83                      3.39  -0.56     3.07
  SINCE JUN 1     16.96                     11.64   5.32    14.43
  SINCE JAN 1     36.57                     28.67   7.90    32.27

DEGREE DAYS
 HEATING
  TODAY            0                         0      0        0
  MONTH TO DATE    0                         0      0        0
  SINCE JUN 1      0                         4     -4        0
  SINCE JUL 1      0                         0      0        0

 COOLING
  TODAY           14                        13      1       16
  MONTH TO DATE  431                       348     83      354
  SINCE JUN 1   1325                      1161    164     1263
  SINCE JAN 1   1561                      1370    191     1533
..................................................................


WIND (MPH)
  HIGHEST WIND SPEED    12   HIGHEST WIND DIRECTION    SW (220)
  HIGHEST GUST SPEED    15   HIGHEST GUST DIRECTION    SW (230)
  AVERAGE WIND SPEED     3.7


SKY COVER
  POSSIBLE SUNSHINE  MM
  AVERAGE SKY COVER 0.6


WEATHER CONDITIONS
 THE FOLLOWING WEATHER WAS RECORDED TODAY.
  NO SIGNIFICANT WEATHER WAS OBSERVED.


RELATIVE HUMIDITY (PERCENT)
 HIGHEST    93           600 AM
 LOWEST     44           300 PM
 AVERAGE    69

..........................................................


THE RALEIGH-DURHAM INTL AIRPORT NC CLIMATE NORMALS FOR TOMORROW
                         NORMAL    RECORD    YEAR
 MAXIMUM TEMPERATURE (F)   87       101      1943
 MINIMUM TEMPERATURE (F)   68        54      1942


SUNRISE AND SUNSET
AUGUST 25 2016........SUNRISE   642 AM EDT   SUNSET   751 PM EDT
AUGUST 26 2016........SUNRISE   643 AM EDT   SUNSET   750 PM EDT


-  INDICATES NEGATIVE NUMBERS.
R  INDICATES RECORD WAS SET OR TIED.
MM INDICATES DATA IS MISSING.
T  INDICATES TRACE AMOUNT.

&&

CLIMATE REPORT
NWS FORECAST OFFICE
NCSU CENTENNIAL CAMPUS
RALEIGH NC

MAXIMUM TEMPERATURE... 92

MINIMUM TEMPERATURE... 65

PRECIPITATION... 0.00

$$
