000
CDUS42 KRAH 200643
CLIRDU


CLIMATE REPORT
NATIONAL WEATHER SERVICE RALEIGH NC
241 AM EDT WED SEP 20 2017


...................................

...THE RALEIGH-DURHAM INTL AIRPORT NC CLIMATE SUMMARY FOR SEPTEMBER 19 2017...

CLIMATE NORMAL PERIOD 1981 TO 2010
CLIMATE RECORD PERIOD 1887 TO 2017


WEATHER ITEM   OBSERVED TIME   RECORD YEAR NORMAL DEPARTURE LAST
                VALUE   (LST)  VALUE       VALUE  FROM      YEAR
                                                  NORMAL
..................................................................
TEMPERATURE (F)
 YESTERDAY
  MAXIMUM         85    355 PM  98    1895  81      4       79
  MINIMUM         64   1110 PM  43    1959  61      3       71
  AVERAGE         75                        71      4       75

PRECIPITATION (IN)
  YESTERDAY        0.00          2.56 1938   0.14  -0.14     1.30
  MONTH TO DATE    2.28                      2.97  -0.69     2.94
  SINCE SEP 1      2.28                      2.97  -0.69     2.94
  SINCE JAN 1     37.68                     32.51   5.17    39.69

DEGREE DAYS
 HEATING
  YESTERDAY        0                         1     -1        0
  MONTH TO DATE    7                         3      4        0
  SINCE SEP 1      7                         3      4        0
  SINCE JUL 1      7                         4      3        0

 COOLING
  YESTERDAY       10                         7      3       10
  MONTH TO DATE  117                       172    -55      245
  SINCE SEP 1    117                       172    -55      245
  SINCE JAN 1   1749                      1613    136     1913
..................................................................


WIND (MPH)
  HIGHEST WIND SPEED    10   HIGHEST WIND DIRECTION     N (20)
  HIGHEST GUST SPEED    17   HIGHEST GUST DIRECTION     N (360)
  AVERAGE WIND SPEED     4.3


SKY COVER
  POSSIBLE SUNSHINE  MM
  AVERAGE SKY COVER 0.3


WEATHER CONDITIONS
 THE FOLLOWING WEATHER WAS RECORDED YESTERDAY.
  NO SIGNIFICANT WEATHER WAS OBSERVED.


RELATIVE HUMIDITY (PERCENT)
 HIGHEST   100           100 AM
 LOWEST     44           200 PM
 AVERAGE    72

..........................................................


THE RALEIGH-DURHAM INTL AIRPORT NC CLIMATE NORMALS FOR TODAY
                         NORMAL    RECORD    YEAR
 MAXIMUM TEMPERATURE (F)   81        96      1895
 MINIMUM TEMPERATURE (F)   60        44      1959
                                             1929


SUNRISE AND SUNSET
SEPTEMBER 20 2017.....SUNRISE   702 AM EDT   SUNSET   715 PM EDT
SEPTEMBER 21 2017.....SUNRISE   702 AM EDT   SUNSET   713 PM EDT


-  INDICATES NEGATIVE NUMBERS.
R  INDICATES RECORD WAS SET OR TIED.
MM INDICATES DATA IS MISSING.
T  INDICATES TRACE AMOUNT.

&&

CLIMATE REPORT
NWS FORECAST OFFICE
NCSU CENTENNIAL CAMPUS
RALEIGH NC

MAXIMUM TEMPERATURE... 86

MINIMUM TEMPERATURE... 66

PRECIPITATION... 0.00

$$
