000
CDUS42 KRAH 252138
CLIRDU


CLIMATE REPORT
NATIONAL WEATHER SERVICE RALEIGH NC
436 PM EST SAT FEB 25 2017


...................................

...THE RALEIGH-DURHAM INTL AIRPORT NC CLIMATE SUMMARY FOR FEBRUARY 25 2017...
VALID TODAY AS OF 0436 PM LOCAL TIME.

CLIMATE NORMAL PERIOD 1981 TO 2010
CLIMATE RECORD PERIOD 1887 TO 2017


WEATHER ITEM   OBSERVED TIME   RECORD YEAR NORMAL DEPARTURE LAST
                VALUE   (LST)  VALUE       VALUE  FROM      YEAR
                                                  NORMAL
..................................................................
TEMPERATURE (F)
 TODAY
  MAXIMUM         81    255 PM  82    1930  58     23       55
  MINIMUM         59    523 AM   8    1967  35     24       40
  AVERAGE         70                        46     24       48

PRECIPITATION (IN)
  TODAY            0.00          1.27 1979   0.12  -0.12     0.00
  MONTH TO DATE    0.66                      2.87  -2.21     4.68
  SINCE DEC 1      6.62                      9.44  -2.82    12.48
  SINCE JAN 1      4.43                      6.37  -1.94     6.41

SNOWFALL (IN)
  TODAY            0.0           5.0  1894   0.0    0.0      0.0
  MONTH TO DATE    T                         1.7   -1.7      0.2
  SINCE DEC 1      0.5                       5.2   -4.7      1.4
  SINCE JUL 1      0.5                       5.3   -4.8      1.4
  SNOW DEPTH       0

DEGREE DAYS
 HEATING
  TODAY            0                        19    -19       17
  MONTH TO DATE  294                       522   -228      534
  SINCE DEC 1   1485                      1938   -453     1620
  SINCE JUL 1   1940                      2519   -579     2071

 COOLING
  TODAY            5                         0      5        0
  MONTH TO DATE   11                         0     11        0
  SINCE DEC 1     11                         2      9       27
  SINCE JAN 1     11                         0     11        0
..................................................................


WIND (MPH)
  HIGHEST WIND SPEED    30   HIGHEST WIND DIRECTION    SW (230)
  HIGHEST GUST SPEED    39   HIGHEST GUST DIRECTION    SW (240)
  AVERAGE WIND SPEED    13.1


SKY COVER
  POSSIBLE SUNSHINE  MM
  AVERAGE SKY COVER 0.5


WEATHER CONDITIONS
 THE FOLLOWING WEATHER WAS RECORDED TODAY.
  NO SIGNIFICANT WEATHER WAS OBSERVED.


RELATIVE HUMIDITY (PERCENT)
 HIGHEST    90           300 AM
 LOWEST     36           200 PM
 AVERAGE    63

..........................................................


THE RALEIGH-DURHAM INTL AIRPORT NC CLIMATE NORMALS FOR TOMORROW
                         NORMAL    RECORD    YEAR
 MAXIMUM TEMPERATURE (F)   58        84      1977
 MINIMUM TEMPERATURE (F)   36        11      1967


SUNRISE AND SUNSET
FEBRUARY 25 2017......SUNRISE   650 AM EST   SUNSET   607 PM EST
FEBRUARY 26 2017......SUNRISE   649 AM EST   SUNSET   608 PM EST


-  INDICATES NEGATIVE NUMBERS.
R  INDICATES RECORD WAS SET OR TIED.
MM INDICATES DATA IS MISSING.
T  INDICATES TRACE AMOUNT.

&&

CLIMATE REPORT
NWS FORECAST OFFICE
NCSU CENTENNIAL CAMPUS
RALEIGH NC

MAXIMUM TEMPERATURE... 79

MINIMUM TEMPERATURE... 49

PRECIPITATION... 0.00

$$
