000
CDUS42 KRAH 280643
CLIRDU


CLIMATE REPORT
NATIONAL WEATHER SERVICE RALEIGH NC
240 AM EDT SAT MAR 28 2015


...................................

...THE RALEIGH-DURHAM INTL AIRPORT NC CLIMATE SUMMARY FOR MARCH 27 2015...

CLIMATE NORMAL PERIOD 1981 TO 2010
CLIMATE RECORD PERIOD 1887 TO 2015


WEATHER ITEM   OBSERVED TIME   RECORD YEAR NORMAL DEPARTURE LAST
                VALUE   (LST)  VALUE       VALUE  FROM      YEAR
                                                  NORMAL
..................................................................
TEMPERATURE (F)
 YESTERDAY
  MAXIMUM         66   1230 AM  87    2007  67     -1       59
  MINIMUM         40   1117 PM  20    1955  43     -3       24
  AVERAGE         53                        55     -2       42

PRECIPITATION (IN)
  YESTERDAY        0.18          1.46 1891   0.13   0.05     0.00
  MONTH TO DATE    3.12                      3.59  -0.47     4.03
  SINCE MAR 1      3.12                      3.59  -0.47     4.03
  SINCE JAN 1      9.38                     10.32  -0.94     8.99

SNOWFALL (IN)
  YESTERDAY       MM             2.0  1947   0.0   MM        0.0
  MONTH TO DATE    0.0                       0.5   -0.5      0.2
  SINCE MAR 1      0.0                       0.5   -0.5      0.2
  SINCE JUL 1      7.9                       6.0    1.9      5.8
  SNOW DEPTH       0

DEGREE DAYS
 HEATING
  YESTERDAY       12                        11      1       23
  MONTH TO DATE  344                       385    -41      547
  SINCE MAR 1    344                       385    -41      547
  SINCE JUL 1   3241                      2957    284     3248

 COOLING
  YESTERDAY        0                         0      0        0
  MONTH TO DATE    4                         0      4        0
  SINCE MAR 1      4                         0      4        0
  SINCE JAN 1      4                         1      3        0
..................................................................


WIND (MPH)
  HIGHEST WIND SPEED    24   HIGHEST WIND DIRECTION    NE (50)
  HIGHEST GUST SPEED    32   HIGHEST GUST DIRECTION    NE (40)
  AVERAGE WIND SPEED     8.3


SKY COVER
  POSSIBLE SUNSHINE  MM
  AVERAGE SKY COVER 0.9


WEATHER CONDITIONS
 THE FOLLOWING WEATHER WAS RECORDED YESTERDAY.
  RAIN
  LIGHT RAIN
  FOG


RELATIVE HUMIDITY (PERCENT)
 HIGHEST    93          1000 AM
 LOWEST     68          1200 AM
 AVERAGE    81

..........................................................


THE RALEIGH-DURHAM INTL AIRPORT NC CLIMATE NORMALS FOR TODAY
                         NORMAL    RECORD    YEAR
 MAXIMUM TEMPERATURE (F)   67        91      1907
 MINIMUM TEMPERATURE (F)   43        20      1969


SUNRISE AND SUNSET
MARCH 28 2015.........SUNRISE   708 AM EDT   SUNSET   733 PM EDT
MARCH 29 2015.........SUNRISE   706 AM EDT   SUNSET   734 PM EDT


-  INDICATES NEGATIVE NUMBERS.
R  INDICATES RECORD WAS SET OR TIED.
MM INDICATES DATA IS MISSING.
T  INDICATES TRACE AMOUNT.

&&

CLIMATE REPORT NWS FORECAST OFFICE
NCSU CENTENNIAL CAMPUS
RALEIGH, NC

MAX TEMPERATURE.....65
MIN TEMPERATURE.....40
PRECIPITATION.....0.25

$$
