000
CDUS42 KRAH 020750
CLIRDU


CLIMATE REPORT
NATIONAL WEATHER SERVICE RALEIGH NC
348 AM EDT SUN AUG 2 2015


...................................

...THE RALEIGH-DURHAM INTL AIRPORT NC CLIMATE SUMMARY FOR AUGUST 1 2015...

CLIMATE NORMAL PERIOD 1981 TO 2010
CLIMATE RECORD PERIOD 1887 TO 2015


WEATHER ITEM   OBSERVED TIME   RECORD YEAR NORMAL DEPARTURE LAST
                VALUE   (LST)  VALUE       VALUE  FROM      YEAR
                                                  NORMAL
..................................................................
TEMPERATURE (F)
 YESTERDAY
  MAXIMUM         93    339 PM 104    1999  90      3       76
  MINIMUM         65    530 AM  56    1997  70     -5       65
  AVERAGE         79                        80     -1       71

PRECIPITATION (IN)
  YESTERDAY        0.00          3.30 1891   0.14  -0.14     0.71
  MONTH TO DATE    0.00                      0.14  -0.14     0.71
  SINCE JUN 1     11.36                      8.39   2.97    12.98
  SINCE JAN 1     29.20                     25.42   3.78    32.25

DEGREE DAYS
 HEATING
  YESTERDAY        0                         0      0        0
  MONTH TO DATE    0                         0      0        0
  SINCE JUN 1      0                         4     -4        0
  SINCE JUL 1      0                         0      0        0

 COOLING
  YESTERDAY       14                        15     -1        6
  MONTH TO DATE   14                        15     -1        6
  SINCE JUN 1    923                       828     95      806
  SINCE JAN 1   1193                      1037    156     1019
..................................................................


WIND (MPH)
  HIGHEST WIND SPEED    13   HIGHEST WIND DIRECTION    SW (240)
  HIGHEST GUST SPEED    14   HIGHEST GUST DIRECTION     W (270)
  AVERAGE WIND SPEED     1.5


SKY COVER
  POSSIBLE SUNSHINE  MM
  AVERAGE SKY COVER 0.4


WEATHER CONDITIONS
 THE FOLLOWING WEATHER WAS RECORDED YESTERDAY.
  FOG


RELATIVE HUMIDITY (PERCENT)
 HIGHEST    93           400 AM
 LOWEST     30           300 PM
 AVERAGE    62

..........................................................


THE RALEIGH-DURHAM INTL AIRPORT NC CLIMATE NORMALS FOR TODAY
                         NORMAL    RECORD    YEAR
 MAXIMUM TEMPERATURE (F)   90       101      1953
                                             1942
 MINIMUM TEMPERATURE (F)   70        58      1997


SUNRISE AND SUNSET
AUGUST  2 2015........SUNRISE   623 AM EDT   SUNSET   819 PM EDT
AUGUST  3 2015........SUNRISE   624 AM EDT   SUNSET   818 PM EDT


-  INDICATES NEGATIVE NUMBERS.
R  INDICATES RECORD WAS SET OR TIED.
MM INDICATES DATA IS MISSING.
T  INDICATES TRACE AMOUNT.


&&

CLIMATE REPORT NWS FORECAST OFFICE
NCSU CENTENNIAL CAMPUS
RALEIGH, NC

MAXIMUM TEMPERATURE... 93

MINIMUM TEMPERATURE... 68

PRECIPITATION... 0.00

$$
