000
CDUS42 KRAH 280807
CLIRDU


CLIMATE REPORT
NATIONAL WEATHER SERVICE RALEIGH NC
406 AM EDT FRI JUL 28 2017


...................................

...THE RALEIGH-DURHAM INTL AIRPORT NC CLIMATE SUMMARY FOR JULY 27 2017...

CLIMATE NORMAL PERIOD 1981 TO 2010
CLIMATE RECORD PERIOD 1887 TO 2017


WEATHER ITEM   OBSERVED TIME   RECORD YEAR NORMAL DEPARTURE LAST
                VALUE   (LST)  VALUE       VALUE  FROM      YEAR
                                                  NORMAL
..................................................................
TEMPERATURE (F)
 YESTERDAY
  MAXIMUM         94    211 PM 104    1940  90      4       95
  MINIMUM         72    610 AM  55    1962  70      2       76
  AVERAGE         83                        80      3       86

PRECIPITATION (IN)
  YESTERDAY        0.02          2.45 2001   0.15  -0.13     0.00
  MONTH TO DATE    2.16                      4.09  -1.93     7.95
  SINCE JUN 1      8.32                      7.61   0.71    13.97
  SINCE JAN 1     30.18                     24.64   5.54    33.58

DEGREE DAYS
 HEATING
  YESTERDAY        0                         0      0        0
  MONTH TO DATE    0                         0      0        0
  SINCE JUN 1      1                         4     -3        0
  SINCE JUL 1      0                         0      0        0

 COOLING
  YESTERDAY       18                        15      3       21
  MONTH TO DATE  486                       405     81      457
  SINCE JUN 1    811                       752     59      816
  SINCE JAN 1   1150                       961    189     1052
..................................................................


WIND (MPH)
  HIGHEST WIND SPEED    16   HIGHEST WIND DIRECTION    SW (230)
  HIGHEST GUST SPEED    22   HIGHEST GUST DIRECTION    SW (230)
  AVERAGE WIND SPEED     7.6


SKY COVER
  POSSIBLE SUNSHINE  MM
  AVERAGE SKY COVER 0.8


WEATHER CONDITIONS
 THE FOLLOWING WEATHER WAS RECORDED YESTERDAY.
  THUNDERSTORM
  LIGHT RAIN


RELATIVE HUMIDITY (PERCENT)
 HIGHEST    85           800 PM
 LOWEST     49           100 PM
 AVERAGE    67

..........................................................


THE RALEIGH-DURHAM INTL AIRPORT NC CLIMATE NORMALS FOR TODAY
                         NORMAL    RECORD    YEAR
 MAXIMUM TEMPERATURE (F)   90       104      1952
 MINIMUM TEMPERATURE (F)   70        52      1962


SUNRISE AND SUNSET
JULY 28 2017..........SUNRISE   620 AM EDT   SUNSET   823 PM EDT
JULY 29 2017..........SUNRISE   621 AM EDT   SUNSET   822 PM EDT


-  INDICATES NEGATIVE NUMBERS.
R  INDICATES RECORD WAS SET OR TIED.
MM INDICATES DATA IS MISSING.
T  INDICATES TRACE AMOUNT.

&&

CLIMATE REPORT
NWS FORECAST OFFICE
NCSU CENTENNIAL CAMPUS RALEIGH NC

MAXIMUM TEMPERATURE...90

MINIMUM TEMPERATURE...72

PRECIPITATION...0.01

$$
