000
CDUS42 KRAH 040642
CLIRDU


CLIMATE REPORT
NATIONAL WEATHER SERVICE RALEIGH NC
141 AM EST WED MAR 4 2015


...................................

...THE RALEIGH-DURHAM INTL AIRPORT NC CLIMATE SUMMARY FOR MARCH 3 2015...

CLIMATE NORMAL PERIOD 1981 TO 2010
CLIMATE RECORD PERIOD 1887 TO 2015


WEATHER ITEM   OBSERVED TIME   RECORD YEAR NORMAL DEPARTURE LAST
                VALUE   (LST)  VALUE       VALUE  FROM      YEAR
                                                  NORMAL
..................................................................
TEMPERATURE (F)
 YESTERDAY
  MAXIMUM         43    125 AM  87    1976  59    -16       61
  MINIMUM         35   1218 AM  12    1980  37     -2       20
  AVERAGE         39                        48     -9       41

PRECIPITATION (IN)
  YESTERDAY        0.07          1.66 1952   0.13  -0.06     0.36
  MONTH TO DATE    0.74                      0.39   0.35     0.36
  SINCE MAR 1      0.74                      0.39   0.35     0.36
  SINCE JAN 1      7.00                      7.12  -0.12     5.32

SNOWFALL (IN)
  YESTERDAY        0.0           2.9  1912   0.0    0.0      0.2
  MONTH TO DATE    0.0                       0.1   -0.1      0.2
  SINCE MAR 1      0.0                       0.1   -0.1      0.2
  SINCE JUL 1      7.9                       5.6    2.3      5.8
  SNOW DEPTH       0

DEGREE DAYS
 HEATING
  YESTERDAY       26                        17      9       24
  MONTH TO DATE   76                        52     24       59
  SINCE MAR 1     76                        52     24       59
  SINCE JUL 1   2973                      2624    349     2760

 COOLING
  YESTERDAY        0                         0      0        0
  MONTH TO DATE    0                         0      0        0
  SINCE MAR 1      0                         0      0        0
  SINCE JAN 1      0                         1     -1        0
..................................................................


WIND (MPH)
  HIGHEST WIND SPEED    14   HIGHEST WIND DIRECTION     E (90)
  HIGHEST GUST SPEED    20   HIGHEST GUST DIRECTION     E (90)
  AVERAGE WIND SPEED     5.3


SKY COVER
  POSSIBLE SUNSHINE  MM
  AVERAGE SKY COVER 1.0


WEATHER CONDITIONS
 THE FOLLOWING WEATHER WAS RECORDED YESTERDAY.
  LIGHT RAIN
  FOG


RELATIVE HUMIDITY (PERCENT)
 HIGHEST    92           700 PM
 LOWEST     40           100 PM
 AVERAGE    66

..........................................................


THE RALEIGH-DURHAM INTL AIRPORT NC CLIMATE NORMALS FOR TODAY
                         NORMAL    RECORD    YEAR
 MAXIMUM TEMPERATURE (F)   60        87      1976
 MINIMUM TEMPERATURE (F)   37        13      1943


SUNRISE AND SUNSET
MARCH  4 2015.........SUNRISE   642 AM EST   SUNSET   613 PM EST
MARCH  5 2015.........SUNRISE   640 AM EST   SUNSET   614 PM EST


-  INDICATES NEGATIVE NUMBERS.
R  INDICATES RECORD WAS SET OR TIED.
MM INDICATES DATA IS MISSING.
T  INDICATES TRACE AMOUNT.

&&

CLIMATE REPORT NWS FORECAST OFFICE
NCSU CENTENNIAL CAMPUS
RALEIGH, NC

MAXIMUM TEMPERATURE...44

MINIMUM TEMPERATURE...35

PRECIPITATION...0.02

$$
