000
CDUS42 KRAH 200812
CLIRDU


CLIMATE REPORT
NATIONAL WEATHER SERVICE RALEIGH NC
410 AM EDT MON OCT 20 2014


...................................

...THE RALEIGH-DURHAM INTL AIRPORT NC CLIMATE SUMMARY FOR OCTOBER 19 2014...

CLIMATE NORMAL PERIOD 1981 TO 2010
CLIMATE RECORD PERIOD 1887 TO 2014


WEATHER ITEM   OBSERVED TIME   RECORD YEAR NORMAL DEPARTURE LAST
                VALUE   (LST)  VALUE       VALUE  FROM      YEAR
                                                  NORMAL
..................................................................
TEMPERATURE (F)
 YESTERDAY
  MAXIMUM         65    414 PM  87    1941  72     -7       70
  MINIMUM         44   1137 PM  32    1948  49     -5       58
  AVERAGE         55                        60     -5       64

PRECIPITATION (IN)
  YESTERDAY        0.00          1.84 1968   0.10  -0.10     0.01
  MONTH TO DATE    2.00                      2.04  -0.04     1.41
  SINCE SEP 1      7.91                      6.40   1.51     4.32
  SINCE JAN 1     46.32                     35.94  10.38    41.79

DEGREE DAYS
 HEATING
  YESTERDAY       10                         6      4        1
  MONTH TO DATE   41                        77    -36       30
  SINCE SEP 1     51                        97    -46       41
  SINCE JUL 1     51                        98    -47       41

 COOLING
  YESTERDAY        0                         1     -1        0
  MONTH TO DATE   60                        41     19       53
  SINCE SEP 1    294                       268     26      242
  SINCE JAN 1   1652                      1709    -57     1548
..................................................................


WIND (MPH)
  HIGHEST WIND SPEED    13   HIGHEST WIND DIRECTION     N (10)
  HIGHEST GUST SPEED    20   HIGHEST GUST DIRECTION     N (10)
  AVERAGE WIND SPEED     2.8


SKY COVER
  POSSIBLE SUNSHINE  MM
  AVERAGE SKY COVER 0.2


WEATHER CONDITIONS
 THE FOLLOWING WEATHER WAS RECORDED YESTERDAY.
  NO SIGNIFICANT WEATHER WAS OBSERVED.


RELATIVE HUMIDITY (PERCENT)
 HIGHEST    86          1000 PM
 LOWEST     37           300 PM
 AVERAGE    62

..........................................................


THE RALEIGH-DURHAM INTL AIRPORT NC CLIMATE NORMALS FOR TODAY
                         NORMAL    RECORD    YEAR
 MAXIMUM TEMPERATURE (F)   72        87      1926
 MINIMUM TEMPERATURE (F)   48        28      1992
                                             1972


SUNRISE AND SUNSET
OCTOBER 20 2014.......SUNRISE   726 AM EDT   SUNSET   633 PM EDT
OCTOBER 21 2014.......SUNRISE   727 AM EDT   SUNSET   632 PM EDT


-  INDICATES NEGATIVE NUMBERS.
R  INDICATES RECORD WAS SET OR TIED.
MM INDICATES DATA IS MISSING.
T  INDICATES TRACE AMOUNT.




$$
