000
CDUS46 KBOI 230933
CLIREO


CLIMATE REPORT
NATIONAL WEATHER SERVICE BOISE ID
332 AM MDT THU MAR 23 2017


...................................

...THE ROME OR CLIMATE SUMMARY FOR MARCH 22 2017...

CLIMATE NORMAL PERIOD 1981 TO 2010
CLIMATE RECORD PERIOD 9999 TO 9999


WEATHER ITEM   OBSERVED TIME   NORMAL DEPARTURE LAST
                VALUE   (LST)  VALUE  FROM      YEAR
                                      NORMAL
......................................................
TEMPERATURE (F)
 YESTERDAY
  MAXIMUM         57    319 PM  55      2       50
  MINIMUM         32    717 AM  27      5       29
  AVERAGE         45            41      4       40

PRECIPITATION (IN)
  YESTERDAY        0.00          0.03  -0.03     0.00
  MONTH TO DATE    0.22          0.67  -0.45     0.44
  SINCE OCT 1      5.87          4.27   1.60     5.60
  SINCE JAN 1      3.49          2.08   1.41     1.17

DEGREE DAYS
 HEATING
  YESTERDAY       20            24     -4       25
  MONTH TO DATE  368           572   -204      417
  SINCE MAR 1    368           572   -204      417
  SINCE JUL 1   4948          5306   -358     4513

 COOLING
  YESTERDAY        0             0      0        0
  MONTH TO DATE    0             0      0        0
  SINCE MAR 1      0             0      0        0
  SINCE JAN 1      0             0      0        0
......................................................


WIND (MPH)
  RESULTANT WIND SPEED   5   RESULTANT WIND DIRECTION  SW (210)
  HIGHEST WIND SPEED    21   HIGHEST WIND DIRECTION    SW (240)
  HIGHEST GUST SPEED    26   HIGHEST GUST DIRECTION    SW (220)
  AVERAGE WIND SPEED     8.4


SKY COVER
  AVERAGE SKY COVER 0.0


WEATHER CONDITIONS
 THE FOLLOWING WEATHER WAS RECORDED YESTERDAY.
  NO SIGNIFICANT WEATHER WAS OBSERVED.


RELATIVE HUMIDITY (PERCENT)
 HIGHEST    85           500 AM
 LOWEST     32           900 AM
 AVERAGE    59

..........................................................


THE ROME OR CLIMATE NORMALS FOR TODAY
                         NORMAL    RECORD    YEAR
 MAXIMUM TEMPERATURE (F)   55        MM        MM
 MINIMUM TEMPERATURE (F)   27        MM        MM


SUNRISE AND SUNSET
MARCH 23 2017.........SUNRISE   649 AM PDT   SUNSET   708 PM PDT
MARCH 24 2017.........SUNRISE   647 AM PDT   SUNSET   709 PM PDT


-  INDICATES NEGATIVE NUMBERS.
R  INDICATES RECORD WAS SET OR TIED.
MM INDICATES DATA IS MISSING.
T  INDICATES TRACE AMOUNT.




$$
