000
CDUS43 KLOT 242143
CLIRFD


CLIMATE REPORT
NATIONAL WEATHER SERVICE CHICAGO IL
442 PM CDT THU APR 24 2014


...................................

...THE ROCKFORD IL CLIMATE SUMMARY FOR APRIL 24 2014...
VALID TODAY AS OF 0400 PM LOCAL TIME.

CLIMATE NORMAL PERIOD 1981 TO 2010
CLIMATE RECORD PERIOD 1905 TO 2014


WEATHER ITEM   OBSERVED TIME   RECORD YEAR NORMAL DEPARTURE LAST
                VALUE   (LST)  VALUE       VALUE  FROM      YEAR
                                                  NORMAL
..................................................................
TEMPERATURE (F)
 TODAY
  MAXIMUM         63    259 PM  88    1915  64     -1       53
  MINIMUM         39    303 AM  16    1967  41     -2       36
  AVERAGE         51                        53     -2       45

PRECIPITATION (IN)
  TODAY            0.04          1.40 1950   0.11  -0.07     0.00
  MONTH TO DATE    1.87                      2.66  -0.79     7.94
  SINCE MAR 1      2.90                      4.98  -2.08    10.23
  SINCE JAN 1      6.64                      7.76  -1.12    16.30

SNOWFALL (IN)
  TODAY            0.0           1.5  1910   0.0    0.0      0.0
  MONTH TO DATE    0.3                       0.9   -0.6       T
  SINCE MAR 1      9.4                       5.7    3.7     13.9
  SINCE JUL 1     56.9                      36.7   20.2     40.5

DEGREE DAYS
 HEATING
  TODAY           14                        13      1       20
  MONTH TO DATE  405                       407     -2      497
  SINCE MAR 1   1497                      1269    228     1589
  SINCE JUL 1   7389                      6271   1118     6326

 COOLING
  TODAY            0                         0      0        0
  MONTH TO DATE    0                         0      0        0
  SINCE MAR 1      0                         0      0        0
  SINCE JAN 1      0                         0      0        0
..................................................................


WIND (MPH)
  HIGHEST WIND SPEED    32   HIGHEST WIND DIRECTION    SE (150)
  HIGHEST GUST SPEED    42   HIGHEST GUST DIRECTION    SE (150)
  AVERAGE WIND SPEED    16.1


SKY COVER
  POSSIBLE SUNSHINE  MM
  AVERAGE SKY COVER 1.0


WEATHER CONDITIONS
 THE FOLLOWING WEATHER WAS RECORDED TODAY.
  LIGHT RAIN


RELATIVE HUMIDITY (PERCENT)
 HIGHEST    76           400 AM
 LOWEST     39          1200 PM
 AVERAGE    58

..........................................................


THE ROCKFORD IL CLIMATE NORMALS FOR TOMORROW
                         NORMAL    RECORD    YEAR
 MAXIMUM TEMPERATURE (F)   65        90      1986
 MINIMUM TEMPERATURE (F)   42        25      1934


SUNRISE AND SUNSET
APRIL 24 2014.........SUNRISE   602 AM CDT   SUNSET   748 PM CDT
APRIL 25 2014.........SUNRISE   600 AM CDT   SUNSET   749 PM CDT


-  INDICATES NEGATIVE NUMBERS.
R  INDICATES RECORD WAS SET OR TIED.
MM INDICATES DATA IS MISSING.
T  INDICATES TRACE AMOUNT.




$$
