000
CDUS43 KLOT 010632
CLIRFD


CLIMATE REPORT
NATIONAL WEATHER SERVICE CHICAGO IL
131 AM CDT SUN MAY 1 2016


...................................

...THE ROCKFORD IL CLIMATE SUMMARY FOR APRIL 30 2016...

CLIMATE NORMAL PERIOD 1981 TO 2010
CLIMATE RECORD PERIOD 1905 TO 2016


WEATHER ITEM   OBSERVED TIME   RECORD YEAR NORMAL DEPARTURE LAST
                VALUE   (LST)  VALUE       VALUE  FROM      YEAR
                                                  NORMAL
..................................................................
TEMPERATURE (F)
 YESTERDAY
  MAXIMUM         50    916 AM  91    1942  67    -17       62
  MINIMUM         44    326 AM  28    1931  43      1       38
  AVERAGE         47                        55     -8       50

PRECIPITATION (IN)
  YESTERDAY        0.60          2.53 1911   0.12   0.48     0.00
  MONTH TO DATE    2.90                      3.35  -0.45     3.12
  SINCE MAR 1      6.91                      5.67   1.24     4.42
  SINCE JAN 1      8.44                      8.45  -0.01     6.34

SNOWFALL (IN)
  YESTERDAY        0.0           1.5  1907   0.0    0.0      0.0
  MONTH TO DATE    0.4                       0.9   -0.5       T
  SINCE MAR 1      2.8                       5.7   -2.9      7.6
  SINCE JUL 1     24.0                      36.7  -12.7     35.5
  SNOW DEPTH       0

DEGREE DAYS
 HEATING
  YESTERDAY       18                        11      7       15
  MONTH TO DATE  471                       476     -5      414
  SINCE MAR 1   1150                      1338   -188     1350
  SINCE JUL 1   5336                      6340  -1004     6796

 COOLING
  YESTERDAY        0                         0      0        0
  MONTH TO DATE    7                         8     -1        0
  SINCE MAR 1      7                         8     -1        0
  SINCE JAN 1      7                         8     -1        0
..................................................................


WIND (MPH)
  HIGHEST WIND SPEED    30   HIGHEST WIND DIRECTION    NE (60)
  HIGHEST GUST SPEED    39   HIGHEST GUST DIRECTION    NE (60)
  AVERAGE WIND SPEED    14.6


SKY COVER
  POSSIBLE SUNSHINE  MM
  AVERAGE SKY COVER 1.0


WEATHER CONDITIONS
 THE FOLLOWING WEATHER WAS RECORDED YESTERDAY.
  RAIN
  LIGHT RAIN
  FOG
  HAZE


RELATIVE HUMIDITY (PERCENT)
 HIGHEST    93          1100 PM
 LOWEST     74           900 AM
 AVERAGE    84

..........................................................


THE ROCKFORD IL CLIMATE NORMALS FOR TODAY
                         NORMAL    RECORD    YEAR
 MAXIMUM TEMPERATURE (F)   67        88      1992
                                             1952
 MINIMUM TEMPERATURE (F)   44        27      1978


SUNRISE AND SUNSET
MAY  1 2016...........SUNRISE   551 AM CDT   SUNSET   756 PM CDT
MAY  2 2016...........SUNRISE   550 AM CDT   SUNSET   757 PM CDT


-  INDICATES NEGATIVE NUMBERS.
R  INDICATES RECORD WAS SET OR TIED.
MM INDICATES DATA IS MISSING.
T  INDICATES TRACE AMOUNT.




$$
