000
CDUS43 KLOT 170633
CLIRFD


CLIMATE REPORT
NATIONAL WEATHER SERVICE CHICAGO IL
131 AM CDT WED SEP 17 2014


...................................

...THE ROCKFORD IL CLIMATE SUMMARY FOR SEPTEMBER 16 2014...

CLIMATE NORMAL PERIOD 1981 TO 2010
CLIMATE RECORD PERIOD 1905 TO 2014


WEATHER ITEM   OBSERVED TIME   RECORD YEAR NORMAL DEPARTURE LAST
                VALUE   (LST)  VALUE       VALUE  FROM      YEAR
                                                  NORMAL
..................................................................
TEMPERATURE (F)
 YESTERDAY
  MAXIMUM         67    415 PM  94    1931  76     -9       68
  MINIMUM         39    619 AM  34    1916  52    -13       47
  AVERAGE         53                        64    -11       58

PRECIPITATION (IN)
  YESTERDAY        0.00          2.20 1936   0.11  -0.11     0.00
  MONTH TO DATE    1.85                      1.83   0.02     1.15
  SINCE SEP 1      1.85                      1.83   0.02     1.15
  SINCE JAN 1     28.10                     27.49   0.61    33.15

SNOWFALL (IN)
  YESTERDAY        0.0           0.0    MM   0.0    0.0      0.0
  MONTH TO DATE    0.0                       0.0    0.0      0.0
  SINCE SEP 1      0.0                       0.0    0.0      0.0
  SINCE JUL 1      T                         0.0    0.0      0.0
  SNOW DEPTH       0

DEGREE DAYS
 HEATING
  YESTERDAY       12                         4      8        7
  MONTH TO DATE   83                        32     51       30
  SINCE SEP 1     83                        32     51       30
  SINCE JUL 1     93                        46     47       41

 COOLING
  YESTERDAY        0                         3     -3        0
  MONTH TO DATE   47                        63    -16      100
  SINCE SEP 1     47                        63    -16      100
  SINCE JAN 1    703                       790    -87      849
..................................................................


WIND (MPH)
  HIGHEST WIND SPEED    13   HIGHEST WIND DIRECTION     W (260)
  HIGHEST GUST SPEED    19   HIGHEST GUST DIRECTION     W (260)
  AVERAGE WIND SPEED     2.9


SKY COVER
  POSSIBLE SUNSHINE  MM
  AVERAGE SKY COVER 0.0


WEATHER CONDITIONS
 THE FOLLOWING WEATHER WAS RECORDED YESTERDAY.
  FOG


RELATIVE HUMIDITY (PERCENT)
 HIGHEST    96           700 AM
 LOWEST     39          1200 PM
 AVERAGE    68

..........................................................


THE ROCKFORD IL CLIMATE NORMALS FOR TODAY
                         NORMAL    RECORD    YEAR
 MAXIMUM TEMPERATURE (F)   75        93      1988
                                             1927
 MINIMUM TEMPERATURE (F)   52        35      1916


SUNRISE AND SUNSET
SEPTEMBER 17 2014.....SUNRISE   638 AM CDT   SUNSET   702 PM CDT
SEPTEMBER 18 2014.....SUNRISE   640 AM CDT   SUNSET   701 PM CDT


-  INDICATES NEGATIVE NUMBERS.
R  INDICATES RECORD WAS SET OR TIED.
MM INDICATES DATA IS MISSING.
T  INDICATES TRACE AMOUNT.




$$

BMD
