000
CDUS43 KGRB 270646
CLIRHI


CLIMATE REPORT
NATIONAL WEATHER SERVICE GREEN BAY
145 AM CDT MON MAR 27 2017


...................................

...THE RHINELANDER WI CLIMATE SUMMARY FOR MARCH 26 2017...

CLIMATE NORMAL PERIOD 1981 TO 2010
CLIMATE RECORD PERIOD 1908 TO 2017


WEATHER ITEM   OBSERVED TIME   RECORD YEAR NORMAL DEPARTURE LAST
                VALUE   (LST)  VALUE       VALUE  FROM      YEAR
                                                  NORMAL
..................................................................
TEMPERATURE (F)
 YESTERDAY
  MAXIMUM         39    813 PM  73    2007  42     -3       53
  MINIMUM         33    733 AM -16    1965  21     12       32
  AVERAGE         36                        32      4       43

PRECIPITATION (IN)
  YESTERDAY        0.27          0.85 1936   0.06   0.21     0.06
  MONTH TO DATE    1.21                      1.27  -0.06     3.05
  SINCE MAR 1      1.21                      1.27  -0.06     3.05
  SINCE JAN 1      4.57                      3.31   1.26     4.78

SNOWFALL (IN)
  YESTERDAY        0.0           8.0  1936  MM     MM        0.0
  MONTH TO DATE    3.8                      MM     MM        7.9
  SINCE MAR 1      3.8                      MM     MM        7.9
  SINCE JUL 1     55.3                      MM     MM       42.4
  SNOW DEPTH       0

DEGREE DAYS
 HEATING
  YESTERDAY       29                        33     -4       22
  MONTH TO DATE 1022                      1013      9      811
  SINCE MAR 1   1022                      1013      9      811
  SINCE JUL 1   6533                      7635  -1102     6494

 COOLING
  YESTERDAY        0                         0      0        0
  MONTH TO DATE    0                         0      0        0
  SINCE MAR 1      0                         0      0        0
  SINCE JAN 1      0                         0      0        0
..................................................................


WIND (MPH)
  HIGHEST WIND SPEED    14   HIGHEST WIND DIRECTION     E (100)
  HIGHEST GUST SPEED    17   HIGHEST GUST DIRECTION     E (110)
  AVERAGE WIND SPEED     4.0


SKY COVER
  POSSIBLE SUNSHINE  MM
  AVERAGE SKY COVER 1.0


WEATHER CONDITIONS
 THE FOLLOWING WEATHER WAS RECORDED YESTERDAY.
  RAIN
  LIGHT RAIN
  FOG


RELATIVE HUMIDITY (PERCENT)
 HIGHEST   100          1100 AM
 LOWEST     92           100 PM
 AVERAGE    96

..........................................................


THE RHINELANDER WI CLIMATE NORMALS FOR TODAY
                         NORMAL    RECORD    YEAR
 MAXIMUM TEMPERATURE (F)   42        77      1910
 MINIMUM TEMPERATURE (F)   22       -16      1996


SUNRISE AND SUNSET
MARCH 27 2017.........SUNRISE   647 AM CDT   SUNSET   720 PM CDT
MARCH 28 2017.........SUNRISE   645 AM CDT   SUNSET   721 PM CDT


-  INDICATES NEGATIVE NUMBERS.
R  INDICATES RECORD WAS SET OR TIED.
MM INDICATES DATA IS MISSING.
T  INDICATES TRACE AMOUNT.




$$
