000
CDUS43 KGRB 230731
CLIRHI


CLIMATE REPORT
NATIONAL WEATHER SERVICE GREEN BAY
131 AM CST MON JAN 23 2017


...................................

...THE RHINELANDER WI CLIMATE SUMMARY FOR JANUARY 22 2017...

CLIMATE NORMAL PERIOD 1981 TO 2010
CLIMATE RECORD PERIOD 1908 TO 2017


WEATHER ITEM   OBSERVED TIME   RECORD YEAR NORMAL DEPARTURE LAST
                VALUE   (LST)  VALUE       VALUE  FROM      YEAR
                                                  NORMAL
..................................................................
TEMPERATURE (F)
 YESTERDAY
  MAXIMUM         39    301 PM  45    2002  21     18       23
                                      1989
                                      1942
  MINIMUM         34    802 AM -29    1924   3     31        5
  AVERAGE         37                        12     25       14

PRECIPITATION (IN)
  YESTERDAY        0.00          0.60 1999   0.04  -0.04      T
  MONTH TO DATE    1.59                      0.80   0.79     0.49
  SINCE DEC 1      3.66                      2.24   1.42     4.45
  SINCE JAN 1      1.59                      0.80   0.79     0.49

SNOWFALL (IN)
  YESTERDAY        0.0           7.0  1999  MM     MM         T
                                      1952
  MONTH TO DATE   13.6                      MM     MM        4.8
  SINCE DEC 1     33.2                      MM     MM       17.4
  SINCE JUL 1     39.8                      MM     MM       21.5
  SNOW DEPTH      15

DEGREE DAYS
 HEATING
  YESTERDAY       28                        53    -25       51
  MONTH TO DATE 1105                      1161    -56     1167
  SINCE DEC 1   2555                      2653    -98     2276
  SINCE JUL 1   4037                      4787   -750     3993

 COOLING
  YESTERDAY        0                         0      0        0
  MONTH TO DATE    0                         0      0        0
  SINCE DEC 1      0                         0      0        0
  SINCE JAN 1      0                         0      0        0
..................................................................


WIND (MPH)
  HIGHEST WIND SPEED     8   HIGHEST WIND DIRECTION    NW (300)
  HIGHEST GUST SPEED     9   HIGHEST GUST DIRECTION     W (290)
  AVERAGE WIND SPEED     1.7


SKY COVER
  POSSIBLE SUNSHINE  MM
  AVERAGE SKY COVER 1.0


WEATHER CONDITIONS
 THE FOLLOWING WEATHER WAS RECORDED YESTERDAY.
  FOG
  FOG W/VISIBILITY <= 1/4 MILE


RELATIVE HUMIDITY (PERCENT)
 HIGHEST   100          1200 AM
 LOWEST     92          1200 PM
 AVERAGE    96

..........................................................


THE RHINELANDER WI CLIMATE NORMALS FOR TODAY
                         NORMAL    RECORD    YEAR
 MAXIMUM TEMPERATURE (F)   21        52      1942
 MINIMUM TEMPERATURE (F)    3       -36      1935


SUNRISE AND SUNSET
JANUARY 23 2017.......SUNRISE   728 AM CST   SUNSET   452 PM CST
JANUARY 24 2017.......SUNRISE   727 AM CST   SUNSET   453 PM CST


-  INDICATES NEGATIVE NUMBERS.
R  INDICATES RECORD WAS SET OR TIED.
MM INDICATES DATA IS MISSING.
T  INDICATES TRACE AMOUNT.




$$
