000
CDUS43 KGRB 260650
CLIRHI


CLIMATE REPORT
NATIONAL WEATHER SERVICE GREEN BAY
150 AM CDT SAT JUL 26 2014


...................................

...THE RHINELANDER WI CLIMATE SUMMARY FOR JULY 25 2014...

CLIMATE NORMAL PERIOD 1981 TO 2010
CLIMATE RECORD PERIOD 1908 TO 2014


WEATHER ITEM   OBSERVED TIME   RECORD YEAR NORMAL DEPARTURE LAST
                VALUE   (LST)  VALUE       VALUE  FROM      YEAR
                                                  NORMAL
..................................................................
TEMPERATURE (F)
 YESTERDAY
  MAXIMUM         68    240 PM  92    1999  79    -11       78
                                      1917
  MINIMUM         58    310 AM  37    1915  55      3       50
  AVERAGE         63                        67     -4       64

PRECIPITATION (IN)
  YESTERDAY        0.01          1.77 2006   0.11  -0.10     0.03
  MONTH TO DATE    3.15                      3.31  -0.16     2.20
  SINCE JUN 1      9.88                      7.20   2.68     7.50
  SINCE JAN 1     20.99                     16.88   4.11    20.83

SNOWFALL (IN)
  YESTERDAY        0.0           0.0    MM  MM     MM        0.0
  MONTH TO DATE    0.0                      MM     MM        0.0
  SINCE JUN 1      0.0                      MM     MM        0.0
  SINCE JUL 1      0.0                      MM     MM        0.0
  SNOW DEPTH       0

DEGREE DAYS
 HEATING
  YESTERDAY        2                         2      0        1
  MONTH TO DATE  101                        50     51       34
  SINCE JUN 1    194                       184     10      208
  SINCE JUL 1    101                        50     51       34

 COOLING
  YESTERDAY        0                         3     -3        0
  MONTH TO DATE   41                        86    -45      132
  SINCE JUN 1    103                       139    -36      172
  SINCE JAN 1    110                       151    -41      186
..................................................................


WIND (MPH)
  HIGHEST WIND SPEED    15   HIGHEST WIND DIRECTION    SW (210)
  HIGHEST GUST SPEED    22   HIGHEST GUST DIRECTION    SW (220)
  AVERAGE WIND SPEED     7.6


SKY COVER
  POSSIBLE SUNSHINE  MM
  AVERAGE SKY COVER 0.9


WEATHER CONDITIONS
 THE FOLLOWING WEATHER WAS RECORDED YESTERDAY.
  LIGHT RAIN
  FOG


RELATIVE HUMIDITY (PERCENT)
 HIGHEST    93           600 PM
 LOWEST     72          1200 AM
 AVERAGE    83

..........................................................


THE RHINELANDER WI CLIMATE NORMALS FOR TODAY
                         NORMAL    RECORD    YEAR
 MAXIMUM TEMPERATURE (F)   79        98      1955
 MINIMUM TEMPERATURE (F)   55        42      1991


SUNRISE AND SUNSET
JULY 26 2014..........SUNRISE   534 AM CDT   SUNSET   833 PM CDT
JULY 27 2014..........SUNRISE   536 AM CDT   SUNSET   832 PM CDT


-  INDICATES NEGATIVE NUMBERS.
R  INDICATES RECORD WAS SET OR TIED.
MM INDICATES DATA IS MISSING.
T  INDICATES TRACE AMOUNT.




$$
