000
CDUS43 KGRB 240656
CLIRHI


CLIMATE REPORT
NATIONAL WEATHER SERVICE GREEN BAY
1255 AM CST FRI FEB 24 2017


...................................

...THE RHINELANDER WI CLIMATE SUMMARY FOR FEBRUARY 23 2017...

CLIMATE NORMAL PERIOD 1981 TO 2010
CLIMATE RECORD PERIOD 1908 TO 2017


WEATHER ITEM   OBSERVED TIME   RECORD YEAR NORMAL DEPARTURE LAST
                VALUE   (LST)  VALUE       VALUE  FROM      YEAR
                                                  NORMAL
..................................................................
TEMPERATURE (F)
 YESTERDAY
  MAXIMUM         39    320 PM  58    1930  29     10       32
  MINIMUM         29   1159 PM -27    1910   9     20       22
  AVERAGE         34                        19     15       27

PRECIPITATION (IN)
  YESTERDAY        T             0.88 1922   0.04  -0.04      T
  MONTH TO DATE    0.85                      0.73   0.12     0.71
  SINCE DEC 1      4.85                      3.28   1.57     5.43
  SINCE JAN 1      2.78                      1.84   0.94     1.47

SNOWFALL (IN)
  YESTERDAY        T             6.1  1991  MM     MM         T
  MONTH TO DATE    1.5                      MM     MM        9.5
  SINCE DEC 1     38.2                      MM     MM       29.5
  SINCE JUL 1     44.8                      MM     MM       33.6
  SNOW DEPTH       0

DEGREE DAYS
 HEATING
  YESTERDAY       31                        46    -15       38
  MONTH TO DATE  906                      1135   -229     1077
  SINCE DEC 1   3821                      4262   -441     3736
  SINCE JUL 1   5303                      6396  -1093     5453

 COOLING
  YESTERDAY        0                         0      0        0
  MONTH TO DATE    0                         0      0        0
  SINCE DEC 1      0                         0      0        0
  SINCE JAN 1      0                         0      0        0
..................................................................


WIND (MPH)
  HIGHEST WIND SPEED    15   HIGHEST WIND DIRECTION     N (360)
  HIGHEST GUST SPEED    22   HIGHEST GUST DIRECTION     N (360)
  AVERAGE WIND SPEED     6.6


SKY COVER
  POSSIBLE SUNSHINE  MM
  AVERAGE SKY COVER 0.8


WEATHER CONDITIONS
 THE FOLLOWING WEATHER WAS RECORDED YESTERDAY.
  LIGHT RAIN
  LIGHT SNOW
  FOG


RELATIVE HUMIDITY (PERCENT)
 HIGHEST   100          1200 AM
 LOWEST     54           300 PM
 AVERAGE    77

..........................................................


THE RHINELANDER WI CLIMATE NORMALS FOR TODAY
                         NORMAL    RECORD    YEAR
 MAXIMUM TEMPERATURE (F)   29        59      1976
 MINIMUM TEMPERATURE (F)    9       -29      1964


SUNRISE AND SUNSET
FEBRUARY 24 2017......SUNRISE   645 AM CST   SUNSET   538 PM CST
FEBRUARY 25 2017......SUNRISE   643 AM CST   SUNSET   539 PM CST


-  INDICATES NEGATIVE NUMBERS.
R  INDICATES RECORD WAS SET OR TIED.
MM INDICATES DATA IS MISSING.
T  INDICATES TRACE AMOUNT.




$$
