000
CDUS43 KGRB 040643
CLIRHI


CLIMATE REPORT
NATIONAL WEATHER SERVICE GREEN BAY
143 AM CDT SAT JUL 4 2015


...................................

...THE RHINELANDER WI CLIMATE SUMMARY FOR JULY 3 2015...

CLIMATE NORMAL PERIOD 1981 TO 2010
CLIMATE RECORD PERIOD 1908 TO 2015


WEATHER ITEM   OBSERVED TIME   RECORD YEAR NORMAL DEPARTURE LAST
                VALUE   (LST)  VALUE       VALUE  FROM      YEAR
                                                  NORMAL
..................................................................
TEMPERATURE (F)
 YESTERDAY
  MAXIMUM         75    300 PM  93    1911  78     -3       72
  MINIMUM         54    220 AM  38    1927  54      0       42
                                      1924
  AVERAGE         65                        66     -1       57

PRECIPITATION (IN)
  YESTERDAY        T             2.08 1928   0.14  -0.14     0.00
  MONTH TO DATE    T                         0.41  -0.41     0.03
  SINCE JUN 1      3.56                      4.30  -0.74     6.76
  SINCE JAN 1     12.16                     13.98  -1.82    17.87

SNOWFALL (IN)
  YESTERDAY        0.0           0.0    MM  MM     MM        0.0
  MONTH TO DATE    0.0                      MM     MM        0.0
  SINCE JUN 1      0.0                      MM     MM        0.0
  SINCE JUL 1      0.0                      MM     MM        0.0
  SNOW DEPTH       0

DEGREE DAYS
 HEATING
  YESTERDAY        0                         2     -2        8
  MONTH TO DATE   16                         6     10       18
  SINCE JUN 1    148                       140      8      111
  SINCE JUL 1     16                         6     10       18

 COOLING
  YESTERDAY        0                         3     -3        0
  MONTH TO DATE    0                         9     -9        0
  SINCE JUN 1      3                        62    -59       62
  SINCE JAN 1      8                        74    -66       69
..................................................................


WIND (MPH)
  HIGHEST WIND SPEED    16   HIGHEST WIND DIRECTION    SW (220)
  HIGHEST GUST SPEED    20   HIGHEST GUST DIRECTION    SW (230)
  AVERAGE WIND SPEED     8.0


SKY COVER
  POSSIBLE SUNSHINE  MM
  AVERAGE SKY COVER 0.2


WEATHER CONDITIONS
 THE FOLLOWING WEATHER WAS RECORDED YESTERDAY.
  THUNDERSTORM
  LIGHT RAIN


RELATIVE HUMIDITY (PERCENT)
 HIGHEST    93          1100 PM
 LOWEST     49          1200 PM
 AVERAGE    71

..........................................................


THE RHINELANDER WI CLIMATE NORMALS FOR TODAY
                         NORMAL    RECORD    YEAR
 MAXIMUM TEMPERATURE (F)   79        95      1935
 MINIMUM TEMPERATURE (F)   54        37      1972
                                             1917


SUNRISE AND SUNSET
JULY  4 2015..........SUNRISE   514 AM CDT   SUNSET   850 PM CDT
JULY  5 2015..........SUNRISE   515 AM CDT   SUNSET   850 PM CDT


-  INDICATES NEGATIVE NUMBERS.
R  INDICATES RECORD WAS SET OR TIED.
MM INDICATES DATA IS MISSING.
T  INDICATES TRACE AMOUNT.




$$
