000
CDUS43 KGRB 060804
CLIRHI


CLIMATE REPORT
NATIONAL WEATHER SERVICE GREEN BAY
201 AM CST TUE DEC 6 2016


...................................

...THE RHINELANDER WI CLIMATE SUMMARY FOR DECEMBER 5 2016...

CLIMATE NORMAL PERIOD 1981 TO 2010
CLIMATE RECORD PERIOD 1908 TO 2016


WEATHER ITEM   OBSERVED TIME   RECORD YEAR NORMAL DEPARTURE LAST
                VALUE   (LST)  VALUE       VALUE  FROM      YEAR
                                                  NORMAL
..................................................................
TEMPERATURE (F)
 YESTERDAY
  MAXIMUM         38    233 PM  57    2001  28     10       45
                                      1998
  MINIMUM         30    903 AM -11    2000  13     17       33
  AVERAGE         34                        20     14       39

PRECIPITATION (IN)
  YESTERDAY        T             1.59 2001   0.06  -0.06     0.00
  MONTH TO DATE    0.16                      0.27  -0.11     0.39
  SINCE DEC 1      0.16                      0.27  -0.11     0.39
  SINCE JAN 1     40.94                     30.23  10.71    27.81

SNOWFALL (IN)
  YESTERDAY        T             6.0  1927  MM     MM        0.0
  MONTH TO DATE    1.4                      MM     MM        3.3
  SINCE DEC 1      1.4                      MM     MM        3.3
  SINCE JUL 1      8.0                      MM     MM        7.4
  SNOW DEPTH       1

DEGREE DAYS
 HEATING
  YESTERDAY       31                        45    -14       26
  MONTH TO DATE  171                       219    -48      162
  SINCE DEC 1    171                       219    -48      162
  SINCE JUL 1   1653                      2353   -700     1879

 COOLING
  YESTERDAY        0                         0      0        0
  MONTH TO DATE    0                         0      0        0
  SINCE DEC 1      0                         0      0        0
  SINCE JAN 1    321                       261     60      233
..................................................................


WIND (MPH)
  HIGHEST WIND SPEED    21   HIGHEST WIND DIRECTION     W (260)
  HIGHEST GUST SPEED    26   HIGHEST GUST DIRECTION     W (260)
  AVERAGE WIND SPEED     8.8


SKY COVER
  POSSIBLE SUNSHINE  MM
  AVERAGE SKY COVER 0.8


WEATHER CONDITIONS
 THE FOLLOWING WEATHER WAS RECORDED YESTERDAY.
  LIGHT SNOW
  FOG


RELATIVE HUMIDITY (PERCENT)
 HIGHEST   100           100 AM
 LOWEST     70           300 PM
 AVERAGE    85

..........................................................


THE RHINELANDER WI CLIMATE NORMALS FOR TODAY
                         NORMAL    RECORD    YEAR
 MAXIMUM TEMPERATURE (F)   28        52      1998
 MINIMUM TEMPERATURE (F)   12       -18      1926


SUNRISE AND SUNSET
DECEMBER  6 2016......SUNRISE   724 AM CST   SUNSET   414 PM CST
DECEMBER  7 2016......SUNRISE   725 AM CST   SUNSET   414 PM CST


-  INDICATES NEGATIVE NUMBERS.
R  INDICATES RECORD WAS SET OR TIED.
MM INDICATES DATA IS MISSING.
T  INDICATES TRACE AMOUNT.

$$
