971
CDUS43 KGRB 210629
CLIRHI


CLIMATE REPORT
NATIONAL WEATHER SERVICE GREEN BAY
1229 AM CST TUE NOV 21 2017


...................................

...THE RHINELANDER WI CLIMATE SUMMARY FOR NOVEMBER 20 2017...

CLIMATE NORMAL PERIOD 1981 TO 2010
CLIMATE RECORD PERIOD 1908 TO 2017


WEATHER ITEM   OBSERVED TIME   RECORD YEAR NORMAL DEPARTURE LAST
                VALUE   (LST)  VALUE       VALUE  FROM      YEAR
                                                  NORMAL
..................................................................
TEMPERATURE (F)
 YESTERDAY
  MAXIMUM         44        MM  65    1936  35      9       28
  MINIMUM         MM        MM -10    1921  21     MM       19
  AVERAGE         MM                        28     MM       24

PRECIPITATION (IN)
  YESTERDAY        0.00          1.28 1992   0.06  -0.06      T
  MONTH TO DATE    1.16                      1.25  -0.09     0.17
  SINCE SEP 1      7.42                      8.49  -1.07    11.43
  SINCE JAN 1     38.51                     29.37   9.14    39.02

SNOWFALL (IN)
  YESTERDAY        0.0           5.5  1966  MM     MM         T
  MONTH TO DATE   12.7                      MM     MM        0.9
  SINCE SEP 1     13.7                      MM     MM        0.9
  SINCE JUL 1     13.7                      MM     MM        0.9
  SNOW DEPTH       0

DEGREE DAYS
 HEATING
  YESTERDAY       MM                        37     MM       41
  MONTH TO DATE  710                       641     69      424
  SINCE SEP 1   1445                      1607   -162     1101
  SINCE JUL 1   1611                      1734   -123     1162

 COOLING
  YESTERDAY       MM                         0     MM        0
  MONTH TO DATE    0                         0      0        0
  SINCE SEP 1     53                        20     33       13
  SINCE JAN 1    215                       261    -46      321
..................................................................


WIND (MPH)
  HIGHEST WIND SPEED    14   HIGHEST WIND DIRECTION    SW (240)
  HIGHEST GUST SPEED    23   HIGHEST GUST DIRECTION    SW (230)
  AVERAGE WIND SPEED     7.6


SKY COVER
  POSSIBLE SUNSHINE  MM
  AVERAGE SKY COVER 0.0


WEATHER CONDITIONS
 THE FOLLOWING WEATHER WAS RECORDED YESTERDAY.
  NO SIGNIFICANT WEATHER WAS OBSERVED.


RELATIVE HUMIDITY (PERCENT)
 HIGHEST    78          1000 AM
 LOWEST     53           100 PM
 AVERAGE    66

..........................................................


THE RHINELANDER WI CLIMATE NORMALS FOR TODAY
                         NORMAL    RECORD    YEAR
 MAXIMUM TEMPERATURE (F)   35        63      1990
 MINIMUM TEMPERATURE (F)   20        -8      2014


SUNRISE AND SUNSET
NOVEMBER 21 2017......SUNRISE   706 AM CST   SUNSET   421 PM CST
NOVEMBER 22 2017......SUNRISE   707 AM CST   SUNSET   421 PM CST


-  INDICATES NEGATIVE NUMBERS.
R  INDICATES RECORD WAS SET OR TIED.
MM INDICATES DATA IS MISSING.
T  INDICATES TRACE AMOUNT.




$$
