000
CDUS43 KGRB 242150
CLIRHI


CLIMATE REPORT
NATIONAL WEATHER SERVICE GREEN BAY
450 PM CDT SUN SEP 24 2017


...................................

...THE RHINELANDER WI CLIMATE SUMMARY FOR SEPTEMBER 24 2017...
VALID TODAY AS OF 0400 PM LOCAL TIME.

CLIMATE NORMAL PERIOD 1981 TO 2010
CLIMATE RECORD PERIOD 1908 TO 2017


WEATHER ITEM   OBSERVED TIME   RECORD YEAR NORMAL DEPARTURE LAST
                VALUE   (LST)  VALUE       VALUE  FROM      YEAR
                                                  NORMAL
..................................................................
TEMPERATURE (F)
 TODAY
  MAXIMUM         87    218 PM  89    1908  63     24       69
  MINIMUM         61    556 AM  23    2000  41     20       51
  AVERAGE         74                        52     22       60

PRECIPITATION (IN)
  TODAY            0.00          1.62 1963   0.14  -0.14      T
  MONTH TO DATE    1.86                      3.36  -1.50     5.30
  SINCE SEP 1      1.86                      3.36  -1.50     5.30
  SINCE JAN 1     32.95                     24.24   8.71    32.89

SNOWFALL (IN)
  TODAY            0.0           T    1942  MM     MM        0.0
  MONTH TO DATE    0.0                      MM     MM        0.0
  SINCE SEP 1      0.0                      MM     MM        0.0
  SINCE JUL 1      0.0                      MM     MM        0.0
  SNOW DEPTH       0

DEGREE DAYS
 HEATING
  TODAY            0                        13    -13        5
  MONTH TO DATE  143                       215    -72      102
  SINCE SEP 1    143                       215    -72      102
  SINCE JUL 1    309                       342    -33      163

 COOLING
  TODAY            9                         0      9        0
  MONTH TO DATE   46                        16     30       13
  SINCE SEP 1     46                        16     30       13
  SINCE JAN 1    208                       257    -49      321
..................................................................


WIND (MPH)
  HIGHEST WIND SPEED    18   HIGHEST WIND DIRECTION    SW (230)
  HIGHEST GUST SPEED    24   HIGHEST GUST DIRECTION    SW (220)
  AVERAGE WIND SPEED     5.5


SKY COVER
  POSSIBLE SUNSHINE  MM
  AVERAGE SKY COVER 0.1


WEATHER CONDITIONS
 THE FOLLOWING WEATHER WAS RECORDED TODAY.
  FOG


RELATIVE HUMIDITY (PERCENT)
 HIGHEST   100           500 AM
 LOWEST     42           300 PM
 AVERAGE    71

..........................................................


THE RHINELANDER WI CLIMATE NORMALS FOR TOMORROW
                         NORMAL    RECORD    YEAR
 MAXIMUM TEMPERATURE (F)   62        89      1920
 MINIMUM TEMPERATURE (F)   41        24      1947


SUNRISE AND SUNSET
SEPTEMBER 24 2017.....SUNRISE   648 AM CDT   SUNSET   651 PM CDT
SEPTEMBER 25 2017.....SUNRISE   649 AM CDT   SUNSET   649 PM CDT


-  INDICATES NEGATIVE NUMBERS.
R  INDICATES RECORD WAS SET OR TIED.
MM INDICATES DATA IS MISSING.
T  INDICATES TRACE AMOUNT.




$$
