000
CDUS43 KGRB 260805
CLIRHI


CLIMATE REPORT
NATIONAL WEATHER SERVICE GREEN BAY
304 AM CDT TUE JUL 26 2016


...................................

...THE RHINELANDER WI CLIMATE SUMMARY FOR JULY 25 2016...

CLIMATE NORMAL PERIOD 1981 TO 2010
CLIMATE RECORD PERIOD 1908 TO 2016


WEATHER ITEM   OBSERVED TIME   RECORD YEAR NORMAL DEPARTURE LAST
                VALUE   (LST)  VALUE       VALUE  FROM      YEAR
                                                  NORMAL
..................................................................
TEMPERATURE (F)
 YESTERDAY
  MAXIMUM         82    202 PM  92    1999  79      3       85
                                      1917
  MINIMUM         58   1039 PM  37    1915  55      3       58
  AVERAGE         70                        67      3       72

PRECIPITATION (IN)
  YESTERDAY        0.00          1.77 2006   0.11  -0.11     0.02
  MONTH TO DATE    2.72                      3.31  -0.59     3.04
  SINCE JUN 1      9.74                      7.20   2.54     6.60
  SINCE JAN 1     20.82                     16.88   3.94    15.20

SNOWFALL (IN)
  YESTERDAY        0.0           0.0    MM  MM     MM        0.0
  MONTH TO DATE    0.0                      MM     MM        0.0
  SINCE JUN 1      0.0                      MM     MM        0.0
  SINCE JUL 1      0.0                      MM     MM        0.0
  SNOW DEPTH       0

DEGREE DAYS
 HEATING
  YESTERDAY        0                         2     -2        0
  MONTH TO DATE   28                        50    -22       49
  SINCE JUN 1    120                       184    -64      181
  SINCE JUL 1     28                        50    -22       49

 COOLING
  YESTERDAY        5                         3      2        7
  MONTH TO DATE  116                        86     30       63
  SINCE JUN 1    169                       139     30       66
  SINCE JAN 1    184                       151     33       71
..................................................................


WIND (MPH)
  HIGHEST WIND SPEED    15   HIGHEST WIND DIRECTION     W (280)
  HIGHEST GUST SPEED    23   HIGHEST GUST DIRECTION     W (290)
  AVERAGE WIND SPEED     7.1


SKY COVER
  POSSIBLE SUNSHINE  MM
  AVERAGE SKY COVER 0.1


WEATHER CONDITIONS
 THE FOLLOWING WEATHER WAS RECORDED YESTERDAY.
  NO SIGNIFICANT WEATHER WAS OBSERVED.


RELATIVE HUMIDITY (PERCENT)
 HIGHEST    93          1200 AM
 LOWEST     42           400 PM
 AVERAGE    68

..........................................................


THE RHINELANDER WI CLIMATE NORMALS FOR TODAY
                         NORMAL    RECORD    YEAR
 MAXIMUM TEMPERATURE (F)   79        98      1955
 MINIMUM TEMPERATURE (F)   55        42      1991


SUNRISE AND SUNSET
JULY 26 2016..........SUNRISE   535 AM CDT   SUNSET   833 PM CDT
JULY 27 2016..........SUNRISE   536 AM CDT   SUNSET   832 PM CDT


-  INDICATES NEGATIVE NUMBERS.
R  INDICATES RECORD WAS SET OR TIED.
MM INDICATES DATA IS MISSING.
T  INDICATES TRACE AMOUNT.




$$
