000
CDUS41 KAKQ 190835
CLIRIC


CLIMATE REPORT
NATIONAL WEATHER SERVICE WAKEFIELD, VA
435 AM EDT SAT APR 19 2014


...................................

...THE RICHMOND VA CLIMATE SUMMARY FOR APRIL 18 2014...

CLIMATE NORMAL PERIOD 1981 TO 2010
CLIMATE RECORD PERIOD 1871 TO 2014


WEATHER ITEM   OBSERVED TIME   RECORD YEAR NORMAL DEPARTURE LAST
                VALUE   (LST)  VALUE       VALUE  FROM      YEAR
                                                  NORMAL
..................................................................
TEMPERATURE (F)
 YESTERDAY
  MAXIMUM         55    153 PM  95    1976  71    -16       81
  MINIMUM         36    615 AM  29    1951  47    -11       60
  AVERAGE         46                        59    -13       71

PRECIPITATION (IN)
  YESTERDAY        0.00          1.87 1910   0.10  -0.10      T
  MONTH TO DATE    1.54                      1.99  -0.45     1.13
  SINCE MAR 1      4.78                      6.03  -1.25     6.70
  SINCE JAN 1     11.09                     11.83  -0.74    14.63

SNOWFALL (IN)
  YESTERDAY        0.0           0.0  2002   0.0    0.0
  MONTH TO DATE    0.0                       0.1   -0.1
  SINCE NOV 1     14.5                      10.3    4.2
  SINCE JUL 1     14.5                      10.3    4.2
  SNOW DEPTH       0

DEGREE DAYS
 HEATING
  YESTERDAY       19                         7     12        0
  MONTH TO DATE  131                       170    -39      122
  SINCE MAR 1    744                       686     58      786
  SINCE JUL 1   3697                      3622     75     3514

 COOLING
  YESTERDAY        0                         1     -1        6
  MONTH TO DATE   19                        17      2       57
  SINCE MAR 1     21                        23     -2       57
  SINCE JAN 1     21                        23     -2       58
..................................................................


WIND (MPH)
  HIGHEST WIND SPEED    13   HIGHEST WIND DIRECTION    NE (40)
  HIGHEST GUST SPEED    16   HIGHEST GUST DIRECTION    NE (60)
  AVERAGE WIND SPEED     5.0


SKY COVER
  POSSIBLE SUNSHINE  MM
  AVERAGE SKY COVER 0.8


WEATHER CONDITIONS
 THE FOLLOWING WEATHER WAS RECORDED YESTERDAY.
  HAZE


RELATIVE HUMIDITY (PERCENT)
 HIGHEST    89           500 AM
 LOWEST     45           200 PM
 AVERAGE    67

..........................................................


THE RICHMOND VA CLIMATE NORMALS FOR TODAY
                         NORMAL    RECORD    YEAR
 MAXIMUM TEMPERATURE (F)   72        93      1985
                                             1941
 MINIMUM TEMPERATURE (F)   47        29      2001


SUNRISE AND SUNSET
APRIL 19 2014.........SUNRISE   629 AM EDT   SUNSET   748 PM EDT
APRIL 20 2014.........SUNRISE   628 AM EDT   SUNSET   749 PM EDT


-  INDICATES NEGATIVE NUMBERS.
R  INDICATES RECORD WAS SET OR TIED.
MM INDICATES DATA IS MISSING.
T  INDICATES TRACE AMOUNT.




$$
