319
CDUS41 KAKQ 060845
CLIRIC


CLIMATE REPORT
NATIONAL WEATHER SERVICE WAKEFIELD, VA
345 AM EST SAT FEB 6 2016


...................................

...THE RICHMOND VA CLIMATE SUMMARY FOR FEBRUARY 5 2016...

CLIMATE NORMAL PERIOD 1981 TO 2010
CLIMATE RECORD PERIOD 1871 TO 2016


WEATHER ITEM   OBSERVED TIME   RECORD YEAR NORMAL DEPARTURE LAST
                VALUE   (LST)  VALUE       VALUE  FROM      YEAR
                                                  NORMAL
..................................................................
TEMPERATURE (F)
 YESTERDAY
  MAXIMUM         45    255 PM  76    2008  49     -4       45
                                      1991
  MINIMUM         29   1159 PM  -2    1996  29      0       22
  AVERAGE         37                        39     -2       34

PRECIPITATION (IN)
  YESTERDAY        0.17          1.40 2010   0.10   0.07     0.00
  MONTH TO DATE    1.31                      0.50   0.81     0.47
  SINCE DEC 1     10.55                      6.80   3.75     7.10
  SINCE JAN 1      4.61                      3.54   1.07     3.96

SNOWFALL (IN)
  YESTERDAY       MM             5.0  1923   0.1   MM
  MONTH TO DATE    0.0                       0.7   -0.7
  SINCE NOV 1     12.1                       6.9    5.2
  SINCE JUL 1     12.1                       6.9    5.2
  SNOW DEPTH       0

DEGREE DAYS
 HEATING
  YESTERDAY       28                        26      2       31
  MONTH TO DATE   76                       130    -54      137
  SINCE DEC 1   1380                      1715   -335     1634
  SINCE JUL 1   1972                      2391   -419     2304

 COOLING
  YESTERDAY        0                         0      0        0
  MONTH TO DATE    0                         0      0        0
  SINCE DEC 1      8                         1      7        0
  SINCE JAN 1      0                         0      0        0
..................................................................


WIND (MPH)
  HIGHEST WIND SPEED    24   HIGHEST WIND DIRECTION    NW (310)
  HIGHEST GUST SPEED    31   HIGHEST GUST DIRECTION    NW (310)
  AVERAGE WIND SPEED    12.4


SKY COVER
  POSSIBLE SUNSHINE  MM
  AVERAGE SKY COVER 0.5


WEATHER CONDITIONS
 THE FOLLOWING WEATHER WAS RECORDED YESTERDAY.
  RAIN
  LIGHT RAIN
  SNOW
  LIGHT SNOW
  FOG
  HAZE


RELATIVE HUMIDITY (PERCENT)
 HIGHEST    96           500 AM
 LOWEST     39           500 PM
 AVERAGE    68

..........................................................


THE RICHMOND VA CLIMATE NORMALS FOR TODAY
                         NORMAL    RECORD    YEAR
 MAXIMUM TEMPERATURE (F)   49        79      2008
 MINIMUM TEMPERATURE (F)   29         3      1966


SUNRISE AND SUNSET
FEBRUARY  6 2016......SUNRISE   709 AM EST   SUNSET   538 PM EST
FEBRUARY  7 2016......SUNRISE   708 AM EST   SUNSET   540 PM EST


-  INDICATES NEGATIVE NUMBERS.
R  INDICATES RECORD WAS SET OR TIED.
MM INDICATES DATA IS MISSING.
T  INDICATES TRACE AMOUNT.




$$
