924
CDUS41 KAKQ 100645
CLIRIC


CLIMATE REPORT
NATIONAL WEATHER SERVICE WAKEFIELD, VA
145 AM EST SAT DEC 10 2016


...................................

...THE RICHMOND VA CLIMATE SUMMARY FOR DECEMBER 9 2016...

CLIMATE NORMAL PERIOD 1981 TO 2010
CLIMATE RECORD PERIOD 1871 TO 2016


WEATHER ITEM   OBSERVED TIME   RECORD YEAR NORMAL DEPARTURE LAST
                VALUE   (LST)  VALUE       VALUE  FROM      YEAR
                                                  NORMAL
..................................................................
TEMPERATURE (F)
 YESTERDAY
  MAXIMUM         41        MM  76    1951  52    -11       60
  MINIMUM         27        MM  13    1976  33     -6       34
  AVERAGE         34                        43     -9       47

PRECIPITATION (IN)
  YESTERDAY        0.00          1.49 1978   0.11  -0.11     0.00
  MONTH TO DATE    1.71                      1.00   0.71     0.51
  SINCE DEC 1      1.71                      1.00   0.71     0.51
  SINCE JAN 1     51.66                     41.34  10.32    43.64

SNOWFALL (IN)
  YESTERDAY        0.0           2.0  1989   0.1   -0.1
  MONTH TO DATE    0.0                       0.5   -0.5
  SINCE NOV 1      0.0                       0.7   -0.7
  SINCE JUL 1      0.0                       0.7   -0.7
  SNOW DEPTH       0

DEGREE DAYS
 HEATING
  YESTERDAY       31                        22      9       18
  MONTH TO DATE  192                       191      1      171
  SINCE DEC 1    192                       191      1      171
  SINCE JUL 1    782                       867    -85      763

 COOLING
  YESTERDAY        0                         0      0        0
  MONTH TO DATE    0                         0      0        0
  SINCE DEC 1      0                         0      0        0
  SINCE JAN 1   1699                      1548    151     1817
..................................................................


WIND (MPH)
  HIGHEST WIND SPEED    16   HIGHEST WIND DIRECTION    NW (310)
  HIGHEST GUST SPEED    23   HIGHEST GUST DIRECTION    NW (320)
  AVERAGE WIND SPEED     9.5


SKY COVER
  POSSIBLE SUNSHINE  MM
  AVERAGE SKY COVER 0.2


WEATHER CONDITIONS
 THE FOLLOWING WEATHER WAS RECORDED YESTERDAY.
  NO SIGNIFICANT WEATHER WAS OBSERVED.


RELATIVE HUMIDITY (PERCENT)
 HIGHEST    58           500 AM
 LOWEST     33          1200 PM
 AVERAGE    46

..........................................................


THE RICHMOND VA CLIMATE NORMALS FOR TODAY
                         NORMAL    RECORD    YEAR
 MAXIMUM TEMPERATURE (F)   52        79      2007
 MINIMUM TEMPERATURE (F)   33        13      1917


SUNRISE AND SUNSET
DECEMBER 10 2016......SUNRISE   713 AM EST   SUNSET   451 PM EST
DECEMBER 11 2016......SUNRISE   714 AM EST   SUNSET   451 PM EST


-  INDICATES NEGATIVE NUMBERS.
R  INDICATES RECORD WAS SET OR TIED.
MM INDICATES DATA IS MISSING.
T  INDICATES TRACE AMOUNT.




$$
