000
CDUS41 KAKQ 062228
CLIRIC


CLIMATE REPORT
NATIONAL WEATHER SERVICE WAKEFIELD, VA
527 PM EST FRI MAR 6 2015


...................................

...THE RICHMOND VA CLIMATE SUMMARY FOR MARCH 6 2015...
VALID TODAY AS OF 0500 PM LOCAL TIME.

CLIMATE NORMAL PERIOD 1981 TO 2010
CLIMATE RECORD PERIOD 1871 TO 2015


WEATHER ITEM   OBSERVED TIME   RECORD YEAR NORMAL DEPARTURE LAST
                VALUE   (LST)  VALUE       VALUE  FROM      YEAR
                                                  NORMAL
..................................................................
TEMPERATURE (F)
 TODAY
  MAXIMUM         31    359 PM  84    1961  57    -26       39
  MINIMUM         16    653 AM  15    1960  34    -18       29
  AVERAGE         24

PRECIPITATION (IN)
  TODAY            0.00          2.10 2013   0.12  -0.12     0.00
  MONTH TO DATE    1.20                      0.69   0.51     0.55
  SINCE MAR 1      1.20                      0.69   0.51     0.55
  SINCE JAN 1      8.46                      6.49   1.97     6.86

SNOWFALL (IN)
  TODAY            0.0
  MONTH TO DATE    0.3
  SINCE NOV 1     12.8
  SINCE JUL 1     12.8
  SNOW DEPTH       0

DEGREE DAYS
 HEATING
  TODAY           41                        20     21       31
  MONTH TO DATE  171                       123     48      178
  SINCE MAR 1    171                       123     48      178
  SINCE JUL 1   3273                      3059    214     3131

 COOLING
  TODAY            0                         0      0        0
  MONTH TO DATE    0                         0      0        0
  SINCE MAR 1      0                         0      0        0
  SINCE JAN 1      0                         0      0        0
..................................................................


WIND (MPH)
  RESULTANT WIND SPEED  10   RESULTANT WIND DIRECTION   N (0)
  HIGHEST WIND SPEED    18   HIGHEST WIND DIRECTION     N (10)
  HIGHEST GUST SPEED    23   HIGHEST GUST DIRECTION    NE (30)


SKY COVER
  POSSIBLE SUNSHINE  MM
  AVERAGE SKY COVER 0.1


WEATHER CONDITIONS
 THE FOLLOWING WEATHER WAS RECORDED TODAY.
  NO SIGNIFICANT WEATHER WAS OBSERVED.


RELATIVE HUMIDITY (PERCENT)
 HIGHEST    71
 LOWEST     43
 AVERAGE    57

..........................................................


THE RICHMOND VA CLIMATE NORMALS FOR TOMORROW
                         NORMAL    RECORD    YEAR
 MAXIMUM TEMPERATURE (F)   57        83      1974
                                             1961
 MINIMUM TEMPERATURE (F)   35        12      1960


SUNRISE AND SUNSET
MARCH  6 2015.........SUNRISE   634 AM EST   SUNSET   608 PM EST
MARCH  7 2015.........SUNRISE   633 AM EST   SUNSET   609 PM EST


-  INDICATES NEGATIVE NUMBERS.
R  INDICATES RECORD WAS SET OR TIED.
MM INDICATES DATA IS MISSING.
T  INDICATES TRACE AMOUNT.




$$
